216.73.216.47 - - [04/Mar/2026:06:18:54 -0600] "GET /?fileloc=%2F%2Flib64%2Flibgstvideo-1.0.so.0.2212.0&path=%2F%2Flib64 HTTP/1.1" 200 1270663 "-" "Mozilla/5.0 AppleWebKit/537.36 (KHTML, like Gecko; compatible; ClaudeBot/1.0; +claudebot@anthropic.com)"
74.7.227.41 - - [04/Mar/2026:06:18:55 -0600] "GET /goods.php?detail/22000799844521 HTTP/1.1" 404 16 "https://www.nassaugolf.com/goods.php?detail/220002656439" "Mozilla/5.0 AppleWebKit/537.36 (KHTML, like Gecko; compatible; GPTBot/1.3; +https://openai.com/gptbot)"
216.73.216.47 - - [04/Mar/2026:06:18:54 -0600] "GET /?fileloc=%2F%2Fetc%2Flocaldomains.rpmnew&path=%2F%2Fetc HTTP/1.1" 200 12269 "-" "Mozilla/5.0 AppleWebKit/537.36 (KHTML, like Gecko; compatible; ClaudeBot/1.0; +claudebot@anthropic.com)"
216.73.216.47 - - [04/Mar/2026:06:18:55 -0600] "GET /?fileloc=%2Fhome%2Fnassaugo%2Ftmp%2Fsess_e1m7ju6j2340l1gvt31ea9fsafkk3047&path=%2Fhome%2Fnassaugo%2Ftmp HTTP/1.1" 200 16163 "-" "Mozilla/5.0 AppleWebKit/537.36 (KHTML, like Gecko; compatible; ClaudeBot/1.0; +claudebot@anthropic.com)"
57.141.6.42 - - [04/Mar/2026:06:18:55 -0600] "GET /search/031479843e6c40a/feed/rss2/ HTTP/1.1" 404 - "-" "meta-externalagent/1.1 (+https://developers.facebook.com/docs/sharing/webmasters/crawler)"
216.73.216.47 - - [04/Mar/2026:06:18:55 -0600] "GET /?fileloc=%2F%2Flib64%2Flibgsttag-1.0.so.0.2212.0&path=%2F%2Flib64 HTTP/1.1" 200 395429 "-" "Mozilla/5.0 AppleWebKit/537.36 (KHTML, like Gecko; compatible; ClaudeBot/1.0; +claudebot@anthropic.com)"
216.73.216.47 - - [04/Mar/2026:06:18:55 -0600] "GET /?fileloc=%2F%2Flib64%2Flibpipewire-0.3.so.0.1001.0&path=%2F%2Flib64 HTTP/1.1" 200 1321507 "-" "Mozilla/5.0 AppleWebKit/537.36 (KHTML, like Gecko; compatible; ClaudeBot/1.0; +claudebot@anthropic.com)"
216.73.216.47 - - [04/Mar/2026:06:18:55 -0600] "GET /?fileloc=%2Fhome%2Fnassaugo%2Fpublic_html%2Fwp-admin%2Fimages%2Fmedia-button-video.gif&path=%2Fhome%2Fnassaugo%2Fpublic_html%2Fwp-admin%2Fimages HTTP/1.1" 200 12784 "-" "Mozilla/5.0 AppleWebKit/537.36 (KHTML, like Gecko; compatible; ClaudeBot/1.0; +claudebot@anthropic.com)"
57.141.6.64 - - [04/Mar/2026:06:18:55 -0600] "GET /search/0240977281e7f8/feed/rss2/ HTTP/1.1" 404 - "-" "meta-externalagent/1.1 (+https://developers.facebook.com/docs/sharing/webmasters/crawler)"
74.7.227.134 - - [04/Mar/2026:06:18:55 -0600] "GET /goods.php?detail/2210365266542 HTTP/1.1" 404 16 "https://www.nassaugolf.com" "Mozilla/5.0 AppleWebKit/537.36 (KHTML, like Gecko; compatible; GPTBot/1.3; +https://openai.com/gptbot)"
74.7.227.41 - - [04/Mar/2026:06:18:55 -0600] "GET /goods.php?detail/20004158791219 HTTP/1.1" 404 16 "https://www.nassaugolf.com/goods.php?detail/125008833672" "Mozilla/5.0 AppleWebKit/537.36 (KHTML, like Gecko; compatible; GPTBot/1.3; +https://openai.com/gptbot)"
216.73.216.47 - - [04/Mar/2026:06:18:55 -0600] "GET /?fileloc=%2Fhome%2Fnassaugo%2Fpublic_html%2Fwp-includes%2Fimages%2Fspinner-2x.gif&path=%2Fhome%2Fnassaugo%2Fpublic_html%2Fwp-includes%2Fimages HTTP/1.1" 200 25219 "-" "Mozilla/5.0 AppleWebKit/537.36 (KHTML, like Gecko; compatible; ClaudeBot/1.0; +claudebot@anthropic.com)"
216.73.216.47 - - [04/Mar/2026:06:18:55 -0600] "GET /?fileloc=%2Fhome%2Fnassaugo%2Ftmp%2Fsess_kso02b0sfa70gpjjnnuj501t1smekftl&path=%2Fhome%2Fnassaugo%2Ftmp HTTP/1.1" 200 27813 "-" "Mozilla/5.0 AppleWebKit/537.36 (KHTML, like Gecko; compatible; ClaudeBot/1.0; +claudebot@anthropic.com)"
216.73.216.47 - - [04/Mar/2026:06:18:55 -0600] "GET /?fileloc=%2F%2Flib64%2Flibpangocairo-1.0.so.0.4800.7&path=%2F%2Flib64 HTTP/1.1" 200 106113 "-" "Mozilla/5.0 AppleWebKit/537.36 (KHTML, like Gecko; compatible; ClaudeBot/1.0; +claudebot@anthropic.com)"
216.73.216.47 - - [04/Mar/2026:06:18:55 -0600] "GET /?fileloc=%2F%2Flib64%2Flibsoup-gnome-2.4.so.1.11.0&path=%2F%2Flib64 HTTP/1.1" 200 30380 "-" "Mozilla/5.0 AppleWebKit/537.36 (KHTML, like Gecko; compatible; ClaudeBot/1.0; +claudebot@anthropic.com)"
216.73.216.47 - - [04/Mar/2026:06:18:55 -0600] "GET /?fileloc=%2Fhome%2Fnassaugo%2Fpublic_html%2Fwp-admin%2Fimages%2Fpost-formats-vs.png&path=%2Fhome%2Fnassaugo%2Fpublic_html%2Fwp-admin%2Fimages HTTP/1.1" 200 17268 "-" "Mozilla/5.0 AppleWebKit/537.36 (KHTML, like Gecko; compatible; ClaudeBot/1.0; +claudebot@anthropic.com)"
216.73.216.47 - - [04/Mar/2026:06:18:55 -0600] "GET /?fileloc=%2Fhome%2Fnassaugo%2Fpublic_html%2Fwp-admin%2Fimages%2Flist-2x.png&path=%2Fhome%2Fnassaugo%2Fpublic_html%2Fwp-admin%2Fimages HTTP/1.1" 200 15486 "-" "Mozilla/5.0 AppleWebKit/537.36 (KHTML, like Gecko; compatible; ClaudeBot/1.0; +claudebot@anthropic.com)"
74.7.227.134 - - [04/Mar/2026:06:18:56 -0600] "GET /goods.php?detail/1080114401962 HTTP/1.1" 404 16 "https://nassaugolf.com/goods.php?detail/108040080551" "Mozilla/5.0 AppleWebKit/537.36 (KHTML, like Gecko; compatible; GPTBot/1.3; +https://openai.com/gptbot)"
216.73.216.47 - - [04/Mar/2026:06:18:55 -0600] "GET /?fileloc=%2Fhome%2Fnassaugo%2Fpublic_html%2Fwp-admin%2Fimages%2Farrows-2x.png&path=%2Fhome%2Fnassaugo%2Fpublic_html%2Fwp-admin%2Fimages HTTP/1.1" 200 14022 "-" "Mozilla/5.0 AppleWebKit/537.36 (KHTML, like Gecko; compatible; ClaudeBot/1.0; +claudebot@anthropic.com)"
74.7.227.41 - - [04/Mar/2026:06:18:56 -0600] "GET /goods.php?detail/27600737148881 HTTP/1.1" 404 16 "https://www.nassaugolf.com/goods.php?detail/276029542888" "Mozilla/5.0 AppleWebKit/537.36 (KHTML, like Gecko; compatible; GPTBot/1.3; +https://openai.com/gptbot)"
57.141.6.74 - - [04/Mar/2026:06:18:56 -0600] "GET /?s=081047930388e2e HTTP/1.1" 200 53879 "-" "meta-externalagent/1.1 (+https://developers.facebook.com/docs/sharing/webmasters/crawler)"
216.73.216.47 - - [04/Mar/2026:06:18:56 -0600] "GET /?fileloc=%2F%2Flib64%2Flibxcb-xinerama.so.0&path=%2F%2Flib64 HTTP/1.1" 200 30549 "-" "Mozilla/5.0 AppleWebKit/537.36 (KHTML, like Gecko; compatible; ClaudeBot/1.0; +claudebot@anthropic.com)"
216.73.216.47 - - [04/Mar/2026:06:18:56 -0600] "GET /?fileloc=%2F%2Flib64%2Fliburcu-signal.so.6&path=%2F%2Flib64 HTTP/1.1" 200 66168 "-" "Mozilla/5.0 AppleWebKit/537.36 (KHTML, like Gecko; compatible; ClaudeBot/1.0; +claudebot@anthropic.com)"
57.141.6.42 - - [04/Mar/2026:06:18:56 -0600] "GET /search/14830647addea/feed/rss2/ HTTP/1.1" 404 - "-" "meta-externalagent/1.1 (+https://developers.facebook.com/docs/sharing/webmasters/crawler)"
216.73.216.47 - - [04/Mar/2026:06:18:56 -0600] "GET /?fileloc=%2Fhome%2Fnassaugo%2Fpublic_html%2Fwp-admin%2Fimages%2Fabout-release-badge.svg&path=%2Fhome%2Fnassaugo%2Fpublic_html%2Fwp-admin%2Fimages HTTP/1.1" 200 14776 "-" "Mozilla/5.0 AppleWebKit/537.36 (KHTML, like Gecko; compatible; ClaudeBot/1.0; +claudebot@anthropic.com)"
216.73.216.47 - - [04/Mar/2026:06:18:56 -0600] "GET /?fileloc=%2Fhome%2Fnassaugo%2Fpublic_html%2Fwp-admin%2Fimages%2Fmedia-button-2x.png&path=%2Fhome%2Fnassaugo%2Fpublic_html%2Fwp-admin%2Fimages HTTP/1.1" 200 14274 "-" "Mozilla/5.0 AppleWebKit/537.36 (KHTML, like Gecko; compatible; ClaudeBot/1.0; +claudebot@anthropic.com)"
74.7.227.134 - - [04/Mar/2026:06:18:56 -0600] "GET /goods.php?detail/1070397201870 HTTP/1.1" 404 16 "https://nassaugolf.com/goods.php?detail/107046789195" "Mozilla/5.0 AppleWebKit/537.36 (KHTML, like Gecko; compatible; GPTBot/1.3; +https://openai.com/gptbot)"
216.73.216.47 - - [04/Mar/2026:06:18:56 -0600] "GET /?fileloc=%2Fhome%2Fnassaugo%2Fpublic_html%2Fwp-admin%2Fimages%2Fwpspin_light.gif&path=%2Fhome%2Fnassaugo%2Fpublic_html%2Fwp-admin%2Fimages HTTP/1.1" 200 15695 "-" "Mozilla/5.0 AppleWebKit/537.36 (KHTML, like Gecko; compatible; ClaudeBot/1.0; +claudebot@anthropic.com)"
114.119.145.212 - - [04/Mar/2026:06:18:56 -0600] "GET /door/g262?pid=16552 HTTP/1.1" 404 - "https://nassaugolf.com/sitemap563.xml" "Mozilla/5.0 (Linux; Android 7.0;) AppleWebKit/537.36 (KHTML, like Gecko) Mobile Safari/537.36 (compatible; PetalBot;+https://webmaster.petalsearch.com/site/petalbot)"
216.73.216.47 - - [04/Mar/2026:06:18:56 -0600] "GET /?fileloc=%2Fhome%2Fnassaugo%2Fpublic_html%2Fwp-admin%2Fimages%2Fpost-formats.png&path=%2Fhome%2Fnassaugo%2Fpublic_html%2Fwp-admin%2Fimages HTTP/1.1" 200 16390 "-" "Mozilla/5.0 AppleWebKit/537.36 (KHTML, like Gecko; compatible; ClaudeBot/1.0; +claudebot@anthropic.com)"
74.7.227.41 - - [04/Mar/2026:06:18:56 -0600] "GET /goods.php?detail/11002834449788 HTTP/1.1" 404 16 "https://www.nassaugolf.com/goods.php?detail/267029430302" "Mozilla/5.0 AppleWebKit/537.36 (KHTML, like Gecko; compatible; GPTBot/1.3; +https://openai.com/gptbot)"
216.73.216.47 - - [04/Mar/2026:06:18:56 -0600] "GET /?fileloc=%2Fhome%2Fnassaugo%2Fpublic_html%2Fwp-includes%2Fimages%2Fwpicons.png&path=%2Fhome%2Fnassaugo%2Fpublic_html%2Fwp-includes%2Fimages HTTP/1.1" 200 25574 "-" "Mozilla/5.0 AppleWebKit/537.36 (KHTML, like Gecko; compatible; ClaudeBot/1.0; +claudebot@anthropic.com)"
216.73.216.47 - - [04/Mar/2026:06:18:56 -0600] "GET /?fileloc=%2Fhome%2Fnassaugo%2Fpublic_html%2Fwp-admin%2Fimages%2Ffreedom-1.svg&path=%2Fhome%2Fnassaugo%2Fpublic_html%2Fwp-admin%2Fimages HTTP/1.1" 200 15272 "-" "Mozilla/5.0 AppleWebKit/537.36 (KHTML, like Gecko; compatible; ClaudeBot/1.0; +claudebot@anthropic.com)"
216.73.216.47 - - [04/Mar/2026:06:18:56 -0600] "GET /?fileloc=%2Fhome%2Fnassaugo%2Fpublic_html%2Fwp-admin%2Fimages%2Fresize-rtl-2x.gif&path=%2Fhome%2Fnassaugo%2Fpublic_html%2Fwp-admin%2Fimages HTTP/1.1" 200 12802 "-" "Mozilla/5.0 AppleWebKit/537.36 (KHTML, like Gecko; compatible; ClaudeBot/1.0; +claudebot@anthropic.com)"
216.73.216.47 - - [04/Mar/2026:06:18:56 -0600] "GET /?fileloc=%2Fhome%2Fnassaugo%2Fpublic_html%2Fwp-content%2Fuploads%2Fwoocommerce-placeholder.bk.png&path=%2Fhome%2Fnassaugo%2Fpublic_html%2Fwp-content%2Fuploads HTTP/1.1" 200 159908 "-" "Mozilla/5.0 AppleWebKit/537.36 (KHTML, like Gecko; compatible; ClaudeBot/1.0; +claudebot@anthropic.com)"
74.7.227.134 - - [04/Mar/2026:06:18:57 -0600] "GET /goods.php?detail/2410113997417 HTTP/1.1" 404 16 "https://www.nassaugolf.com" "Mozilla/5.0 AppleWebKit/537.36 (KHTML, like Gecko; compatible; GPTBot/1.3; +https://openai.com/gptbot)"
74.7.227.41 - - [04/Mar/2026:06:18:57 -0600] "GET /goods.php?detail/12000958398816 HTTP/1.1" 404 16 "https://www.nassaugolf.com/goods.php?detail/226046549262" "Mozilla/5.0 AppleWebKit/537.36 (KHTML, like Gecko; compatible; GPTBot/1.3; +https://openai.com/gptbot)"
216.73.216.47 - - [04/Mar/2026:06:18:56 -0600] "GET /?fileloc=%2Fhome%2Fnassaugo%2Fpublic_html%2Fwp-includes%2Fimages%2Fadmin-bar-sprite-2x.png&path=%2Fhome%2Fnassaugo%2Fpublic_html%2Fwp-includes%2Fimages HTTP/1.1" 200 20172 "-" "Mozilla/5.0 AppleWebKit/537.36 (KHTML, like Gecko; compatible; ClaudeBot/1.0; +claudebot@anthropic.com)"
216.73.216.47 - - [04/Mar/2026:06:18:57 -0600] "GET /?fileloc=%2F%2Flib64%2Flibpng16.so.16.37.0&path=%2F%2Flib64 HTTP/1.1" 200 365634 "-" "Mozilla/5.0 AppleWebKit/537.36 (KHTML, like Gecko; compatible; ClaudeBot/1.0; +claudebot@anthropic.com)"
216.73.216.47 - - [04/Mar/2026:06:18:57 -0600] "GET /?fileloc=%2F%2Flib64%2Flibxcb-xselinux.so&path=%2F%2Flib64 HTTP/1.1" 200 60879 "-" "Mozilla/5.0 AppleWebKit/537.36 (KHTML, like Gecko; compatible; ClaudeBot/1.0; +claudebot@anthropic.com)"
216.73.216.47 - - [04/Mar/2026:06:18:57 -0600] "GET /?fileloc=%2Fhome%2Fnassaugo%2Fpublic_html%2Fwp-admin%2Fimages%2Fspinner-2x.gif&path=%2Fhome%2Fnassaugo%2Fpublic_html%2Fwp-admin%2Fimages HTTP/1.1" 200 25207 "-" "Mozilla/5.0 AppleWebKit/537.36 (KHTML, like Gecko; compatible; ClaudeBot/1.0; +claudebot@anthropic.com)"
57.141.6.8 - - [04/Mar/2026:06:18:57 -0600] "GET /search/0226056c5548b/feed/rss2/ HTTP/1.1" 404 - "-" "meta-externalagent/1.1 (+https://developers.facebook.com/docs/sharing/webmasters/crawler)"
216.73.216.47 - - [04/Mar/2026:06:18:57 -0600] "GET /?fileloc=%2F%2Flib64%2Flibxcb-xf86dri.so.0.0.0&path=%2F%2Flib64 HTTP/1.1" 200 36353 "-" "Mozilla/5.0 AppleWebKit/537.36 (KHTML, like Gecko; compatible; ClaudeBot/1.0; +claudebot@anthropic.com)"
57.141.6.2 - - [04/Mar/2026:06:18:57 -0600] "GET /?s=0487280581a9e4 HTTP/1.1" 200 53879 "-" "meta-externalagent/1.1 (+https://developers.facebook.com/docs/sharing/webmasters/crawler)"
216.73.216.47 - - [04/Mar/2026:06:18:57 -0600] "GET /?fileloc=%2Fhome%2Fnassaugo%2Fpublic_html%2Fwp-admin%2Fimages%2Fmask.png&path=%2Fhome%2Fnassaugo%2Fpublic_html%2Fwp-admin%2Fimages HTTP/1.1" 200 16223 "-" "Mozilla/5.0 AppleWebKit/537.36 (KHTML, like Gecko; compatible; ClaudeBot/1.0; +claudebot@anthropic.com)"
74.7.227.134 - - [04/Mar/2026:06:18:57 -0600] "GET /goods.php?detail/0430498102908 HTTP/1.1" 404 16 "https://nassaugolf.com/goods.php?detail/006006971633" "Mozilla/5.0 AppleWebKit/537.36 (KHTML, like Gecko; compatible; GPTBot/1.3; +https://openai.com/gptbot)"
74.7.227.41 - - [04/Mar/2026:06:18:57 -0600] "GET /goods.php?detail/23500082611293 HTTP/1.1" 404 16 "https://www.nassaugolf.com/goods.php?detail/112009770406" "Mozilla/5.0 AppleWebKit/537.36 (KHTML, like Gecko; compatible; GPTBot/1.3; +https://openai.com/gptbot)"
216.73.216.47 - - [04/Mar/2026:06:18:57 -0600] "GET /?fileloc=%2F%2Flib64%2Flibosinfo-1.0.so.0.1010.0&path=%2F%2Flib64 HTTP/1.1" 200 492448 "-" "Mozilla/5.0 AppleWebKit/537.36 (KHTML, like Gecko; compatible; ClaudeBot/1.0; +claudebot@anthropic.com)"
216.73.216.47 - - [04/Mar/2026:06:18:57 -0600] "GET /?fileloc=%2Fhome%2Fnassaugo%2Fpublic_html%2Fwp-admin%2Fimages%2Fmenu-vs-2x.png&path=%2Fhome%2Fnassaugo%2Fpublic_html%2Fwp-admin%2Fimages HTTP/1.1" 200 35529 "-" "Mozilla/5.0 AppleWebKit/537.36 (KHTML, like Gecko; compatible; ClaudeBot/1.0; +claudebot@anthropic.com)"
216.73.216.47 - - [04/Mar/2026:06:18:57 -0600] "GET /?fileloc=%2Fhome%2Fnassaugo%2Fpublic_html%2Fwp-includes%2Fsodium_compat%2FLICENSE&path=%2Fhome%2Fnassaugo%2Fpublic_html%2Fwp-includes%2Fsodium_compat HTTP/1.1" 200 13448 "-" "Mozilla/5.0 AppleWebKit/537.36 (KHTML, like Gecko; compatible; ClaudeBot/1.0; +claudebot@anthropic.com)"
57.141.6.50 - - [04/Mar/2026:06:18:57 -0600] "GET /detail/848119806 HTTP/1.1" 404 - "-" "meta-externalagent/1.1 (+https://developers.facebook.com/docs/sharing/webmasters/crawler)"
216.73.216.47 - - [04/Mar/2026:06:18:57 -0600] "GET /?fileloc=%2F%2Flib64%2Flibgraphene-1.0.so.0.1000.6&path=%2F%2Flib64 HTTP/1.1" 200 186463 "-" "Mozilla/5.0 AppleWebKit/537.36 (KHTML, like Gecko; compatible; ClaudeBot/1.0; +claudebot@anthropic.com)"
216.73.216.47 - - [04/Mar/2026:06:18:57 -0600] "GET /?fileloc=%2F%2Flib64%2Flibgstpbutils-1.0.so.0&path=%2F%2Flib64 HTTP/1.1" 200 408799 "-" "Mozilla/5.0 AppleWebKit/537.36 (KHTML, like Gecko; compatible; ClaudeBot/1.0; +claudebot@anthropic.com)"
74.7.227.134 - - [04/Mar/2026:06:18:58 -0600] "GET /goods.php?detail/1520193931517 HTTP/1.1" 404 16 "https://nassaugolf.com/goods.php?detail/152022174299" "Mozilla/5.0 AppleWebKit/537.36 (KHTML, like Gecko; compatible; GPTBot/1.3; +https://openai.com/gptbot)"
216.73.216.47 - - [04/Mar/2026:06:18:58 -0600] "GET /?fileloc=%2Fhome%2Fnassaugo%2Fpublic_html%2Fwp-includes%2Fimages%2Fxit.gif&path=%2Fhome%2Fnassaugo%2Fpublic_html%2Fwp-includes%2Fimages HTTP/1.1" 200 12876 "-" "Mozilla/5.0 AppleWebKit/537.36 (KHTML, like Gecko; compatible; ClaudeBot/1.0; +claudebot@anthropic.com)"
74.7.227.41 - - [04/Mar/2026:06:18:58 -0600] "GET /goods.php?detail/14400027932436 HTTP/1.1" 404 16 "https://www.nassaugolf.com/goods.php?detail/178044804114" "Mozilla/5.0 AppleWebKit/537.36 (KHTML, like Gecko; compatible; GPTBot/1.3; +https://openai.com/gptbot)"
216.73.216.47 - - [04/Mar/2026:06:18:58 -0600] "GET /?fileloc=%2Fhome%2Fnassaugo%2Fpublic_html%2Fwp-content%2Fai1wm-backups%2Findex.php&path=%2Fhome%2Fnassaugo%2Fpublic_html%2Fwp-content%2Fai1wm-backups HTTP/1.1" 200 12590 "-" "Mozilla/5.0 AppleWebKit/537.36 (KHTML, like Gecko; compatible; ClaudeBot/1.0; +claudebot@anthropic.com)"
216.73.216.47 - - [04/Mar/2026:06:18:58 -0600] "GET /?fileloc=%2Fhome%2Fnassaugo%2Fpublic_html%2Fwp-admin%2Fimages%2Ffreedom-4.svg&path=%2Fhome%2Fnassaugo%2Fpublic_html%2Fwp-admin%2Fimages HTTP/1.1" 200 16758 "-" "Mozilla/5.0 AppleWebKit/537.36 (KHTML, like Gecko; compatible; ClaudeBot/1.0; +claudebot@anthropic.com)"
216.73.216.47 - - [04/Mar/2026:06:18:58 -0600] "GET /?fileloc=%2Fhome%2Fnassaugo%2Fpublic_html%2Fwp-admin%2Fimages%2Falign-right-2x.png&path=%2Fhome%2Fnassaugo%2Fpublic_html%2Fwp-admin%2Fimages HTTP/1.1" 200 12749 "-" "Mozilla/5.0 AppleWebKit/537.36 (KHTML, like Gecko; compatible; ClaudeBot/1.0; +claudebot@anthropic.com)"
216.73.216.47 - - [04/Mar/2026:06:18:58 -0600] "GET /?fileloc=%2F%2Flib64%2Flibnl-xfrm-3.so.200.26.0&path=%2F%2Flib64 HTTP/1.1" 200 151471 "-" "Mozilla/5.0 AppleWebKit/537.36 (KHTML, like Gecko; compatible; ClaudeBot/1.0; +claudebot@anthropic.com)"
216.73.216.47 - - [04/Mar/2026:06:18:58 -0600] "GET /?fileloc=%2Fhome%2Fnassaugo%2Fpublic_html%2Fwp-admin%2Fimages%2Fbubble_bg-2x.gif&path=%2Fhome%2Fnassaugo%2Fpublic_html%2Fwp-admin%2Fimages HTTP/1.1" 200 13349 "-" "Mozilla/5.0 AppleWebKit/537.36 (KHTML, like Gecko; compatible; ClaudeBot/1.0; +claudebot@anthropic.com)"
74.7.227.134 - - [04/Mar/2026:06:18:58 -0600] "GET /goods.php?detail/0100118570723 HTTP/1.1" 404 16 "https://nassaugolf.com/goods.php?detail/010003475405" "Mozilla/5.0 AppleWebKit/537.36 (KHTML, like Gecko; compatible; GPTBot/1.3; +https://openai.com/gptbot)"
74.7.227.41 - - [04/Mar/2026:06:18:58 -0600] "GET /goods.php?detail/24902278355597 HTTP/1.1" 404 16 "https://www.nassaugolf.com/goods.php?detail/249028399594" "Mozilla/5.0 AppleWebKit/537.36 (KHTML, like Gecko; compatible; GPTBot/1.3; +https://openai.com/gptbot)"
57.141.6.9 - - [04/Mar/2026:06:18:58 -0600] "GET /search/019652b5557b/feed/rss2/ HTTP/1.1" 404 - "-" "meta-externalagent/1.1 (+https://developers.facebook.com/docs/sharing/webmasters/crawler)"
216.73.216.47 - - [04/Mar/2026:06:18:57 -0600] "GET /?fileloc=%2F%2Flib64%2Flibgtk-x11-2.0.so.0&path=%2F%2Flib64 HTTP/1.1" 200 7989787 "-" "Mozilla/5.0 AppleWebKit/537.36 (KHTML, like Gecko; compatible; ClaudeBot/1.0; +claudebot@anthropic.com)"
216.73.216.47 - - [04/Mar/2026:06:18:58 -0600] "GET /?fileloc=%2Fhome%2Fnassaugo%2Fpublic_html%2Fwp-admin%2Fimages%2Fcomment-grey-bubble-2x.png&path=%2Fhome%2Fnassaugo%2Fpublic_html%2Fwp-admin%2Fimages HTTP/1.1" 200 12966 "-" "Mozilla/5.0 AppleWebKit/537.36 (KHTML, like Gecko; compatible; ClaudeBot/1.0; +claudebot@anthropic.com)"
216.73.216.47 - - [04/Mar/2026:06:18:58 -0600] "GET /?fileloc=%2Fhome%2Fnassaugo%2Fpublic_html%2Fwp-admin%2Fimages%2Falign-center.png&path=%2Fhome%2Fnassaugo%2Fpublic_html%2Fwp-admin%2Fimages HTTP/1.1" 200 13508 "-" "Mozilla/5.0 AppleWebKit/537.36 (KHTML, like Gecko; compatible; ClaudeBot/1.0; +claudebot@anthropic.com)"
57.141.6.28 - - [04/Mar/2026:06:18:59 -0600] "GET /search/052332106251c2a/feed/rss2/ HTTP/1.1" 404 - "-" "meta-externalagent/1.1 (+https://developers.facebook.com/docs/sharing/webmasters/crawler)"
216.73.216.47 - - [04/Mar/2026:06:18:58 -0600] "GET /?fileloc=%2Fhome%2Fnassaugo%2Fpublic_html%2Fwp-content%2Fuploads%2Fwoocommerce-placeholder.png&path=%2Fhome%2Fnassaugo%2Fpublic_html%2Fwp-content%2Fuploads HTTP/1.1" 200 152347 "-" "Mozilla/5.0 AppleWebKit/537.36 (KHTML, like Gecko; compatible; ClaudeBot/1.0; +claudebot@anthropic.com)"
216.73.216.47 - - [04/Mar/2026:06:18:58 -0600] "GET /?fileloc=%2F%2Flib64%2Flibgirepository-1.0.so.1.0.0&path=%2F%2Flib64 HTTP/1.1" 200 222676 "-" "Mozilla/5.0 AppleWebKit/537.36 (KHTML, like Gecko; compatible; ClaudeBot/1.0; +claudebot@anthropic.com)"
216.73.216.47 - - [04/Mar/2026:06:18:58 -0600] "GET /?fileloc=%2Fhome%2Fnassaugo%2Fpublic_html%2Fwp-admin%2Fimages%2Fyes.png&path=%2Fhome%2Fnassaugo%2Fpublic_html%2Fwp-admin%2Fimages HTTP/1.1" 200 13532 "-" "Mozilla/5.0 AppleWebKit/537.36 (KHTML, like Gecko; compatible; ClaudeBot/1.0; +claudebot@anthropic.com)"
74.7.227.134 - - [04/Mar/2026:06:18:59 -0600] "GET /goods.php?detail/0840390375080 HTTP/1.1" 404 16 "https://nassaugolf.com/goods.php?detail/194008890822" "Mozilla/5.0 AppleWebKit/537.36 (KHTML, like Gecko; compatible; GPTBot/1.3; +https://openai.com/gptbot)"
74.7.227.41 - - [04/Mar/2026:06:18:59 -0600] "GET /goods.php?detail/17500403222764 HTTP/1.1" 404 16 "https://www.nassaugolf.com/goods.php?detail/175004497877" "Mozilla/5.0 AppleWebKit/537.36 (KHTML, like Gecko; compatible; GPTBot/1.3; +https://openai.com/gptbot)"
216.73.216.47 - - [04/Mar/2026:06:18:59 -0600] "GET /?fileloc=%2F%2Flib64%2Flibxcb-xinerama.so&path=%2F%2Flib64 HTTP/1.1" 200 30547 "-" "Mozilla/5.0 AppleWebKit/537.36 (KHTML, like Gecko; compatible; ClaudeBot/1.0; +claudebot@anthropic.com)"
216.73.216.47 - - [04/Mar/2026:06:18:59 -0600] "GET /?fileloc=%2F%2Flib64%2Flibxcb-screensaver.so.0.0.0&path=%2F%2Flib64 HTTP/1.1" 200 36170 "-" "Mozilla/5.0 AppleWebKit/537.36 (KHTML, like Gecko; compatible; ClaudeBot/1.0; +claudebot@anthropic.com)"
216.73.216.47 - - [04/Mar/2026:06:18:59 -0600] "GET /?fileloc=%2F%2Flib64%2Flibgstaudio-1.0.so.0.2212.0&path=%2F%2Flib64 HTTP/1.1" 200 826115 "-" "Mozilla/5.0 AppleWebKit/537.36 (KHTML, like Gecko; compatible; ClaudeBot/1.0; +claudebot@anthropic.com)"
57.141.6.22 - - [04/Mar/2026:06:18:59 -0600] "GET /search/011653257327d84/feed/rss2/ HTTP/1.1" 404 - "-" "meta-externalagent/1.1 (+https://developers.facebook.com/docs/sharing/webmasters/crawler)"
216.73.216.47 - - [04/Mar/2026:06:18:59 -0600] "GET /?fileloc=%2Fhome%2Fnassaugo%2Fpublic_html%2Fwp-admin%2Fimages%2Ffreedom-3.svg&path=%2Fhome%2Fnassaugo%2Fpublic_html%2Fwp-admin%2Fimages HTTP/1.1" 200 15766 "-" "Mozilla/5.0 AppleWebKit/537.36 (KHTML, like Gecko; compatible; ClaudeBot/1.0; +claudebot@anthropic.com)"
216.73.216.47 - - [04/Mar/2026:06:18:59 -0600] "GET /?fileloc=%2F%2Fhome%2F0_README_BEFORE_DELETING_VIRTFS&path=%2F%2Fhome HTTP/1.1" 200 12814 "-" "Mozilla/5.0 AppleWebKit/537.36 (KHTML, like Gecko; compatible; ClaudeBot/1.0; +claudebot@anthropic.com)"
74.7.227.134 - - [04/Mar/2026:06:18:59 -0600] "GET /goods.php?detail/1440295914164 HTTP/1.1" 404 16 "https://www.nassaugolf.com" "Mozilla/5.0 AppleWebKit/537.36 (KHTML, like Gecko; compatible; GPTBot/1.3; +https://openai.com/gptbot)"
216.73.216.47 - - [04/Mar/2026:06:18:59 -0600] "GET /?fileloc=%2Fhome%2Fnassaugo%2Fpublic_html%2Fwp-admin%2Fimages%2Fmenu-2x.png&path=%2Fhome%2Fnassaugo%2Fpublic_html%2Fwp-admin%2Fimages HTTP/1.1" 200 35676 "-" "Mozilla/5.0 AppleWebKit/537.36 (KHTML, like Gecko; compatible; ClaudeBot/1.0; +claudebot@anthropic.com)"
74.7.227.41 - - [04/Mar/2026:06:18:59 -0600] "GET /goods.php?detail/08002911166493 HTTP/1.1" 404 16 "https://www.nassaugolf.com/goods.php?detail/055035043917" "Mozilla/5.0 AppleWebKit/537.36 (KHTML, like Gecko; compatible; GPTBot/1.3; +https://openai.com/gptbot)"
216.73.216.47 - - [04/Mar/2026:06:18:59 -0600] "GET /?fileloc=%2F%2Flib64%2Flibatk-1.0.so.0.23609.1&path=%2F%2Flib64 HTTP/1.1" 200 238634 "-" "Mozilla/5.0 AppleWebKit/537.36 (KHTML, like Gecko; compatible; ClaudeBot/1.0; +claudebot@anthropic.com)"
216.73.216.47 - - [04/Mar/2026:06:18:59 -0600] "GET /?fileloc=%2F%2Flib64%2Flibtss2-tcti-swtpm.so.0.0.0&path=%2F%2Flib64 HTTP/1.1" 200 50295 "-" "Mozilla/5.0 AppleWebKit/537.36 (KHTML, like Gecko; compatible; ClaudeBot/1.0; +claudebot@anthropic.com)"
216.73.216.47 - - [04/Mar/2026:06:18:59 -0600] "GET /?fileloc=%2F%2Flib64%2Flibdrm_nouveau.so.2.123.0&path=%2F%2Flib64 HTTP/1.1" 200 67745 "-" "Mozilla/5.0 AppleWebKit/537.36 (KHTML, like Gecko; compatible; ClaudeBot/1.0; +claudebot@anthropic.com)"
57.141.6.43 - - [04/Mar/2026:06:18:59 -0600] "GET /?s=002228869d993f1 HTTP/1.1" 200 53879 "-" "meta-externalagent/1.1 (+https://developers.facebook.com/docs/sharing/webmasters/crawler)"
216.73.216.47 - - [04/Mar/2026:06:18:59 -0600] "GET /?fileloc=%2Fhome%2Fnassaugo%2Fpublic_html%2Fwp-admin%2Fimages%2Fcontribute-main.svg&path=%2Fhome%2Fnassaugo%2Fpublic_html%2Fwp-admin%2Fimages HTTP/1.1" 200 34491 "-" "Mozilla/5.0 AppleWebKit/537.36 (KHTML, like Gecko; compatible; ClaudeBot/1.0; +claudebot@anthropic.com)"
216.73.216.47 - - [04/Mar/2026:06:18:59 -0600] "GET /?fileloc=%2Fhome%2Fnassaugo%2Fpublic_html%2Fwp-admin%2Fimages%2Fwheel.png&path=%2Fhome%2Fnassaugo%2Fpublic_html%2Fwp-admin%2Fimages HTTP/1.1" 200 23747 "-" "Mozilla/5.0 AppleWebKit/537.36 (KHTML, like Gecko; compatible; ClaudeBot/1.0; +claudebot@anthropic.com)"
74.7.227.134 - - [04/Mar/2026:06:19:00 -0600] "GET /goods.php?detail/2910338689393 HTTP/1.1" 404 16 "https://www.nassaugolf.com" "Mozilla/5.0 AppleWebKit/537.36 (KHTML, like Gecko; compatible; GPTBot/1.3; +https://openai.com/gptbot)"
216.73.216.47 - - [04/Mar/2026:06:19:00 -0600] "GET /?fileloc=%2F%2Flib64%2FlibMagickWand-6.Q16.so.7.0.0&path=%2F%2Flib64 HTTP/1.1" 200 2004366 "-" "Mozilla/5.0 AppleWebKit/537.36 (KHTML, like Gecko; compatible; ClaudeBot/1.0; +claudebot@anthropic.com)"
74.7.227.41 - - [04/Mar/2026:06:19:00 -0600] "GET /goods.php?detail/21000567853815 HTTP/1.1" 404 16 "https://www.nassaugolf.com/goods.php?detail/164010618765" "Mozilla/5.0 AppleWebKit/537.36 (KHTML, like Gecko; compatible; GPTBot/1.3; +https://openai.com/gptbot)"
216.73.216.47 - - [04/Mar/2026:06:19:00 -0600] "GET /?fileloc=%2Fhome%2Fnassaugo%2Fpublic_html%2Fwp-includes%2Fimages%2Frss.png&path=%2Fhome%2Fnassaugo%2Fpublic_html%2Fwp-includes%2Fimages HTTP/1.1" 200 13602 "-" "Mozilla/5.0 AppleWebKit/537.36 (KHTML, like Gecko; compatible; ClaudeBot/1.0; +claudebot@anthropic.com)"
216.73.216.47 - - [04/Mar/2026:06:19:00 -0600] "GET /?fileloc=%2Fhome%2Fnassaugo%2Fpublic_html%2Fwp-admin%2Fimages%2Fresize-2x.gif&path=%2Fhome%2Fnassaugo%2Fpublic_html%2Fwp-admin%2Fimages HTTP/1.1" 200 12791 "-" "Mozilla/5.0 AppleWebKit/537.36 (KHTML, like Gecko; compatible; ClaudeBot/1.0; +claudebot@anthropic.com)"
216.73.216.47 - - [04/Mar/2026:06:19:00 -0600] "GET /?fileloc=%2F%2Flib64%2Flibwayland-client.so.0.21.0&path=%2F%2Flib64 HTTP/1.1" 200 105184 "-" "Mozilla/5.0 AppleWebKit/537.36 (KHTML, like Gecko; compatible; ClaudeBot/1.0; +claudebot@anthropic.com)"
57.141.6.46 - - [04/Mar/2026:06:19:00 -0600] "GET /detail/872607863 HTTP/1.1" 404 - "-" "meta-externalagent/1.1 (+https://developers.facebook.com/docs/sharing/webmasters/crawler)"
216.73.216.47 - - [04/Mar/2026:06:19:00 -0600] "GET /?fileloc=%2Fhome%2Fnassaugo%2Fpublic_html%2Fwp-admin%2Fimages%2Ffreedom-2.svg&path=%2Fhome%2Fnassaugo%2Fpublic_html%2Fwp-admin%2Fimages HTTP/1.1" 200 22037 "-" "Mozilla/5.0 AppleWebKit/537.36 (KHTML, like Gecko; compatible; ClaudeBot/1.0; +claudebot@anthropic.com)"
51.68.247.215 - - [04/Mar/2026:06:19:00 -0600] "GET /?fileloc=//lib64/libwmf-0.2.so.7&path=//lib64 HTTP/1.1" 200 408155 "-" "Mozilla/5.0 (compatible; AhrefsBot/7.0; +http://ahrefs.com/robot/)"
216.73.216.47 - - [04/Mar/2026:06:19:00 -0600] "GET /?fileloc=%2F%2Flib64%2Flibtss2-tcti-mssim.so.0&path=%2F%2Flib64 HTTP/1.1" 200 54537 "-" "Mozilla/5.0 AppleWebKit/537.36 (KHTML, like Gecko; compatible; ClaudeBot/1.0; +claudebot@anthropic.com)"
74.7.227.134 - - [04/Mar/2026:06:19:00 -0600] "GET /goods.php?detail/1550078206565 HTTP/1.1" 404 16 "https://www.nassaugolf.com" "Mozilla/5.0 AppleWebKit/537.36 (KHTML, like Gecko; compatible; GPTBot/1.3; +https://openai.com/gptbot)"
216.73.216.47 - - [04/Mar/2026:06:19:00 -0600] "GET /?fileloc=%2Fhome%2Fnassaugo%2Fpublic_html%2Fwp-includes%2Fimages%2Fblank.gif&path=%2Fhome%2Fnassaugo%2Fpublic_html%2Fwp-includes%2Fimages HTTP/1.1" 200 12594 "-" "Mozilla/5.0 AppleWebKit/537.36 (KHTML, like Gecko; compatible; ClaudeBot/1.0; +claudebot@anthropic.com)"
74.7.227.41 - - [04/Mar/2026:06:19:00 -0600] "GET /goods.php?detail/08600831475553 HTTP/1.1" 404 16 "https://www.nassaugolf.com/goods.php?detail/086001346063" "Mozilla/5.0 AppleWebKit/537.36 (KHTML, like Gecko; compatible; GPTBot/1.3; +https://openai.com/gptbot)"
216.73.216.47 - - [04/Mar/2026:06:19:00 -0600] "GET /?fileloc=%2Fhome%2Fnassaugo%2Fpublic_html%2Fwp-content%2Fuploads%2Fwoocommerce-placeholder.png.webp&path=%2Fhome%2Fnassaugo%2Fpublic_html%2Fwp-content%2Fuploads HTTP/1.1" 200 29633 "-" "Mozilla/5.0 AppleWebKit/537.36 (KHTML, like Gecko; compatible; ClaudeBot/1.0; +claudebot@anthropic.com)"
216.73.216.47 - - [04/Mar/2026:06:19:00 -0600] "GET /?fileloc=%2Fhome%2Fnassaugo%2Fpublic_html%2Fwp-admin%2Fimages%2Fno.png&path=%2Fhome%2Fnassaugo%2Fpublic_html%2Fwp-admin%2Fimages HTTP/1.1" 200 13835 "-" "Mozilla/5.0 AppleWebKit/537.36 (KHTML, like Gecko; compatible; ClaudeBot/1.0; +claudebot@anthropic.com)"
216.73.216.47 - - [04/Mar/2026:06:19:00 -0600] "GET /?fileloc=%2Fhome%2Fnassaugo%2Fpublic_html%2Fwp-admin%2Fimages%2Fxit.gif&path=%2Fhome%2Fnassaugo%2Fpublic_html%2Fwp-admin%2Fimages HTTP/1.1" 200 12864 "-" "Mozilla/5.0 AppleWebKit/537.36 (KHTML, like Gecko; compatible; ClaudeBot/1.0; +claudebot@anthropic.com)"
216.73.216.47 - - [04/Mar/2026:06:19:00 -0600] "GET /?fileloc=%2F%2Flib64%2Flibpoppler-glib.so.8.19.0&path=%2F%2Flib64 HTTP/1.1" 200 600722 "-" "Mozilla/5.0 AppleWebKit/537.36 (KHTML, like Gecko; compatible; ClaudeBot/1.0; +claudebot@anthropic.com)"
57.141.6.48 - - [04/Mar/2026:06:19:01 -0600] "GET /?s=1426294350aef2 HTTP/1.1" 200 53879 "-" "meta-externalagent/1.1 (+https://developers.facebook.com/docs/sharing/webmasters/crawler)"
216.73.216.47 - - [04/Mar/2026:06:19:01 -0600] "GET /?fileloc=%2F%2Flib64%2Flibxcb-xkb.so.1.0.0&path=%2F%2Flib64 HTTP/1.1" 200 177891 "-" "Mozilla/5.0 AppleWebKit/537.36 (KHTML, like Gecko; compatible; ClaudeBot/1.0; +claudebot@anthropic.com)"
74.7.227.134 - - [04/Mar/2026:06:19:01 -0600] "GET /goods.php?detail/1010441638050 HTTP/1.1" 404 16 "https://nassaugolf.com/goods.php?detail/1910053704881" "Mozilla/5.0 AppleWebKit/537.36 (KHTML, like Gecko; compatible; GPTBot/1.3; +https://openai.com/gptbot)"
216.73.216.47 - - [04/Mar/2026:06:19:01 -0600] "GET /?fileloc=%2F%2Flib64%2Flibgstrtsp-1.0.so.0.2212.0&path=%2F%2Flib64 HTTP/1.1" 200 243123 "-" "Mozilla/5.0 AppleWebKit/537.36 (KHTML, like Gecko; compatible; ClaudeBot/1.0; +claudebot@anthropic.com)"
74.7.227.41 - - [04/Mar/2026:06:19:01 -0600] "GET /goods.php?detail/27700042434895 HTTP/1.1" 404 16 "https://www.nassaugolf.com/goods.php?detail/2770300200944" "Mozilla/5.0 AppleWebKit/537.36 (KHTML, like Gecko; compatible; GPTBot/1.3; +https://openai.com/gptbot)"
216.73.216.47 - - [04/Mar/2026:06:19:01 -0600] "GET /?fileloc=%2Fhome%2Fnassaugo%2Fpublic_html%2Fwp-admin%2Fimages%2Fse.png&path=%2Fhome%2Fnassaugo%2Fpublic_html%2Fwp-admin%2Fimages HTTP/1.1" 200 12706 "-" "Mozilla/5.0 AppleWebKit/537.36 (KHTML, like Gecko; compatible; ClaudeBot/1.0; +claudebot@anthropic.com)"
216.73.216.47 - - [04/Mar/2026:06:19:01 -0600] "GET /?fileloc=%2F%2Flib64%2Flibgstcheck-1.0.so.0.2212.0&path=%2F%2Flib64 HTTP/1.1" 200 230083 "-" "Mozilla/5.0 AppleWebKit/537.36 (KHTML, like Gecko; compatible; ClaudeBot/1.0; +claudebot@anthropic.com)"
216.73.216.47 - - [04/Mar/2026:06:19:01 -0600] "GET /?fileloc=%2F%2Flib64%2Flibnl-genl-3.so.200.26.0&path=%2F%2Flib64 HTTP/1.1" 200 59343 "-" "Mozilla/5.0 AppleWebKit/537.36 (KHTML, like Gecko; compatible; ClaudeBot/1.0; +claudebot@anthropic.com)"
216.73.216.47 - - [04/Mar/2026:06:19:01 -0600] "GET /?fileloc=%2Fhome%2Fnassaugo%2Fpublic_html%2Fwp-content%2Faiowps_backups%2F.htaccess.backup&path=%2Fhome%2Fnassaugo%2Fpublic_html%2Fwp-content%2Faiowps_backups HTTP/1.1" 200 16967 "-" "Mozilla/5.0 AppleWebKit/537.36 (KHTML, like Gecko; compatible; ClaudeBot/1.0; +claudebot@anthropic.com)"
216.73.216.47 - - [04/Mar/2026:06:19:01 -0600] "GET /?fileloc=%2F%2Flib64%2Flibgstfft-1.0.so.0.2212.0&path=%2F%2Flib64 HTTP/1.1" 200 76766 "-" "Mozilla/5.0 AppleWebKit/537.36 (KHTML, like Gecko; compatible; ClaudeBot/1.0; +claudebot@anthropic.com)"
74.7.227.134 - - [04/Mar/2026:06:19:01 -0600] "GET /goods.php?detail/1020136502960 HTTP/1.1" 404 16 "https://nassaugolf.com/goods.php?detail/102022146195" "Mozilla/5.0 AppleWebKit/537.36 (KHTML, like Gecko; compatible; GPTBot/1.3; +https://openai.com/gptbot)"
216.73.216.47 - - [04/Mar/2026:06:19:01 -0600] "GET /?fileloc=%2Fhome%2Fnassaugo%2Fpublic_html%2Fwp-includes%2Fimages%2Fspinner.gif&path=%2Fhome%2Fnassaugo%2Fpublic_html%2Fwp-includes%2Fimages HTTP/1.1" 200 18826 "-" "Mozilla/5.0 AppleWebKit/537.36 (KHTML, like Gecko; compatible; ClaudeBot/1.0; +claudebot@anthropic.com)"
74.7.227.41 - - [04/Mar/2026:06:19:01 -0600] "GET /goods.php?detail/14903367774626 HTTP/1.1" 404 16 "https://www.nassaugolf.com/goods.php?detail/149030871459" "Mozilla/5.0 AppleWebKit/537.36 (KHTML, like Gecko; compatible; GPTBot/1.3; +https://openai.com/gptbot)"
14.177.115.131 - - [04/Mar/2026:06:19:02 -0600] "GET /prize/16134567 HTTP/1.1" 404 - "-" "Mozilla/5.0 (Windows NT 10.0; Win64; x64) AppleWebKit/537.36 (KHTML, like Gecko) Brave Chrome/89.0.4389.72 Safari/537.36"
216.73.216.47 - - [04/Mar/2026:06:19:01 -0600] "GET /?fileloc=%2Fhome%2Fnassaugo%2Fpublic_html%2Fwp-admin%2Fimages%2Fmedia-button.png&path=%2Fhome%2Fnassaugo%2Fpublic_html%2Fwp-admin%2Fimages HTTP/1.1" 200 13118 "-" "Mozilla/5.0 AppleWebKit/537.36 (KHTML, like Gecko; compatible; ClaudeBot/1.0; +claudebot@anthropic.com)"
57.141.6.43 - - [04/Mar/2026:06:19:01 -0600] "GET /?s=151691127ddabad HTTP/1.1" 200 53879 "-" "meta-externalagent/1.1 (+https://developers.facebook.com/docs/sharing/webmasters/crawler)"
216.73.216.47 - - [04/Mar/2026:06:19:01 -0600] "GET /?fileloc=%2Fhome%2Fnassaugo%2Fpublic_html%2Fwp-admin%2Fimages%2Fabout-release-logo.svg&path=%2Fhome%2Fnassaugo%2Fpublic_html%2Fwp-admin%2Fimages HTTP/1.1" 200 17561 "-" "Mozilla/5.0 AppleWebKit/537.36 (KHTML, like Gecko; compatible; ClaudeBot/1.0; +claudebot@anthropic.com)"
216.73.216.47 - - [04/Mar/2026:06:19:01 -0600] "GET /?fileloc=%2Fhome%2Fnassaugo%2Fpublic_html%2Fwp-admin%2Fimages%2Falign-left-2x.png&path=%2Fhome%2Fnassaugo%2Fpublic_html%2Fwp-admin%2Fimages HTTP/1.1" 200 12760 "-" "Mozilla/5.0 AppleWebKit/537.36 (KHTML, like Gecko; compatible; ClaudeBot/1.0; +claudebot@anthropic.com)"
216.73.216.47 - - [04/Mar/2026:06:19:02 -0600] "GET /?fileloc=%2Fhome%2Fnassaugo%2Fpublic_html%2Fwp-includes%2Fimages%2Ftoggle-arrow-2x.png&path=%2Fhome%2Fnassaugo%2Fpublic_html%2Fwp-includes%2Fimages HTTP/1.1" 200 13238 "-" "Mozilla/5.0 AppleWebKit/537.36 (KHTML, like Gecko; compatible; ClaudeBot/1.0; +claudebot@anthropic.com)"
57.141.6.17 - - [04/Mar/2026:06:19:02 -0600] "GET /?s=0016477832b8924 HTTP/1.1" 200 53879 "-" "meta-externalagent/1.1 (+https://developers.facebook.com/docs/sharing/webmasters/crawler)"
216.73.216.47 - - [04/Mar/2026:06:19:02 -0600] "GET /?fileloc=%2F%2Fetc%2Fblocked_incoming_email_country_ips&path=%2F%2Fetc HTTP/1.1" 200 12284 "-" "Mozilla/5.0 AppleWebKit/537.36 (KHTML, like Gecko; compatible; ClaudeBot/1.0; +claudebot@anthropic.com)"
74.7.227.134 - - [04/Mar/2026:06:19:02 -0600] "GET /goods.php?detail/1270027753820 HTTP/1.1" 404 16 "https://nassaugolf.com/goods.php?detail/127041842583" "Mozilla/5.0 AppleWebKit/537.36 (KHTML, like Gecko; compatible; GPTBot/1.3; +https://openai.com/gptbot)"
74.7.227.41 - - [04/Mar/2026:06:19:02 -0600] "GET /goods.php?detail/14300897773509 HTTP/1.1" 404 16 "https://www.nassaugolf.com/goods.php?detail/143005957679" "Mozilla/5.0 AppleWebKit/537.36 (KHTML, like Gecko; compatible; GPTBot/1.3; +https://openai.com/gptbot)"
216.73.216.47 - - [04/Mar/2026:06:19:02 -0600] "GET /?fileloc=%2Fhome%2Fnassaugo%2Fpublic_html%2Fwp-admin%2Fimages%2Falign-none-2x.png&path=%2Fhome%2Fnassaugo%2Fpublic_html%2Fwp-admin%2Fimages HTTP/1.1" 200 12730 "-" "Mozilla/5.0 AppleWebKit/537.36 (KHTML, like Gecko; compatible; ClaudeBot/1.0; +claudebot@anthropic.com)"
216.73.216.47 - - [04/Mar/2026:06:19:02 -0600] "GET /?fileloc=%2Fhome%2Fnassaugo%2Fpublic_html%2Fwp-content%2Faiowps_backups%2Findex.html&path=%2Fhome%2Fnassaugo%2Fpublic_html%2Fwp-content%2Faiowps_backups HTTP/1.1" 200 12568 "-" "Mozilla/5.0 AppleWebKit/537.36 (KHTML, like Gecko; compatible; ClaudeBot/1.0; +claudebot@anthropic.com)"
57.141.6.6 - - [04/Mar/2026:06:19:02 -0600] "GET /?s=082349482ebc05f HTTP/1.1" 200 53879 "-" "meta-externalagent/1.1 (+https://developers.facebook.com/docs/sharing/webmasters/crawler)"
216.73.216.47 - - [04/Mar/2026:06:19:02 -0600] "GET /?fileloc=%2Fhome%2Fnassaugo%2Fpublic_html%2Fwp-admin%2Fimages%2Farrows.png&path=%2Fhome%2Fnassaugo%2Fpublic_html%2Fwp-admin%2Fimages HTTP/1.1" 200 12946 "-" "Mozilla/5.0 AppleWebKit/537.36 (KHTML, like Gecko; compatible; ClaudeBot/1.0; +claudebot@anthropic.com)"
216.73.216.47 - - [04/Mar/2026:06:19:02 -0600] "GET /?fileloc=%2F%2Flib64%2Flibgstsdp-1.0.so.0.2212.0&path=%2F%2Flib64 HTTP/1.1" 200 172208 "-" "Mozilla/5.0 AppleWebKit/537.36 (KHTML, like Gecko; compatible; ClaudeBot/1.0; +claudebot@anthropic.com)"
216.73.216.47 - - [04/Mar/2026:06:19:02 -0600] "GET /?fileloc=%2Fhome%2Fnassaugo%2Ftmp%2Fsess_ca0059e7426fdb6109d921b1a1b65986&path=%2Fhome%2Fnassaugo%2Ftmp HTTP/1.1" 200 18913 "-" "Mozilla/5.0 AppleWebKit/537.36 (KHTML, like Gecko; compatible; ClaudeBot/1.0; +claudebot@anthropic.com)"
74.7.227.134 - - [04/Mar/2026:06:19:02 -0600] "GET /goods.php?detail/2840250625209 HTTP/1.1" 404 16 "https://nassaugolf.com/goods.php?detail/105021249698" "Mozilla/5.0 AppleWebKit/537.36 (KHTML, like Gecko; compatible; GPTBot/1.3; +https://openai.com/gptbot)"
74.7.227.41 - - [04/Mar/2026:06:19:02 -0600] "GET /goods.php?detail/03500182482777 HTTP/1.1" 404 16 "https://www.nassaugolf.com/goods.php?detail/035002474435" "Mozilla/5.0 AppleWebKit/537.36 (KHTML, like Gecko; compatible; GPTBot/1.3; +https://openai.com/gptbot)"
216.73.216.47 - - [04/Mar/2026:06:19:02 -0600] "GET /?fileloc=%2F%2Flib64%2Flibcanberra-gtk3.so.0.1.9&path=%2F%2Flib64 HTTP/1.1" 200 42821 "-" "Mozilla/5.0 AppleWebKit/537.36 (KHTML, like Gecko; compatible; ClaudeBot/1.0; +claudebot@anthropic.com)"
216.73.216.47 - - [04/Mar/2026:06:19:02 -0600] "GET /?fileloc=%2Fhome%2Fnassaugo%2Fpublic_html%2Fwp-admin%2Fimages%2Fmedia-button-image.gif&path=%2Fhome%2Fnassaugo%2Fpublic_html%2Fwp-admin%2Fimages HTTP/1.1" 200 12898 "-" "Mozilla/5.0 AppleWebKit/537.36 (KHTML, like Gecko; compatible; ClaudeBot/1.0; +claudebot@anthropic.com)"
216.73.216.47 - - [04/Mar/2026:06:19:02 -0600] "GET /?fileloc=%2Fhome%2Fnassaugo%2Fpublic_html%2Fwp-admin%2Fimages%2Flist.png&path=%2Fhome%2Fnassaugo%2Fpublic_html%2Fwp-admin%2Fimages HTTP/1.1" 200 14595 "-" "Mozilla/5.0 AppleWebKit/537.36 (KHTML, like Gecko; compatible; ClaudeBot/1.0; +claudebot@anthropic.com)"
57.141.6.9 - - [04/Mar/2026:06:19:03 -0600] "GET /search/101765806c9b397/feed/rss2/ HTTP/1.1" 404 - "-" "meta-externalagent/1.1 (+https://developers.facebook.com/docs/sharing/webmasters/crawler)"
216.73.216.47 - - [04/Mar/2026:06:19:03 -0600] "GET /?fileloc=%2F%2Flib64%2Flibcanberra-gtk.so.0.1.9&path=%2F%2Flib64 HTTP/1.1" 200 42730 "-" "Mozilla/5.0 AppleWebKit/537.36 (KHTML, like Gecko; compatible; ClaudeBot/1.0; +claudebot@anthropic.com)"
216.73.216.47 - - [04/Mar/2026:06:19:03 -0600] "GET /?fileloc=%2Fhome%2Fnassaugo%2Fpublic_html%2Fwp-admin%2Fimages%2Fresize-rtl.gif&path=%2Fhome%2Fnassaugo%2Fpublic_html%2Fwp-admin%2Fimages HTTP/1.1" 200 12646 "-" "Mozilla/5.0 AppleWebKit/537.36 (KHTML, like Gecko; compatible; ClaudeBot/1.0; +claudebot@anthropic.com)"
216.73.216.47 - - [04/Mar/2026:06:19:02 -0600] "GET /?fileloc=%2F%2Flib64%2Flibgtk-3.so.0.2404.27&path=%2F%2Flib64 HTTP/1.1" 200 12930457 "-" "Mozilla/5.0 AppleWebKit/537.36 (KHTML, like Gecko; compatible; ClaudeBot/1.0; +claudebot@anthropic.com)"
216.73.216.47 - - [04/Mar/2026:06:19:03 -0600] "GET /?fileloc=%2Fhome%2Fnassaugo%2Fpublic_html%2Fwp-admin%2Fimages%2Fmarker.png&path=%2Fhome%2Fnassaugo%2Fpublic_html%2Fwp-admin%2Fimages HTTP/1.1" 200 13172 "-" "Mozilla/5.0 AppleWebKit/537.36 (KHTML, like Gecko; compatible; ClaudeBot/1.0; +claudebot@anthropic.com)"
74.7.227.134 - - [04/Mar/2026:06:19:03 -0600] "GET /goods.php?detail/0030100768537 HTTP/1.1" 404 16 "https://nassaugolf.com/goods.php?detail/003010836324" "Mozilla/5.0 AppleWebKit/537.36 (KHTML, like Gecko; compatible; GPTBot/1.3; +https://openai.com/gptbot)"
216.73.216.47 - - [04/Mar/2026:06:19:03 -0600] "GET /?fileloc=%2F%2Flib64%2Fliblqr-1.so.0&path=%2F%2Flib64 HTTP/1.1" 200 100147 "-" "Mozilla/5.0 AppleWebKit/537.36 (KHTML, like Gecko; compatible; ClaudeBot/1.0; +claudebot@anthropic.com)"
74.7.227.41 - - [04/Mar/2026:06:19:03 -0600] "GET /goods.php?detail/17601222944891 HTTP/1.1" 404 16 "https://www.nassaugolf.com/goods.php?detail/048046057988" "Mozilla/5.0 AppleWebKit/537.36 (KHTML, like Gecko; compatible; GPTBot/1.3; +https://openai.com/gptbot)"
216.73.216.47 - - [04/Mar/2026:06:19:03 -0600] "GET /?fileloc=%2Fhome%2Fnassaugo%2Fpublic_html%2Fwp-includes%2Fimages%2Fadmin-bar-sprite.png&path=%2Fhome%2Fnassaugo%2Fpublic_html%2Fwp-includes%2Fimages HTTP/1.1" 200 17102 "-" "Mozilla/5.0 AppleWebKit/537.36 (KHTML, like Gecko; compatible; ClaudeBot/1.0; +claudebot@anthropic.com)"
216.73.216.47 - - [04/Mar/2026:06:19:03 -0600] "GET /?fileloc=%2F%2Flib64%2Flibndr-nbt.so.0.0.1&path=%2F%2Flib64 HTTP/1.1" 200 290295 "-" "Mozilla/5.0 AppleWebKit/537.36 (KHTML, like Gecko; compatible; ClaudeBot/1.0; +claudebot@anthropic.com)"
57.141.6.45 - - [04/Mar/2026:06:19:03 -0600] "GET /search/052007418c5c75a/feed/rss2/ HTTP/1.1" 404 - "-" "meta-externalagent/1.1 (+https://developers.facebook.com/docs/sharing/webmasters/crawler)"
216.73.216.47 - - [04/Mar/2026:06:19:03 -0600] "GET /?fileloc=%2F%2Flib64%2Flibxcb-xf86dri.so.0&path=%2F%2Flib64 HTTP/1.1" 200 36349 "-" "Mozilla/5.0 AppleWebKit/537.36 (KHTML, like Gecko; compatible; ClaudeBot/1.0; +claudebot@anthropic.com)"
216.73.216.47 - - [04/Mar/2026:06:19:03 -0600] "GET /?fileloc=%2F%2Fetc%2Feximrejects.rpmorig&path=%2F%2Fetc HTTP/1.1" 200 12636 "-" "Mozilla/5.0 AppleWebKit/537.36 (KHTML, like Gecko; compatible; ClaudeBot/1.0; +claudebot@anthropic.com)"
74.7.227.134 - - [04/Mar/2026:06:19:04 -0600] "GET /goods.php?detail/0730352879877 HTTP/1.1" 404 16 "https://www.nassaugolf.com" "Mozilla/5.0 AppleWebKit/537.36 (KHTML, like Gecko; compatible; GPTBot/1.3; +https://openai.com/gptbot)"
57.141.6.49 - - [04/Mar/2026:06:19:03 -0600] "GET /?s=071319496c78893 HTTP/1.1" 200 53879 "-" "meta-externalagent/1.1 (+https://developers.facebook.com/docs/sharing/webmasters/crawler)"
216.73.216.47 - - [04/Mar/2026:06:19:03 -0600] "GET /?fileloc=%2Fhome%2Fnassaugo%2Fpublic_html%2Fwp-includes%2Fimages%2Fdown_arrow.gif&path=%2Fhome%2Fnassaugo%2Fpublic_html%2Fwp-includes%2Fimages HTTP/1.1" 200 12635 "-" "Mozilla/5.0 AppleWebKit/537.36 (KHTML, like Gecko; compatible; ClaudeBot/1.0; +claudebot@anthropic.com)"
74.7.227.41 - - [04/Mar/2026:06:19:04 -0600] "GET /goods.php?detail/24000765337283 HTTP/1.1" 404 16 "https://www.nassaugolf.com/goods.php?detail/240002448827" "Mozilla/5.0 AppleWebKit/537.36 (KHTML, like Gecko; compatible; GPTBot/1.3; +https://openai.com/gptbot)"
216.73.216.47 - - [04/Mar/2026:06:19:03 -0600] "GET /?fileloc=%2F%2Flib64%2Flibnl-idiag-3.so.200.26.0&path=%2F%2Flib64 HTTP/1.1" 200 70814 "-" "Mozilla/5.0 AppleWebKit/537.36 (KHTML, like Gecko; compatible; ClaudeBot/1.0; +claudebot@anthropic.com)"
216.73.216.47 - - [04/Mar/2026:06:19:03 -0600] "GET /?fileloc=%2F%2Flib64%2Flibgstgl-1.0.so.0.2212.0&path=%2F%2Flib64 HTTP/1.1" 200 838605 "-" "Mozilla/5.0 AppleWebKit/537.36 (KHTML, like Gecko; compatible; ClaudeBot/1.0; +claudebot@anthropic.com)"
216.73.216.47 - - [04/Mar/2026:06:19:04 -0600] "GET /?fileloc=%2F%2Flib64%2Flibgstnet-1.0.so.0.2212.0&path=%2F%2Flib64 HTTP/1.1" 200 172692 "-" "Mozilla/5.0 AppleWebKit/537.36 (KHTML, like Gecko; compatible; ClaudeBot/1.0; +claudebot@anthropic.com)"
216.73.216.47 - - [04/Mar/2026:06:19:04 -0600] "GET /?fileloc=%2F%2Flib64%2Flibnl-xfrm-3.so.200&path=%2F%2Flib64 HTTP/1.1" 200 151466 "-" "Mozilla/5.0 AppleWebKit/537.36 (KHTML, like Gecko; compatible; ClaudeBot/1.0; +claudebot@anthropic.com)"
216.73.216.47 - - [04/Mar/2026:06:19:04 -0600] "GET /?fileloc=%2F%2Flib64%2Flibgstapp-1.0.so.0.2212.0&path=%2F%2Flib64 HTTP/1.1" 200 135268 "-" "Mozilla/5.0 AppleWebKit/537.36 (KHTML, like Gecko; compatible; ClaudeBot/1.0; +claudebot@anthropic.com)"
216.73.216.47 - - [04/Mar/2026:06:19:04 -0600] "GET /?fileloc=%2Fhome%2Fnassaugo%2Fpublic_html%2Fwp-admin%2Fimages%2Fspinner.gif&path=%2Fhome%2Fnassaugo%2Fpublic_html%2Fwp-admin%2Fimages HTTP/1.1" 200 18814 "-" "Mozilla/5.0 AppleWebKit/537.36 (KHTML, like Gecko; compatible; ClaudeBot/1.0; +claudebot@anthropic.com)"
74.7.227.134 - - [04/Mar/2026:06:19:04 -0600] "GET /goods.php?detail/1140221122869 HTTP/1.1" 404 16 "https://nassaugolf.com/goods.php?detail/157000219402" "Mozilla/5.0 AppleWebKit/537.36 (KHTML, like Gecko; compatible; GPTBot/1.3; +https://openai.com/gptbot)"
74.7.227.41 - - [04/Mar/2026:06:19:04 -0600] "GET /goods.php?detail/13700095547467 HTTP/1.1" 404 16 "https://www.nassaugolf.com/goods.php?detail/137014412043" "Mozilla/5.0 AppleWebKit/537.36 (KHTML, like Gecko; compatible; GPTBot/1.3; +https://openai.com/gptbot)"
216.73.216.47 - - [04/Mar/2026:06:19:04 -0600] "GET /?fileloc=%2Fhome%2Fnassaugo%2Fpublic_html%2Fwp-includes%2Fimages%2Farrow-pointer-blue-2x.png&path=%2Fhome%2Fnassaugo%2Fpublic_html%2Fwp-includes%2Fimages HTTP/1.1" 200 16060 "-" "Mozilla/5.0 AppleWebKit/537.36 (KHTML, like Gecko; compatible; ClaudeBot/1.0; +claudebot@anthropic.com)"
216.73.216.47 - - [04/Mar/2026:06:19:04 -0600] "GET /?fileloc=%2Fhome%2Fnassaugo%2Fpublic_html%2Fwp-admin%2Fimages%2Fabout-texture.png&path=%2Fhome%2Fnassaugo%2Fpublic_html%2Fwp-admin%2Fimages HTTP/1.1" 200 201687 "-" "Mozilla/5.0 AppleWebKit/537.36 (KHTML, like Gecko; compatible; ClaudeBot/1.0; +claudebot@anthropic.com)"
57.141.6.20 - - [04/Mar/2026:06:19:04 -0600] "GET /?s=092048935aa3343 HTTP/1.1" 200 53879 "-" "meta-externalagent/1.1 (+https://developers.facebook.com/docs/sharing/webmasters/crawler)"
216.73.216.47 - - [04/Mar/2026:06:19:04 -0600] "GET /?fileloc=%2F%2Flib64%2Flibgdk-x11-2.0.so.0&path=%2F%2Flib64 HTTP/1.1" 200 1316485 "-" "Mozilla/5.0 AppleWebKit/537.36 (KHTML, like Gecko; compatible; ClaudeBot/1.0; +claudebot@anthropic.com)"
216.73.216.47 - - [04/Mar/2026:06:19:04 -0600] "GET /?fileloc=%2F%2Flib64%2Flibpcre2-16.so.0.11.0&path=%2F%2Flib64 HTTP/1.1" 200 959199 "-" "Mozilla/5.0 AppleWebKit/537.36 (KHTML, like Gecko; compatible; ClaudeBot/1.0; +claudebot@anthropic.com)"
216.73.216.47 - - [04/Mar/2026:06:19:04 -0600] "GET /?fileloc=%2F%2Flib64%2Fliblqr-1.so.0.3.2&path=%2F%2Flib64 HTTP/1.1" 200 100151 "-" "Mozilla/5.0 AppleWebKit/537.36 (KHTML, like Gecko; compatible; ClaudeBot/1.0; +claudebot@anthropic.com)"
74.7.227.41 - - [04/Mar/2026:06:19:05 -0600] "GET /goods.php?detail/12101265859994 HTTP/1.1" 404 16 "https://www.nassaugolf.com/goods.php?goods/082010370" "Mozilla/5.0 AppleWebKit/537.36 (KHTML, like Gecko; compatible; GPTBot/1.3; +https://openai.com/gptbot)"
216.73.216.47 - - [04/Mar/2026:06:19:04 -0600] "GET /?fileloc=%2F%2Flib64%2Flibxcb-randr.so.0.1.0&path=%2F%2Flib64 HTTP/1.1" 200 105634 "-" "Mozilla/5.0 AppleWebKit/537.36 (KHTML, like Gecko; compatible; ClaudeBot/1.0; +claudebot@anthropic.com)"
74.7.227.134 - - [04/Mar/2026:06:19:05 -0600] "GET /goods.php?detail/0690077325730 HTTP/1.1" 404 16 "https://nassaugolf.com/goods.php?detail/069045671788" "Mozilla/5.0 AppleWebKit/537.36 (KHTML, like Gecko; compatible; GPTBot/1.3; +https://openai.com/gptbot)"
216.73.216.47 - - [04/Mar/2026:06:19:04 -0600] "GET /?fileloc=%2F%2Flib64%2Flibnl-route-3.so.200.26.0&path=%2F%2Flib64 HTTP/1.1" 200 943663 "-" "Mozilla/5.0 AppleWebKit/537.36 (KHTML, like Gecko; compatible; ClaudeBot/1.0; +claudebot@anthropic.com)"
57.141.6.67 - - [04/Mar/2026:06:19:05 -0600] "GET /search/17251412ebb44b/feed/rss2/ HTTP/1.1" 404 - "-" "meta-externalagent/1.1 (+https://developers.facebook.com/docs/sharing/webmasters/crawler)"
216.73.216.47 - - [04/Mar/2026:06:19:05 -0600] "GET /?fileloc=%2Fhome%2Fnassaugo%2Fpublic_html%2Fwp-admin%2Fimages%2Fprivacy.svg&path=%2Fhome%2Fnassaugo%2Fpublic_html%2Fwp-admin%2Fimages HTTP/1.1" 200 14149 "-" "Mozilla/5.0 AppleWebKit/537.36 (KHTML, like Gecko; compatible; ClaudeBot/1.0; +claudebot@anthropic.com)"
216.73.216.47 - - [04/Mar/2026:06:19:05 -0600] "GET /?fileloc=%2Fhome%2Fnassaugo%2Fpublic_html%2Fwp-content%2Fwmufs-temp%2Findex.php&path=%2Fhome%2Fnassaugo%2Fpublic_html%2Fwp-content%2Fwmufs-temp HTTP/1.1" 200 12586 "-" "Mozilla/5.0 AppleWebKit/537.36 (KHTML, like Gecko; compatible; ClaudeBot/1.0; +claudebot@anthropic.com)"
57.141.6.15 - - [04/Mar/2026:06:19:05 -0600] "GET /prize/17877145 HTTP/1.1" 404 - "-" "meta-externalagent/1.1 (+https://developers.facebook.com/docs/sharing/webmasters/crawler)"
216.73.216.47 - - [04/Mar/2026:06:19:05 -0600] "GET /?fileloc=%2F%2Flib64%2Flibgstriff-1.0.so.0.2212.0&path=%2F%2Flib64 HTTP/1.1" 200 104775 "-" "Mozilla/5.0 AppleWebKit/537.36 (KHTML, like Gecko; compatible; ClaudeBot/1.0; +claudebot@anthropic.com)"
216.73.216.47 - - [04/Mar/2026:06:19:05 -0600] "GET /?fileloc=%2F%2Flib64%2Flibpcre2-32.so.0.11.0&path=%2F%2Flib64 HTTP/1.1" 200 913918 "-" "Mozilla/5.0 AppleWebKit/537.36 (KHTML, like Gecko; compatible; ClaudeBot/1.0; +claudebot@anthropic.com)"
74.7.227.134 - - [04/Mar/2026:06:19:05 -0600] "GET /goods.php?detail/0080106957795 HTTP/1.1" 404 16 "https://www.nassaugolf.com" "Mozilla/5.0 AppleWebKit/537.36 (KHTML, like Gecko; compatible; GPTBot/1.3; +https://openai.com/gptbot)"
216.73.216.47 - - [04/Mar/2026:06:19:05 -0600] "GET /?fileloc=%2Fhome%2Fnassaugo%2Fpublic_html%2Fwp-admin%2Fimages%2Fbubble_bg.gif&path=%2Fhome%2Fnassaugo%2Fpublic_html%2Fwp-admin%2Fimages HTTP/1.1" 200 13227 "-" "Mozilla/5.0 AppleWebKit/537.36 (KHTML, like Gecko; compatible; ClaudeBot/1.0; +claudebot@anthropic.com)"
74.7.227.41 - - [04/Mar/2026:06:19:05 -0600] "GET /goods.php?detail/01000692975084 HTTP/1.1" 404 16 "https://www.nassaugolf.com/goods.php?detail/010005373693" "Mozilla/5.0 AppleWebKit/537.36 (KHTML, like Gecko; compatible; GPTBot/1.3; +https://openai.com/gptbot)"
216.73.216.47 - - [04/Mar/2026:06:19:05 -0600] "GET /?fileloc=%2Fhome%2Fnassaugo%2Fpublic_html%2Fwp-admin%2Fimages%2Falign-right.png&path=%2Fhome%2Fnassaugo%2Fpublic_html%2Fwp-admin%2Fimages HTTP/1.1" 200 13421 "-" "Mozilla/5.0 AppleWebKit/537.36 (KHTML, like Gecko; compatible; ClaudeBot/1.0; +claudebot@anthropic.com)"
216.73.216.47 - - [04/Mar/2026:06:19:05 -0600] "GET /?fileloc=%2F%2Fhome%2Fcpmove-nassaugo.tar.gz&path=%2F%2Fhome HTTP/1.1" 200 12275 "-" "Mozilla/5.0 AppleWebKit/537.36 (KHTML, like Gecko; compatible; ClaudeBot/1.0; +claudebot@anthropic.com)"
216.73.216.47 - - [04/Mar/2026:06:19:05 -0600] "GET /?fileloc=%2F%2Flib64%2Flibxcb-screensaver.so.0&path=%2F%2Flib64 HTTP/1.1" 200 36166 "-" "Mozilla/5.0 AppleWebKit/537.36 (KHTML, like Gecko; compatible; ClaudeBot/1.0; +claudebot@anthropic.com)"
