57.141.6.72 - - [04/Mar/2026:06:22:50 -0600] "GET /search/047052221dd06a/feed/rss2/ HTTP/1.1" 404 - "-" "meta-externalagent/1.1 (+https://developers.facebook.com/docs/sharing/webmasters/crawler)"
74.7.227.134 - - [04/Mar/2026:06:22:50 -0600] "GET /goods.php?detail/1850445681805 HTTP/1.1" 404 16 "https://nassaugolf.com/goods.php?detail/253047678584" "Mozilla/5.0 AppleWebKit/537.36 (KHTML, like Gecko; compatible; GPTBot/1.3; +https://openai.com/gptbot)"
52.167.144.169 - - [04/Mar/2026:06:22:50 -0600] "GET /?y=3770069751 HTTP/1.1" 200 53879 "-" "Mozilla/5.0 AppleWebKit/537.36 (KHTML, like Gecko; compatible; bingbot/2.0; +http://www.bing.com/bingbot.htm) Chrome/116.0.1938.76 Safari/537.36"
74.7.227.41 - - [04/Mar/2026:06:22:51 -0600] "GET /goods.php?detail/20700749781824 HTTP/1.1" 404 16 "https://www.nassaugolf.com/goods.php?detail/138001076460" "Mozilla/5.0 AppleWebKit/537.36 (KHTML, like Gecko; compatible; GPTBot/1.3; +https://openai.com/gptbot)"
57.141.6.41 - - [04/Mar/2026:06:22:51 -0600] "GET /search/0725138672b12ae/feed/rss2/ HTTP/1.1" 404 - "-" "meta-externalagent/1.1 (+https://developers.facebook.com/docs/sharing/webmasters/crawler)"
74.7.227.134 - - [04/Mar/2026:06:22:51 -0600] "GET /goods.php?detail/1380011940163 HTTP/1.1" 404 16 "https://www.nassaugolf.com" "Mozilla/5.0 AppleWebKit/537.36 (KHTML, like Gecko; compatible; GPTBot/1.3; +https://openai.com/gptbot)"
57.141.6.14 - - [04/Mar/2026:06:22:51 -0600] "GET /search/0711313083803fe/feed/rss2/ HTTP/1.1" 404 - "-" "meta-externalagent/1.1 (+https://developers.facebook.com/docs/sharing/webmasters/crawler)"
74.7.227.41 - - [04/Mar/2026:06:22:51 -0600] "GET /goods.php?detail/24001534815103 HTTP/1.1" 404 16 "https://www.nassaugolf.com/goods.php?detail/042021673678" "Mozilla/5.0 AppleWebKit/537.36 (KHTML, like Gecko; compatible; GPTBot/1.3; +https://openai.com/gptbot)"
74.7.227.134 - - [04/Mar/2026:06:22:51 -0600] "GET /goods.php?detail/2720231353802 HTTP/1.1" 404 16 "https://www.nassaugolf.com" "Mozilla/5.0 AppleWebKit/537.36 (KHTML, like Gecko; compatible; GPTBot/1.3; +https://openai.com/gptbot)"
74.7.227.41 - - [04/Mar/2026:06:22:52 -0600] "GET /goods.php?detail/11603412901137 HTTP/1.1" 404 16 "https://www.nassaugolf.com/goods.php?detail/096019696143" "Mozilla/5.0 AppleWebKit/537.36 (KHTML, like Gecko; compatible; GPTBot/1.3; +https://openai.com/gptbot)"
74.7.227.134 - - [04/Mar/2026:06:22:52 -0600] "GET /goods.php?detail/1240205335341 HTTP/1.1" 404 16 "https://nassaugolf.com/goods.php?detail/277027170653" "Mozilla/5.0 AppleWebKit/537.36 (KHTML, like Gecko; compatible; GPTBot/1.3; +https://openai.com/gptbot)"
57.141.6.47 - - [04/Mar/2026:06:22:52 -0600] "GET /search/07905209fc9426/feed/rss2/ HTTP/1.1" 404 - "-" "meta-externalagent/1.1 (+https://developers.facebook.com/docs/sharing/webmasters/crawler)"
57.141.6.21 - - [04/Mar/2026:06:22:52 -0600] "GET /search/011203141718e08/feed/rss2/ HTTP/1.1" 404 - "-" "meta-externalagent/1.1 (+https://developers.facebook.com/docs/sharing/webmasters/crawler)"
74.7.227.41 - - [04/Mar/2026:06:22:52 -0600] "GET /goods.php?detail/21901019754161 HTTP/1.1" 404 16 "https://www.nassaugolf.com/goods.php?detail/2190012612952" "Mozilla/5.0 AppleWebKit/537.36 (KHTML, like Gecko; compatible; GPTBot/1.3; +https://openai.com/gptbot)"
74.7.227.134 - - [04/Mar/2026:06:22:52 -0600] "GET /goods.php?detail/1440418766366 HTTP/1.1" 404 16 "https://www.nassaugolf.com" "Mozilla/5.0 AppleWebKit/537.36 (KHTML, like Gecko; compatible; GPTBot/1.3; +https://openai.com/gptbot)"
74.7.227.41 - - [04/Mar/2026:06:22:53 -0600] "GET /goods.php?detail/21804716278780 HTTP/1.1" 404 16 "https://www.nassaugolf.com/goods.php?detail/0430049349108" "Mozilla/5.0 AppleWebKit/537.36 (KHTML, like Gecko; compatible; GPTBot/1.3; +https://openai.com/gptbot)"
57.141.6.44 - - [04/Mar/2026:06:22:53 -0600] "GET /?s=0738852468a06c HTTP/1.1" 200 53879 "-" "meta-externalagent/1.1 (+https://developers.facebook.com/docs/sharing/webmasters/crawler)"
74.7.227.134 - - [04/Mar/2026:06:22:53 -0600] "GET /goods.php?detail/2330357735121 HTTP/1.1" 404 16 "https://nassaugolf.com/goods.php?detail/233039127315" "Mozilla/5.0 AppleWebKit/537.36 (KHTML, like Gecko; compatible; GPTBot/1.3; +https://openai.com/gptbot)"
74.7.228.56 - - [04/Mar/2026:06:22:53 -0600] "GET /robots.txt HTTP/1.1" 404 - "-" "Mozilla/5.0 (Macintosh; Intel Mac OS X 10_15_7) AppleWebKit/537.36 (KHTML, like Gecko) Chrome/131.0.0.0 Safari/537.36; compatible; OAI-SearchBot/1.3; robots.txt; +https://openai.com/searchbot"
74.7.227.41 - - [04/Mar/2026:06:22:53 -0600] "GET /goods.php?detail/01401063495346 HTTP/1.1" 404 16 "https://www.nassaugolf.com/goods.php?detail/0140180450025" "Mozilla/5.0 AppleWebKit/537.36 (KHTML, like Gecko; compatible; GPTBot/1.3; +https://openai.com/gptbot)"
57.141.6.16 - - [04/Mar/2026:06:22:53 -0600] "GET /search/011502367be1cc9/feed/rss2/ HTTP/1.1" 404 - "-" "meta-externalagent/1.1 (+https://developers.facebook.com/docs/sharing/webmasters/crawler)"
74.7.227.134 - - [04/Mar/2026:06:22:54 -0600] "GET /goods.php?detail/1160404107337 HTTP/1.1" 404 16 "https://nassaugolf.com/goods.php?detail/179044504811" "Mozilla/5.0 AppleWebKit/537.36 (KHTML, like Gecko; compatible; GPTBot/1.3; +https://openai.com/gptbot)"
74.7.227.41 - - [04/Mar/2026:06:22:54 -0600] "GET /goods.php?detail/11304026511816 HTTP/1.1" 404 16 "https://www.nassaugolf.com/goods.php?detail/040041319705" "Mozilla/5.0 AppleWebKit/537.36 (KHTML, like Gecko; compatible; GPTBot/1.3; +https://openai.com/gptbot)"
57.141.6.12 - - [04/Mar/2026:06:22:54 -0600] "GET /?s=01164733177bf8b HTTP/1.1" 200 53879 "-" "meta-externalagent/1.1 (+https://developers.facebook.com/docs/sharing/webmasters/crawler)"
74.7.227.134 - - [04/Mar/2026:06:22:54 -0600] "GET /goods.php?detail/0100436491504 HTTP/1.1" 404 16 "https://nassaugolf.com/goods.php?detail/249021085585" "Mozilla/5.0 AppleWebKit/537.36 (KHTML, like Gecko; compatible; GPTBot/1.3; +https://openai.com/gptbot)"
74.7.227.41 - - [04/Mar/2026:06:22:54 -0600] "GET /goods.php?detail/00300182669044 HTTP/1.1" 404 16 "https://www.nassaugolf.com/goods.php?goods/003015301" "Mozilla/5.0 AppleWebKit/537.36 (KHTML, like Gecko; compatible; GPTBot/1.3; +https://openai.com/gptbot)"
74.7.227.134 - - [04/Mar/2026:06:22:55 -0600] "GET /goods.php?detail/2020086898758 HTTP/1.1" 404 16 "https://nassaugolf.com/goods.php?detail/2020048833260" "Mozilla/5.0 AppleWebKit/537.36 (KHTML, like Gecko; compatible; GPTBot/1.3; +https://openai.com/gptbot)"
57.141.6.38 - - [04/Mar/2026:06:22:54 -0600] "GET /?s=072318116a7b9f0 HTTP/1.1" 200 53879 "-" "meta-externalagent/1.1 (+https://developers.facebook.com/docs/sharing/webmasters/crawler)"
57.141.6.14 - - [04/Mar/2026:06:22:55 -0600] "GET /search/0227815189c056/feed/rss2/ HTTP/1.1" 404 - "-" "meta-externalagent/1.1 (+https://developers.facebook.com/docs/sharing/webmasters/crawler)"
74.7.227.41 - - [04/Mar/2026:06:22:55 -0600] "GET /goods.php?detail/13302494309207 HTTP/1.1" 404 16 "https://www.nassaugolf.com/goods.php?detail/1330038937913" "Mozilla/5.0 AppleWebKit/537.36 (KHTML, like Gecko; compatible; GPTBot/1.3; +https://openai.com/gptbot)"
74.7.227.134 - - [04/Mar/2026:06:22:55 -0600] "GET /goods.php?detail/1010039237791 HTTP/1.1" 404 16 "https://nassaugolf.com/goods.php?detail/101001823441" "Mozilla/5.0 AppleWebKit/537.36 (KHTML, like Gecko; compatible; GPTBot/1.3; +https://openai.com/gptbot)"
57.141.6.7 - - [04/Mar/2026:06:22:55 -0600] "GET /?s=0915450075c936b HTTP/1.1" 200 53879 "-" "meta-externalagent/1.1 (+https://developers.facebook.com/docs/sharing/webmasters/crawler)"
74.7.227.41 - - [04/Mar/2026:06:22:55 -0600] "GET /goods.php?detail/07104715622726 HTTP/1.1" 404 16 "https://www.nassaugolf.com/goods.php?detail/174004532883" "Mozilla/5.0 AppleWebKit/537.36 (KHTML, like Gecko; compatible; GPTBot/1.3; +https://openai.com/gptbot)"
74.7.227.134 - - [04/Mar/2026:06:22:56 -0600] "GET /goods.php?detail/2050120461282 HTTP/1.1" 404 16 "https://nassaugolf.com/goods.php?detail/102041205504" "Mozilla/5.0 AppleWebKit/537.36 (KHTML, like Gecko; compatible; GPTBot/1.3; +https://openai.com/gptbot)"
57.141.6.42 - - [04/Mar/2026:06:22:56 -0600] "GET /search/071969568eff5fc/feed/rss2/ HTTP/1.1" 404 - "-" "meta-externalagent/1.1 (+https://developers.facebook.com/docs/sharing/webmasters/crawler)"
74.7.227.41 - - [04/Mar/2026:06:22:56 -0600] "GET /goods.php?detail/19101584109127 HTTP/1.1" 404 16 "https://www.nassaugolf.com/goods.php?detail/1910107140048" "Mozilla/5.0 AppleWebKit/537.36 (KHTML, like Gecko; compatible; GPTBot/1.3; +https://openai.com/gptbot)"
74.7.227.134 - - [04/Mar/2026:06:22:56 -0600] "GET /goods.php?detail/2420021686684 HTTP/1.1" 404 16 "https://nassaugolf.com/goods.php?detail/242048887122" "Mozilla/5.0 AppleWebKit/537.36 (KHTML, like Gecko; compatible; GPTBot/1.3; +https://openai.com/gptbot)"
57.141.6.23 - - [04/Mar/2026:06:22:56 -0600] "GET /search/01188361631e1e0/feed/rss2/ HTTP/1.1" 404 - "-" "meta-externalagent/1.1 (+https://developers.facebook.com/docs/sharing/webmasters/crawler)"
57.141.6.7 - - [04/Mar/2026:06:22:56 -0600] "GET /prize/13729901 HTTP/1.1" 404 - "-" "meta-externalagent/1.1 (+https://developers.facebook.com/docs/sharing/webmasters/crawler)"
74.7.227.41 - - [04/Mar/2026:06:22:57 -0600] "GET /goods.php?detail/06700884040319 HTTP/1.1" 404 16 "https://www.nassaugolf.com/goods.php?detail/067005805248" "Mozilla/5.0 AppleWebKit/537.36 (KHTML, like Gecko; compatible; GPTBot/1.3; +https://openai.com/gptbot)"
74.7.227.134 - - [04/Mar/2026:06:22:57 -0600] "GET /goods.php?detail/2170208131026 HTTP/1.1" 404 16 "https://www.nassaugolf.com" "Mozilla/5.0 AppleWebKit/537.36 (KHTML, like Gecko; compatible; GPTBot/1.3; +https://openai.com/gptbot)"
57.141.6.9 - - [04/Mar/2026:06:22:57 -0600] "GET /search/1116341700f9dfa/feed/rss2/ HTTP/1.1" 404 - "-" "meta-externalagent/1.1 (+https://developers.facebook.com/docs/sharing/webmasters/crawler)"
74.7.227.41 - - [04/Mar/2026:06:22:57 -0600] "GET /goods.php?detail/27200717158650 HTTP/1.1" 404 16 "https://www.nassaugolf.com/goods.php?detail/272024705807" "Mozilla/5.0 AppleWebKit/537.36 (KHTML, like Gecko; compatible; GPTBot/1.3; +https://openai.com/gptbot)"
74.7.227.134 - - [04/Mar/2026:06:22:57 -0600] "GET /goods.php?detail/2610038002908 HTTP/1.1" 404 16 "https://nassaugolf.com/goods.php?detail/261002012174" "Mozilla/5.0 AppleWebKit/537.36 (KHTML, like Gecko; compatible; GPTBot/1.3; +https://openai.com/gptbot)"
74.7.227.41 - - [04/Mar/2026:06:22:58 -0600] "GET /goods.php?detail/12103686685232 HTTP/1.1" 404 16 "https://www.nassaugolf.com/goods.php?detail/238002277242" "Mozilla/5.0 AppleWebKit/537.36 (KHTML, like Gecko; compatible; GPTBot/1.3; +https://openai.com/gptbot)"
74.7.227.134 - - [04/Mar/2026:06:22:58 -0600] "GET /goods.php?detail/0710026749074 HTTP/1.1" 404 16 "https://nassaugolf.com/goods.php?goods/091006868" "Mozilla/5.0 AppleWebKit/537.36 (KHTML, like Gecko; compatible; GPTBot/1.3; +https://openai.com/gptbot)"
57.141.6.27 - - [04/Mar/2026:06:22:58 -0600] "GET /search/069624123e485a/feed/rss2/ HTTP/1.1" 404 - "-" "meta-externalagent/1.1 (+https://developers.facebook.com/docs/sharing/webmasters/crawler)"
57.141.6.38 - - [04/Mar/2026:06:22:58 -0600] "GET /detail/853229406 HTTP/1.1" 404 - "-" "meta-externalagent/1.1 (+https://developers.facebook.com/docs/sharing/webmasters/crawler)"
74.7.227.41 - - [04/Mar/2026:06:22:58 -0600] "GET /goods.php?detail/29802760249794 HTTP/1.1" 404 16 "https://www.nassaugolf.com/goods.php?detail/298000181110" "Mozilla/5.0 AppleWebKit/537.36 (KHTML, like Gecko; compatible; GPTBot/1.3; +https://openai.com/gptbot)"
74.7.227.134 - - [04/Mar/2026:06:22:58 -0600] "GET /goods.php?detail/1650160696137 HTTP/1.1" 404 16 "https://www.nassaugolf.com" "Mozilla/5.0 AppleWebKit/537.36 (KHTML, like Gecko; compatible; GPTBot/1.3; +https://openai.com/gptbot)"
74.7.227.41 - - [04/Mar/2026:06:22:59 -0600] "GET /goods.php?detail/05304048358416 HTTP/1.1" 404 16 "https://www.nassaugolf.com/goods.php?detail/083001648802" "Mozilla/5.0 AppleWebKit/537.36 (KHTML, like Gecko; compatible; GPTBot/1.3; +https://openai.com/gptbot)"
74.7.227.134 - - [04/Mar/2026:06:22:59 -0600] "GET /goods.php?detail/1610146813914 HTTP/1.1" 404 16 "https://nassaugolf.com/goods.php?detail/216001914333" "Mozilla/5.0 AppleWebKit/537.36 (KHTML, like Gecko; compatible; GPTBot/1.3; +https://openai.com/gptbot)"
74.7.227.41 - - [04/Mar/2026:06:22:59 -0600] "GET /goods.php?detail/05200587184224 HTTP/1.1" 404 16 "https://www.nassaugolf.com/goods.php?detail/1220120793232" "Mozilla/5.0 AppleWebKit/537.36 (KHTML, like Gecko; compatible; GPTBot/1.3; +https://openai.com/gptbot)"
57.141.6.17 - - [04/Mar/2026:06:22:59 -0600] "GET /?s=05208961610b026 HTTP/1.1" 200 53879 "-" "meta-externalagent/1.1 (+https://developers.facebook.com/docs/sharing/webmasters/crawler)"
74.7.227.134 - - [04/Mar/2026:06:22:59 -0600] "GET /goods.php?detail/0560073477397 HTTP/1.1" 404 16 "https://www.nassaugolf.com" "Mozilla/5.0 AppleWebKit/537.36 (KHTML, like Gecko; compatible; GPTBot/1.3; +https://openai.com/gptbot)"
57.141.6.24 - - [04/Mar/2026:06:23:00 -0600] "GET /detail/78839972 HTTP/1.1" 404 - "-" "meta-externalagent/1.1 (+https://developers.facebook.com/docs/sharing/webmasters/crawler)"
74.7.227.41 - - [04/Mar/2026:06:23:00 -0600] "GET /goods.php?detail/01004894924827 HTTP/1.1" 404 16 "https://www.nassaugolf.com/goods.php?detail/266007404471" "Mozilla/5.0 AppleWebKit/537.36 (KHTML, like Gecko; compatible; GPTBot/1.3; +https://openai.com/gptbot)"
74.7.227.134 - - [04/Mar/2026:06:23:00 -0600] "GET /goods.php?detail/0140346001524 HTTP/1.1" 404 16 "https://nassaugolf.com/goods.php?detail/121044101175" "Mozilla/5.0 AppleWebKit/537.36 (KHTML, like Gecko; compatible; GPTBot/1.3; +https://openai.com/gptbot)"
74.7.227.41 - - [04/Mar/2026:06:23:00 -0600] "GET /goods.php?detail/10701708436002 HTTP/1.1" 404 16 "https://www.nassaugolf.com/goods.php?detail/107014617431" "Mozilla/5.0 AppleWebKit/537.36 (KHTML, like Gecko; compatible; GPTBot/1.3; +https://openai.com/gptbot)"
123.17.247.121 - - [04/Mar/2026:06:23:00 -0600] "GET /prize/6361856 HTTP/1.1" 404 - "-" "Mozilla/5.0 (Macintosh; Intel Mac OS X 10_15_4) AppleWebKit/537.36 (KHTML, like Gecko) Chrome/98.0.4758.80 Safari/537.36"
74.7.227.134 - - [04/Mar/2026:06:23:00 -0600] "GET /goods.php?detail/1320194915501 HTTP/1.1" 404 16 "https://www.nassaugolf.com" "Mozilla/5.0 AppleWebKit/537.36 (KHTML, like Gecko; compatible; GPTBot/1.3; +https://openai.com/gptbot)"
57.141.6.32 - - [04/Mar/2026:06:23:00 -0600] "GET /search/0817600191112c2/feed/rss2/ HTTP/1.1" 404 - "-" "meta-externalagent/1.1 (+https://developers.facebook.com/docs/sharing/webmasters/crawler)"
57.141.6.16 - - [04/Mar/2026:06:23:01 -0600] "GET /search/071789752187ec0/feed/rss2/ HTTP/1.1" 404 - "-" "meta-externalagent/1.1 (+https://developers.facebook.com/docs/sharing/webmasters/crawler)"
57.141.6.27 - - [04/Mar/2026:06:23:01 -0600] "GET /search/091817845cc8654/feed/rss2/ HTTP/1.1" 404 - "-" "meta-externalagent/1.1 (+https://developers.facebook.com/docs/sharing/webmasters/crawler)"
74.7.227.41 - - [04/Mar/2026:06:23:01 -0600] "GET /goods.php?detail/03804156035654 HTTP/1.1" 404 16 "https://www.nassaugolf.com/goods.php?detail/207029872103" "Mozilla/5.0 AppleWebKit/537.36 (KHTML, like Gecko; compatible; GPTBot/1.3; +https://openai.com/gptbot)"
74.7.227.134 - - [04/Mar/2026:06:23:01 -0600] "GET /goods.php?detail/0440123218213 HTTP/1.1" 404 16 "https://nassaugolf.com/goods.php?detail/044011887447" "Mozilla/5.0 AppleWebKit/537.36 (KHTML, like Gecko; compatible; GPTBot/1.3; +https://openai.com/gptbot)"
74.7.227.41 - - [04/Mar/2026:06:23:01 -0600] "GET /goods.php?detail/03003280096915 HTTP/1.1" 404 16 "https://www.nassaugolf.com/goods.php?detail/087002499077" "Mozilla/5.0 AppleWebKit/537.36 (KHTML, like Gecko; compatible; GPTBot/1.3; +https://openai.com/gptbot)"
74.7.227.134 - - [04/Mar/2026:06:23:01 -0600] "GET /goods.php?detail/2760392936029 HTTP/1.1" 404 16 "https://nassaugolf.com/goods.php?detail/058032874408" "Mozilla/5.0 AppleWebKit/537.36 (KHTML, like Gecko; compatible; GPTBot/1.3; +https://openai.com/gptbot)"
57.141.6.15 - - [04/Mar/2026:06:23:02 -0600] "GET /search/03140634231cc26/feed/rss2/ HTTP/1.1" 404 - "-" "meta-externalagent/1.1 (+https://developers.facebook.com/docs/sharing/webmasters/crawler)"
74.7.227.41 - - [04/Mar/2026:06:23:02 -0600] "GET /goods.php?detail/02201543413027 HTTP/1.1" 404 16 "https://www.nassaugolf.com/goods.php?detail/022005706565" "Mozilla/5.0 AppleWebKit/537.36 (KHTML, like Gecko; compatible; GPTBot/1.3; +https://openai.com/gptbot)"
74.7.227.134 - - [04/Mar/2026:06:23:02 -0600] "GET /goods.php?detail/2440096260053 HTTP/1.1" 404 16 "https://nassaugolf.com/goods.php?detail/047039313315" "Mozilla/5.0 AppleWebKit/537.36 (KHTML, like Gecko; compatible; GPTBot/1.3; +https://openai.com/gptbot)"
57.141.6.21 - - [04/Mar/2026:06:23:02 -0600] "GET /search/082335929b18c48/feed/rss2/ HTTP/1.1" 404 - "-" "meta-externalagent/1.1 (+https://developers.facebook.com/docs/sharing/webmasters/crawler)"
57.141.6.29 - - [04/Mar/2026:06:23:02 -0600] "GET /search/03431881f4af85/feed/rss2/ HTTP/1.1" 404 - "-" "meta-externalagent/1.1 (+https://developers.facebook.com/docs/sharing/webmasters/crawler)"
74.7.227.41 - - [04/Mar/2026:06:23:02 -0600] "GET /goods.php?detail/05701883123017 HTTP/1.1" 404 16 "https://www.nassaugolf.com/goods.php?detail/190011649340" "Mozilla/5.0 AppleWebKit/537.36 (KHTML, like Gecko; compatible; GPTBot/1.3; +https://openai.com/gptbot)"
74.7.227.134 - - [04/Mar/2026:06:23:02 -0600] "GET /goods.php?detail/0150108995878 HTTP/1.1" 404 16 "https://www.nassaugolf.com" "Mozilla/5.0 AppleWebKit/537.36 (KHTML, like Gecko; compatible; GPTBot/1.3; +https://openai.com/gptbot)"
57.141.6.17 - - [04/Mar/2026:06:23:03 -0600] "GET /search/001513909dc3d4c/feed/rss2/ HTTP/1.1" 404 - "-" "meta-externalagent/1.1 (+https://developers.facebook.com/docs/sharing/webmasters/crawler)"
74.7.227.41 - - [04/Mar/2026:06:23:03 -0600] "GET /goods.php?detail/20804138141622 HTTP/1.1" 404 16 "https://www.nassaugolf.com/goods.php?detail/172016761787" "Mozilla/5.0 AppleWebKit/537.36 (KHTML, like Gecko; compatible; GPTBot/1.3; +https://openai.com/gptbot)"
74.7.227.134 - - [04/Mar/2026:06:23:03 -0600] "GET /goods.php?detail/1720080175902 HTTP/1.1" 404 16 "https://www.nassaugolf.com" "Mozilla/5.0 AppleWebKit/537.36 (KHTML, like Gecko; compatible; GPTBot/1.3; +https://openai.com/gptbot)"
5.39.1.246 - - [04/Mar/2026:06:23:03 -0600] "GET /?fileloc=//lib64/libwayland-egl.so.1.21.0&path=//lib64 HTTP/1.1" 200 28679 "-" "Mozilla/5.0 (compatible; AhrefsBot/7.0; +http://ahrefs.com/robot/)"
74.7.227.41 - - [04/Mar/2026:06:23:03 -0600] "GET /goods.php?detail/26502682510089 HTTP/1.1" 404 16 "https://www.nassaugolf.com/goods.php?detail/131036531350" "Mozilla/5.0 AppleWebKit/537.36 (KHTML, like Gecko; compatible; GPTBot/1.3; +https://openai.com/gptbot)"
57.141.6.33 - - [04/Mar/2026:06:23:03 -0600] "GET /search/0819178922bdae6/feed/rss2/ HTTP/1.1" 404 - "-" "meta-externalagent/1.1 (+https://developers.facebook.com/docs/sharing/webmasters/crawler)"
57.141.6.46 - - [04/Mar/2026:06:23:03 -0600] "GET /search/0016402718ab6ca/feed/rss2/ HTTP/1.1" 404 - "-" "meta-externalagent/1.1 (+https://developers.facebook.com/docs/sharing/webmasters/crawler)"
74.7.227.134 - - [04/Mar/2026:06:23:04 -0600] "GET /goods.php?detail/0430360392543 HTTP/1.1" 404 16 "https://www.nassaugolf.com" "Mozilla/5.0 AppleWebKit/537.36 (KHTML, like Gecko; compatible; GPTBot/1.3; +https://openai.com/gptbot)"
74.7.227.41 - - [04/Mar/2026:06:23:04 -0600] "GET /goods.php?detail/07404788107132 HTTP/1.1" 404 16 "https://www.nassaugolf.com/goods.php?detail/205002500346" "Mozilla/5.0 AppleWebKit/537.36 (KHTML, like Gecko; compatible; GPTBot/1.3; +https://openai.com/gptbot)"
74.7.227.134 - - [04/Mar/2026:06:23:04 -0600] "GET /goods.php?detail/2030039060551 HTTP/1.1" 404 16 "https://www.nassaugolf.com" "Mozilla/5.0 AppleWebKit/537.36 (KHTML, like Gecko; compatible; GPTBot/1.3; +https://openai.com/gptbot)"
74.7.227.41 - - [04/Mar/2026:06:23:04 -0600] "GET /goods.php?detail/12901061529393 HTTP/1.1" 404 16 "https://www.nassaugolf.com/goods.php?detail/139009990375" "Mozilla/5.0 AppleWebKit/537.36 (KHTML, like Gecko; compatible; GPTBot/1.3; +https://openai.com/gptbot)"
57.141.6.43 - - [04/Mar/2026:06:23:04 -0600] "GET /?s=051245349eb59c0 HTTP/1.1" 200 53879 "-" "meta-externalagent/1.1 (+https://developers.facebook.com/docs/sharing/webmasters/crawler)"
74.7.227.134 - - [04/Mar/2026:06:23:05 -0600] "GET /goods.php?detail/1070057149052 HTTP/1.1" 404 16 "https://nassaugolf.com/goods.php?detail/113004810191" "Mozilla/5.0 AppleWebKit/537.36 (KHTML, like Gecko; compatible; GPTBot/1.3; +https://openai.com/gptbot)"
57.141.6.13 - - [04/Mar/2026:06:23:05 -0600] "GET /search/04120502111c023/feed/rss2/ HTTP/1.1" 404 - "-" "meta-externalagent/1.1 (+https://developers.facebook.com/docs/sharing/webmasters/crawler)"
57.141.6.44 - - [04/Mar/2026:06:23:05 -0600] "GET /search/002451928ca879c/feed/rss2/ HTTP/1.1" 404 - "-" "meta-externalagent/1.1 (+https://developers.facebook.com/docs/sharing/webmasters/crawler)"
74.7.227.41 - - [04/Mar/2026:06:23:05 -0600] "GET /goods.php?detail/07001276596561 HTTP/1.1" 404 16 "https://www.nassaugolf.com/goods.php?detail/070002218545" "Mozilla/5.0 AppleWebKit/537.36 (KHTML, like Gecko; compatible; GPTBot/1.3; +https://openai.com/gptbot)"
74.7.227.134 - - [04/Mar/2026:06:23:05 -0600] "GET /goods.php?detail/0300118730597 HTTP/1.1" 404 16 "https://nassaugolf.com/goods.php?detail/022047007680" "Mozilla/5.0 AppleWebKit/537.36 (KHTML, like Gecko; compatible; GPTBot/1.3; +https://openai.com/gptbot)"
74.7.227.41 - - [04/Mar/2026:06:23:05 -0600] "GET /goods.php?detail/03800625450092 HTTP/1.1" 404 16 "https://www.nassaugolf.com/goods.php?detail/0380098313885" "Mozilla/5.0 AppleWebKit/537.36 (KHTML, like Gecko; compatible; GPTBot/1.3; +https://openai.com/gptbot)"
74.7.227.134 - - [04/Mar/2026:06:23:06 -0600] "GET /goods.php?detail/2510236361605 HTTP/1.1" 404 16 "https://www.nassaugolf.com" "Mozilla/5.0 AppleWebKit/537.36 (KHTML, like Gecko; compatible; GPTBot/1.3; +https://openai.com/gptbot)"
57.141.6.50 - - [04/Mar/2026:06:23:06 -0600] "GET /prize/22414701 HTTP/1.1" 404 - "-" "meta-externalagent/1.1 (+https://developers.facebook.com/docs/sharing/webmasters/crawler)"
74.7.227.41 - - [04/Mar/2026:06:23:06 -0600] "GET /goods.php?detail/10802612698136 HTTP/1.1" 404 16 "https://www.nassaugolf.com/goods.php?detail/271001151559" "Mozilla/5.0 AppleWebKit/537.36 (KHTML, like Gecko; compatible; GPTBot/1.3; +https://openai.com/gptbot)"
57.141.6.18 - - [04/Mar/2026:06:23:06 -0600] "GET /search/1212609420a6a73/feed/rss2/ HTTP/1.1" 404 - "-" "meta-externalagent/1.1 (+https://developers.facebook.com/docs/sharing/webmasters/crawler)"
74.7.227.134 - - [04/Mar/2026:06:23:06 -0600] "GET /goods.php?detail/1220267749126 HTTP/1.1" 404 16 "https://www.nassaugolf.com" "Mozilla/5.0 AppleWebKit/537.36 (KHTML, like Gecko; compatible; GPTBot/1.3; +https://openai.com/gptbot)"
57.141.6.43 - - [04/Mar/2026:06:23:06 -0600] "GET /detail/242345810 HTTP/1.1" 404 - "-" "meta-externalagent/1.1 (+https://developers.facebook.com/docs/sharing/webmasters/crawler)"
74.7.227.41 - - [04/Mar/2026:06:23:07 -0600] "GET /goods.php?detail/19800303716040 HTTP/1.1" 404 16 "https://www.nassaugolf.com/goods.php?detail/1890153789572" "Mozilla/5.0 AppleWebKit/537.36 (KHTML, like Gecko; compatible; GPTBot/1.3; +https://openai.com/gptbot)"
40.77.167.75 - - [04/Mar/2026:06:23:06 -0600] "GET /?y=454393746 HTTP/1.1" 200 53879 "-" "Mozilla/5.0 AppleWebKit/537.36 (KHTML, like Gecko; compatible; bingbot/2.0; +http://www.bing.com/bingbot.htm) Chrome/116.0.1938.76 Safari/537.36"
74.7.227.134 - - [04/Mar/2026:06:23:07 -0600] "GET /goods.php?detail/1770023070688 HTTP/1.1" 404 16 "https://nassaugolf.com/goods.php?detail/1770037752151" "Mozilla/5.0 AppleWebKit/537.36 (KHTML, like Gecko; compatible; GPTBot/1.3; +https://openai.com/gptbot)"
74.7.227.41 - - [04/Mar/2026:06:23:07 -0600] "GET /goods.php?detail/17500321588221 HTTP/1.1" 404 16 "https://www.nassaugolf.com/goods.php?detail/1580488300448" "Mozilla/5.0 AppleWebKit/537.36 (KHTML, like Gecko; compatible; GPTBot/1.3; +https://openai.com/gptbot)"
74.7.227.134 - - [04/Mar/2026:06:23:07 -0600] "GET /goods.php?detail/0920210915730 HTTP/1.1" 404 16 "https://nassaugolf.com/goods.php?detail/098019121189" "Mozilla/5.0 AppleWebKit/537.36 (KHTML, like Gecko; compatible; GPTBot/1.3; +https://openai.com/gptbot)"
57.141.6.15 - - [04/Mar/2026:06:23:07 -0600] "GET /detail/499465817 HTTP/1.1" 404 - "-" "meta-externalagent/1.1 (+https://developers.facebook.com/docs/sharing/webmasters/crawler)"
74.7.227.41 - - [04/Mar/2026:06:23:08 -0600] "GET /goods.php?detail/22500734210134 HTTP/1.1" 404 16 "https://www.nassaugolf.com/goods.php?detail/225010472297" "Mozilla/5.0 AppleWebKit/537.36 (KHTML, like Gecko; compatible; GPTBot/1.3; +https://openai.com/gptbot)"
74.7.227.134 - - [04/Mar/2026:06:23:08 -0600] "GET /goods.php?detail/0470360709622 HTTP/1.1" 404 16 "https://www.nassaugolf.com" "Mozilla/5.0 AppleWebKit/537.36 (KHTML, like Gecko; compatible; GPTBot/1.3; +https://openai.com/gptbot)"
57.141.6.29 - - [04/Mar/2026:06:23:08 -0600] "GET /prize/16451845 HTTP/1.1" 404 - "-" "meta-externalagent/1.1 (+https://developers.facebook.com/docs/sharing/webmasters/crawler)"
74.7.227.41 - - [04/Mar/2026:06:23:08 -0600] "GET /goods.php?detail/16601597664860 HTTP/1.1" 404 16 "https://www.nassaugolf.com/goods.php?detail/166016994230" "Mozilla/5.0 AppleWebKit/537.36 (KHTML, like Gecko; compatible; GPTBot/1.3; +https://openai.com/gptbot)"
74.7.227.134 - - [04/Mar/2026:06:23:08 -0600] "GET /goods.php?detail/1530142838831 HTTP/1.1" 404 16 "https://www.nassaugolf.com" "Mozilla/5.0 AppleWebKit/537.36 (KHTML, like Gecko; compatible; GPTBot/1.3; +https://openai.com/gptbot)"
57.141.6.28 - - [04/Mar/2026:06:23:08 -0600] "GET /search/082485378976375/feed/rss2/ HTTP/1.1" 404 - "-" "meta-externalagent/1.1 (+https://developers.facebook.com/docs/sharing/webmasters/crawler)"
57.141.6.16 - - [04/Mar/2026:06:23:09 -0600] "GET /search/0064489175ec34/feed/rss2/ HTTP/1.1" 404 - "-" "meta-externalagent/1.1 (+https://developers.facebook.com/docs/sharing/webmasters/crawler)"
74.7.227.41 - - [04/Mar/2026:06:23:09 -0600] "GET /goods.php?detail/14500649591952 HTTP/1.1" 404 16 "https://www.nassaugolf.com/goods.php?detail/2520254175986" "Mozilla/5.0 AppleWebKit/537.36 (KHTML, like Gecko; compatible; GPTBot/1.3; +https://openai.com/gptbot)"
74.7.227.134 - - [04/Mar/2026:06:23:09 -0600] "GET /goods.php?detail/0100182514064 HTTP/1.1" 404 16 "https://www.nassaugolf.com" "Mozilla/5.0 AppleWebKit/537.36 (KHTML, like Gecko; compatible; GPTBot/1.3; +https://openai.com/gptbot)"
57.141.6.63 - - [04/Mar/2026:06:23:09 -0600] "GET /search/052299741d47d36/feed/rss2/ HTTP/1.1" 404 - "-" "meta-externalagent/1.1 (+https://developers.facebook.com/docs/sharing/webmasters/crawler)"
74.7.227.41 - - [04/Mar/2026:06:23:09 -0600] "GET /goods.php?detail/14902145585804 HTTP/1.1" 404 16 "https://www.nassaugolf.com/goods.php?detail/235008691852" "Mozilla/5.0 AppleWebKit/537.36 (KHTML, like Gecko; compatible; GPTBot/1.3; +https://openai.com/gptbot)"
74.7.227.134 - - [04/Mar/2026:06:23:09 -0600] "GET /goods.php?detail/1120302008739 HTTP/1.1" 404 16 "https://nassaugolf.com/goods.php?detail/019043379477" "Mozilla/5.0 AppleWebKit/537.36 (KHTML, like Gecko; compatible; GPTBot/1.3; +https://openai.com/gptbot)"
74.7.227.41 - - [04/Mar/2026:06:23:10 -0600] "GET /goods.php?detail/17902597350272 HTTP/1.1" 404 16 "https://www.nassaugolf.com/goods.php?detail/179002179132" "Mozilla/5.0 AppleWebKit/537.36 (KHTML, like Gecko; compatible; GPTBot/1.3; +https://openai.com/gptbot)"
57.141.6.39 - - [04/Mar/2026:06:23:10 -0600] "GET /prize/25247067 HTTP/1.1" 404 - "-" "meta-externalagent/1.1 (+https://developers.facebook.com/docs/sharing/webmasters/crawler)"
74.7.227.134 - - [04/Mar/2026:06:23:10 -0600] "GET /goods.php?detail/0070213978072 HTTP/1.1" 404 16 "https://nassaugolf.com/goods.php?detail/055002184222" "Mozilla/5.0 AppleWebKit/537.36 (KHTML, like Gecko; compatible; GPTBot/1.3; +https://openai.com/gptbot)"
57.141.6.9 - - [04/Mar/2026:06:23:10 -0600] "GET /prize/2769167 HTTP/1.1" 404 - "-" "meta-externalagent/1.1 (+https://developers.facebook.com/docs/sharing/webmasters/crawler)"
74.7.227.41 - - [04/Mar/2026:06:23:10 -0600] "GET /goods.php?detail/03600193216218 HTTP/1.1" 404 16 "https://www.nassaugolf.com/goods.php?detail/036000532123" "Mozilla/5.0 AppleWebKit/537.36 (KHTML, like Gecko; compatible; GPTBot/1.3; +https://openai.com/gptbot)"
74.7.227.134 - - [04/Mar/2026:06:23:10 -0600] "GET /goods.php?detail/1840382238825 HTTP/1.1" 404 16 "https://www.nassaugolf.com" "Mozilla/5.0 AppleWebKit/537.36 (KHTML, like Gecko; compatible; GPTBot/1.3; +https://openai.com/gptbot)"
74.7.227.41 - - [04/Mar/2026:06:23:11 -0600] "GET /goods.php?detail/04804551984956 HTTP/1.1" 404 16 "https://www.nassaugolf.com/goods.php?detail/058000326584" "Mozilla/5.0 AppleWebKit/537.36 (KHTML, like Gecko; compatible; GPTBot/1.3; +https://openai.com/gptbot)"
57.141.6.16 - - [04/Mar/2026:06:23:11 -0600] "GET /?s=02725905251f10 HTTP/1.1" 200 53879 "-" "meta-externalagent/1.1 (+https://developers.facebook.com/docs/sharing/webmasters/crawler)"
74.7.227.134 - - [04/Mar/2026:06:23:11 -0600] "GET /goods.php?detail/0080033782061 HTTP/1.1" 404 16 "https://www.nassaugolf.com" "Mozilla/5.0 AppleWebKit/537.36 (KHTML, like Gecko; compatible; GPTBot/1.3; +https://openai.com/gptbot)"
74.7.227.41 - - [04/Mar/2026:06:23:11 -0600] "GET /goods.php?detail/22604921641655 HTTP/1.1" 404 16 "https://www.nassaugolf.com/goods.php?detail/012042332042" "Mozilla/5.0 AppleWebKit/537.36 (KHTML, like Gecko; compatible; GPTBot/1.3; +https://openai.com/gptbot)"
57.141.6.19 - - [04/Mar/2026:06:23:11 -0600] "GET /search/022103843e8024b/feed/rss2/ HTTP/1.1" 404 - "-" "meta-externalagent/1.1 (+https://developers.facebook.com/docs/sharing/webmasters/crawler)"
37.59.204.137 - - [04/Mar/2026:06:23:11 -0600] "GET /?fileloc=//lib64/libwayland-server.so.0&path=//lib64 HTTP/1.1" 200 131072 "-" "Mozilla/5.0 (compatible; AhrefsBot/7.0; +http://ahrefs.com/robot/)"
74.7.227.134 - - [04/Mar/2026:06:23:11 -0600] "GET /goods.php?detail/1710070059936 HTTP/1.1" 404 16 "https://nassaugolf.com/goods.php?detail/053011041410" "Mozilla/5.0 AppleWebKit/537.36 (KHTML, like Gecko; compatible; GPTBot/1.3; +https://openai.com/gptbot)"
74.7.227.41 - - [04/Mar/2026:06:23:12 -0600] "GET /goods.php?detail/03803067684567 HTTP/1.1" 404 16 "https://www.nassaugolf.com/goods.php?detail/285003548300" "Mozilla/5.0 AppleWebKit/537.36 (KHTML, like Gecko; compatible; GPTBot/1.3; +https://openai.com/gptbot)"
74.7.227.134 - - [04/Mar/2026:06:23:12 -0600] "GET /goods.php?detail/1940482811485 HTTP/1.1" 404 16 "https://nassaugolf.com/goods.php?jp/194025338.html" "Mozilla/5.0 AppleWebKit/537.36 (KHTML, like Gecko; compatible; GPTBot/1.3; +https://openai.com/gptbot)"
57.141.6.47 - - [04/Mar/2026:06:23:12 -0600] "GET /?s=0325000528b90a6 HTTP/1.1" 200 53879 "-" "meta-externalagent/1.1 (+https://developers.facebook.com/docs/sharing/webmasters/crawler)"
57.141.6.46 - - [04/Mar/2026:06:23:12 -0600] "GET /search/02608046818fcd/feed/rss2/ HTTP/1.1" 404 - "-" "meta-externalagent/1.1 (+https://developers.facebook.com/docs/sharing/webmasters/crawler)"
74.7.227.41 - - [04/Mar/2026:06:23:12 -0600] "GET /goods.php?detail/11903886863510 HTTP/1.1" 404 16 "https://www.nassaugolf.com/goods.php?detail/250006801671" "Mozilla/5.0 AppleWebKit/537.36 (KHTML, like Gecko; compatible; GPTBot/1.3; +https://openai.com/gptbot)"
74.7.227.134 - - [04/Mar/2026:06:23:12 -0600] "GET /goods.php?detail/1560429461511 HTTP/1.1" 404 16 "https://www.nassaugolf.com" "Mozilla/5.0 AppleWebKit/537.36 (KHTML, like Gecko; compatible; GPTBot/1.3; +https://openai.com/gptbot)"
57.141.6.62 - - [04/Mar/2026:06:23:13 -0600] "GET /search/002259494177535/feed/rss2/ HTTP/1.1" 404 - "-" "meta-externalagent/1.1 (+https://developers.facebook.com/docs/sharing/webmasters/crawler)"
74.7.227.41 - - [04/Mar/2026:06:23:13 -0600] "GET /goods.php?detail/13701438636332 HTTP/1.1" 404 16 "https://www.nassaugolf.com/goods.php?detail/2170214241801" "Mozilla/5.0 AppleWebKit/537.36 (KHTML, like Gecko; compatible; GPTBot/1.3; +https://openai.com/gptbot)"
74.7.227.134 - - [04/Mar/2026:06:23:13 -0600] "GET /goods.php?detail/1090309356400 HTTP/1.1" 404 16 "https://nassaugolf.com/goods.php?detail/075005837005" "Mozilla/5.0 AppleWebKit/537.36 (KHTML, like Gecko; compatible; GPTBot/1.3; +https://openai.com/gptbot)"
57.141.6.10 - - [04/Mar/2026:06:23:13 -0600] "GET /?s=0114628627a6dde HTTP/1.1" 200 53879 "-" "meta-externalagent/1.1 (+https://developers.facebook.com/docs/sharing/webmasters/crawler)"
74.7.227.41 - - [04/Mar/2026:06:23:13 -0600] "GET /goods.php?detail/24002554095778 HTTP/1.1" 404 16 "https://www.nassaugolf.com/goods.php?detail/226007581280" "Mozilla/5.0 AppleWebKit/537.36 (KHTML, like Gecko; compatible; GPTBot/1.3; +https://openai.com/gptbot)"
74.7.227.134 - - [04/Mar/2026:06:23:13 -0600] "GET /goods.php?detail/1680221191179 HTTP/1.1" 404 16 "https://nassaugolf.com/goods.php?goods/015013582" "Mozilla/5.0 AppleWebKit/537.36 (KHTML, like Gecko; compatible; GPTBot/1.3; +https://openai.com/gptbot)"
74.7.227.41 - - [04/Mar/2026:06:23:14 -0600] "GET /goods.php?detail/21404721553772 HTTP/1.1" 404 16 "https://www.nassaugolf.com/goods.php?detail/176025646946" "Mozilla/5.0 AppleWebKit/537.36 (KHTML, like Gecko; compatible; GPTBot/1.3; +https://openai.com/gptbot)"
57.141.6.9 - - [04/Mar/2026:06:23:14 -0600] "GET /detail/919919603 HTTP/1.1" 404 - "-" "meta-externalagent/1.1 (+https://developers.facebook.com/docs/sharing/webmasters/crawler)"
74.7.227.134 - - [04/Mar/2026:06:23:14 -0600] "GET /goods.php?detail/0230022769778 HTTP/1.1" 404 16 "https://www.nassaugolf.com" "Mozilla/5.0 AppleWebKit/537.36 (KHTML, like Gecko; compatible; GPTBot/1.3; +https://openai.com/gptbot)"
57.141.6.53 - - [04/Mar/2026:06:23:14 -0600] "GET /?s=0310534080ccea8 HTTP/1.1" 200 53879 "-" "meta-externalagent/1.1 (+https://developers.facebook.com/docs/sharing/webmasters/crawler)"
74.7.227.41 - - [04/Mar/2026:06:23:14 -0600] "GET /goods.php?detail/11200274450285 HTTP/1.1" 404 16 "https://www.nassaugolf.com/goods.php?goods/112004343" "Mozilla/5.0 AppleWebKit/537.36 (KHTML, like Gecko; compatible; GPTBot/1.3; +https://openai.com/gptbot)"
74.7.227.134 - - [04/Mar/2026:06:23:15 -0600] "GET /goods.php?detail/1810288705285 HTTP/1.1" 404 16 "https://www.nassaugolf.com" "Mozilla/5.0 AppleWebKit/537.36 (KHTML, like Gecko; compatible; GPTBot/1.3; +https://openai.com/gptbot)"
57.141.6.65 - - [04/Mar/2026:06:23:15 -0600] "GET /search/03239189466a011/feed/rss2/ HTTP/1.1" 404 - "-" "meta-externalagent/1.1 (+https://developers.facebook.com/docs/sharing/webmasters/crawler)"
74.7.227.41 - - [04/Mar/2026:06:23:15 -0600] "GET /goods.php?detail/01102449170259 HTTP/1.1" 404 16 "https://www.nassaugolf.com/goods.php?detail/014005597772" "Mozilla/5.0 AppleWebKit/537.36 (KHTML, like Gecko; compatible; GPTBot/1.3; +https://openai.com/gptbot)"
74.7.227.134 - - [04/Mar/2026:06:23:15 -0600] "GET /goods.php?detail/1690065060983 HTTP/1.1" 404 16 "https://nassaugolf.com/goods.php?detail/169037771007" "Mozilla/5.0 AppleWebKit/537.36 (KHTML, like Gecko; compatible; GPTBot/1.3; +https://openai.com/gptbot)"
57.141.6.38 - - [04/Mar/2026:06:23:15 -0600] "GET /search/0816800734c268d/feed/rss2/ HTTP/1.1" 404 - "-" "meta-externalagent/1.1 (+https://developers.facebook.com/docs/sharing/webmasters/crawler)"
57.141.6.37 - - [04/Mar/2026:06:23:15 -0600] "GET /search/052078598dfd48f/feed/rss2/ HTTP/1.1" 404 - "-" "meta-externalagent/1.1 (+https://developers.facebook.com/docs/sharing/webmasters/crawler)"
74.7.227.41 - - [04/Mar/2026:06:23:16 -0600] "GET /goods.php?detail/11300568362831 HTTP/1.1" 404 16 "https://www.nassaugolf.com/goods.php?detail/113004616467" "Mozilla/5.0 AppleWebKit/537.36 (KHTML, like Gecko; compatible; GPTBot/1.3; +https://openai.com/gptbot)"
74.7.227.134 - - [04/Mar/2026:06:23:16 -0600] "GET /goods.php?detail/0210029336307 HTTP/1.1" 404 16 "https://www.nassaugolf.com" "Mozilla/5.0 AppleWebKit/537.36 (KHTML, like Gecko; compatible; GPTBot/1.3; +https://openai.com/gptbot)"
74.7.227.41 - - [04/Mar/2026:06:23:16 -0600] "GET /goods.php?detail/10200104697320 HTTP/1.1" 404 16 "https://www.nassaugolf.com/goods.php?detail/043040013770" "Mozilla/5.0 AppleWebKit/537.36 (KHTML, like Gecko; compatible; GPTBot/1.3; +https://openai.com/gptbot)"
74.7.227.134 - - [04/Mar/2026:06:23:16 -0600] "GET /goods.php?detail/0430019159800 HTTP/1.1" 404 16 "https://nassaugolf.com/goods.php?detail/0430411868081" "Mozilla/5.0 AppleWebKit/537.36 (KHTML, like Gecko; compatible; GPTBot/1.3; +https://openai.com/gptbot)"
57.141.6.2 - - [04/Mar/2026:06:23:16 -0600] "GET /search/03389993868553/feed/rss2/ HTTP/1.1" 404 - "-" "meta-externalagent/1.1 (+https://developers.facebook.com/docs/sharing/webmasters/crawler)"
74.7.227.41 - - [04/Mar/2026:06:23:17 -0600] "GET /goods.php?detail/27101140626408 HTTP/1.1" 404 16 "https://www.nassaugolf.com/goods.php?detail/125001189324" "Mozilla/5.0 AppleWebKit/537.36 (KHTML, like Gecko; compatible; GPTBot/1.3; +https://openai.com/gptbot)"
74.7.227.134 - - [04/Mar/2026:06:23:17 -0600] "GET /goods.php?detail/2670010650163 HTTP/1.1" 404 16 "https://www.nassaugolf.com" "Mozilla/5.0 AppleWebKit/537.36 (KHTML, like Gecko; compatible; GPTBot/1.3; +https://openai.com/gptbot)"
57.141.6.46 - - [04/Mar/2026:06:23:17 -0600] "GET /prize/15651323 HTTP/1.1" 404 - "-" "meta-externalagent/1.1 (+https://developers.facebook.com/docs/sharing/webmasters/crawler)"
57.141.6.40 - - [04/Mar/2026:06:23:17 -0600] "GET /search/041865174291b36/feed/rss2/ HTTP/1.1" 404 - "-" "meta-externalagent/1.1 (+https://developers.facebook.com/docs/sharing/webmasters/crawler)"
74.7.227.41 - - [04/Mar/2026:06:23:17 -0600] "GET /goods.php?detail/11804729016911 HTTP/1.1" 404 16 "https://www.nassaugolf.com/goods.php?jp/139042973.html" "Mozilla/5.0 AppleWebKit/537.36 (KHTML, like Gecko; compatible; GPTBot/1.3; +https://openai.com/gptbot)"
74.7.227.134 - - [04/Mar/2026:06:23:17 -0600] "GET /goods.php?detail/0530036130758 HTTP/1.1" 404 16 "https://nassaugolf.com/goods.php?pcmypage?callback=product/review/m62049725998" "Mozilla/5.0 AppleWebKit/537.36 (KHTML, like Gecko; compatible; GPTBot/1.3; +https://openai.com/gptbot)"
57.141.6.16 - - [04/Mar/2026:06:23:18 -0600] "GET /search/042145075778c2b/feed/rss2/ HTTP/1.1" 404 - "-" "meta-externalagent/1.1 (+https://developers.facebook.com/docs/sharing/webmasters/crawler)"
74.7.227.41 - - [04/Mar/2026:06:23:18 -0600] "GET /goods.php?detail/13402862680623 HTTP/1.1" 404 16 "https://www.nassaugolf.com/goods.php?detail/134017708021" "Mozilla/5.0 AppleWebKit/537.36 (KHTML, like Gecko; compatible; GPTBot/1.3; +https://openai.com/gptbot)"
74.7.227.134 - - [04/Mar/2026:06:23:18 -0600] "GET /goods.php?detail/2030237860837 HTTP/1.1" 404 16 "https://nassaugolf.com/goods.php?detail/207025745741" "Mozilla/5.0 AppleWebKit/537.36 (KHTML, like Gecko; compatible; GPTBot/1.3; +https://openai.com/gptbot)"
74.7.227.134 - - [04/Mar/2026:06:23:18 -0600] "GET /goods.php?detail/0620411772877 HTTP/1.1" 404 16 "https://nassaugolf.com/goods.php?detail/044014828209" "Mozilla/5.0 AppleWebKit/537.36 (KHTML, like Gecko; compatible; GPTBot/1.3; +https://openai.com/gptbot)"
74.7.227.41 - - [04/Mar/2026:06:23:18 -0600] "GET /goods.php?detail/16300756876801 HTTP/1.1" 404 16 "https://www.nassaugolf.com/goods.php?detail/096019696143" "Mozilla/5.0 AppleWebKit/537.36 (KHTML, like Gecko; compatible; GPTBot/1.3; +https://openai.com/gptbot)"
57.141.6.26 - - [04/Mar/2026:06:23:18 -0600] "GET /search/00107186900d254/feed/rss2/ HTTP/1.1" 404 - "-" "meta-externalagent/1.1 (+https://developers.facebook.com/docs/sharing/webmasters/crawler)"
74.7.227.41 - - [04/Mar/2026:06:23:19 -0600] "GET /goods.php?detail/11702905293313 HTTP/1.1" 404 16 "https://www.nassaugolf.com/goods.php?detail/09301429795449" "Mozilla/5.0 AppleWebKit/537.36 (KHTML, like Gecko; compatible; GPTBot/1.3; +https://openai.com/gptbot)"
74.7.227.134 - - [04/Mar/2026:06:23:19 -0600] "GET /goods.php?detail/1580181201684 HTTP/1.1" 404 16 "https://nassaugolf.com/goods.php?detail/266013166543" "Mozilla/5.0 AppleWebKit/537.36 (KHTML, like Gecko; compatible; GPTBot/1.3; +https://openai.com/gptbot)"
57.141.6.24 - - [04/Mar/2026:06:23:19 -0600] "GET /search/00176529250070/feed/rss2/ HTTP/1.1" 404 - "-" "meta-externalagent/1.1 (+https://developers.facebook.com/docs/sharing/webmasters/crawler)"
52.167.144.169 - - [04/Mar/2026:06:23:19 -0600] "GET /?y=824580630 HTTP/1.1" 200 53879 "-" "Mozilla/5.0 AppleWebKit/537.36 (KHTML, like Gecko; compatible; bingbot/2.0; +http://www.bing.com/bingbot.htm) Chrome/116.0.1938.76 Safari/537.36"
57.141.6.52 - - [04/Mar/2026:06:23:19 -0600] "GET /search/061857353376880/feed/rss2/ HTTP/1.1" 404 - "-" "meta-externalagent/1.1 (+https://developers.facebook.com/docs/sharing/webmasters/crawler)"
74.7.227.134 - - [04/Mar/2026:06:23:19 -0600] "GET /goods.php?detail/1490447364941 HTTP/1.1" 404 16 "https://nassaugolf.com/goods.php?detail/214042102760" "Mozilla/5.0 AppleWebKit/537.36 (KHTML, like Gecko; compatible; GPTBot/1.3; +https://openai.com/gptbot)"
74.7.227.41 - - [04/Mar/2026:06:23:19 -0600] "GET /goods.php?detail/01904235090506 HTTP/1.1" 404 16 "https://www.nassaugolf.com/goods.php?detail/146000432871" "Mozilla/5.0 AppleWebKit/537.36 (KHTML, like Gecko; compatible; GPTBot/1.3; +https://openai.com/gptbot)"
57.141.6.48 - - [04/Mar/2026:06:23:19 -0600] "GET /search/04330747da0cad/feed/rss2/ HTTP/1.1" 404 - "-" "meta-externalagent/1.1 (+https://developers.facebook.com/docs/sharing/webmasters/crawler)"
74.7.227.41 - - [04/Mar/2026:06:23:20 -0600] "GET /goods.php?detail/01400185824354 HTTP/1.1" 404 16 "https://www.nassaugolf.com/goods.php?detail/014029486987" "Mozilla/5.0 AppleWebKit/537.36 (KHTML, like Gecko; compatible; GPTBot/1.3; +https://openai.com/gptbot)"
74.7.227.134 - - [04/Mar/2026:06:23:20 -0600] "GET /goods.php?detail/0110053687115 HTTP/1.1" 404 16 "https://www.nassaugolf.com" "Mozilla/5.0 AppleWebKit/537.36 (KHTML, like Gecko; compatible; GPTBot/1.3; +https://openai.com/gptbot)"
74.7.227.41 - - [04/Mar/2026:06:23:20 -0600] "GET /goods.php?detail/15500761093767 HTTP/1.1" 404 16 "https://www.nassaugolf.com/goods.php?detail/006002538659" "Mozilla/5.0 AppleWebKit/537.36 (KHTML, like Gecko; compatible; GPTBot/1.3; +https://openai.com/gptbot)"
57.141.6.71 - - [04/Mar/2026:06:23:20 -0600] "GET /prize/12054167 HTTP/1.1" 404 - "-" "meta-externalagent/1.1 (+https://developers.facebook.com/docs/sharing/webmasters/crawler)"
74.7.227.134 - - [04/Mar/2026:06:23:20 -0600] "GET /goods.php?detail/1440394490135 HTTP/1.1" 404 16 "https://www.nassaugolf.com" "Mozilla/5.0 AppleWebKit/537.36 (KHTML, like Gecko; compatible; GPTBot/1.3; +https://openai.com/gptbot)"
57.141.6.67 - - [04/Mar/2026:06:23:21 -0600] "GET /search/04686134299735/feed/rss2/ HTTP/1.1" 404 - "-" "meta-externalagent/1.1 (+https://developers.facebook.com/docs/sharing/webmasters/crawler)"
74.7.227.41 - - [04/Mar/2026:06:23:21 -0600] "GET /goods.php?detail/00700290591143 HTTP/1.1" 404 16 "https://www.nassaugolf.com/goods.php?detail/007002048979" "Mozilla/5.0 AppleWebKit/537.36 (KHTML, like Gecko; compatible; GPTBot/1.3; +https://openai.com/gptbot)"
74.7.227.134 - - [04/Mar/2026:06:23:21 -0600] "GET /goods.php?detail/1340089307800 HTTP/1.1" 404 16 "https://www.nassaugolf.com" "Mozilla/5.0 AppleWebKit/537.36 (KHTML, like Gecko; compatible; GPTBot/1.3; +https://openai.com/gptbot)"
74.7.228.32 - - [04/Mar/2026:06:23:21 -0600] "GET /robots.txt HTTP/1.1" 404 - "-" "Mozilla/5.0 (Macintosh; Intel Mac OS X 10_15_7) AppleWebKit/537.36 (KHTML, like Gecko) Chrome/131.0.0.0 Safari/537.36; compatible; OAI-SearchBot/1.3; robots.txt; +https://openai.com/searchbot"
74.7.227.134 - - [04/Mar/2026:06:23:21 -0600] "GET /goods.php?detail/0860345426344 HTTP/1.1" 404 16 "https://nassaugolf.com/goods.php?detail/051033941190" "Mozilla/5.0 AppleWebKit/537.36 (KHTML, like Gecko; compatible; GPTBot/1.3; +https://openai.com/gptbot)"
57.141.6.26 - - [04/Mar/2026:06:23:21 -0600] "GET /prize/12306712 HTTP/1.1" 404 - "-" "meta-externalagent/1.1 (+https://developers.facebook.com/docs/sharing/webmasters/crawler)"
74.7.227.41 - - [04/Mar/2026:06:23:21 -0600] "GET /goods.php?detail/09603561336154 HTTP/1.1" 404 16 "https://www.nassaugolf.com/goods.php?detail/162000142647" "Mozilla/5.0 AppleWebKit/537.36 (KHTML, like Gecko; compatible; GPTBot/1.3; +https://openai.com/gptbot)"
57.141.6.20 - - [04/Mar/2026:06:23:21 -0600] "GET /search/032086611e29bcc/feed/rss2/ HTTP/1.1" 404 - "-" "meta-externalagent/1.1 (+https://developers.facebook.com/docs/sharing/webmasters/crawler)"
74.7.227.41 - - [04/Mar/2026:06:23:22 -0600] "GET /goods.php?detail/29703411049129 HTTP/1.1" 404 16 "https://www.nassaugolf.com/goods.php?detail/032006662021" "Mozilla/5.0 AppleWebKit/537.36 (KHTML, like Gecko; compatible; GPTBot/1.3; +https://openai.com/gptbot)"
74.7.227.134 - - [04/Mar/2026:06:23:22 -0600] "GET /goods.php?detail/0700341486074 HTTP/1.1" 404 16 "https://www.nassaugolf.com" "Mozilla/5.0 AppleWebKit/537.36 (KHTML, like Gecko; compatible; GPTBot/1.3; +https://openai.com/gptbot)"
57.141.6.3 - - [04/Mar/2026:06:23:22 -0600] "GET /search/012047031e644c1/feed/rss2/ HTTP/1.1" 404 - "-" "meta-externalagent/1.1 (+https://developers.facebook.com/docs/sharing/webmasters/crawler)"
74.7.227.41 - - [04/Mar/2026:06:23:22 -0600] "GET /goods.php?detail/06900634467557 HTTP/1.1" 404 16 "https://www.nassaugolf.com/goods.php?detail/069018468843" "Mozilla/5.0 AppleWebKit/537.36 (KHTML, like Gecko; compatible; GPTBot/1.3; +https://openai.com/gptbot)"
74.7.227.134 - - [04/Mar/2026:06:23:23 -0600] "GET /goods.php?detail/1670080703091 HTTP/1.1" 404 16 "https://www.nassaugolf.com" "Mozilla/5.0 AppleWebKit/537.36 (KHTML, like Gecko; compatible; GPTBot/1.3; +https://openai.com/gptbot)"
57.141.6.28 - - [04/Mar/2026:06:23:23 -0600] "GET /search/055614262b3687/feed/rss2/ HTTP/1.1" 404 - "-" "meta-externalagent/1.1 (+https://developers.facebook.com/docs/sharing/webmasters/crawler)"
74.7.227.134 - - [04/Mar/2026:06:23:23 -0600] "GET /goods.php?detail/2020049867480 HTTP/1.1" 404 16 "https://nassaugolf.com/goods.php?jp/202020700.html" "Mozilla/5.0 AppleWebKit/537.36 (KHTML, like Gecko; compatible; GPTBot/1.3; +https://openai.com/gptbot)"
74.7.227.41 - - [04/Mar/2026:06:23:23 -0600] "GET /goods.php?detail/01102792767680 HTTP/1.1" 404 16 "https://www.nassaugolf.com/goods.php?detail/071031445545" "Mozilla/5.0 AppleWebKit/537.36 (KHTML, like Gecko; compatible; GPTBot/1.3; +https://openai.com/gptbot)"
51.68.247.196 - - [04/Mar/2026:06:23:23 -0600] "GET /?fileloc=//lib64/libwayland-egl.so.1&path=//lib64 HTTP/1.1" 200 28674 "-" "Mozilla/5.0 (compatible; AhrefsBot/7.0; +http://ahrefs.com/robot/)"
57.141.6.3 - - [04/Mar/2026:06:23:23 -0600] "GET /search/092083955cb9878/feed/rss2/ HTTP/1.1" 404 - "-" "meta-externalagent/1.1 (+https://developers.facebook.com/docs/sharing/webmasters/crawler)"
57.141.6.49 - - [04/Mar/2026:06:23:23 -0600] "GET /search/0511866686b1776/feed/rss2/ HTTP/1.1" 404 - "-" "meta-externalagent/1.1 (+https://developers.facebook.com/docs/sharing/webmasters/crawler)"
74.7.227.134 - - [04/Mar/2026:06:23:23 -0600] "GET /goods.php?detail/2910061033266 HTTP/1.1" 404 16 "https://www.nassaugolf.com" "Mozilla/5.0 AppleWebKit/537.36 (KHTML, like Gecko; compatible; GPTBot/1.3; +https://openai.com/gptbot)"
74.7.227.41 - - [04/Mar/2026:06:23:24 -0600] "GET /goods.php?detail/25300385365672 HTTP/1.1" 404 16 "https://www.nassaugolf.com/goods.php?detail/253042075879" "Mozilla/5.0 AppleWebKit/537.36 (KHTML, like Gecko; compatible; GPTBot/1.3; +https://openai.com/gptbot)"
74.7.227.134 - - [04/Mar/2026:06:23:24 -0600] "GET /goods.php?detail/1910018662962 HTTP/1.1" 404 16 "https://www.nassaugolf.com" "Mozilla/5.0 AppleWebKit/537.36 (KHTML, like Gecko; compatible; GPTBot/1.3; +https://openai.com/gptbot)"
74.7.227.41 - - [04/Mar/2026:06:23:24 -0600] "GET /goods.php?detail/02300123475414 HTTP/1.1" 404 16 "https://www.nassaugolf.com/goods.php?detail/023034163653" "Mozilla/5.0 AppleWebKit/537.36 (KHTML, like Gecko; compatible; GPTBot/1.3; +https://openai.com/gptbot)"
57.141.6.70 - - [04/Mar/2026:06:23:24 -0600] "GET /detail/984000249 HTTP/1.1" 404 - "-" "meta-externalagent/1.1 (+https://developers.facebook.com/docs/sharing/webmasters/crawler)"
74.7.227.134 - - [04/Mar/2026:06:23:25 -0600] "GET /goods.php?detail/0680320606125 HTTP/1.1" 404 16 "https://www.nassaugolf.com" "Mozilla/5.0 AppleWebKit/537.36 (KHTML, like Gecko; compatible; GPTBot/1.3; +https://openai.com/gptbot)"
74.7.227.41 - - [04/Mar/2026:06:23:25 -0600] "GET /goods.php?detail/08503854811523 HTTP/1.1" 404 16 "https://www.nassaugolf.com/goods.php?jp/258006477.html" "Mozilla/5.0 AppleWebKit/537.36 (KHTML, like Gecko; compatible; GPTBot/1.3; +https://openai.com/gptbot)"
57.141.6.54 - - [04/Mar/2026:06:23:25 -0600] "GET /prize/5953134 HTTP/1.1" 404 - "-" "meta-externalagent/1.1 (+https://developers.facebook.com/docs/sharing/webmasters/crawler)"
74.7.227.134 - - [04/Mar/2026:06:23:25 -0600] "GET /goods.php?detail/2710410552047 HTTP/1.1" 404 16 "https://www.nassaugolf.com" "Mozilla/5.0 AppleWebKit/537.36 (KHTML, like Gecko; compatible; GPTBot/1.3; +https://openai.com/gptbot)"
74.7.227.41 - - [04/Mar/2026:06:23:25 -0600] "GET /goods.php?detail/13102385371850 HTTP/1.1" 404 16 "https://www.nassaugolf.com/goods.php?detail/1310153530739" "Mozilla/5.0 AppleWebKit/537.36 (KHTML, like Gecko; compatible; GPTBot/1.3; +https://openai.com/gptbot)"
57.141.6.28 - - [04/Mar/2026:06:23:25 -0600] "GET /search/011479615d58475/feed/rss2/ HTTP/1.1" 404 - "-" "meta-externalagent/1.1 (+https://developers.facebook.com/docs/sharing/webmasters/crawler)"
74.7.227.134 - - [04/Mar/2026:06:23:26 -0600] "GET /goods.php?detail/0570415752605 HTTP/1.1" 404 16 "https://www.nassaugolf.com" "Mozilla/5.0 AppleWebKit/537.36 (KHTML, like Gecko; compatible; GPTBot/1.3; +https://openai.com/gptbot)"
