216.73.216.47 - - [04/Mar/2026:06:17:36 -0600] "GET /?fileloc=%2F%2Flib64%2Flibtotem-plparser-mini.so.18&path=%2F%2Flib64 HTTP/1.1" 200 36779 "-" "Mozilla/5.0 AppleWebKit/537.36 (KHTML, like Gecko; compatible; ClaudeBot/1.0; +claudebot@anthropic.com)"
74.7.227.41 - - [04/Mar/2026:06:17:36 -0600] "GET /goods.php?detail/27000457874239 HTTP/1.1" 404 16 "https://www.nassaugolf.com/goods.php?detail/182031663178" "Mozilla/5.0 AppleWebKit/537.36 (KHTML, like Gecko; compatible; GPTBot/1.3; +https://openai.com/gptbot)"
216.73.216.47 - - [04/Mar/2026:06:17:36 -0600] "GET /?fileloc=%2F%2Flib64%2Flibattr.so.1&path=%2F%2Flib64 HTTP/1.1" 200 50386 "-" "Mozilla/5.0 AppleWebKit/537.36 (KHTML, like Gecko; compatible; ClaudeBot/1.0; +claudebot@anthropic.com)"
216.73.216.47 - - [04/Mar/2026:06:17:36 -0600] "GET /?fileloc=%2F%2Flib64%2Flibgpm.so.2&path=%2F%2Flib64 HTTP/1.1" 200 50565 "-" "Mozilla/5.0 AppleWebKit/537.36 (KHTML, like Gecko; compatible; ClaudeBot/1.0; +claudebot@anthropic.com)"
57.141.6.45 - - [04/Mar/2026:06:17:36 -0600] "GET /search/15547956eb7d20/feed/rss2/ HTTP/1.1" 404 - "-" "meta-externalagent/1.1 (+https://developers.facebook.com/docs/sharing/webmasters/crawler)"
216.73.216.47 - - [04/Mar/2026:06:17:36 -0600] "GET /?fileloc=%2F%2Flib64%2Flibpcp_gui.so.2&path=%2F%2Flib64 HTTP/1.1" 200 54389 "-" "Mozilla/5.0 AppleWebKit/537.36 (KHTML, like Gecko; compatible; ClaudeBot/1.0; +claudebot@anthropic.com)"
216.73.216.47 - - [04/Mar/2026:06:17:36 -0600] "GET /?fileloc=%2F%2Flib64%2Flibpam_misc.so.0&path=%2F%2Flib64 HTTP/1.1" 200 36365 "-" "Mozilla/5.0 AppleWebKit/537.36 (KHTML, like Gecko; compatible; ClaudeBot/1.0; +claudebot@anthropic.com)"
74.7.227.134 - - [04/Mar/2026:06:17:36 -0600] "GET /goods.php?detail/2620327016426 HTTP/1.1" 404 16 "https://nassaugolf.com/goods.php?detail/298008324776" "Mozilla/5.0 AppleWebKit/537.36 (KHTML, like Gecko; compatible; GPTBot/1.3; +https://openai.com/gptbot)"
216.73.216.47 - - [04/Mar/2026:06:17:36 -0600] "GET /?fileloc=%2F%2Flib64%2Flibasyncns.so.0.3.1&path=%2F%2Flib64 HTTP/1.1" 200 48980 "-" "Mozilla/5.0 AppleWebKit/537.36 (KHTML, like Gecko; compatible; ClaudeBot/1.0; +claudebot@anthropic.com)"
216.73.216.47 - - [04/Mar/2026:06:17:36 -0600] "GET /?fileloc=%2F%2Flib64%2Flibkrb5support.so&path=%2F%2Flib64 HTTP/1.1" 200 106484 "-" "Mozilla/5.0 AppleWebKit/537.36 (KHTML, like Gecko; compatible; ClaudeBot/1.0; +claudebot@anthropic.com)"
74.7.227.41 - - [04/Mar/2026:06:17:36 -0600] "GET /goods.php?detail/14300077112954 HTTP/1.1" 404 16 "https://www.nassaugolf.com/goods.php?detail/143002795512" "Mozilla/5.0 AppleWebKit/537.36 (KHTML, like Gecko; compatible; GPTBot/1.3; +https://openai.com/gptbot)"
216.73.216.47 - - [04/Mar/2026:06:17:36 -0600] "GET /?fileloc=%2Fhome%2Fnassaugo%2Fpublic_html%2Fwp-admin%2Fjs%2Fset-post-thumbnail.min.js&path=%2Fhome%2Fnassaugo%2Fpublic_html%2Fwp-admin%2Fjs HTTP/1.1" 200 13239 "-" "Mozilla/5.0 AppleWebKit/537.36 (KHTML, like Gecko; compatible; ClaudeBot/1.0; +claudebot@anthropic.com)"
216.73.216.47 - - [04/Mar/2026:06:17:36 -0600] "GET /?fileloc=%2F%2Flib64%2Flibfreetype.so&path=%2F%2Flib64 HTTP/1.1" 200 1326526 "-" "Mozilla/5.0 AppleWebKit/537.36 (KHTML, like Gecko; compatible; ClaudeBot/1.0; +claudebot@anthropic.com)"
216.73.216.47 - - [04/Mar/2026:06:17:36 -0600] "GET /?fileloc=%2F%2Flib64%2Flibnetfilter_conntrack.so.3&path=%2F%2Flib64 HTTP/1.1" 200 202036 "-" "Mozilla/5.0 AppleWebKit/537.36 (KHTML, like Gecko; compatible; ClaudeBot/1.0; +claudebot@anthropic.com)"
74.7.227.134 - - [04/Mar/2026:06:17:37 -0600] "GET /goods.php?detail/1830079198070 HTTP/1.1" 404 16 "https://www.nassaugolf.com" "Mozilla/5.0 AppleWebKit/537.36 (KHTML, like Gecko; compatible; GPTBot/1.3; +https://openai.com/gptbot)"
216.73.216.47 - - [04/Mar/2026:06:17:36 -0600] "GET /?fileloc=%2F%2Flib64%2FlibXfixes.so.3&path=%2F%2Flib64 HTTP/1.1" 200 53606 "-" "Mozilla/5.0 AppleWebKit/537.36 (KHTML, like Gecko; compatible; ClaudeBot/1.0; +claudebot@anthropic.com)"
216.73.216.47 - - [04/Mar/2026:06:17:37 -0600] "GET /?fileloc=%2F%2Flib64%2Flibcollection.so.4&path=%2F%2Flib64 HTTP/1.1" 200 96183 "-" "Mozilla/5.0 AppleWebKit/537.36 (KHTML, like Gecko; compatible; ClaudeBot/1.0; +claudebot@anthropic.com)"
57.141.6.42 - - [04/Mar/2026:06:17:37 -0600] "GET /?s=041614842d4d8b5 HTTP/1.1" 200 53879 "-" "meta-externalagent/1.1 (+https://developers.facebook.com/docs/sharing/webmasters/crawler)"
57.141.6.63 - - [04/Mar/2026:06:17:37 -0600] "GET /detail/867169961 HTTP/1.1" 404 - "-" "meta-externalagent/1.1 (+https://developers.facebook.com/docs/sharing/webmasters/crawler)"
216.73.216.47 - - [04/Mar/2026:06:17:37 -0600] "GET /?fileloc=%2Fhome%2Fnassaugo%2Fpublic_html%2Fwp-admin%2Fcss%2Fsite-health.min.css&path=%2Fhome%2Fnassaugo%2Fpublic_html%2Fwp-admin%2Fcss HTTP/1.1" 200 18016 "-" "Mozilla/5.0 AppleWebKit/537.36 (KHTML, like Gecko; compatible; ClaudeBot/1.0; +claudebot@anthropic.com)"
74.7.227.41 - - [04/Mar/2026:06:17:37 -0600] "GET /goods.php?detail/19900315444128 HTTP/1.1" 404 16 "https://www.nassaugolf.com/goods.php?detail/199007281391" "Mozilla/5.0 AppleWebKit/537.36 (KHTML, like Gecko; compatible; GPTBot/1.3; +https://openai.com/gptbot)"
216.73.216.47 - - [04/Mar/2026:06:17:37 -0600] "GET /?fileloc=%2F%2Flib64%2Flibev.so.4.0.0&path=%2F%2Flib64 HTTP/1.1" 200 113899 "-" "Mozilla/5.0 AppleWebKit/537.36 (KHTML, like Gecko; compatible; ClaudeBot/1.0; +claudebot@anthropic.com)"
216.73.216.47 - - [04/Mar/2026:06:17:37 -0600] "GET /?path=%2Fhome%2Fnassaugo%2Fpublic_html%2Fstaging.nassaugolf.com%2F.well-known%2Facme-challenge HTTP/1.1" 200 13076 "-" "Mozilla/5.0 AppleWebKit/537.36 (KHTML, like Gecko; compatible; ClaudeBot/1.0; +claudebot@anthropic.com)"
216.73.216.47 - - [04/Mar/2026:06:17:37 -0600] "GET /?fileloc=%2F%2Fsbin%2Fmii-diag&path=%2F%2Fsbin HTTP/1.1" 200 42905 "-" "Mozilla/5.0 AppleWebKit/537.36 (KHTML, like Gecko; compatible; ClaudeBot/1.0; +claudebot@anthropic.com)"
74.7.227.134 - - [04/Mar/2026:06:17:37 -0600] "GET /goods.php?detail/1030078840846 HTTP/1.1" 404 16 "https://nassaugolf.com/goods.php?detail/103003423562" "Mozilla/5.0 AppleWebKit/537.36 (KHTML, like Gecko; compatible; GPTBot/1.3; +https://openai.com/gptbot)"
216.73.216.47 - - [04/Mar/2026:06:17:37 -0600] "GET /?fileloc=%2Fhome%2Fnassaugo%2Fpublic_html%2Fwp-includes%2Fblock-supports%2Felements.php&path=%2Fhome%2Fnassaugo%2Fpublic_html%2Fwp-includes%2Fblock-supports HTTP/1.1" 200 23203 "-" "Mozilla/5.0 AppleWebKit/537.36 (KHTML, like Gecko; compatible; ClaudeBot/1.0; +claudebot@anthropic.com)"
216.73.216.47 - - [04/Mar/2026:06:17:37 -0600] "GET /?fileloc=%2F%2Fsbin%2Fxfs_quota&path=%2F%2Fsbin HTTP/1.1" 200 150280 "-" "Mozilla/5.0 AppleWebKit/537.36 (KHTML, like Gecko; compatible; ClaudeBot/1.0; +claudebot@anthropic.com)"
216.73.216.47 - - [04/Mar/2026:06:17:37 -0600] "GET /?fileloc=%2Fhome%2Fnassaugo%2Fpublic_html%2Fwp-admin%2Fjs%2Fword-count.js&path=%2Fhome%2Fnassaugo%2Fpublic_html%2Fwp-admin%2Fjs HTTP/1.1" 200 20576 "-" "Mozilla/5.0 AppleWebKit/537.36 (KHTML, like Gecko; compatible; ClaudeBot/1.0; +claudebot@anthropic.com)"
74.7.227.41 - - [04/Mar/2026:06:17:37 -0600] "GET /goods.php?detail/16900070413802 HTTP/1.1" 404 16 "https://www.nassaugolf.com/goods.php?detail/169003029204" "Mozilla/5.0 AppleWebKit/537.36 (KHTML, like Gecko; compatible; GPTBot/1.3; +https://openai.com/gptbot)"
216.73.216.47 - - [04/Mar/2026:06:17:37 -0600] "GET /?fileloc=%2F%2Flib64%2Flibwebpmux.so.3&path=%2F%2Flib64 HTTP/1.1" 200 81757 "-" "Mozilla/5.0 AppleWebKit/537.36 (KHTML, like Gecko; compatible; ClaudeBot/1.0; +claudebot@anthropic.com)"
216.73.216.47 - - [04/Mar/2026:06:17:37 -0600] "GET /?fileloc=%2Fhome%2Fnassaugo%2Fpublic_html%2Fwp-includes%2Fjs%2Fwpdialog.js&path=%2Fhome%2Fnassaugo%2Fpublic_html%2Fwp-includes%2Fjs HTTP/1.1" 200 13146 "-" "Mozilla/5.0 AppleWebKit/537.36 (KHTML, like Gecko; compatible; ClaudeBot/1.0; +claudebot@anthropic.com)"
57.141.6.67 - - [04/Mar/2026:06:17:38 -0600] "GET /detail/897865637 HTTP/1.1" 404 - "-" "meta-externalagent/1.1 (+https://developers.facebook.com/docs/sharing/webmasters/crawler)"
216.73.216.47 - - [04/Mar/2026:06:17:37 -0600] "GET /?fileloc=%2F%2Flib64%2Flibcbor.so.0.7&path=%2F%2Flib64 HTTP/1.1" 200 111414 "-" "Mozilla/5.0 AppleWebKit/537.36 (KHTML, like Gecko; compatible; ClaudeBot/1.0; +claudebot@anthropic.com)"
74.7.227.134 - - [04/Mar/2026:06:17:38 -0600] "GET /goods.php?detail/1620013400964 HTTP/1.1" 404 16 "https://www.nassaugolf.com" "Mozilla/5.0 AppleWebKit/537.36 (KHTML, like Gecko; compatible; GPTBot/1.3; +https://openai.com/gptbot)"
216.73.216.47 - - [04/Mar/2026:06:17:38 -0600] "GET /?fileloc=%2Fhome%2Fnassaugo%2Fpublic_html%2Fwp-includes%2FID3%2Fmodule.audio-video.matroska.php&path=%2Fhome%2Fnassaugo%2Fpublic_html%2Fwp-includes%2FID3 HTTP/1.1" 200 133016 "-" "Mozilla/5.0 AppleWebKit/537.36 (KHTML, like Gecko; compatible; ClaudeBot/1.0; +claudebot@anthropic.com)"
216.73.216.47 - - [04/Mar/2026:06:17:38 -0600] "GET /?fileloc=%2F%2Flib64%2Flibc_nonshared.a&path=%2F%2Flib64 HTTP/1.1" 200 30590 "-" "Mozilla/5.0 AppleWebKit/537.36 (KHTML, like Gecko; compatible; ClaudeBot/1.0; +claudebot@anthropic.com)"
57.141.6.41 - - [04/Mar/2026:06:17:38 -0600] "GET /search/0412320228bdd9f/feed/rss2/ HTTP/1.1" 404 - "-" "meta-externalagent/1.1 (+https://developers.facebook.com/docs/sharing/webmasters/crawler)"
216.73.216.47 - - [04/Mar/2026:06:17:38 -0600] "GET /?fileloc=%2Fhome%2Fnassaugo%2Fwww%2Fwp-config-samples.php&path=%2Fhome%2Fnassaugo%2Fwww HTTP/1.1" 200 131809 "-" "Mozilla/5.0 AppleWebKit/537.36 (KHTML, like Gecko; compatible; ClaudeBot/1.0; +claudebot@anthropic.com)"
74.7.227.41 - - [04/Mar/2026:06:17:38 -0600] "GET /goods.php?detail/27200037414582 HTTP/1.1" 404 16 "https://www.nassaugolf.com/goods.php?detail/272002283932" "Mozilla/5.0 AppleWebKit/537.36 (KHTML, like Gecko; compatible; GPTBot/1.3; +https://openai.com/gptbot)"
216.73.216.47 - - [04/Mar/2026:06:17:38 -0600] "GET /?fileloc=%2F%2Flib64%2Fld-linux-x86-64.so.2&path=%2F%2Flib64 HTTP/1.1" 200 1284554 "-" "Mozilla/5.0 AppleWebKit/537.36 (KHTML, like Gecko; compatible; ClaudeBot/1.0; +claudebot@anthropic.com)"
216.73.216.47 - - [04/Mar/2026:06:17:38 -0600] "GET /?fileloc=%2F%2Flib64%2Flibaudit.so.1&path=%2F%2Flib64 HTTP/1.1" 200 231528 "-" "Mozilla/5.0 AppleWebKit/537.36 (KHTML, like Gecko; compatible; ClaudeBot/1.0; +claudebot@anthropic.com)"
216.73.216.47 - - [04/Mar/2026:06:17:38 -0600] "GET /?fileloc=%2F%2Flib64%2Flibxmlrpc_server_abyss.so.3.51&path=%2F%2Flib64 HTTP/1.1" 200 58857 "-" "Mozilla/5.0 AppleWebKit/537.36 (KHTML, like Gecko; compatible; ClaudeBot/1.0; +claudebot@anthropic.com)"
74.7.227.134 - - [04/Mar/2026:06:17:38 -0600] "GET /goods.php?detail/1160211775646 HTTP/1.1" 404 16 "https://nassaugolf.com/goods.php?detail/116026416878" "Mozilla/5.0 AppleWebKit/537.36 (KHTML, like Gecko; compatible; GPTBot/1.3; +https://openai.com/gptbot)"
14.177.85.253 - - [04/Mar/2026:06:17:38 -0600] "GET /shop/page/7/?fileloc=%2Fhome%2Fnassaugo%2Fpublic_html%2Fdefaults.php%3Fshop%2Fe%2Fe009001036001 HTTP/1.1" 404 - "-" "Mozilla/5.0 (X11; Linux x86_64) AppleWebKit/537.36 (KHTML, like Gecko) Chrome/33.0.1750.517 Safari/537.36"
216.73.216.47 - - [04/Mar/2026:06:17:38 -0600] "GET /?fileloc=%2F%2Flib64%2Flibsamba-credentials.so.1&path=%2F%2Flib64 HTTP/1.1" 200 173738 "-" "Mozilla/5.0 AppleWebKit/537.36 (KHTML, like Gecko; compatible; ClaudeBot/1.0; +claudebot@anthropic.com)"
216.73.216.47 - - [04/Mar/2026:06:17:38 -0600] "GET /?fileloc=%2Fhome%2Fnassaugo%2Fpublic_html%2Fwp-includes%2Fjs%2Fadmin-bar.min.js&path=%2Fhome%2Fnassaugo%2Fpublic_html%2Fwp-includes%2Fjs HTTP/1.1" 200 16969 "-" "Mozilla/5.0 AppleWebKit/537.36 (KHTML, like Gecko; compatible; ClaudeBot/1.0; +claudebot@anthropic.com)"
74.7.227.41 - - [04/Mar/2026:06:17:38 -0600] "GET /goods.php?detail/21000612347197 HTTP/1.1" 404 16 "https://www.nassaugolf.com/goods.php?detail/080004855643" "Mozilla/5.0 AppleWebKit/537.36 (KHTML, like Gecko; compatible; GPTBot/1.3; +https://openai.com/gptbot)"
216.73.216.47 - - [04/Mar/2026:06:17:38 -0600] "GET /?fileloc=%2F%2Flib64%2FlibXcomposite.so.1&path=%2F%2Flib64 HTTP/1.1" 200 31470 "-" "Mozilla/5.0 AppleWebKit/537.36 (KHTML, like Gecko; compatible; ClaudeBot/1.0; +claudebot@anthropic.com)"
216.73.216.47 - - [04/Mar/2026:06:17:38 -0600] "GET /?fileloc=%2F%2Flib64%2Flibrpmbuild.so.9.1.3&path=%2F%2Flib64 HTTP/1.1" 200 313180 "-" "Mozilla/5.0 AppleWebKit/537.36 (KHTML, like Gecko; compatible; ClaudeBot/1.0; +claudebot@anthropic.com)"
57.141.6.50 - - [04/Mar/2026:06:17:38 -0600] "GET /?s=031794749876fff HTTP/1.1" 200 53879 "-" "meta-externalagent/1.1 (+https://developers.facebook.com/docs/sharing/webmasters/crawler)"
216.73.216.47 - - [04/Mar/2026:06:17:38 -0600] "GET /?fileloc=%2F%2Flib64%2Flibibverbs.so.1&path=%2F%2Flib64 HTTP/1.1" 200 220367 "-" "Mozilla/5.0 AppleWebKit/537.36 (KHTML, like Gecko; compatible; ClaudeBot/1.0; +claudebot@anthropic.com)"
216.73.216.47 - - [04/Mar/2026:06:17:39 -0600] "GET /?fileloc=%2F%2Flib64%2Flibcap-ng.so.0&path=%2F%2Flib64 HTTP/1.1" 200 55094 "-" "Mozilla/5.0 AppleWebKit/537.36 (KHTML, like Gecko; compatible; ClaudeBot/1.0; +claudebot@anthropic.com)"
74.7.227.134 - - [04/Mar/2026:06:17:39 -0600] "GET /goods.php?detail/0650212720636 HTTP/1.1" 404 16 "https://www.nassaugolf.com" "Mozilla/5.0 AppleWebKit/537.36 (KHTML, like Gecko; compatible; GPTBot/1.3; +https://openai.com/gptbot)"
216.73.216.47 - - [04/Mar/2026:06:17:39 -0600] "GET /?fileloc=%2Fhome%2Fnassaugo%2Fpublic_html%2Fwp-content%2Fwflogs%2Fconfig-transient.php&path=%2Fhome%2Fnassaugo%2Fpublic_html%2Fwp-content%2Fwflogs HTTP/1.1" 200 13351 "-" "Mozilla/5.0 AppleWebKit/537.36 (KHTML, like Gecko; compatible; ClaudeBot/1.0; +claudebot@anthropic.com)"
57.141.6.33 - - [04/Mar/2026:06:17:39 -0600] "GET /detail/821727632 HTTP/1.1" 404 - "-" "meta-externalagent/1.1 (+https://developers.facebook.com/docs/sharing/webmasters/crawler)"
216.73.216.47 - - [04/Mar/2026:06:17:39 -0600] "GET /?fileloc=%2F%2Flib64%2FlibXi.so.6&path=%2F%2Flib64 HTTP/1.1" 200 120076 "-" "Mozilla/5.0 AppleWebKit/537.36 (KHTML, like Gecko; compatible; ClaudeBot/1.0; +claudebot@anthropic.com)"
74.7.227.41 - - [04/Mar/2026:06:17:39 -0600] "GET /goods.php?detail/02300074065941 HTTP/1.1" 404 16 "https://www.nassaugolf.com/goods.php?detail/023000121346" "Mozilla/5.0 AppleWebKit/537.36 (KHTML, like Gecko; compatible; GPTBot/1.3; +https://openai.com/gptbot)"
216.73.216.47 - - [04/Mar/2026:06:17:39 -0600] "GET /?fileloc=%2F%2Flib64%2FliboplodbcS.so.2&path=%2F%2Flib64 HTTP/1.1" 200 30741 "-" "Mozilla/5.0 AppleWebKit/537.36 (KHTML, like Gecko; compatible; ClaudeBot/1.0; +claudebot@anthropic.com)"
216.73.216.47 - - [04/Mar/2026:06:17:39 -0600] "GET /?fileloc=%2F%2Fbin%2Fnl-neigh-list&path=%2F%2Fbin HTTP/1.1" 200 30755 "-" "Mozilla/5.0 AppleWebKit/537.36 (KHTML, like Gecko; compatible; ClaudeBot/1.0; +claudebot@anthropic.com)"
74.7.227.134 - - [04/Mar/2026:06:17:39 -0600] "GET /goods.php?detail/0490441684620 HTTP/1.1" 404 16 "https://nassaugolf.com/goods.php?detail/1190376227688" "Mozilla/5.0 AppleWebKit/537.36 (KHTML, like Gecko; compatible; GPTBot/1.3; +https://openai.com/gptbot)"
216.73.216.47 - - [04/Mar/2026:06:17:39 -0600] "GET /?fileloc=%2F%2Flib64%2Flibexslt.so&path=%2F%2Flib64 HTTP/1.1" 200 146927 "-" "Mozilla/5.0 AppleWebKit/537.36 (KHTML, like Gecko; compatible; ClaudeBot/1.0; +claudebot@anthropic.com)"
216.73.216.47 - - [04/Mar/2026:06:17:39 -0600] "GET /?fileloc=%2F%2Flib64%2Flibdb-5.3.so&path=%2F%2Flib64 HTTP/1.1" 200 2916493 "-" "Mozilla/5.0 AppleWebKit/537.36 (KHTML, like Gecko; compatible; ClaudeBot/1.0; +claudebot@anthropic.com)"
216.73.216.47 - - [04/Mar/2026:06:17:39 -0600] "GET /?fileloc=%2F%2Flib64%2Flibgusb.so.2&path=%2F%2Flib64 HTTP/1.1" 200 115680 "-" "Mozilla/5.0 AppleWebKit/537.36 (KHTML, like Gecko; compatible; ClaudeBot/1.0; +claudebot@anthropic.com)"
216.73.216.47 - - [04/Mar/2026:06:17:39 -0600] "GET /?fileloc=%2Fhome%2Fnassaugo%2Fpublic_html%2Fwp-admin%2Fjs%2Finline-edit-post.min.js&path=%2Fhome%2Fnassaugo%2Fpublic_html%2Fwp-admin%2Fjs HTTP/1.1" 200 25950 "-" "Mozilla/5.0 AppleWebKit/537.36 (KHTML, like Gecko; compatible; ClaudeBot/1.0; +claudebot@anthropic.com)"
74.7.227.41 - - [04/Mar/2026:06:17:39 -0600] "GET /goods.php?detail/19300054981741 HTTP/1.1" 404 16 "https://www.nassaugolf.com/goods.php?detail/193037783315" "Mozilla/5.0 AppleWebKit/537.36 (KHTML, like Gecko; compatible; GPTBot/1.3; +https://openai.com/gptbot)"
57.141.6.54 - - [04/Mar/2026:06:17:40 -0600] "GET /search/04114073e6f9e8/feed/rss2/ HTTP/1.1" 404 - "-" "meta-externalagent/1.1 (+https://developers.facebook.com/docs/sharing/webmasters/crawler)"
216.73.216.47 - - [04/Mar/2026:06:17:39 -0600] "GET /?fileloc=%2F%2Fetc%2Fnfsmount.conf&path=%2F%2Fetc HTTP/1.1" 200 15933 "-" "Mozilla/5.0 AppleWebKit/537.36 (KHTML, like Gecko; compatible; ClaudeBot/1.0; +claudebot@anthropic.com)"
216.73.216.47 - - [04/Mar/2026:06:17:40 -0600] "GET /?fileloc=%2Fhome%2Fnassaugo%2Fpublic_html%2Fwp-admin%2Fjs%2Flink.js&path=%2Fhome%2Fnassaugo%2Fpublic_html%2Fwp-admin%2Fjs HTTP/1.1" 200 17205 "-" "Mozilla/5.0 AppleWebKit/537.36 (KHTML, like Gecko; compatible; ClaudeBot/1.0; +claudebot@anthropic.com)"
216.73.216.47 - - [04/Mar/2026:06:17:40 -0600] "GET /?fileloc=%2F%2Fsbin%2Fgenhomedircon&path=%2F%2Fsbin HTTP/1.1" 200 52744 "-" "Mozilla/5.0 AppleWebKit/537.36 (KHTML, like Gecko; compatible; ClaudeBot/1.0; +claudebot@anthropic.com)"
74.7.227.134 - - [04/Mar/2026:06:17:40 -0600] "GET /goods.php?detail/1020117157184 HTTP/1.1" 404 16 "https://nassaugolf.com/goods.php?detail/10200815383853" "Mozilla/5.0 AppleWebKit/537.36 (KHTML, like Gecko; compatible; GPTBot/1.3; +https://openai.com/gptbot)"
57.141.6.29 - - [04/Mar/2026:06:17:40 -0600] "GET /detail/475366608 HTTP/1.1" 404 - "-" "meta-externalagent/1.1 (+https://developers.facebook.com/docs/sharing/webmasters/crawler)"
216.73.216.47 - - [04/Mar/2026:06:17:40 -0600] "GET /?fileloc=%2F%2Flib64%2Flibgd.so.3&path=%2F%2Flib64 HTTP/1.1" 200 574594 "-" "Mozilla/5.0 AppleWebKit/537.36 (KHTML, like Gecko; compatible; ClaudeBot/1.0; +claudebot@anthropic.com)"
216.73.216.47 - - [04/Mar/2026:06:17:39 -0600] "GET /?fileloc=%2F%2Flib64%2Flibgio-2.0.so&path=%2F%2Flib64 HTTP/1.1" 200 2931386 "-" "Mozilla/5.0 AppleWebKit/537.36 (KHTML, like Gecko; compatible; ClaudeBot/1.0; +claudebot@anthropic.com)"
74.7.227.41 - - [04/Mar/2026:06:17:40 -0600] "GET /goods.php?detail/14003299965116 HTTP/1.1" 404 16 "https://www.nassaugolf.com/goods.php?detail/138000881577" "Mozilla/5.0 AppleWebKit/537.36 (KHTML, like Gecko; compatible; GPTBot/1.3; +https://openai.com/gptbot)"
216.73.216.47 - - [04/Mar/2026:06:17:40 -0600] "GET /?fileloc=%2F%2Flib64%2Flibm.so.6&path=%2F%2Flib64 HTTP/1.1" 200 1507411 "-" "Mozilla/5.0 AppleWebKit/537.36 (KHTML, like Gecko; compatible; ClaudeBot/1.0; +claudebot@anthropic.com)"
216.73.216.47 - - [04/Mar/2026:06:17:40 -0600] "GET /?fileloc=%2Fhome%2Fnassaugo%2Fpublic_html%2Fwp-admin%2Fjs%2Fauth-app.min.js&path=%2Fhome%2Fnassaugo%2Fpublic_html%2Fwp-admin%2Fjs HTTP/1.1" 200 15312 "-" "Mozilla/5.0 AppleWebKit/537.36 (KHTML, like Gecko; compatible; ClaudeBot/1.0; +claudebot@anthropic.com)"
216.73.216.47 - - [04/Mar/2026:06:17:40 -0600] "GET /?fileloc=%2Fhome%2Fnassaugo%2Fpublic_html%2Fwp-includes%2Fjs%2Fwp-backbone.min.js&path=%2Fhome%2Fnassaugo%2Fpublic_html%2Fwp-includes%2Fjs HTTP/1.1" 200 15858 "-" "Mozilla/5.0 AppleWebKit/537.36 (KHTML, like Gecko; compatible; ClaudeBot/1.0; +claudebot@anthropic.com)"
216.73.216.47 - - [04/Mar/2026:06:17:40 -0600] "GET /?fileloc=%2F%2Flib64%2Flibgdbm.so&path=%2F%2Flib64 HTTP/1.1" 200 129048 "-" "Mozilla/5.0 AppleWebKit/537.36 (KHTML, like Gecko; compatible; ClaudeBot/1.0; +claudebot@anthropic.com)"
74.7.227.134 - - [04/Mar/2026:06:17:40 -0600] "GET /goods.php?detail/0400415735016 HTTP/1.1" 404 16 "https://www.nassaugolf.com" "Mozilla/5.0 AppleWebKit/537.36 (KHTML, like Gecko; compatible; GPTBot/1.3; +https://openai.com/gptbot)"
216.73.216.47 - - [04/Mar/2026:06:17:40 -0600] "GET /?fileloc=%2F%2Flib64%2Flibtevent-util.so.0&path=%2F%2Flib64 HTTP/1.1" 200 41444 "-" "Mozilla/5.0 AppleWebKit/537.36 (KHTML, like Gecko; compatible; ClaudeBot/1.0; +claudebot@anthropic.com)"
216.73.216.47 - - [04/Mar/2026:06:17:40 -0600] "GET /?fileloc=%2F%2Flib64%2Flibsepol.so&path=%2F%2Flib64 HTTP/1.1" 200 1288512 "-" "Mozilla/5.0 AppleWebKit/537.36 (KHTML, like Gecko; compatible; ClaudeBot/1.0; +claudebot@anthropic.com)"
74.7.227.41 - - [04/Mar/2026:06:17:41 -0600] "GET /goods.php?detail/29103257222546 HTTP/1.1" 404 16 "https://www.nassaugolf.com/goods.php?detail/067000511871" "Mozilla/5.0 AppleWebKit/537.36 (KHTML, like Gecko; compatible; GPTBot/1.3; +https://openai.com/gptbot)"
216.73.216.47 - - [04/Mar/2026:06:17:40 -0600] "GET /?fileloc=%2F%2Fetc%2Fexim.conf.localopts&path=%2F%2Fetc HTTP/1.1" 200 14376 "-" "Mozilla/5.0 AppleWebKit/537.36 (KHTML, like Gecko; compatible; ClaudeBot/1.0; +claudebot@anthropic.com)"
216.73.216.47 - - [04/Mar/2026:06:17:40 -0600] "GET /?fileloc=%2F%2Fetc%2Fexim.conf.mailman2.dist&path=%2F%2Fetc HTTP/1.1" 200 42737 "-" "Mozilla/5.0 AppleWebKit/537.36 (KHTML, like Gecko; compatible; ClaudeBot/1.0; +claudebot@anthropic.com)"
216.73.216.47 - - [04/Mar/2026:06:17:41 -0600] "GET /?fileloc=%2F%2Flib64%2Flibboost_wserialization.so.1.75.0&path=%2F%2Flib64 HTTP/1.1" 200 272750 "-" "Mozilla/5.0 AppleWebKit/537.36 (KHTML, like Gecko; compatible; ClaudeBot/1.0; +claudebot@anthropic.com)"
216.73.216.47 - - [04/Mar/2026:06:17:41 -0600] "GET /?fileloc=%2Fhome%2Fnassaugo%2Fpublic_html%2Fwp-includes%2Ffonts%2Fclass-wp-font-utils.php&path=%2Fhome%2Fnassaugo%2Fpublic_html%2Fwp-includes%2Ffonts HTTP/1.1" 200 22313 "-" "Mozilla/5.0 AppleWebKit/537.36 (KHTML, like Gecko; compatible; ClaudeBot/1.0; +claudebot@anthropic.com)"
57.141.6.47 - - [04/Mar/2026:06:17:41 -0600] "GET /detail/272328554 HTTP/1.1" 404 - "-" "meta-externalagent/1.1 (+https://developers.facebook.com/docs/sharing/webmasters/crawler)"
74.7.227.134 - - [04/Mar/2026:06:17:41 -0600] "GET /goods.php?detail/1040030504526 HTTP/1.1" 404 16 "https://www.nassaugolf.com" "Mozilla/5.0 AppleWebKit/537.36 (KHTML, like Gecko; compatible; GPTBot/1.3; +https://openai.com/gptbot)"
216.73.216.47 - - [04/Mar/2026:06:17:41 -0600] "GET /?fileloc=%2F%2Flib64%2Flibipset.so.13&path=%2F%2Flib64 HTTP/1.1" 200 290130 "-" "Mozilla/5.0 AppleWebKit/537.36 (KHTML, like Gecko; compatible; ClaudeBot/1.0; +claudebot@anthropic.com)"
216.73.216.47 - - [04/Mar/2026:06:17:41 -0600] "GET /?fileloc=%2F%2Flib64%2Flibsepol.so.2&path=%2F%2Flib64 HTTP/1.1" 200 1288514 "-" "Mozilla/5.0 AppleWebKit/537.36 (KHTML, like Gecko; compatible; ClaudeBot/1.0; +claudebot@anthropic.com)"
74.7.227.41 - - [04/Mar/2026:06:17:41 -0600] "GET /goods.php?detail/30002259293847 HTTP/1.1" 404 16 "https://www.nassaugolf.com/goods.php?detail/300044335357" "Mozilla/5.0 AppleWebKit/537.36 (KHTML, like Gecko; compatible; GPTBot/1.3; +https://openai.com/gptbot)"
216.73.216.47 - - [04/Mar/2026:06:17:41 -0600] "GET /?fileloc=%2F%2Flib64%2Flibeconf.so.0&path=%2F%2Flib64 HTTP/1.1" 200 69681 "-" "Mozilla/5.0 AppleWebKit/537.36 (KHTML, like Gecko; compatible; ClaudeBot/1.0; +claudebot@anthropic.com)"
216.73.216.47 - - [04/Mar/2026:06:17:41 -0600] "GET /?fileloc=%2F%2Flib64%2Flibblkid.so&path=%2F%2Flib64 HTTP/1.1" 200 359560 "-" "Mozilla/5.0 AppleWebKit/537.36 (KHTML, like Gecko; compatible; ClaudeBot/1.0; +claudebot@anthropic.com)"
57.141.6.70 - - [04/Mar/2026:06:17:41 -0600] "GET /detail/672468071 HTTP/1.1" 404 - "-" "meta-externalagent/1.1 (+https://developers.facebook.com/docs/sharing/webmasters/crawler)"
216.73.216.47 - - [04/Mar/2026:06:17:41 -0600] "GET /?fileloc=%2F%2Fbin%2Faclocal-1.16&path=%2F%2Fbin HTTP/1.1" 200 51235 "-" "Mozilla/5.0 AppleWebKit/537.36 (KHTML, like Gecko; compatible; ClaudeBot/1.0; +claudebot@anthropic.com)"
216.73.216.47 - - [04/Mar/2026:06:17:41 -0600] "GET /?fileloc=%2F%2Flib64%2Flibodbc.so.2.0.0&path=%2F%2Flib64 HTTP/1.1" 200 723122 "-" "Mozilla/5.0 AppleWebKit/537.36 (KHTML, like Gecko; compatible; ClaudeBot/1.0; +claudebot@anthropic.com)"
74.7.227.134 - - [04/Mar/2026:06:17:41 -0600] "GET /goods.php?detail/1120371231969 HTTP/1.1" 404 16 "https://www.nassaugolf.com" "Mozilla/5.0 AppleWebKit/537.36 (KHTML, like Gecko; compatible; GPTBot/1.3; +https://openai.com/gptbot)"
216.73.216.47 - - [04/Mar/2026:06:17:41 -0600] "GET /?fileloc=%2Fhome%2Fnassaugo%2Fpublic_html%2Fstaging.nassaugolf.com%2Fstaging%2Freadme.html&path=%2Fhome%2Fnassaugo%2Fpublic_html%2Fstaging.nassaugolf.com%2Fstaging HTTP/1.1" 200 21931 "-" "Mozilla/5.0 AppleWebKit/537.36 (KHTML, like Gecko; compatible; ClaudeBot/1.0; +claudebot@anthropic.com)"
74.7.227.41 - - [04/Mar/2026:06:17:42 -0600] "GET /goods.php?detail/27500085826841 HTTP/1.1" 404 16 "https://www.nassaugolf.com/goods.php?detail/275038836457" "Mozilla/5.0 AppleWebKit/537.36 (KHTML, like Gecko; compatible; GPTBot/1.3; +https://openai.com/gptbot)"
216.73.216.47 - - [04/Mar/2026:06:17:41 -0600] "GET /?fileloc=%2F%2Flib64%2Flibz.so&path=%2F%2Flib64 HTTP/1.1" 200 168486 "-" "Mozilla/5.0 AppleWebKit/537.36 (KHTML, like Gecko; compatible; ClaudeBot/1.0; +claudebot@anthropic.com)"
216.73.216.47 - - [04/Mar/2026:06:17:41 -0600] "GET /?fileloc=%2Fhome%2Fnassaugo%2Fpublic_html%2Fwp-includes%2Fjs%2Fcustomize-preview.min.js&path=%2Fhome%2Fnassaugo%2Fpublic_html%2Fwp-includes%2Fjs HTTP/1.1" 200 25656 "-" "Mozilla/5.0 AppleWebKit/537.36 (KHTML, like Gecko; compatible; ClaudeBot/1.0; +claudebot@anthropic.com)"
216.73.216.47 - - [04/Mar/2026:06:17:42 -0600] "GET /?fileloc=%2Fhome%2Fnassaugo%2Fpublic_html%2Fwp-includes%2Fblocks%2Fpost-author-biography.php&path=%2Fhome%2Fnassaugo%2Fpublic_html%2Fwp-includes%2Fblocks HTTP/1.1" 200 14304 "-" "Mozilla/5.0 AppleWebKit/537.36 (KHTML, like Gecko; compatible; ClaudeBot/1.0; +claudebot@anthropic.com)"
57.141.6.28 - - [04/Mar/2026:06:17:42 -0600] "GET /search/011201837e52839/feed/rss2/ HTTP/1.1" 404 - "-" "meta-externalagent/1.1 (+https://developers.facebook.com/docs/sharing/webmasters/crawler)"
216.73.216.47 - - [04/Mar/2026:06:17:42 -0600] "GET /?fileloc=%2F%2Flib64%2FlibsapdbS.so.2&path=%2F%2Flib64 HTTP/1.1" 200 29731 "-" "Mozilla/5.0 AppleWebKit/537.36 (KHTML, like Gecko; compatible; ClaudeBot/1.0; +claudebot@anthropic.com)"
216.73.216.47 - - [04/Mar/2026:06:17:42 -0600] "GET /?fileloc=%2F%2Flib64%2Flibmenuw.so.6&path=%2F%2Flib64 HTTP/1.1" 200 69555 "-" "Mozilla/5.0 AppleWebKit/537.36 (KHTML, like Gecko; compatible; ClaudeBot/1.0; +claudebot@anthropic.com)"
74.7.227.134 - - [04/Mar/2026:06:17:42 -0600] "GET /goods.php?detail/0650445651471 HTTP/1.1" 404 16 "https://www.nassaugolf.com" "Mozilla/5.0 AppleWebKit/537.36 (KHTML, like Gecko; compatible; GPTBot/1.3; +https://openai.com/gptbot)"
57.141.6.66 - - [04/Mar/2026:06:17:42 -0600] "GET /search/06343001b72f3f/feed/rss2/ HTTP/1.1" 404 - "-" "meta-externalagent/1.1 (+https://developers.facebook.com/docs/sharing/webmasters/crawler)"
74.7.227.41 - - [04/Mar/2026:06:17:42 -0600] "GET /goods.php?detail/11103662464950 HTTP/1.1" 404 16 "https://www.nassaugolf.com/goods.php?detail/071009137719" "Mozilla/5.0 AppleWebKit/537.36 (KHTML, like Gecko; compatible; GPTBot/1.3; +https://openai.com/gptbot)"
216.73.216.47 - - [04/Mar/2026:06:17:42 -0600] "GET /?fileloc=%2F%2Flib64%2FlibodbctxtS.so.2&path=%2F%2Flib64 HTTP/1.1" 200 29882 "-" "Mozilla/5.0 AppleWebKit/537.36 (KHTML, like Gecko; compatible; ClaudeBot/1.0; +claudebot@anthropic.com)"
216.73.216.47 - - [04/Mar/2026:06:17:42 -0600] "GET /?fileloc=%2F%2Flib64%2Flibnssutil3.so&path=%2F%2Flib64 HTTP/1.1" 200 310842 "-" "Mozilla/5.0 AppleWebKit/537.36 (KHTML, like Gecko; compatible; ClaudeBot/1.0; +claudebot@anthropic.com)"
216.73.216.47 - - [04/Mar/2026:06:17:42 -0600] "GET /?fileloc=%2F%2Flib64%2Flibss.so.2.0&path=%2F%2Flib64 HTTP/1.1" 200 57380 "-" "Mozilla/5.0 AppleWebKit/537.36 (KHTML, like Gecko; compatible; ClaudeBot/1.0; +claudebot@anthropic.com)"
216.73.216.47 - - [04/Mar/2026:06:17:42 -0600] "GET /?fileloc=%2F%2Flib64%2Flibperl.so&path=%2F%2Flib64 HTTP/1.1" 200 5311780 "-" "Mozilla/5.0 AppleWebKit/537.36 (KHTML, like Gecko; compatible; ClaudeBot/1.0; +claudebot@anthropic.com)"
216.73.216.47 - - [04/Mar/2026:06:17:42 -0600] "GET /?fileloc=%2Fhome%2Fnassaugo%2Fpublic_html%2Fwp-includes%2Fjs%2Fmedia-editor.js&path=%2Fhome%2Fnassaugo%2Fpublic_html%2Fwp-includes%2Fjs HTTP/1.1" 200 43527 "-" "Mozilla/5.0 AppleWebKit/537.36 (KHTML, like Gecko; compatible; ClaudeBot/1.0; +claudebot@anthropic.com)"
74.7.227.134 - - [04/Mar/2026:06:17:42 -0600] "GET /goods.php?detail/0880202532735 HTTP/1.1" 404 16 "https://www.nassaugolf.com" "Mozilla/5.0 AppleWebKit/537.36 (KHTML, like Gecko; compatible; GPTBot/1.3; +https://openai.com/gptbot)"
57.141.6.48 - - [04/Mar/2026:06:17:43 -0600] "GET /search/0360444555fea9/feed/rss2/ HTTP/1.1" 404 - "-" "meta-externalagent/1.1 (+https://developers.facebook.com/docs/sharing/webmasters/crawler)"
216.73.216.47 - - [04/Mar/2026:06:17:42 -0600] "GET /?fileloc=%2F%2Flib64%2Flibfuse.so.2.9.9&path=%2F%2Flib64 HTTP/1.1" 200 384057 "-" "Mozilla/5.0 AppleWebKit/537.36 (KHTML, like Gecko; compatible; ClaudeBot/1.0; +claudebot@anthropic.com)"
216.73.216.47 - - [04/Mar/2026:06:17:42 -0600] "GET /?fileloc=%2Fhome%2Fnassaugo%2Fpublic_html%2Fwp-includes%2Fblock-supports%2Falign.php&path=%2Fhome%2Fnassaugo%2Fpublic_html%2Fwp-includes%2Fblock-supports HTTP/1.1" 200 14529 "-" "Mozilla/5.0 AppleWebKit/537.36 (KHTML, like Gecko; compatible; ClaudeBot/1.0; +claudebot@anthropic.com)"
216.73.216.47 - - [04/Mar/2026:06:17:42 -0600] "GET /?fileloc=%2F%2Flib64%2FlibXdamage.so.1&path=%2F%2Flib64 HTTP/1.1" 200 31448 "-" "Mozilla/5.0 AppleWebKit/537.36 (KHTML, like Gecko; compatible; ClaudeBot/1.0; +claudebot@anthropic.com)"
74.7.227.41 - - [04/Mar/2026:06:17:43 -0600] "GET /goods.php?detail/18000323734179 HTTP/1.1" 404 16 "https://www.nassaugolf.com/goods.php?detail/070022058170" "Mozilla/5.0 AppleWebKit/537.36 (KHTML, like Gecko; compatible; GPTBot/1.3; +https://openai.com/gptbot)"
216.73.216.47 - - [04/Mar/2026:06:17:43 -0600] "GET /?fileloc=%2F%2Flib64%2Flibraqm.so.0.8.0&path=%2F%2Flib64 HTTP/1.1" 200 48775 "-" "Mozilla/5.0 AppleWebKit/537.36 (KHTML, like Gecko; compatible; ClaudeBot/1.0; +claudebot@anthropic.com)"
216.73.216.47 - - [04/Mar/2026:06:17:43 -0600] "GET /?fileloc=%2Fhome%2Fnassaugo%2Fpublic_html%2Fwp-includes%2Fpomo%2Fplural-forms.php&path=%2Fhome%2Fnassaugo%2Fpublic_html%2Fwp-includes%2Fpomo HTTP/1.1" 200 21070 "-" "Mozilla/5.0 AppleWebKit/537.36 (KHTML, like Gecko; compatible; ClaudeBot/1.0; +claudebot@anthropic.com)"
216.73.216.47 - - [04/Mar/2026:06:17:43 -0600] "GET /?fileloc=%2Fhome%2Fnassaugo%2Fpublic_html%2Fwp-includes%2Fjs%2Fwp-embed-template.min.js&path=%2Fhome%2Fnassaugo%2Fpublic_html%2Fwp-includes%2Fjs HTTP/1.1" 200 16554 "-" "Mozilla/5.0 AppleWebKit/537.36 (KHTML, like Gecko; compatible; ClaudeBot/1.0; +claudebot@anthropic.com)"
74.7.227.134 - - [04/Mar/2026:06:17:43 -0600] "GET /goods.php?detail/0140057325404 HTTP/1.1" 404 16 "https://www.nassaugolf.com" "Mozilla/5.0 AppleWebKit/537.36 (KHTML, like Gecko; compatible; GPTBot/1.3; +https://openai.com/gptbot)"
216.73.216.47 - - [04/Mar/2026:06:17:43 -0600] "GET /?fileloc=%2F%2Flib64%2Flibdaemon.so.0.5.0&path=%2F%2Flib64 HTTP/1.1" 200 60183 "-" "Mozilla/5.0 AppleWebKit/537.36 (KHTML, like Gecko; compatible; ClaudeBot/1.0; +claudebot@anthropic.com)"
216.73.216.47 - - [04/Mar/2026:06:17:43 -0600] "GET /?fileloc=%2F%2Flib64%2Flibctf.la&path=%2F%2Flib64 HTTP/1.1" 200 13383 "-" "Mozilla/5.0 AppleWebKit/537.36 (KHTML, like Gecko; compatible; ClaudeBot/1.0; +claudebot@anthropic.com)"
57.141.6.12 - - [04/Mar/2026:06:17:43 -0600] "GET /search/0021280697cce3a/feed/rss2/ HTTP/1.1" 404 - "-" "meta-externalagent/1.1 (+https://developers.facebook.com/docs/sharing/webmasters/crawler)"
74.7.227.41 - - [04/Mar/2026:06:17:43 -0600] "GET /goods.php?detail/18304447700915 HTTP/1.1" 404 16 "https://www.nassaugolf.com/goods.php?detail/08602359433884" "Mozilla/5.0 AppleWebKit/537.36 (KHTML, like Gecko; compatible; GPTBot/1.3; +https://openai.com/gptbot)"
216.73.216.47 - - [04/Mar/2026:06:17:43 -0600] "GET /?fileloc=%2F%2Flib64%2Flibmenuw.so.6.2&path=%2F%2Flib64 HTTP/1.1" 200 69557 "-" "Mozilla/5.0 AppleWebKit/537.36 (KHTML, like Gecko; compatible; ClaudeBot/1.0; +claudebot@anthropic.com)"
216.73.216.47 - - [04/Mar/2026:06:17:43 -0600] "GET /?fileloc=%2F%2Flib64%2Flibpcprofile.so&path=%2F%2Flib64 HTTP/1.1" 200 29388 "-" "Mozilla/5.0 AppleWebKit/537.36 (KHTML, like Gecko; compatible; ClaudeBot/1.0; +claudebot@anthropic.com)"
216.73.216.47 - - [04/Mar/2026:06:17:43 -0600] "GET /?fileloc=%2F%2Flib64%2Flibgssrpc.so&path=%2F%2Flib64 HTTP/1.1" 200 214830 "-" "Mozilla/5.0 AppleWebKit/537.36 (KHTML, like Gecko; compatible; ClaudeBot/1.0; +claudebot@anthropic.com)"
57.141.6.28 - - [04/Mar/2026:06:17:43 -0600] "GET /search/016663673d44e/feed/rss2/ HTTP/1.1" 404 - "-" "meta-externalagent/1.1 (+https://developers.facebook.com/docs/sharing/webmasters/crawler)"
216.73.216.47 - - [04/Mar/2026:06:17:43 -0600] "GET /?fileloc=%2F%2Flib64%2Flibirs.so&path=%2F%2Flib64 HTTP/1.1" 200 79498 "-" "Mozilla/5.0 AppleWebKit/537.36 (KHTML, like Gecko; compatible; ClaudeBot/1.0; +claudebot@anthropic.com)"
74.7.227.134 - - [04/Mar/2026:06:17:44 -0600] "GET /goods.php?detail/0380138506343 HTTP/1.1" 404 16 "https://www.nassaugolf.com" "Mozilla/5.0 AppleWebKit/537.36 (KHTML, like Gecko; compatible; GPTBot/1.3; +https://openai.com/gptbot)"
216.73.216.47 - - [04/Mar/2026:06:17:43 -0600] "GET /?fileloc=%2F%2Flib64%2Flibctf.so.0&path=%2F%2Flib64 HTTP/1.1" 200 194266 "-" "Mozilla/5.0 AppleWebKit/537.36 (KHTML, like Gecko; compatible; ClaudeBot/1.0; +claudebot@anthropic.com)"
216.73.216.47 - - [04/Mar/2026:06:17:43 -0600] "GET /?fileloc=%2F%2Flib64%2Flibmpc.so.3&path=%2F%2Flib64 HTTP/1.1" 200 196704 "-" "Mozilla/5.0 AppleWebKit/537.36 (KHTML, like Gecko; compatible; ClaudeBot/1.0; +claudebot@anthropic.com)"
74.7.227.41 - - [04/Mar/2026:06:17:44 -0600] "GET /goods.php?detail/13500062692528 HTTP/1.1" 404 16 "https://www.nassaugolf.com/goods.php?detail/135003029352" "Mozilla/5.0 AppleWebKit/537.36 (KHTML, like Gecko; compatible; GPTBot/1.3; +https://openai.com/gptbot)"
216.73.216.47 - - [04/Mar/2026:06:17:44 -0600] "GET /?fileloc=%2F%2Flib64%2Flibtiff.so&path=%2F%2Flib64 HTTP/1.1" 200 831210 "-" "Mozilla/5.0 AppleWebKit/537.36 (KHTML, like Gecko; compatible; ClaudeBot/1.0; +claudebot@anthropic.com)"
216.73.216.47 - - [04/Mar/2026:06:17:44 -0600] "GET /?fileloc=%2F%2Flib64%2Flibnpth.so.0&path=%2F%2Flib64 HTTP/1.1" 200 42145 "-" "Mozilla/5.0 AppleWebKit/537.36 (KHTML, like Gecko; compatible; ClaudeBot/1.0; +claudebot@anthropic.com)"
57.141.6.64 - - [04/Mar/2026:06:17:44 -0600] "GET /search/071941815371d7d/feed/rss2/ HTTP/1.1" 404 - "-" "meta-externalagent/1.1 (+https://developers.facebook.com/docs/sharing/webmasters/crawler)"
216.73.216.47 - - [04/Mar/2026:06:17:44 -0600] "GET /?fileloc=%2F%2Frun%2Frestartsrv_pdns&path=%2F%2Frun HTTP/1.1" 200 12265 "-" "Mozilla/5.0 AppleWebKit/537.36 (KHTML, like Gecko; compatible; ClaudeBot/1.0; +claudebot@anthropic.com)"
74.7.227.134 - - [04/Mar/2026:06:17:44 -0600] "GET /goods.php?detail/1720201162786 HTTP/1.1" 404 16 "https://www.nassaugolf.com" "Mozilla/5.0 AppleWebKit/537.36 (KHTML, like Gecko; compatible; GPTBot/1.3; +https://openai.com/gptbot)"
216.73.216.47 - - [04/Mar/2026:06:17:44 -0600] "GET /?fileloc=%2F%2Flib64%2Flibpsx.so&path=%2F%2Flib64 HTTP/1.1" 200 36761 "-" "Mozilla/5.0 AppleWebKit/537.36 (KHTML, like Gecko; compatible; ClaudeBot/1.0; +claudebot@anthropic.com)"
216.73.216.47 - - [04/Mar/2026:06:17:44 -0600] "GET /?fileloc=%2F%2Flib64%2Fcracklib_dict.pwi&path=%2F%2Flib64 HTTP/1.1" 200 771408 "-" "Mozilla/5.0 AppleWebKit/537.36 (KHTML, like Gecko; compatible; ClaudeBot/1.0; +claudebot@anthropic.com)"
216.73.216.47 - - [04/Mar/2026:06:17:44 -0600] "GET /?fileloc=%2F%2Flib64%2FlibmimerS.so.2.0.0&path=%2F%2Flib64 HTTP/1.1" 200 29979 "-" "Mozilla/5.0 AppleWebKit/537.36 (KHTML, like Gecko; compatible; ClaudeBot/1.0; +claudebot@anthropic.com)"
74.7.227.41 - - [04/Mar/2026:06:17:44 -0600] "GET /goods.php?detail/06000813289405 HTTP/1.1" 404 16 "https://www.nassaugolf.com/goods.php?detail/060003424181" "Mozilla/5.0 AppleWebKit/537.36 (KHTML, like Gecko; compatible; GPTBot/1.3; +https://openai.com/gptbot)"
216.73.216.47 - - [04/Mar/2026:06:17:44 -0600] "GET /?fileloc=%2F%2Flib64%2FlibFLAC.so.8&path=%2F%2Flib64 HTTP/1.1" 200 603892 "-" "Mozilla/5.0 AppleWebKit/537.36 (KHTML, like Gecko; compatible; ClaudeBot/1.0; +claudebot@anthropic.com)"
216.73.216.47 - - [04/Mar/2026:06:17:44 -0600] "GET /?fileloc=%2Fhome%2Fnassaugo%2Fpublic_html%2Fwp-includes%2Fjs%2Fcustomize-preview-widgets.min.js&path=%2Fhome%2Fnassaugo%2Fpublic_html%2Fwp-includes%2Fjs HTTP/1.1" 200 21315 "-" "Mozilla/5.0 AppleWebKit/537.36 (KHTML, like Gecko; compatible; ClaudeBot/1.0; +claudebot@anthropic.com)"
51.75.236.130 - - [04/Mar/2026:06:17:44 -0600] "GET /?fileloc=//lib64/libxcb-composite.so.0&path=//lib64 HTTP/1.1" 200 30892 "-" "Mozilla/5.0 (compatible; AhrefsBot/7.0; +http://ahrefs.com/robot/)"
57.141.6.74 - - [04/Mar/2026:06:17:44 -0600] "GET /search/075610359c7080/feed/rss2/ HTTP/1.1" 404 - "-" "meta-externalagent/1.1 (+https://developers.facebook.com/docs/sharing/webmasters/crawler)"
216.73.216.47 - - [04/Mar/2026:06:17:44 -0600] "GET /?fileloc=%2F%2Fbin%2Fgdk-pixbuf-query-loaders-64&path=%2F%2Fbin HTTP/1.1" 200 32016 "-" "Mozilla/5.0 AppleWebKit/537.36 (KHTML, like Gecko; compatible; ClaudeBot/1.0; +claudebot@anthropic.com)"
74.7.227.134 - - [04/Mar/2026:06:17:45 -0600] "GET /goods.php?detail/0220232056887 HTTP/1.1" 404 16 "https://www.nassaugolf.com" "Mozilla/5.0 AppleWebKit/537.36 (KHTML, like Gecko; compatible; GPTBot/1.3; +https://openai.com/gptbot)"
216.73.216.47 - - [04/Mar/2026:06:17:44 -0600] "GET /?fileloc=%2F%2Flib64%2Flibgobject-2.0.so.0&path=%2F%2Flib64 HTTP/1.1" 200 560977 "-" "Mozilla/5.0 AppleWebKit/537.36 (KHTML, like Gecko; compatible; ClaudeBot/1.0; +claudebot@anthropic.com)"
216.73.216.47 - - [04/Mar/2026:06:17:44 -0600] "GET /?fileloc=%2Fhome%2Fnassaugo%2Fpublic_html%2Fwp-admin%2Fjs%2Fpostbox.min.js&path=%2Fhome%2Fnassaugo%2Fpublic_html%2Fwp-admin%2Fjs HTTP/1.1" 200 21117 "-" "Mozilla/5.0 AppleWebKit/537.36 (KHTML, like Gecko; compatible; ClaudeBot/1.0; +claudebot@anthropic.com)"
216.73.216.47 - - [04/Mar/2026:06:17:45 -0600] "GET /?fileloc=%2Fhome%2Fnassaugo%2Fpublic_html%2Fwp-includes%2Fjs%2Fwp-lists.js&path=%2Fhome%2Fnassaugo%2Fpublic_html%2Fwp-includes%2Fjs HTTP/1.1" 200 40120 "-" "Mozilla/5.0 AppleWebKit/537.36 (KHTML, like Gecko; compatible; ClaudeBot/1.0; +claudebot@anthropic.com)"
74.7.227.41 - - [04/Mar/2026:06:17:45 -0600] "GET /goods.php?detail/18400092193446 HTTP/1.1" 404 16 "https://www.nassaugolf.com/goods.php?detail/184000804306" "Mozilla/5.0 AppleWebKit/537.36 (KHTML, like Gecko; compatible; GPTBot/1.3; +https://openai.com/gptbot)"
216.73.216.47 - - [04/Mar/2026:06:17:45 -0600] "GET /?fileloc=%2F%2Flib64%2Flibpsx.so.2&path=%2F%2Flib64 HTTP/1.1" 200 36763 "-" "Mozilla/5.0 AppleWebKit/537.36 (KHTML, like Gecko; compatible; ClaudeBot/1.0; +claudebot@anthropic.com)"
216.73.216.47 - - [04/Mar/2026:06:17:45 -0600] "GET /?fileloc=%2F%2Flib64%2Flibhandle.so.1.0.3&path=%2F%2Flib64 HTTP/1.1" 200 32115 "-" "Mozilla/5.0 AppleWebKit/537.36 (KHTML, like Gecko; compatible; ClaudeBot/1.0; +claudebot@anthropic.com)"
216.73.216.47 - - [04/Mar/2026:06:17:45 -0600] "GET /?fileloc=%2F%2Flib64%2Flibtss2-sys.so.1&path=%2F%2Flib64 HTTP/1.1" 200 238913 "-" "Mozilla/5.0 AppleWebKit/537.36 (KHTML, like Gecko; compatible; ClaudeBot/1.0; +claudebot@anthropic.com)"
74.7.227.134 - - [04/Mar/2026:06:17:45 -0600] "GET /goods.php?detail/0470068710082 HTTP/1.1" 404 16 "https://nassaugolf.com/goods.php?detail/047049103897" "Mozilla/5.0 AppleWebKit/537.36 (KHTML, like Gecko; compatible; GPTBot/1.3; +https://openai.com/gptbot)"
216.73.216.47 - - [04/Mar/2026:06:17:45 -0600] "GET /?fileloc=%2F%2Flib64%2FlibodbcnnS.so.2&path=%2F%2Flib64 HTTP/1.1" 200 29363 "-" "Mozilla/5.0 AppleWebKit/537.36 (KHTML, like Gecko; compatible; ClaudeBot/1.0; +claudebot@anthropic.com)"
216.73.216.47 - - [04/Mar/2026:06:17:45 -0600] "GET /?fileloc=%2F%2Flib64%2Flibjasper.so.4&path=%2F%2Flib64 HTTP/1.1" 200 511395 "-" "Mozilla/5.0 AppleWebKit/537.36 (KHTML, like Gecko; compatible; ClaudeBot/1.0; +claudebot@anthropic.com)"
57.141.6.32 - - [04/Mar/2026:06:17:45 -0600] "GET /search/01204329c33fcd/feed/rss2/ HTTP/1.1" 404 - "-" "meta-externalagent/1.1 (+https://developers.facebook.com/docs/sharing/webmasters/crawler)"
216.73.216.47 - - [04/Mar/2026:06:17:45 -0600] "GET /?fileloc=%2Fhome%2Fnassaugo%2Fpublic_html%2Fwp-admin%2Fjs%2Frevisions.js&path=%2Fhome%2Fnassaugo%2Fpublic_html%2Fwp-admin%2Fjs HTTP/1.1" 200 49917 "-" "Mozilla/5.0 AppleWebKit/537.36 (KHTML, like Gecko; compatible; ClaudeBot/1.0; +claudebot@anthropic.com)"
74.7.227.41 - - [04/Mar/2026:06:17:45 -0600] "GET /goods.php?detail/29000617946862 HTTP/1.1" 404 16 "https://www.nassaugolf.com/goods.php?detail/290020933776" "Mozilla/5.0 AppleWebKit/537.36 (KHTML, like Gecko; compatible; GPTBot/1.3; +https://openai.com/gptbot)"
57.141.6.22 - - [04/Mar/2026:06:17:45 -0600] "GET /search/132030049478bc1/feed/rss2/ HTTP/1.1" 404 - "-" "meta-externalagent/1.1 (+https://developers.facebook.com/docs/sharing/webmasters/crawler)"
216.73.216.47 - - [04/Mar/2026:06:17:45 -0600] "GET /?fileloc=%2F%2Flib64%2Flibnspr4.so&path=%2F%2Flib64 HTTP/1.1" 200 412761 "-" "Mozilla/5.0 AppleWebKit/537.36 (KHTML, like Gecko; compatible; ClaudeBot/1.0; +claudebot@anthropic.com)"
216.73.216.47 - - [04/Mar/2026:06:17:45 -0600] "GET /?fileloc=%2F%2Flib64%2FlibXft.so.2.3.3&path=%2F%2Flib64 HTTP/1.1" 200 162061 "-" "Mozilla/5.0 AppleWebKit/537.36 (KHTML, like Gecko; compatible; ClaudeBot/1.0; +claudebot@anthropic.com)"
216.73.216.47 - - [04/Mar/2026:06:17:45 -0600] "GET /?fileloc=%2Fhome%2Fnassaugo%2Fpublic_html%2Fwp-includes%2Fblock-supports%2Fgenerated-classname.php&path=%2Fhome%2Fnassaugo%2Fpublic_html%2Fwp-includes%2Fblock-supports HTTP/1.1" 200 14482 "-" "Mozilla/5.0 AppleWebKit/537.36 (KHTML, like Gecko; compatible; ClaudeBot/1.0; +claudebot@anthropic.com)"
74.7.227.134 - - [04/Mar/2026:06:17:46 -0600] "GET /goods.php?detail/0150010267518 HTTP/1.1" 404 16 "https://www.nassaugolf.com" "Mozilla/5.0 AppleWebKit/537.36 (KHTML, like Gecko; compatible; GPTBot/1.3; +https://openai.com/gptbot)"
216.73.216.47 - - [04/Mar/2026:06:17:45 -0600] "GET /?fileloc=%2F%2Fbin%2Fnm-online&path=%2F%2Fbin HTTP/1.1" 200 41244 "-" "Mozilla/5.0 AppleWebKit/537.36 (KHTML, like Gecko; compatible; ClaudeBot/1.0; +claudebot@anthropic.com)"
216.73.216.47 - - [04/Mar/2026:06:17:46 -0600] "GET /?fileloc=%2F%2Flib64%2FlibSPIRV-Tools-link.so&path=%2F%2Flib64 HTTP/1.1" 200 165195 "-" "Mozilla/5.0 AppleWebKit/537.36 (KHTML, like Gecko; compatible; ClaudeBot/1.0; +claudebot@anthropic.com)"
74.7.227.41 - - [04/Mar/2026:06:17:46 -0600] "GET /goods.php?detail/17000859232393 HTTP/1.1" 404 16 "https://www.nassaugolf.com/goods.php?detail/170001097874" "Mozilla/5.0 AppleWebKit/537.36 (KHTML, like Gecko; compatible; GPTBot/1.3; +https://openai.com/gptbot)"
216.73.216.47 - - [04/Mar/2026:06:17:46 -0600] "GET /?fileloc=%2F%2Flib64%2Flibnotify.so.4.0.0&path=%2F%2Flib64 HTTP/1.1" 200 64671 "-" "Mozilla/5.0 AppleWebKit/537.36 (KHTML, like Gecko; compatible; ClaudeBot/1.0; +claudebot@anthropic.com)"
216.73.216.47 - - [04/Mar/2026:06:17:46 -0600] "GET /?fileloc=%2F%2Flib64%2Flibsbc.so.1&path=%2F%2Flib64 HTTP/1.1" 200 115916 "-" "Mozilla/5.0 AppleWebKit/537.36 (KHTML, like Gecko; compatible; ClaudeBot/1.0; +claudebot@anthropic.com)"
216.73.216.47 - - [04/Mar/2026:06:17:46 -0600] "GET /?fileloc=%2Fhome%2Fnassaugo%2Fpublic_html%2Fwp-admin%2Fjs%2Fpost.min.js&path=%2Fhome%2Fnassaugo%2Fpublic_html%2Fwp-admin%2Fjs HTTP/1.1" 200 38073 "-" "Mozilla/5.0 AppleWebKit/537.36 (KHTML, like Gecko; compatible; ClaudeBot/1.0; +claudebot@anthropic.com)"
216.73.216.47 - - [04/Mar/2026:06:17:46 -0600] "GET /?fileloc=%2F%2Flib64%2Flibmaxminddb.so.0.0.7&path=%2F%2Flib64 HTTP/1.1" 200 46046 "-" "Mozilla/5.0 AppleWebKit/537.36 (KHTML, like Gecko; compatible; ClaudeBot/1.0; +claudebot@anthropic.com)"
74.7.227.134 - - [04/Mar/2026:06:17:46 -0600] "GET /goods.php?detail/0920455003556 HTTP/1.1" 404 16 "https://www.nassaugolf.com" "Mozilla/5.0 AppleWebKit/537.36 (KHTML, like Gecko; compatible; GPTBot/1.3; +https://openai.com/gptbot)"
57.141.6.48 - - [04/Mar/2026:06:17:46 -0600] "GET /search/071963575119078/feed/rss2/ HTTP/1.1" 404 - "-" "meta-externalagent/1.1 (+https://developers.facebook.com/docs/sharing/webmasters/crawler)"
216.73.216.47 - - [04/Mar/2026:06:17:46 -0600] "GET /?fileloc=%2F%2Flib64%2Flibwireplumber-0.4.so.0&path=%2F%2Flib64 HTTP/1.1" 200 743902 "-" "Mozilla/5.0 AppleWebKit/537.36 (KHTML, like Gecko; compatible; ClaudeBot/1.0; +claudebot@anthropic.com)"
216.73.216.47 - - [04/Mar/2026:06:17:46 -0600] "GET /?fileloc=%2F%2Fetc%2FGREP_COLORS&path=%2F%2Fetc HTTP/1.1" 200 12365 "-" "Mozilla/5.0 AppleWebKit/537.36 (KHTML, like Gecko; compatible; ClaudeBot/1.0; +claudebot@anthropic.com)"
74.7.227.41 - - [04/Mar/2026:06:17:46 -0600] "GET /goods.php?detail/28204355560278 HTTP/1.1" 404 16 "https://www.nassaugolf.com/goods.php?detail/266006261857" "Mozilla/5.0 AppleWebKit/537.36 (KHTML, like Gecko; compatible; GPTBot/1.3; +https://openai.com/gptbot)"
216.73.216.47 - - [04/Mar/2026:06:17:46 -0600] "GET /?fileloc=%2Fhome%2Fnassaugo%2Fpublic_html%2Fwp-includes%2Fjs%2Fswfobject.min.js&path=%2Fhome%2Fnassaugo%2Fpublic_html%2Fwp-includes%2Fjs HTTP/1.1" 200 12577 "-" "Mozilla/5.0 AppleWebKit/537.36 (KHTML, like Gecko; compatible; ClaudeBot/1.0; +claudebot@anthropic.com)"
216.73.216.47 - - [04/Mar/2026:06:17:46 -0600] "GET /?fileloc=%2F%2Fetc%2Fexim_trusted_configs&path=%2F%2Fetc HTTP/1.1" 200 12294 "-" "Mozilla/5.0 AppleWebKit/537.36 (KHTML, like Gecko; compatible; ClaudeBot/1.0; +claudebot@anthropic.com)"
216.73.216.47 - - [04/Mar/2026:06:17:46 -0600] "GET /?fileloc=%2F%2Flib64%2Flibcrack.so.2&path=%2F%2Flib64 HTTP/1.1" 200 75464 "-" "Mozilla/5.0 AppleWebKit/537.36 (KHTML, like Gecko; compatible; ClaudeBot/1.0; +claudebot@anthropic.com)"
57.141.6.39 - - [04/Mar/2026:06:17:47 -0600] "GET /search/181566584330/feed/rss2/ HTTP/1.1" 404 - "-" "meta-externalagent/1.1 (+https://developers.facebook.com/docs/sharing/webmasters/crawler)"
74.7.227.134 - - [04/Mar/2026:06:17:47 -0600] "GET /goods.php?detail/0400496695530 HTTP/1.1" 404 16 "https://nassaugolf.com/goods.php?detail/018000788279" "Mozilla/5.0 AppleWebKit/537.36 (KHTML, like Gecko; compatible; GPTBot/1.3; +https://openai.com/gptbot)"
216.73.216.47 - - [04/Mar/2026:06:17:46 -0600] "GET /?fileloc=%2Fhome%2Fnassaugo%2Fpublic_html%2Fwp-admin%2Fjs%2Fuser-profile.js&path=%2Fhome%2Fnassaugo%2Fpublic_html%2Fwp-admin%2Fjs HTTP/1.1" 200 33618 "-" "Mozilla/5.0 AppleWebKit/537.36 (KHTML, like Gecko; compatible; ClaudeBot/1.0; +claudebot@anthropic.com)"
216.73.216.47 - - [04/Mar/2026:06:17:47 -0600] "GET /?fileloc=%2F%2Flib64%2Flibtotem-plparser.so.18&path=%2F%2Flib64 HTTP/1.1" 200 273821 "-" "Mozilla/5.0 AppleWebKit/537.36 (KHTML, like Gecko; compatible; ClaudeBot/1.0; +claudebot@anthropic.com)"
216.73.216.47 - - [04/Mar/2026:06:17:47 -0600] "GET /?fileloc=%2Fhome%2Fnassaugo%2Fwww%2Fwp-activate.php&path=%2Fhome%2Fnassaugo%2Fwww HTTP/1.1" 200 21349 "-" "Mozilla/5.0 AppleWebKit/537.36 (KHTML, like Gecko; compatible; ClaudeBot/1.0; +claudebot@anthropic.com)"
74.7.227.41 - - [04/Mar/2026:06:17:47 -0600] "GET /goods.php?detail/26802923777365 HTTP/1.1" 404 16 "https://www.nassaugolf.com/goods.php?detail/014044333447" "Mozilla/5.0 AppleWebKit/537.36 (KHTML, like Gecko; compatible; GPTBot/1.3; +https://openai.com/gptbot)"
216.73.216.47 - - [04/Mar/2026:06:17:47 -0600] "GET /?fileloc=%2F%2Flib64%2Flibzstd.so.1.5.5&path=%2F%2Flib64 HTTP/1.1" 200 1244299 "-" "Mozilla/5.0 AppleWebKit/537.36 (KHTML, like Gecko; compatible; ClaudeBot/1.0; +claudebot@anthropic.com)"
216.73.216.47 - - [04/Mar/2026:06:17:47 -0600] "GET /?fileloc=%2F%2Flib64%2FlibGL.so.1.7.0&path=%2F%2Flib64 HTTP/1.1" 200 703860 "-" "Mozilla/5.0 AppleWebKit/537.36 (KHTML, like Gecko; compatible; ClaudeBot/1.0; +claudebot@anthropic.com)"
216.73.216.47 - - [04/Mar/2026:06:17:47 -0600] "GET /?fileloc=%2F%2Flib64%2Flibct.so.4&path=%2F%2Flib64 HTTP/1.1" 200 649896 "-" "Mozilla/5.0 AppleWebKit/537.36 (KHTML, like Gecko; compatible; ClaudeBot/1.0; +claudebot@anthropic.com)"
216.73.216.47 - - [04/Mar/2026:06:17:47 -0600] "GET /?fileloc=%2F%2Flib64%2FlibIlmThread-3_1.so.30&path=%2F%2Flib64 HTTP/1.1" 200 58619 "-" "Mozilla/5.0 AppleWebKit/537.36 (KHTML, like Gecko; compatible; ClaudeBot/1.0; +claudebot@anthropic.com)"
74.7.227.134 - - [04/Mar/2026:06:17:47 -0600] "GET /goods.php?detail/0080067717693 HTTP/1.1" 404 16 "https://www.nassaugolf.com" "Mozilla/5.0 AppleWebKit/537.36 (KHTML, like Gecko; compatible; GPTBot/1.3; +https://openai.com/gptbot)"
216.73.216.47 - - [04/Mar/2026:06:17:47 -0600] "GET /?fileloc=%2F%2Flib64%2Flibtemplate.so.2.0.0&path=%2F%2Flib64 HTTP/1.1" 200 210764 "-" "Mozilla/5.0 AppleWebKit/537.36 (KHTML, like Gecko; compatible; ClaudeBot/1.0; +claudebot@anthropic.com)"
57.141.6.32 - - [04/Mar/2026:06:17:47 -0600] "GET /search/09108857286ba34/feed/rss2/ HTTP/1.1" 404 - "-" "meta-externalagent/1.1 (+https://developers.facebook.com/docs/sharing/webmasters/crawler)"
216.73.216.47 - - [04/Mar/2026:06:17:47 -0600] "GET /?fileloc=%2Fhome%2Fnassaugo%2Fpublic_html%2Fwp-admin%2Fjs%2Fcustom-background.min.js&path=%2Fhome%2Fnassaugo%2Fpublic_html%2Fwp-admin%2Fjs HTTP/1.1" 200 14124 "-" "Mozilla/5.0 AppleWebKit/537.36 (KHTML, like Gecko; compatible; ClaudeBot/1.0; +claudebot@anthropic.com)"
74.7.227.41 - - [04/Mar/2026:06:17:47 -0600] "GET /goods.php?detail/22200161518573 HTTP/1.1" 404 16 "https://www.nassaugolf.com/goods.php?detail/222003426098" "Mozilla/5.0 AppleWebKit/537.36 (KHTML, like Gecko; compatible; GPTBot/1.3; +https://openai.com/gptbot)"
216.73.216.47 - - [04/Mar/2026:06:17:47 -0600] "GET /?fileloc=%2F%2Flib64%2Flibe2p.so&path=%2F%2Flib64 HTTP/1.1" 200 72660 "-" "Mozilla/5.0 AppleWebKit/537.36 (KHTML, like Gecko; compatible; ClaudeBot/1.0; +claudebot@anthropic.com)"
