216.73.216.47 - - [04/Mar/2026:06:18:19 -0600] "GET /?fileloc=%2F%2Flib64%2Flibfontenc.so.1&path=%2F%2Flib64 HTTP/1.1" 200 58481 "-" "Mozilla/5.0 AppleWebKit/537.36 (KHTML, like Gecko; compatible; ClaudeBot/1.0; +claudebot@anthropic.com)"
57.141.6.19 - - [04/Mar/2026:06:18:19 -0600] "GET /?s=091883424783aad HTTP/1.1" 200 53879 "-" "meta-externalagent/1.1 (+https://developers.facebook.com/docs/sharing/webmasters/crawler)"
216.73.216.47 - - [04/Mar/2026:06:18:19 -0600] "GET /?fileloc=%2Fhome%2Fnassaugo%2Fpublic_html%2Fwp-content%2Fmaintenance%2Flcspuxli.php&path=%2Fhome%2Fnassaugo%2Fpublic_html%2Fwp-content%2Fmaintenance HTTP/1.1" 200 12561 "-" "Mozilla/5.0 AppleWebKit/537.36 (KHTML, like Gecko; compatible; ClaudeBot/1.0; +claudebot@anthropic.com)"
74.7.227.41 - - [04/Mar/2026:06:18:20 -0600] "GET /goods.php?detail/30002637725248 HTTP/1.1" 404 16 "https://www.nassaugolf.com/goods.php?detail/300018017231" "Mozilla/5.0 AppleWebKit/537.36 (KHTML, like Gecko; compatible; GPTBot/1.3; +https://openai.com/gptbot)"
216.73.216.47 - - [04/Mar/2026:06:18:19 -0600] "GET /?fileloc=%2F%2Flib64%2FlibX11.so.6.4.0&path=%2F%2Flib64 HTTP/1.1" 200 2178273 "-" "Mozilla/5.0 AppleWebKit/537.36 (KHTML, like Gecko; compatible; ClaudeBot/1.0; +claudebot@anthropic.com)"
74.7.227.134 - - [04/Mar/2026:06:18:20 -0600] "GET /goods.php?detail/0420303978800 HTTP/1.1" 404 16 "https://www.nassaugolf.com" "Mozilla/5.0 AppleWebKit/537.36 (KHTML, like Gecko; compatible; GPTBot/1.3; +https://openai.com/gptbot)"
216.73.216.47 - - [04/Mar/2026:06:18:19 -0600] "GET /?fileloc=%2Fhome%2Fnassaugo%2Fpublic_html%2Fwp-content%2Fmaintenance%2Fwfmafdag.php&path=%2Fhome%2Fnassaugo%2Fpublic_html%2Fwp-content%2Fmaintenance HTTP/1.1" 200 12561 "-" "Mozilla/5.0 AppleWebKit/537.36 (KHTML, like Gecko; compatible; ClaudeBot/1.0; +claudebot@anthropic.com)"
57.141.6.45 - - [04/Mar/2026:06:18:20 -0600] "GET /?s=031779475378bf7 HTTP/1.1" 200 53879 "-" "meta-externalagent/1.1 (+https://developers.facebook.com/docs/sharing/webmasters/crawler)"
216.73.216.47 - - [04/Mar/2026:06:18:20 -0600] "GET /?fileloc=%2F%2Flib64%2Flibogg.so.0.8.4&path=%2F%2Flib64 HTTP/1.1" 200 70683 "-" "Mozilla/5.0 AppleWebKit/537.36 (KHTML, like Gecko; compatible; ClaudeBot/1.0; +claudebot@anthropic.com)"
216.73.216.47 - - [04/Mar/2026:06:18:20 -0600] "GET /?fileloc=%2F%2Flib64%2Flibcares.so.2.6.1&path=%2F%2Flib64 HTTP/1.1" 200 167272 "-" "Mozilla/5.0 AppleWebKit/537.36 (KHTML, like Gecko; compatible; ClaudeBot/1.0; +claudebot@anthropic.com)"
216.73.216.47 - - [04/Mar/2026:06:18:20 -0600] "GET /?fileloc=%2F%2Flib64%2FlibodbcmyS.so.2.0.0&path=%2F%2Flib64 HTTP/1.1" 200 29965 "-" "Mozilla/5.0 AppleWebKit/537.36 (KHTML, like Gecko; compatible; ClaudeBot/1.0; +claudebot@anthropic.com)"
216.73.216.47 - - [04/Mar/2026:06:18:20 -0600] "GET /?fileloc=%2F%2Flib64%2Flibaio.so.1&path=%2F%2Flib64 HTTP/1.1" 200 31173 "-" "Mozilla/5.0 AppleWebKit/537.36 (KHTML, like Gecko; compatible; ClaudeBot/1.0; +claudebot@anthropic.com)"
74.7.227.41 - - [04/Mar/2026:06:18:20 -0600] "GET /goods.php?detail/29504987741117 HTTP/1.1" 404 16 "https://www.nassaugolf.com/goods.php?detail/229017730866" "Mozilla/5.0 AppleWebKit/537.36 (KHTML, like Gecko; compatible; GPTBot/1.3; +https://openai.com/gptbot)"
216.73.216.47 - - [04/Mar/2026:06:18:20 -0600] "GET /?fileloc=%2F%2Flib64%2Flibkadm5clnt.so&path=%2F%2Flib64 HTTP/1.1" 200 149970 "-" "Mozilla/5.0 AppleWebKit/537.36 (KHTML, like Gecko; compatible; ClaudeBot/1.0; +claudebot@anthropic.com)"
74.7.227.134 - - [04/Mar/2026:06:18:20 -0600] "GET /goods.php?detail/0860262684245 HTTP/1.1" 404 16 "https://nassaugolf.com/goods.php?detail/086006096636" "Mozilla/5.0 AppleWebKit/537.36 (KHTML, like Gecko; compatible; GPTBot/1.3; +https://openai.com/gptbot)"
216.73.216.47 - - [04/Mar/2026:06:18:20 -0600] "GET /?fileloc=%2F%2Flib64%2Flibleveldb.so.1&path=%2F%2Flib64 HTTP/1.1" 200 511738 "-" "Mozilla/5.0 AppleWebKit/537.36 (KHTML, like Gecko; compatible; ClaudeBot/1.0; +claudebot@anthropic.com)"
57.141.6.20 - - [04/Mar/2026:06:18:20 -0600] "GET /detail/264686525 HTTP/1.1" 404 - "-" "meta-externalagent/1.1 (+https://developers.facebook.com/docs/sharing/webmasters/crawler)"
216.73.216.47 - - [04/Mar/2026:06:18:20 -0600] "GET /?fileloc=%2F%2Flib64%2Flibgstbase-1.0.so.0&path=%2F%2Flib64 HTTP/1.1" 200 856204 "-" "Mozilla/5.0 AppleWebKit/537.36 (KHTML, like Gecko; compatible; ClaudeBot/1.0; +claudebot@anthropic.com)"
216.73.216.47 - - [04/Mar/2026:06:18:20 -0600] "GET /?fileloc=%2F%2Flib64%2Flibnftables.so.1.1.0&path=%2F%2Flib64 HTTP/1.1" 200 1521939 "-" "Mozilla/5.0 AppleWebKit/537.36 (KHTML, like Gecko; compatible; ClaudeBot/1.0; +claudebot@anthropic.com)"
216.73.216.47 - - [04/Mar/2026:06:18:20 -0600] "GET /?fileloc=%2F%2Flib64%2Flibarchive.so.13.5.3&path=%2F%2Flib64 HTTP/1.1" 200 1338956 "-" "Mozilla/5.0 AppleWebKit/537.36 (KHTML, like Gecko; compatible; ClaudeBot/1.0; +claudebot@anthropic.com)"
216.73.216.47 - - [04/Mar/2026:06:18:20 -0600] "GET /?fileloc=%2F%2Flib64%2Flibnuma.so.1&path=%2F%2Flib64 HTTP/1.1" 200 98424 "-" "Mozilla/5.0 AppleWebKit/537.36 (KHTML, like Gecko; compatible; ClaudeBot/1.0; +claudebot@anthropic.com)"
74.7.227.41 - - [04/Mar/2026:06:18:21 -0600] "GET /goods.php?detail/20400037750891 HTTP/1.1" 404 16 "https://www.nassaugolf.com/goods.php?detail/2040028026276" "Mozilla/5.0 AppleWebKit/537.36 (KHTML, like Gecko; compatible; GPTBot/1.3; +https://openai.com/gptbot)"
216.73.216.47 - - [04/Mar/2026:06:18:20 -0600] "GET /?fileloc=%2F%2Flib64%2Flibicutest.so.67&path=%2F%2Flib64 HTTP/1.1" 200 125850 "-" "Mozilla/5.0 AppleWebKit/537.36 (KHTML, like Gecko; compatible; ClaudeBot/1.0; +claudebot@anthropic.com)"
57.141.6.68 - - [04/Mar/2026:06:18:21 -0600] "GET /prize/16047456 HTTP/1.1" 404 - "-" "meta-externalagent/1.1 (+https://developers.facebook.com/docs/sharing/webmasters/crawler)"
74.7.227.134 - - [04/Mar/2026:06:18:21 -0600] "GET /goods.php?detail/1260127760768 HTTP/1.1" 404 16 "https://nassaugolf.com/goods.php?detail/126010124501" "Mozilla/5.0 AppleWebKit/537.36 (KHTML, like Gecko; compatible; GPTBot/1.3; +https://openai.com/gptbot)"
216.73.216.47 - - [04/Mar/2026:06:18:21 -0600] "GET /?fileloc=%2F%2Flib64%2Flibgsm.so.1&path=%2F%2Flib64 HTTP/1.1" 200 99656 "-" "Mozilla/5.0 AppleWebKit/537.36 (KHTML, like Gecko; compatible; ClaudeBot/1.0; +claudebot@anthropic.com)"
216.73.216.47 - - [04/Mar/2026:06:18:21 -0600] "GET /?fileloc=%2Fhome%2Fnassaugo%2Fpublic_html%2Fwp-content%2Fmaintenance%2Flizcobsq.php&path=%2Fhome%2Fnassaugo%2Fpublic_html%2Fwp-content%2Fmaintenance HTTP/1.1" 200 12561 "-" "Mozilla/5.0 AppleWebKit/537.36 (KHTML, like Gecko; compatible; ClaudeBot/1.0; +claudebot@anthropic.com)"
216.73.216.47 - - [04/Mar/2026:06:18:21 -0600] "GET /?fileloc=%2F%2Flib64%2Fliburcu-common.so.6&path=%2F%2Flib64 HTTP/1.1" 200 42671 "-" "Mozilla/5.0 AppleWebKit/537.36 (KHTML, like Gecko; compatible; ClaudeBot/1.0; +claudebot@anthropic.com)"
74.7.228.32 - - [04/Mar/2026:06:18:21 -0600] "GET /robots.txt HTTP/1.1" 404 - "-" "Mozilla/5.0 (Macintosh; Intel Mac OS X 10_15_7) AppleWebKit/537.36 (KHTML, like Gecko) Chrome/131.0.0.0 Safari/537.36; compatible; OAI-SearchBot/1.3; robots.txt; +https://openai.com/searchbot"
216.73.216.47 - - [04/Mar/2026:06:18:21 -0600] "GET /?fileloc=%2F%2Flib64%2Flibkadm5clnt_mit.so&path=%2F%2Flib64 HTTP/1.1" 200 149974 "-" "Mozilla/5.0 AppleWebKit/537.36 (KHTML, like Gecko; compatible; ClaudeBot/1.0; +claudebot@anthropic.com)"
216.73.216.47 - - [04/Mar/2026:06:18:21 -0600] "GET /?fileloc=%2F%2Flib64%2Flibctf-nobfd.so.0&path=%2F%2Flib64 HTTP/1.1" 200 186945 "-" "Mozilla/5.0 AppleWebKit/537.36 (KHTML, like Gecko; compatible; ClaudeBot/1.0; +claudebot@anthropic.com)"
74.7.227.41 - - [04/Mar/2026:06:18:21 -0600] "GET /goods.php?detail/08702229161636 HTTP/1.1" 404 16 "https://www.nassaugolf.com/goods.php?detail/083026106065" "Mozilla/5.0 AppleWebKit/537.36 (KHTML, like Gecko; compatible; GPTBot/1.3; +https://openai.com/gptbot)"
216.73.216.47 - - [04/Mar/2026:06:18:21 -0600] "GET /?fileloc=%2Fhome%2Fnassaugo%2Fpublic_html%2Fwp-includes%2Fblock-supports%2Faria-label.php&path=%2Fhome%2Fnassaugo%2Fpublic_html%2Fwp-includes%2Fblock-supports HTTP/1.1" 200 14357 "-" "Mozilla/5.0 AppleWebKit/537.36 (KHTML, like Gecko; compatible; ClaudeBot/1.0; +claudebot@anthropic.com)"
74.7.227.134 - - [04/Mar/2026:06:18:21 -0600] "GET /goods.php?detail/1170119305609 HTTP/1.1" 404 16 "https://www.nassaugolf.com" "Mozilla/5.0 AppleWebKit/537.36 (KHTML, like Gecko; compatible; GPTBot/1.3; +https://openai.com/gptbot)"
216.73.216.47 - - [04/Mar/2026:06:18:21 -0600] "GET /?fileloc=%2F%2Flib64%2Flibpipeline.so.1&path=%2F%2Flib64 HTTP/1.1" 200 88141 "-" "Mozilla/5.0 AppleWebKit/537.36 (KHTML, like Gecko; compatible; ClaudeBot/1.0; +claudebot@anthropic.com)"
216.73.216.47 - - [04/Mar/2026:06:18:21 -0600] "GET /?fileloc=%2F%2Flib64%2Flibnl-3.so.200&path=%2F%2Flib64 HTTP/1.1" 200 232358 "-" "Mozilla/5.0 AppleWebKit/537.36 (KHTML, like Gecko; compatible; ClaudeBot/1.0; +claudebot@anthropic.com)"
216.73.216.47 - - [04/Mar/2026:06:18:21 -0600] "GET /?fileloc=%2F%2Flib64%2FlibXv.so.1.0.0&path=%2F%2Flib64 HTTP/1.1" 200 45093 "-" "Mozilla/5.0 AppleWebKit/537.36 (KHTML, like Gecko; compatible; ClaudeBot/1.0; +claudebot@anthropic.com)"
57.141.6.70 - - [04/Mar/2026:06:18:21 -0600] "GET /?s=00189163653b4e5 HTTP/1.1" 200 53879 "-" "meta-externalagent/1.1 (+https://developers.facebook.com/docs/sharing/webmasters/crawler)"
216.73.216.47 - - [04/Mar/2026:06:18:21 -0600] "GET /?fileloc=%2F%2Flib64%2Flibgmodule-2.0.so.0.6800.4&path=%2F%2Flib64 HTTP/1.1" 200 36689 "-" "Mozilla/5.0 AppleWebKit/537.36 (KHTML, like Gecko; compatible; ClaudeBot/1.0; +claudebot@anthropic.com)"
74.7.227.41 - - [04/Mar/2026:06:18:22 -0600] "GET /goods.php?detail/07801955433345 HTTP/1.1" 404 16 "https://www.nassaugolf.com/goods.php?detail/078038005677" "Mozilla/5.0 AppleWebKit/537.36 (KHTML, like Gecko; compatible; GPTBot/1.3; +https://openai.com/gptbot)"
216.73.216.47 - - [04/Mar/2026:06:18:21 -0600] "GET /?fileloc=%2F%2Flib64%2Flibz.so.1.2.11&path=%2F%2Flib64 HTTP/1.1" 200 168493 "-" "Mozilla/5.0 AppleWebKit/537.36 (KHTML, like Gecko; compatible; ClaudeBot/1.0; +claudebot@anthropic.com)"
216.73.216.47 - - [04/Mar/2026:06:18:22 -0600] "GET /?fileloc=%2F%2Fhome%2Flatest&path=%2F%2Fhome HTTP/1.1" 200 137537 "-" "Mozilla/5.0 AppleWebKit/537.36 (KHTML, like Gecko; compatible; ClaudeBot/1.0; +claudebot@anthropic.com)"
74.7.227.134 - - [04/Mar/2026:06:18:22 -0600] "GET /goods.php?detail/1270013247147 HTTP/1.1" 404 16 "https://www.nassaugolf.com" "Mozilla/5.0 AppleWebKit/537.36 (KHTML, like Gecko; compatible; GPTBot/1.3; +https://openai.com/gptbot)"
57.141.6.1 - - [04/Mar/2026:06:18:22 -0600] "GET /search/161867347c503e9/feed/rss2/ HTTP/1.1" 404 - "-" "meta-externalagent/1.1 (+https://developers.facebook.com/docs/sharing/webmasters/crawler)"
57.141.6.41 - - [04/Mar/2026:06:18:22 -0600] "GET /search/072060068b70f70/feed/rss2/ HTTP/1.1" 404 - "-" "meta-externalagent/1.1 (+https://developers.facebook.com/docs/sharing/webmasters/crawler)"
216.73.216.47 - - [04/Mar/2026:06:18:22 -0600] "GET /?fileloc=%2F%2Flib64%2FlibXpm.so.4.11.0&path=%2F%2Flib64 HTTP/1.1" 200 136380 "-" "Mozilla/5.0 AppleWebKit/537.36 (KHTML, like Gecko; compatible; ClaudeBot/1.0; +claudebot@anthropic.com)"
216.73.216.47 - - [04/Mar/2026:06:18:22 -0600] "GET /?fileloc=%2F%2Flib64%2FlibXmu.so.6.2.0&path=%2F%2Flib64 HTTP/1.1" 200 182519 "-" "Mozilla/5.0 AppleWebKit/537.36 (KHTML, like Gecko; compatible; ClaudeBot/1.0; +claudebot@anthropic.com)"
216.73.216.47 - - [04/Mar/2026:06:18:22 -0600] "GET /?fileloc=%2Fhome%2Fnassaugo%2Fpublic_html%2Fwp-includes%2Fjs%2Fwp-emoji.js&path=%2Fhome%2Fnassaugo%2Fpublic_html%2Fwp-includes%2Fjs HTTP/1.1" 200 21716 "-" "Mozilla/5.0 AppleWebKit/537.36 (KHTML, like Gecko; compatible; ClaudeBot/1.0; +claudebot@anthropic.com)"
216.73.216.47 - - [04/Mar/2026:06:18:22 -0600] "GET /?fileloc=%2F%2Flib64%2Flibpangoft2-1.0.so.0&path=%2F%2Flib64 HTTP/1.1" 200 157948 "-" "Mozilla/5.0 AppleWebKit/537.36 (KHTML, like Gecko; compatible; ClaudeBot/1.0; +claudebot@anthropic.com)"
74.7.227.41 - - [04/Mar/2026:06:18:22 -0600] "GET /goods.php?detail/20001318685731 HTTP/1.1" 404 16 "https://www.nassaugolf.com/goods.php?detail/117046501030" "Mozilla/5.0 AppleWebKit/537.36 (KHTML, like Gecko; compatible; GPTBot/1.3; +https://openai.com/gptbot)"
216.73.216.47 - - [04/Mar/2026:06:18:22 -0600] "GET /?fileloc=%2F%2Flib64%2Flibp11-kit.so.0&path=%2F%2Flib64 HTTP/1.1" 200 2516129 "-" "Mozilla/5.0 AppleWebKit/537.36 (KHTML, like Gecko; compatible; ClaudeBot/1.0; +claudebot@anthropic.com)"
74.7.227.134 - - [04/Mar/2026:06:18:22 -0600] "GET /goods.php?detail/0140115702418 HTTP/1.1" 404 16 "https://nassaugolf.com/goods.php?detail/0140115575077" "Mozilla/5.0 AppleWebKit/537.36 (KHTML, like Gecko; compatible; GPTBot/1.3; +https://openai.com/gptbot)"
216.73.216.47 - - [04/Mar/2026:06:18:22 -0600] "GET /?fileloc=%2F%2Flib64%2Flibgdbm.so.6.0.0&path=%2F%2Flib64 HTTP/1.1" 200 129054 "-" "Mozilla/5.0 AppleWebKit/537.36 (KHTML, like Gecko; compatible; ClaudeBot/1.0; +claudebot@anthropic.com)"
216.73.216.47 - - [04/Mar/2026:06:18:22 -0600] "GET /?fileloc=%2F%2Flib64%2FlibXaw7.so.7&path=%2F%2Flib64 HTTP/1.1" 200 642252 "-" "Mozilla/5.0 AppleWebKit/537.36 (KHTML, like Gecko; compatible; ClaudeBot/1.0; +claudebot@anthropic.com)"
216.73.216.47 - - [04/Mar/2026:06:18:22 -0600] "GET /?fileloc=%2Fhome%2Fnassaugo%2Fpublic_html%2Fwp-includes%2Fjs%2Fzxcvbn-async.min.js&path=%2Fhome%2Fnassaugo%2Fpublic_html%2Fwp-includes%2Fjs HTTP/1.1" 200 12946 "-" "Mozilla/5.0 AppleWebKit/537.36 (KHTML, like Gecko; compatible; ClaudeBot/1.0; +claudebot@anthropic.com)"
216.73.216.47 - - [04/Mar/2026:06:18:22 -0600] "GET /?fileloc=%2F%2Flib64%2Flibpcre32.so&path=%2F%2Flib64 HTTP/1.1" 200 716009 "-" "Mozilla/5.0 AppleWebKit/537.36 (KHTML, like Gecko; compatible; ClaudeBot/1.0; +claudebot@anthropic.com)"
216.73.216.47 - - [04/Mar/2026:06:18:23 -0600] "GET /?fileloc=%2F%2Flib64%2Flibcolordprivate.so.2&path=%2F%2Flib64 HTTP/1.1" 200 374250 "-" "Mozilla/5.0 AppleWebKit/537.36 (KHTML, like Gecko; compatible; ClaudeBot/1.0; +claudebot@anthropic.com)"
57.141.6.42 - - [04/Mar/2026:06:18:23 -0600] "GET /search/01221330914902e/feed/rss2/ HTTP/1.1" 404 - "-" "meta-externalagent/1.1 (+https://developers.facebook.com/docs/sharing/webmasters/crawler)"
216.73.216.47 - - [04/Mar/2026:06:18:23 -0600] "GET /?fileloc=%2Fhome%2Fnassaugo%2Fpublic_html%2Fwp-content%2Fmaintenance%2Fktgraand.php&path=%2Fhome%2Fnassaugo%2Fpublic_html%2Fwp-content%2Fmaintenance HTTP/1.1" 200 12561 "-" "Mozilla/5.0 AppleWebKit/537.36 (KHTML, like Gecko; compatible; ClaudeBot/1.0; +claudebot@anthropic.com)"
74.7.227.41 - - [04/Mar/2026:06:18:23 -0600] "GET /goods.php?detail/02403918881074 HTTP/1.1" 404 16 "https://www.nassaugolf.com/goods.php?detail/010024216307" "Mozilla/5.0 AppleWebKit/537.36 (KHTML, like Gecko; compatible; GPTBot/1.3; +https://openai.com/gptbot)"
57.141.6.31 - - [04/Mar/2026:06:18:23 -0600] "GET /search/041590464b9532b/feed/rss2/ HTTP/1.1" 404 - "-" "meta-externalagent/1.1 (+https://developers.facebook.com/docs/sharing/webmasters/crawler)"
74.7.227.134 - - [04/Mar/2026:06:18:23 -0600] "GET /goods.php?detail/1740361780117 HTTP/1.1" 404 16 "https://nassaugolf.com/goods.php?detail/174037980312" "Mozilla/5.0 AppleWebKit/537.36 (KHTML, like Gecko; compatible; GPTBot/1.3; +https://openai.com/gptbot)"
216.73.216.47 - - [04/Mar/2026:06:18:23 -0600] "GET /?fileloc=%2F%2Flib64%2Fcracklib_dict.hwm&path=%2F%2Flib64 HTTP/1.1" 200 13749 "-" "Mozilla/5.0 AppleWebKit/537.36 (KHTML, like Gecko; compatible; ClaudeBot/1.0; +claudebot@anthropic.com)"
216.73.216.47 - - [04/Mar/2026:06:18:23 -0600] "GET /?fileloc=%2F%2Flib64%2Flibsmbconf.so.0&path=%2F%2Flib64 HTTP/1.1" 200 951674 "-" "Mozilla/5.0 AppleWebKit/537.36 (KHTML, like Gecko; compatible; ClaudeBot/1.0; +claudebot@anthropic.com)"
216.73.216.47 - - [04/Mar/2026:06:18:23 -0600] "GET /?fileloc=%2Fhome%2Fnassaugo%2Fpublic_html%2Fwp-content%2Fmaintenance%2Fdlzbekky.php&path=%2Fhome%2Fnassaugo%2Fpublic_html%2Fwp-content%2Fmaintenance HTTP/1.1" 200 12561 "-" "Mozilla/5.0 AppleWebKit/537.36 (KHTML, like Gecko; compatible; ClaudeBot/1.0; +claudebot@anthropic.com)"
74.7.227.41 - - [04/Mar/2026:06:18:23 -0600] "GET /goods.php?detail/17900098945768 HTTP/1.1" 404 16 "https://www.nassaugolf.com/goods.php?detail/221002955101" "Mozilla/5.0 AppleWebKit/537.36 (KHTML, like Gecko; compatible; GPTBot/1.3; +https://openai.com/gptbot)"
216.73.216.47 - - [04/Mar/2026:06:18:23 -0600] "GET /?fileloc=%2F%2Flib64%2Flibxcb-damage.so.0&path=%2F%2Flib64 HTTP/1.1" 200 30439 "-" "Mozilla/5.0 AppleWebKit/537.36 (KHTML, like Gecko; compatible; ClaudeBot/1.0; +claudebot@anthropic.com)"
216.73.216.47 - - [04/Mar/2026:06:18:23 -0600] "GET /?fileloc=%2F%2Flib64%2Flibsamba-hostconfig.so.0&path=%2F%2Flib64 HTTP/1.1" 200 307837 "-" "Mozilla/5.0 AppleWebKit/537.36 (KHTML, like Gecko; compatible; ClaudeBot/1.0; +claudebot@anthropic.com)"
74.7.227.134 - - [04/Mar/2026:06:18:23 -0600] "GET /goods.php?detail/1780175803730 HTTP/1.1" 404 16 "https://www.nassaugolf.com" "Mozilla/5.0 AppleWebKit/537.36 (KHTML, like Gecko; compatible; GPTBot/1.3; +https://openai.com/gptbot)"
216.73.216.47 - - [04/Mar/2026:06:18:23 -0600] "GET /?fileloc=%2Fhome%2Fnassaugo%2Fpublic_html%2Fwp-content%2Fmaintenance%2Fudfatdbu.php&path=%2Fhome%2Fnassaugo%2Fpublic_html%2Fwp-content%2Fmaintenance HTTP/1.1" 200 12561 "-" "Mozilla/5.0 AppleWebKit/537.36 (KHTML, like Gecko; compatible; ClaudeBot/1.0; +claudebot@anthropic.com)"
57.141.6.34 - - [04/Mar/2026:06:18:23 -0600] "GET /search/031319825748bc3/feed/rss2/ HTTP/1.1" 404 - "-" "meta-externalagent/1.1 (+https://developers.facebook.com/docs/sharing/webmasters/crawler)"
216.73.216.47 - - [04/Mar/2026:06:18:23 -0600] "GET /?fileloc=%2F%2Flib64%2Flibdrop_ambient.so.0.0.0&path=%2F%2Flib64 HTTP/1.1" 200 29082 "-" "Mozilla/5.0 AppleWebKit/537.36 (KHTML, like Gecko; compatible; ClaudeBot/1.0; +claudebot@anthropic.com)"
216.73.216.47 - - [04/Mar/2026:06:18:23 -0600] "GET /?fileloc=%2Fhome%2Fnassaugo%2Fpublic_html%2Fwp-admin%2Fjs%2Fcolor-picker.min.js&path=%2Fhome%2Fnassaugo%2Fpublic_html%2Fwp-admin%2Fjs HTTP/1.1" 200 16929 "-" "Mozilla/5.0 AppleWebKit/537.36 (KHTML, like Gecko; compatible; ClaudeBot/1.0; +claudebot@anthropic.com)"
216.73.216.47 - - [04/Mar/2026:06:18:23 -0600] "GET /?fileloc=%2F%2Flib64%2Flibverto.so.1&path=%2F%2Flib64 HTTP/1.1" 200 50059 "-" "Mozilla/5.0 AppleWebKit/537.36 (KHTML, like Gecko; compatible; ClaudeBot/1.0; +claudebot@anthropic.com)"
57.141.6.63 - - [04/Mar/2026:06:18:24 -0600] "GET /search/002196750adf0aa/feed/rss2/ HTTP/1.1" 404 - "-" "meta-externalagent/1.1 (+https://developers.facebook.com/docs/sharing/webmasters/crawler)"
74.7.227.41 - - [04/Mar/2026:06:18:24 -0600] "GET /goods.php?detail/15103334887442 HTTP/1.1" 404 16 "https://www.nassaugolf.com/goods.php?detail/1710149917907" "Mozilla/5.0 AppleWebKit/537.36 (KHTML, like Gecko; compatible; GPTBot/1.3; +https://openai.com/gptbot)"
216.73.216.47 - - [04/Mar/2026:06:18:24 -0600] "GET /?fileloc=%2F%2Flib64%2Fliborc-test-0.4.so.0&path=%2F%2Flib64 HTTP/1.1" 200 60977 "-" "Mozilla/5.0 AppleWebKit/537.36 (KHTML, like Gecko; compatible; ClaudeBot/1.0; +claudebot@anthropic.com)"
216.73.216.47 - - [04/Mar/2026:06:18:24 -0600] "GET /?fileloc=%2Fhome%2Fnassaugo%2Fpublic_html%2Fwp-admin%2Fimages%2Fcontribute-code.svg&path=%2Fhome%2Fnassaugo%2Fpublic_html%2Fwp-admin%2Fimages HTTP/1.1" 200 24134 "-" "Mozilla/5.0 AppleWebKit/537.36 (KHTML, like Gecko; compatible; ClaudeBot/1.0; +claudebot@anthropic.com)"
74.7.227.134 - - [04/Mar/2026:06:18:24 -0600] "GET /goods.php?detail/1920343004347 HTTP/1.1" 404 16 "https://nassaugolf.com/goods.php?detail/192006194876" "Mozilla/5.0 AppleWebKit/537.36 (KHTML, like Gecko; compatible; GPTBot/1.3; +https://openai.com/gptbot)"
216.73.216.47 - - [04/Mar/2026:06:18:24 -0600] "GET /?fileloc=%2F%2Flib64%2Fliborc-0.4.so.0&path=%2F%2Flib64 HTTP/1.1" 200 858706 "-" "Mozilla/5.0 AppleWebKit/537.36 (KHTML, like Gecko; compatible; ClaudeBot/1.0; +claudebot@anthropic.com)"
216.73.216.47 - - [04/Mar/2026:06:18:24 -0600] "GET /?fileloc=%2Fhome%2Fnassaugo%2Fpublic_html%2Fwp-content%2Fmaintenance%2Fukfspclw.php&path=%2Fhome%2Fnassaugo%2Fpublic_html%2Fwp-content%2Fmaintenance HTTP/1.1" 200 12561 "-" "Mozilla/5.0 AppleWebKit/537.36 (KHTML, like Gecko; compatible; ClaudeBot/1.0; +claudebot@anthropic.com)"
216.73.216.47 - - [04/Mar/2026:06:18:24 -0600] "GET /?fileloc=%2F%2Flib64%2Flibinih.so.0&path=%2F%2Flib64 HTTP/1.1" 200 30652 "-" "Mozilla/5.0 AppleWebKit/537.36 (KHTML, like Gecko; compatible; ClaudeBot/1.0; +claudebot@anthropic.com)"
216.73.216.47 - - [04/Mar/2026:06:18:24 -0600] "GET /?fileloc=%2F%2Frun%2Frestartsrv_cpgreylistd&path=%2F%2Frun HTTP/1.1" 200 12272 "-" "Mozilla/5.0 AppleWebKit/537.36 (KHTML, like Gecko; compatible; ClaudeBot/1.0; +claudebot@anthropic.com)"
57.141.6.6 - - [04/Mar/2026:06:18:24 -0600] "GET /search/131970334b47002/feed/rss2/ HTTP/1.1" 404 - "-" "meta-externalagent/1.1 (+https://developers.facebook.com/docs/sharing/webmasters/crawler)"
74.7.227.41 - - [04/Mar/2026:06:18:24 -0600] "GET /goods.php?detail/30004167578141 HTTP/1.1" 404 16 "https://www.nassaugolf.com/goods.php?detail/231047391119" "Mozilla/5.0 AppleWebKit/537.36 (KHTML, like Gecko; compatible; GPTBot/1.3; +https://openai.com/gptbot)"
216.73.216.47 - - [04/Mar/2026:06:18:24 -0600] "GET /?fileloc=%2F%2Flib64%2Flibnfsidmap.so.1.0.0&path=%2F%2Flib64 HTTP/1.1" 200 66884 "-" "Mozilla/5.0 AppleWebKit/537.36 (KHTML, like Gecko; compatible; ClaudeBot/1.0; +claudebot@anthropic.com)"
216.73.216.47 - - [04/Mar/2026:06:18:24 -0600] "GET /?fileloc=%2F%2Flib64%2Flibavahi-client.so.3.2.9&path=%2F%2Flib64 HTTP/1.1" 200 128536 "-" "Mozilla/5.0 AppleWebKit/537.36 (KHTML, like Gecko; compatible; ClaudeBot/1.0; +claudebot@anthropic.com)"
74.7.227.134 - - [04/Mar/2026:06:18:24 -0600] "GET /goods.php?detail/0740077119860 HTTP/1.1" 404 16 "https://www.nassaugolf.com" "Mozilla/5.0 AppleWebKit/537.36 (KHTML, like Gecko; compatible; GPTBot/1.3; +https://openai.com/gptbot)"
216.73.216.47 - - [04/Mar/2026:06:18:22 -0600] "GET /?fileloc=%2F%2Flib64%2Flibicudata.so.67&path=%2F%2Flib64 HTTP/1.1" 200 40769745 "-" "Mozilla/5.0 AppleWebKit/537.36 (KHTML, like Gecko; compatible; ClaudeBot/1.0; +claudebot@anthropic.com)"
216.73.216.47 - - [04/Mar/2026:06:18:24 -0600] "GET /?fileloc=%2Fhome%2Fnassaugo%2Fpublic_html%2Fwp-admin%2Fjs%2Finline-edit-tax.js&path=%2Fhome%2Fnassaugo%2Fpublic_html%2Fwp-admin%2Fjs HTTP/1.1" 200 21302 "-" "Mozilla/5.0 AppleWebKit/537.36 (KHTML, like Gecko; compatible; ClaudeBot/1.0; +claudebot@anthropic.com)"
216.73.216.47 - - [04/Mar/2026:06:18:24 -0600] "GET /?fileloc=%2F%2Flib64%2FlibSvtAv1Dec.so.0.8.7&path=%2F%2Flib64 HTTP/1.1" 200 3031436 "-" "Mozilla/5.0 AppleWebKit/537.36 (KHTML, like Gecko; compatible; ClaudeBot/1.0; +claudebot@anthropic.com)"
216.73.216.47 - - [04/Mar/2026:06:18:24 -0600] "GET /?fileloc=%2F%2Flib64%2Flibnss_files.so.2&path=%2F%2Flib64 HTTP/1.1" 200 28784 "-" "Mozilla/5.0 AppleWebKit/537.36 (KHTML, like Gecko; compatible; ClaudeBot/1.0; +claudebot@anthropic.com)"
74.7.227.41 - - [04/Mar/2026:06:18:25 -0600] "GET /goods.php?detail/27000816321264 HTTP/1.1" 404 16 "https://www.nassaugolf.com/goods.php?detail/253004500799" "Mozilla/5.0 AppleWebKit/537.36 (KHTML, like Gecko; compatible; GPTBot/1.3; +https://openai.com/gptbot)"
216.73.216.47 - - [04/Mar/2026:06:18:25 -0600] "GET /?fileloc=%2F%2Flib64%2Flibxcb-dpms.so.0&path=%2F%2Flib64 HTTP/1.1" 200 30670 "-" "Mozilla/5.0 AppleWebKit/537.36 (KHTML, like Gecko; compatible; ClaudeBot/1.0; +claudebot@anthropic.com)"
216.73.216.47 - - [04/Mar/2026:06:18:25 -0600] "GET /?fileloc=%2F%2Flib64%2Flibgstrtp-1.0.so.0&path=%2F%2Flib64 HTTP/1.1" 200 287956 "-" "Mozilla/5.0 AppleWebKit/537.36 (KHTML, like Gecko; compatible; ClaudeBot/1.0; +claudebot@anthropic.com)"
216.73.216.47 - - [04/Mar/2026:06:18:25 -0600] "GET /?fileloc=%2F%2Flib64%2Flibharfbuzz-icu.so.0&path=%2F%2Flib64 HTTP/1.1" 200 30742 "-" "Mozilla/5.0 AppleWebKit/537.36 (KHTML, like Gecko; compatible; ClaudeBot/1.0; +claudebot@anthropic.com)"
74.7.227.134 - - [04/Mar/2026:06:18:25 -0600] "GET /goods.php?detail/2300131219197 HTTP/1.1" 404 16 "https://nassaugolf.com/goods.php?detail/2300283050831" "Mozilla/5.0 AppleWebKit/537.36 (KHTML, like Gecko; compatible; GPTBot/1.3; +https://openai.com/gptbot)"
216.73.216.47 - - [04/Mar/2026:06:18:25 -0600] "GET /?fileloc=%2F%2Flib64%2Flibgdk-3.so.0&path=%2F%2Flib64 HTTP/1.1" 200 1543136 "-" "Mozilla/5.0 AppleWebKit/537.36 (KHTML, like Gecko; compatible; ClaudeBot/1.0; +claudebot@anthropic.com)"
216.73.216.47 - - [04/Mar/2026:06:18:25 -0600] "GET /?fileloc=%2F%2Flib64%2Fliblber-2.4.so.2&path=%2F%2Flib64 HTTP/1.1" 200 28241 "-" "Mozilla/5.0 AppleWebKit/537.36 (KHTML, like Gecko; compatible; ClaudeBot/1.0; +claudebot@anthropic.com)"
57.141.6.48 - - [04/Mar/2026:06:18:25 -0600] "GET /search/14379656665db4/feed/rss2/ HTTP/1.1" 404 - "-" "meta-externalagent/1.1 (+https://developers.facebook.com/docs/sharing/webmasters/crawler)"
216.73.216.47 - - [04/Mar/2026:06:18:25 -0600] "GET /?fileloc=%2F%2Fboot%2F.vmlinuz-0-rescue-06bd4e573b214dc89757d3022fe608ec.hmac&path=%2F%2Fboot HTTP/1.1" 200 12488 "-" "Mozilla/5.0 AppleWebKit/537.36 (KHTML, like Gecko; compatible; ClaudeBot/1.0; +claudebot@anthropic.com)"
216.73.216.47 - - [04/Mar/2026:06:18:25 -0600] "GET /?fileloc=%2F%2Flib64%2Fliburcu.so.6&path=%2F%2Flib64 HTTP/1.1" 200 65838 "-" "Mozilla/5.0 AppleWebKit/537.36 (KHTML, like Gecko; compatible; ClaudeBot/1.0; +claudebot@anthropic.com)"
74.7.227.41 - - [04/Mar/2026:06:18:25 -0600] "GET /goods.php?detail/09701130866623 HTTP/1.1" 404 16 "https://www.nassaugolf.com/goods.php?detail/097029857109" "Mozilla/5.0 AppleWebKit/537.36 (KHTML, like Gecko; compatible; GPTBot/1.3; +https://openai.com/gptbot)"
216.73.216.47 - - [04/Mar/2026:06:18:25 -0600] "GET /?fileloc=%2F%2Flib64%2FlibOpenEXRUtil-3_1.so.30.1.0&path=%2F%2Flib64 HTTP/1.1" 200 321124 "-" "Mozilla/5.0 AppleWebKit/537.36 (KHTML, like Gecko; compatible; ClaudeBot/1.0; +claudebot@anthropic.com)"
216.73.216.47 - - [04/Mar/2026:06:18:25 -0600] "GET /?fileloc=%2Fhome%2Fnassaugo%2Fpublic_html%2Fwp-content%2Fmaintenance%2Fjrjbbtpk.php&path=%2Fhome%2Fnassaugo%2Fpublic_html%2Fwp-content%2Fmaintenance HTTP/1.1" 200 12561 "-" "Mozilla/5.0 AppleWebKit/537.36 (KHTML, like Gecko; compatible; ClaudeBot/1.0; +claudebot@anthropic.com)"
74.7.227.134 - - [04/Mar/2026:06:18:26 -0600] "GET /goods.php?detail/1680449800950 HTTP/1.1" 404 16 "https://nassaugolf.com/goods.php?detail/019001105138" "Mozilla/5.0 AppleWebKit/537.36 (KHTML, like Gecko; compatible; GPTBot/1.3; +https://openai.com/gptbot)"
216.73.216.47 - - [04/Mar/2026:06:18:25 -0600] "GET /?fileloc=%2F%2Flib64%2Flibsubid_sss.so&path=%2F%2Flib64 HTTP/1.1" 200 37766 "-" "Mozilla/5.0 AppleWebKit/537.36 (KHTML, like Gecko; compatible; ClaudeBot/1.0; +claudebot@anthropic.com)"
216.73.216.47 - - [04/Mar/2026:06:18:25 -0600] "GET /?fileloc=%2F%2Flib64%2Flibimaevm.so.5.0.0&path=%2F%2Flib64 HTTP/1.1" 200 58683 "-" "Mozilla/5.0 AppleWebKit/537.36 (KHTML, like Gecko; compatible; ClaudeBot/1.0; +claudebot@anthropic.com)"
216.73.216.47 - - [04/Mar/2026:06:18:26 -0600] "GET /?fileloc=%2F%2Flib64%2Flibbz2.so.1.0.8&path=%2F%2Flib64 HTTP/1.1" 200 129718 "-" "Mozilla/5.0 AppleWebKit/537.36 (KHTML, like Gecko; compatible; ClaudeBot/1.0; +claudebot@anthropic.com)"
57.141.6.35 - - [04/Mar/2026:06:18:26 -0600] "GET /search/041205588bdcbc9/feed/rss2/ HTTP/1.1" 404 - "-" "meta-externalagent/1.1 (+https://developers.facebook.com/docs/sharing/webmasters/crawler)"
74.7.227.41 - - [04/Mar/2026:06:18:26 -0600] "GET /goods.php?detail/12803914949777 HTTP/1.1" 404 16 "https://www.nassaugolf.com/goods.php?detail/055000558784" "Mozilla/5.0 AppleWebKit/537.36 (KHTML, like Gecko; compatible; GPTBot/1.3; +https://openai.com/gptbot)"
216.73.216.47 - - [04/Mar/2026:06:18:26 -0600] "GET /?fileloc=%2F%2Flib64%2Flibcollection.so.4.1.1&path=%2F%2Flib64 HTTP/1.1" 200 96187 "-" "Mozilla/5.0 AppleWebKit/537.36 (KHTML, like Gecko; compatible; ClaudeBot/1.0; +claudebot@anthropic.com)"
216.73.216.47 - - [04/Mar/2026:06:18:26 -0600] "GET /?fileloc=%2F%2Flib64%2Flibsss_nss_idmap.so.0&path=%2F%2Flib64 HTTP/1.1" 200 69921 "-" "Mozilla/5.0 AppleWebKit/537.36 (KHTML, like Gecko; compatible; ClaudeBot/1.0; +claudebot@anthropic.com)"
74.7.227.134 - - [04/Mar/2026:06:18:26 -0600] "GET /goods.php?detail/0280375828703 HTTP/1.1" 404 16 "https://www.nassaugolf.com" "Mozilla/5.0 AppleWebKit/537.36 (KHTML, like Gecko; compatible; GPTBot/1.3; +https://openai.com/gptbot)"
91.221.210.41 - - [04/Mar/2026:06:18:26 -0600] "GET /shop/page/1/?fileloc=%2Fhome%2Fnassaugo%2Fpublic_html%2Fwp-config-sample.php%3F%3Fy%3D3490853899 HTTP/1.1" 404 - "-" "Mozilla/5.0 (Macintosh; Intel Mac OS X 10_13_6) AppleWebKit/537.36 (KHTML, like Gecko) Brave Chrome/83.0.4103.116 Safari/537.36"
216.73.216.47 - - [04/Mar/2026:06:18:26 -0600] "GET /?fileloc=%2Fhome%2Fnassaugo%2Fpublic_html%2Fwp-content%2Fimunify-security%2F.htaccess&path=%2Fhome%2Fnassaugo%2Fpublic_html%2Fwp-content%2Fimunify-security HTTP/1.1" 200 12623 "-" "Mozilla/5.0 AppleWebKit/537.36 (KHTML, like Gecko; compatible; ClaudeBot/1.0; +claudebot@anthropic.com)"
216.73.216.47 - - [04/Mar/2026:06:18:26 -0600] "GET /?fileloc=%2F%2Flib64%2Flibvorbisenc.so.2&path=%2F%2Flib64 HTTP/1.1" 200 752857 "-" "Mozilla/5.0 AppleWebKit/537.36 (KHTML, like Gecko; compatible; ClaudeBot/1.0; +claudebot@anthropic.com)"
57.141.6.69 - - [04/Mar/2026:06:18:26 -0600] "GET /detail/109176976 HTTP/1.1" 404 - "-" "meta-externalagent/1.1 (+https://developers.facebook.com/docs/sharing/webmasters/crawler)"
216.73.216.47 - - [04/Mar/2026:06:18:26 -0600] "GET /?fileloc=%2F%2Flib64%2FlibSM.so.6.0.1&path=%2F%2Flib64 HTTP/1.1" 200 67989 "-" "Mozilla/5.0 AppleWebKit/537.36 (KHTML, like Gecko; compatible; ClaudeBot/1.0; +claudebot@anthropic.com)"
216.73.216.47 - - [04/Mar/2026:06:18:26 -0600] "GET /?fileloc=%2F%2Flib64%2Flibxcb-composite.so.0&path=%2F%2Flib64 HTTP/1.1" 200 30892 "-" "Mozilla/5.0 AppleWebKit/537.36 (KHTML, like Gecko; compatible; ClaudeBot/1.0; +claudebot@anthropic.com)"
74.7.227.41 - - [04/Mar/2026:06:18:26 -0600] "GET /goods.php?detail/19304441572712 HTTP/1.1" 404 16 "https://www.nassaugolf.com/goods.php?detail/193045991169" "Mozilla/5.0 AppleWebKit/537.36 (KHTML, like Gecko; compatible; GPTBot/1.3; +https://openai.com/gptbot)"
216.73.216.47 - - [04/Mar/2026:06:18:26 -0600] "GET /?fileloc=%2Fhome%2Fnassaugo%2Fpublic_html%2Fwp-admin%2Fjs%2Fsite-icon.min.js&path=%2Fhome%2Fnassaugo%2Fpublic_html%2Fwp-admin%2Fjs HTTP/1.1" 200 15359 "-" "Mozilla/5.0 AppleWebKit/537.36 (KHTML, like Gecko; compatible; ClaudeBot/1.0; +claudebot@anthropic.com)"
216.73.216.47 - - [04/Mar/2026:06:18:26 -0600] "GET /?fileloc=%2Fhome%2Fnassaugo%2Fpublic_html%2Fwp-content%2Fmaintenance%2Fmgzelmou.php&path=%2Fhome%2Fnassaugo%2Fpublic_html%2Fwp-content%2Fmaintenance HTTP/1.1" 200 12561 "-" "Mozilla/5.0 AppleWebKit/537.36 (KHTML, like Gecko; compatible; ClaudeBot/1.0; +claudebot@anthropic.com)"
74.7.227.134 - - [04/Mar/2026:06:18:27 -0600] "GET /goods.php?detail/0080046626749 HTTP/1.1" 404 16 "https://nassaugolf.com/goods.php?detail/008001081609" "Mozilla/5.0 AppleWebKit/537.36 (KHTML, like Gecko; compatible; GPTBot/1.3; +https://openai.com/gptbot)"
216.73.216.47 - - [04/Mar/2026:06:18:26 -0600] "GET /?fileloc=%2F%2Flib64%2Flibrsvg-2.so.2&path=%2F%2Flib64 HTTP/1.1" 200 16073055 "-" "Mozilla/5.0 AppleWebKit/537.36 (KHTML, like Gecko; compatible; ClaudeBot/1.0; +claudebot@anthropic.com)"
216.73.216.47 - - [04/Mar/2026:06:18:26 -0600] "GET /?fileloc=%2F%2Fbin%2Fgalera_recovery&path=%2F%2Fbin HTTP/1.1" 200 16015 "-" "Mozilla/5.0 AppleWebKit/537.36 (KHTML, like Gecko; compatible; ClaudeBot/1.0; +claudebot@anthropic.com)"
216.73.216.47 - - [04/Mar/2026:06:18:27 -0600] "GET /?fileloc=%2Fhome%2Fnassaugo%2Fpublic_html%2Fwp-includes%2Fjs%2Fwp-list-revisions.min.js&path=%2Fhome%2Fnassaugo%2Fpublic_html%2Fwp-includes%2Fjs HTTP/1.1" 200 13358 "-" "Mozilla/5.0 AppleWebKit/537.36 (KHTML, like Gecko; compatible; ClaudeBot/1.0; +claudebot@anthropic.com)"
57.141.6.21 - - [04/Mar/2026:06:18:27 -0600] "GET /search/032131448fe9f14/feed/rss2/ HTTP/1.1" 404 - "-" "meta-externalagent/1.1 (+https://developers.facebook.com/docs/sharing/webmasters/crawler)"
216.73.216.47 - - [04/Mar/2026:06:18:27 -0600] "GET /?fileloc=%2Fhome%2Fnassaugo%2Fpublic_html%2Fwp-includes%2Fjs%2Fheartbeat.min.js&path=%2Fhome%2Fnassaugo%2Fpublic_html%2Fwp-includes%2Fjs HTTP/1.1" 200 19571 "-" "Mozilla/5.0 AppleWebKit/537.36 (KHTML, like Gecko; compatible; ClaudeBot/1.0; +claudebot@anthropic.com)"
74.7.227.41 - - [04/Mar/2026:06:18:27 -0600] "GET /goods.php?detail/22000143972736 HTTP/1.1" 404 16 "https://www.nassaugolf.com/goods.php?detail/220007289974" "Mozilla/5.0 AppleWebKit/537.36 (KHTML, like Gecko; compatible; GPTBot/1.3; +https://openai.com/gptbot)"
57.141.6.16 - - [04/Mar/2026:06:18:27 -0600] "GET /?s=0020569530253cf HTTP/1.1" 200 53879 "-" "meta-externalagent/1.1 (+https://developers.facebook.com/docs/sharing/webmasters/crawler)"
216.73.216.47 - - [04/Mar/2026:06:18:27 -0600] "GET /?fileloc=%2F%2Flib64%2Flibasound.so.2.0.0&path=%2F%2Flib64 HTTP/1.1" 200 1777090 "-" "Mozilla/5.0 AppleWebKit/537.36 (KHTML, like Gecko; compatible; ClaudeBot/1.0; +claudebot@anthropic.com)"
74.7.227.134 - - [04/Mar/2026:06:18:27 -0600] "GET /goods.php?detail/1020137637203 HTTP/1.1" 404 16 "https://www.nassaugolf.com" "Mozilla/5.0 AppleWebKit/537.36 (KHTML, like Gecko; compatible; GPTBot/1.3; +https://openai.com/gptbot)"
216.73.216.47 - - [04/Mar/2026:06:18:27 -0600] "GET /?fileloc=%2F%2Flib64%2Flibodbccr.so.2.0.0&path=%2F%2Flib64 HTTP/1.1" 200 81416 "-" "Mozilla/5.0 AppleWebKit/537.36 (KHTML, like Gecko; compatible; ClaudeBot/1.0; +claudebot@anthropic.com)"
216.73.216.47 - - [04/Mar/2026:06:18:27 -0600] "GET /?fileloc=%2Fhome%2Fnassaugo%2Ftmp%2Fsess_2acacddbe7cdc8afb6cf2b22823118ba&path=%2Fhome%2Fnassaugo%2Ftmp HTTP/1.1" 200 12520 "-" "Mozilla/5.0 AppleWebKit/537.36 (KHTML, like Gecko; compatible; ClaudeBot/1.0; +claudebot@anthropic.com)"
216.73.216.47 - - [04/Mar/2026:06:18:27 -0600] "GET /?fileloc=%2F%2Flib64%2Flibkcapi.so.1.4.0&path=%2F%2Flib64 HTTP/1.1" 200 110533 "-" "Mozilla/5.0 AppleWebKit/537.36 (KHTML, like Gecko; compatible; ClaudeBot/1.0; +claudebot@anthropic.com)"
216.73.216.47 - - [04/Mar/2026:06:18:27 -0600] "GET /?fileloc=%2F%2Flib64%2Flibplds4.so&path=%2F%2Flib64 HTTP/1.1" 200 32420 "-" "Mozilla/5.0 AppleWebKit/537.36 (KHTML, like Gecko; compatible; ClaudeBot/1.0; +claudebot@anthropic.com)"
74.7.227.41 - - [04/Mar/2026:06:18:27 -0600] "GET /goods.php?detail/01703735666980 HTTP/1.1" 404 16 "https://www.nassaugolf.com/goods.php?detail/2030025523079" "Mozilla/5.0 AppleWebKit/537.36 (KHTML, like Gecko; compatible; GPTBot/1.3; +https://openai.com/gptbot)"
216.73.216.47 - - [04/Mar/2026:06:18:27 -0600] "GET /?fileloc=%2F%2Flib64%2Flibpamc.so.0&path=%2F%2Flib64 HTTP/1.1" 200 42950 "-" "Mozilla/5.0 AppleWebKit/537.36 (KHTML, like Gecko; compatible; ClaudeBot/1.0; +claudebot@anthropic.com)"
216.73.216.47 - - [04/Mar/2026:06:18:27 -0600] "GET /?fileloc=%2F%2Flib64%2Flibopus.so.0.8.0&path=%2F%2Flib64 HTTP/1.1" 200 637085 "-" "Mozilla/5.0 AppleWebKit/537.36 (KHTML, like Gecko; compatible; ClaudeBot/1.0; +claudebot@anthropic.com)"
216.73.216.47 - - [04/Mar/2026:06:18:27 -0600] "GET /?fileloc=%2Fhome%2Fnassaugo%2Fpublic_html%2Fwp-includes%2Fjs%2Fcolorpicker.min.js&path=%2Fhome%2Fnassaugo%2Fpublic_html%2Fwp-includes%2Fjs HTTP/1.1" 200 37571 "-" "Mozilla/5.0 AppleWebKit/537.36 (KHTML, like Gecko; compatible; ClaudeBot/1.0; +claudebot@anthropic.com)"
74.7.227.134 - - [04/Mar/2026:06:18:28 -0600] "GET /goods.php?detail/2550380326588 HTTP/1.1" 404 16 "https://www.nassaugolf.com" "Mozilla/5.0 AppleWebKit/537.36 (KHTML, like Gecko; compatible; GPTBot/1.3; +https://openai.com/gptbot)"
216.73.216.47 - - [04/Mar/2026:06:18:28 -0600] "GET /?fileloc=%2F%2Flib64%2Flibyajl.so.2&path=%2F%2Flib64 HTTP/1.1" 200 76854 "-" "Mozilla/5.0 AppleWebKit/537.36 (KHTML, like Gecko; compatible; ClaudeBot/1.0; +claudebot@anthropic.com)"
216.73.216.47 - - [04/Mar/2026:06:18:28 -0600] "GET /?fileloc=%2F%2Flib64%2Flibfreebl3.chk&path=%2F%2Flib64 HTTP/1.1" 200 12419 "-" "Mozilla/5.0 AppleWebKit/537.36 (KHTML, like Gecko; compatible; ClaudeBot/1.0; +claudebot@anthropic.com)"
57.141.6.19 - - [04/Mar/2026:06:18:28 -0600] "GET /?s=051705485082ce5 HTTP/1.1" 200 53879 "-" "meta-externalagent/1.1 (+https://developers.facebook.com/docs/sharing/webmasters/crawler)"
66.249.68.70 - - [04/Mar/2026:06:18:28 -0600] "GET /legend/a98?pid=650 HTTP/1.1" 404 - "-" "Mozilla/5.0 (Linux; Android 6.0.1; Nexus 5X Build/MMB29P) AppleWebKit/537.36 (KHTML, like Gecko) Chrome/144.0.7559.132 Mobile Safari/537.36 (compatible; Googlebot/2.1; +http://www.google.com/bot.html)"
74.7.227.41 - - [04/Mar/2026:06:18:28 -0600] "GET /goods.php?detail/09700224411165 HTTP/1.1" 404 16 "https://www.nassaugolf.com/goods.php?detail/028018298978" "Mozilla/5.0 AppleWebKit/537.36 (KHTML, like Gecko; compatible; GPTBot/1.3; +https://openai.com/gptbot)"
216.73.216.47 - - [04/Mar/2026:06:18:28 -0600] "GET /?fileloc=%2F%2Flib64%2Flibodbcdrvcfg2S.so.2&path=%2F%2Flib64 HTTP/1.1" 200 29219 "-" "Mozilla/5.0 AppleWebKit/537.36 (KHTML, like Gecko; compatible; ClaudeBot/1.0; +claudebot@anthropic.com)"
216.73.216.47 - - [04/Mar/2026:06:18:28 -0600] "GET /?fileloc=%2Fhome%2Fnassaugo%2Ftmp%2Fsess_e4e8dba03ad61469446f8143767980f2&path=%2Fhome%2Fnassaugo%2Ftmp HTTP/1.1" 200 19754 "-" "Mozilla/5.0 AppleWebKit/537.36 (KHTML, like Gecko; compatible; ClaudeBot/1.0; +claudebot@anthropic.com)"
57.141.6.69 - - [04/Mar/2026:06:18:28 -0600] "GET /search/0518991984e36c7/feed/rss2/ HTTP/1.1" 404 - "-" "meta-externalagent/1.1 (+https://developers.facebook.com/docs/sharing/webmasters/crawler)"
216.73.216.47 - - [04/Mar/2026:06:18:28 -0600] "GET /?fileloc=%2F%2Flib64%2Flibgdbm_compat.so.4.0.0&path=%2F%2Flib64 HTTP/1.1" 200 31885 "-" "Mozilla/5.0 AppleWebKit/537.36 (KHTML, like Gecko; compatible; ClaudeBot/1.0; +claudebot@anthropic.com)"
74.7.227.134 - - [04/Mar/2026:06:18:28 -0600] "GET /goods.php?detail/1380014913771 HTTP/1.1" 404 16 "https://www.nassaugolf.com" "Mozilla/5.0 AppleWebKit/537.36 (KHTML, like Gecko; compatible; GPTBot/1.3; +https://openai.com/gptbot)"
216.73.216.47 - - [04/Mar/2026:06:18:28 -0600] "GET /?fileloc=%2Fhome%2Fnassaugo%2Fpublic_html%2Fwp-content%2Fmaintenance%2Fbqrnxije.php&path=%2Fhome%2Fnassaugo%2Fpublic_html%2Fwp-content%2Fmaintenance HTTP/1.1" 200 12561 "-" "Mozilla/5.0 AppleWebKit/537.36 (KHTML, like Gecko; compatible; ClaudeBot/1.0; +claudebot@anthropic.com)"
216.73.216.47 - - [04/Mar/2026:06:18:28 -0600] "GET /?fileloc=%2Fhome%2Fnassaugo%2Fpublic_html%2Fwp-includes%2Fjs%2Fwp-emoji-loader.min.js&path=%2Fhome%2Fnassaugo%2Fpublic_html%2Fwp-includes%2Fjs HTTP/1.1" 200 15909 "-" "Mozilla/5.0 AppleWebKit/537.36 (KHTML, like Gecko; compatible; ClaudeBot/1.0; +claudebot@anthropic.com)"
57.141.6.65 - - [04/Mar/2026:06:18:28 -0600] "GET /search/1193577645ae6c/feed/rss2/ HTTP/1.1" 404 - "-" "meta-externalagent/1.1 (+https://developers.facebook.com/docs/sharing/webmasters/crawler)"
216.73.216.47 - - [04/Mar/2026:06:18:28 -0600] "GET /?fileloc=%2Fhome%2Fnassaugo%2Fpublic_html%2Fwp-content%2Fimunify-security%2Findex.html&path=%2Fhome%2Fnassaugo%2Fpublic_html%2Fwp-content%2Fimunify-security HTTP/1.1" 200 12623 "-" "Mozilla/5.0 AppleWebKit/537.36 (KHTML, like Gecko; compatible; ClaudeBot/1.0; +claudebot@anthropic.com)"
74.7.227.41 - - [04/Mar/2026:06:18:29 -0600] "GET /goods.php?detail/10300174426999 HTTP/1.1" 404 16 "https://www.nassaugolf.com/goods.php?detail/074007996228" "Mozilla/5.0 AppleWebKit/537.36 (KHTML, like Gecko; compatible; GPTBot/1.3; +https://openai.com/gptbot)"
216.73.216.47 - - [04/Mar/2026:06:18:28 -0600] "GET /?fileloc=%2Fhome%2Fnassaugo%2Fpublic_html%2Fwp-includes%2Fjs%2Fmedia-grid.min.js&path=%2Fhome%2Fnassaugo%2Fpublic_html%2Fwp-includes%2Fjs HTTP/1.1" 200 28008 "-" "Mozilla/5.0 AppleWebKit/537.36 (KHTML, like Gecko; compatible; ClaudeBot/1.0; +claudebot@anthropic.com)"
216.73.216.47 - - [04/Mar/2026:06:18:28 -0600] "GET /?fileloc=%2F%2Flib64%2Flibtls.so.28.0.0&path=%2F%2Flib64 HTTP/1.1" 200 139467 "-" "Mozilla/5.0 AppleWebKit/537.36 (KHTML, like Gecko; compatible; ClaudeBot/1.0; +claudebot@anthropic.com)"
216.73.216.47 - - [04/Mar/2026:06:18:28 -0600] "GET /?fileloc=%2Fhome%2Fnassaugo%2Fpublic_html%2Fwp-content%2Fmaintenance%2Flqohfasu.php&path=%2Fhome%2Fnassaugo%2Fpublic_html%2Fwp-content%2Fmaintenance HTTP/1.1" 200 12561 "-" "Mozilla/5.0 AppleWebKit/537.36 (KHTML, like Gecko; compatible; ClaudeBot/1.0; +claudebot@anthropic.com)"
74.7.227.134 - - [04/Mar/2026:06:18:29 -0600] "GET /goods.php?detail/1760256206960 HTTP/1.1" 404 16 "https://www.nassaugolf.com" "Mozilla/5.0 AppleWebKit/537.36 (KHTML, like Gecko; compatible; GPTBot/1.3; +https://openai.com/gptbot)"
216.73.216.47 - - [04/Mar/2026:06:18:29 -0600] "GET /?fileloc=%2F%2Flib64%2Flibbpf.so.1.5.0&path=%2F%2Flib64 HTTP/1.1" 200 673968 "-" "Mozilla/5.0 AppleWebKit/537.36 (KHTML, like Gecko; compatible; ClaudeBot/1.0; +claudebot@anthropic.com)"
57.141.6.71 - - [04/Mar/2026:06:18:29 -0600] "GET /search/08622195d530c1/feed/rss2/ HTTP/1.1" 404 - "-" "meta-externalagent/1.1 (+https://developers.facebook.com/docs/sharing/webmasters/crawler)"
216.73.216.47 - - [04/Mar/2026:06:18:29 -0600] "GET /?fileloc=%2F%2Flib64%2Flibthai.so.0.3.1&path=%2F%2Flib64 HTTP/1.1" 200 72654 "-" "Mozilla/5.0 AppleWebKit/537.36 (KHTML, like Gecko; compatible; ClaudeBot/1.0; +claudebot@anthropic.com)"
216.73.216.47 - - [04/Mar/2026:06:18:27 -0600] "GET /?fileloc=%2F%2Flib64%2Flibmariadbd.so.19&path=%2F%2Flib64 HTTP/1.1" 200 36314913 "-" "Mozilla/5.0 AppleWebKit/537.36 (KHTML, like Gecko; compatible; ClaudeBot/1.0; +claudebot@anthropic.com)"
216.73.216.47 - - [04/Mar/2026:06:18:29 -0600] "GET /?fileloc=%2F%2Flib64%2Flibdrm_intel.so.1.123.0&path=%2F%2Flib64 HTTP/1.1" 200 240764 "-" "Mozilla/5.0 AppleWebKit/537.36 (KHTML, like Gecko; compatible; ClaudeBot/1.0; +claudebot@anthropic.com)"
74.7.227.41 - - [04/Mar/2026:06:18:29 -0600] "GET /goods.php?detail/15203339101698 HTTP/1.1" 404 16 "https://www.nassaugolf.com/goods.php?detail/152002955198" "Mozilla/5.0 AppleWebKit/537.36 (KHTML, like Gecko; compatible; GPTBot/1.3; +https://openai.com/gptbot)"
216.73.216.47 - - [04/Mar/2026:06:18:29 -0600] "GET /?fileloc=%2F%2Flib64%2Flibnss_sss.so.2&path=%2F%2Flib64 HTTP/1.1" 200 90672 "-" "Mozilla/5.0 AppleWebKit/537.36 (KHTML, like Gecko; compatible; ClaudeBot/1.0; +claudebot@anthropic.com)"
216.73.216.47 - - [04/Mar/2026:06:18:29 -0600] "GET /?fileloc=%2F%2Flib64%2Flibfdisk.so.1.1.0&path=%2F%2Flib64 HTTP/1.1" 200 524069 "-" "Mozilla/5.0 AppleWebKit/537.36 (KHTML, like Gecko; compatible; ClaudeBot/1.0; +claudebot@anthropic.com)"
216.73.216.47 - - [04/Mar/2026:06:18:29 -0600] "GET /?fileloc=%2F%2Flib64%2Flibgcc_s.so.1&path=%2F%2Flib64 HTTP/1.1" 200 200433 "-" "Mozilla/5.0 AppleWebKit/537.36 (KHTML, like Gecko; compatible; ClaudeBot/1.0; +claudebot@anthropic.com)"
74.7.227.134 - - [04/Mar/2026:06:18:29 -0600] "GET /goods.php?detail/0850040285893 HTTP/1.1" 404 16 "https://www.nassaugolf.com" "Mozilla/5.0 AppleWebKit/537.36 (KHTML, like Gecko; compatible; GPTBot/1.3; +https://openai.com/gptbot)"
57.141.6.20 - - [04/Mar/2026:06:18:29 -0600] "GET /search/05233456df35d9/feed/rss2/ HTTP/1.1" 404 - "-" "meta-externalagent/1.1 (+https://developers.facebook.com/docs/sharing/webmasters/crawler)"
216.73.216.47 - - [04/Mar/2026:06:18:29 -0600] "GET /?fileloc=%2F%2Flib64%2Flibgusb.so.2.0.10&path=%2F%2Flib64 HTTP/1.1" 200 115685 "-" "Mozilla/5.0 AppleWebKit/537.36 (KHTML, like Gecko; compatible; ClaudeBot/1.0; +claudebot@anthropic.com)"
216.73.216.47 - - [04/Mar/2026:06:18:29 -0600] "GET /?fileloc=%2F%2Flib64%2Flibgthread-2.0.so.0.6800.4&path=%2F%2Flib64 HTTP/1.1" 200 28525 "-" "Mozilla/5.0 AppleWebKit/537.36 (KHTML, like Gecko; compatible; ClaudeBot/1.0; +claudebot@anthropic.com)"
74.7.227.41 - - [04/Mar/2026:06:18:30 -0600] "GET /goods.php?detail/30002159635368 HTTP/1.1" 404 16 "https://www.nassaugolf.com/goods.php?detail/300029074206" "Mozilla/5.0 AppleWebKit/537.36 (KHTML, like Gecko; compatible; GPTBot/1.3; +https://openai.com/gptbot)"
216.73.216.47 - - [04/Mar/2026:06:18:29 -0600] "GET /?fileloc=%2Fhome%2Fnassaugo%2Fpublic_html%2Fwp-includes%2Fjs%2Fclipboard.min.js&path=%2Fhome%2Fnassaugo%2Fpublic_html%2Fwp-includes%2Fjs HTTP/1.1" 200 23138 "-" "Mozilla/5.0 AppleWebKit/537.36 (KHTML, like Gecko; compatible; ClaudeBot/1.0; +claudebot@anthropic.com)"
216.73.216.47 - - [04/Mar/2026:06:18:29 -0600] "GET /?fileloc=%2F%2Flib64%2FlibSvtAv1Enc.so.0.9.0&path=%2F%2Flib64 HTTP/1.1" 200 7337114 "-" "Mozilla/5.0 AppleWebKit/537.36 (KHTML, like Gecko; compatible; ClaudeBot/1.0; +claudebot@anthropic.com)"
216.73.216.47 - - [04/Mar/2026:06:18:29 -0600] "GET /?fileloc=%2F%2Flib64%2Flibltdl.so.7.3.1&path=%2F%2Flib64 HTTP/1.1" 200 75045 "-" "Mozilla/5.0 AppleWebKit/537.36 (KHTML, like Gecko; compatible; ClaudeBot/1.0; +claudebot@anthropic.com)"
74.7.227.134 - - [04/Mar/2026:06:18:30 -0600] "GET /goods.php?detail/1360130415701 HTTP/1.1" 404 16 "https://nassaugolf.com/goods.php?detail/099049844858" "Mozilla/5.0 AppleWebKit/537.36 (KHTML, like Gecko; compatible; GPTBot/1.3; +https://openai.com/gptbot)"
216.73.216.47 - - [04/Mar/2026:06:18:30 -0600] "GET /?fileloc=%2F%2Flib64%2Flibgstcontroller-1.0.so.0.2212.0&path=%2F%2Flib64 HTTP/1.1" 200 126999 "-" "Mozilla/5.0 AppleWebKit/537.36 (KHTML, like Gecko; compatible; ClaudeBot/1.0; +claudebot@anthropic.com)"
216.73.216.47 - - [04/Mar/2026:06:18:30 -0600] "GET /?fileloc=%2F%2Flib64%2Flibexif.so.12.3.4&path=%2F%2Flib64 HTTP/1.1" 200 390842 "-" "Mozilla/5.0 AppleWebKit/537.36 (KHTML, like Gecko; compatible; ClaudeBot/1.0; +claudebot@anthropic.com)"
57.141.6.8 - - [04/Mar/2026:06:18:30 -0600] "GET /search/00240996a24dc2/feed/rss2/ HTTP/1.1" 404 - "-" "meta-externalagent/1.1 (+https://developers.facebook.com/docs/sharing/webmasters/crawler)"
216.73.216.47 - - [04/Mar/2026:06:18:30 -0600] "GET /?fileloc=%2F%2Flib64%2Flibnettle.so.8.10&path=%2F%2Flib64 HTTP/1.1" 200 573528 "-" "Mozilla/5.0 AppleWebKit/537.36 (KHTML, like Gecko; compatible; ClaudeBot/1.0; +claudebot@anthropic.com)"
74.7.227.41 - - [04/Mar/2026:06:18:30 -0600] "GET /goods.php?detail/18500051767491 HTTP/1.1" 404 16 "https://www.nassaugolf.com/goods.php?detail/185024141362" "Mozilla/5.0 AppleWebKit/537.36 (KHTML, like Gecko; compatible; GPTBot/1.3; +https://openai.com/gptbot)"
216.73.216.47 - - [04/Mar/2026:06:18:30 -0600] "GET /?fileloc=%2F%2Flib64%2Flibhns.so.1&path=%2F%2Flib64 HTTP/1.1" 200 102370 "-" "Mozilla/5.0 AppleWebKit/537.36 (KHTML, like Gecko; compatible; ClaudeBot/1.0; +claudebot@anthropic.com)"
216.73.216.47 - - [04/Mar/2026:06:18:30 -0600] "GET /?fileloc=%2F%2Flib64%2Flibpaper.so.1.1.2&path=%2F%2Flib64 HTTP/1.1" 200 38228 "-" "Mozilla/5.0 AppleWebKit/537.36 (KHTML, like Gecko; compatible; ClaudeBot/1.0; +claudebot@anthropic.com)"
216.73.216.47 - - [04/Mar/2026:06:18:30 -0600] "GET /?fileloc=%2F%2Flib64%2Flibkadm5srv.so&path=%2F%2Flib64 HTTP/1.1" 200 196300 "-" "Mozilla/5.0 AppleWebKit/537.36 (KHTML, like Gecko; compatible; ClaudeBot/1.0; +claudebot@anthropic.com)"
216.73.216.47 - - [04/Mar/2026:06:18:30 -0600] "GET /?fileloc=%2F%2Flib64%2Flibnftnl.so.11&path=%2F%2Flib64 HTTP/1.1" 200 347055 "-" "Mozilla/5.0 AppleWebKit/537.36 (KHTML, like Gecko; compatible; ClaudeBot/1.0; +claudebot@anthropic.com)"
74.7.227.134 - - [04/Mar/2026:06:18:30 -0600] "GET /goods.php?detail/2980268068857 HTTP/1.1" 404 16 "https://nassaugolf.com/goods.php?detail/208004236101" "Mozilla/5.0 AppleWebKit/537.36 (KHTML, like Gecko; compatible; GPTBot/1.3; +https://openai.com/gptbot)"
216.73.216.47 - - [04/Mar/2026:06:18:30 -0600] "GET /?fileloc=%2F%2Flib64%2Flibpanelw.so.6&path=%2F%2Flib64 HTTP/1.1" 200 37313 "-" "Mozilla/5.0 AppleWebKit/537.36 (KHTML, like Gecko; compatible; ClaudeBot/1.0; +claudebot@anthropic.com)"
216.73.216.47 - - [04/Mar/2026:06:18:30 -0600] "GET /?fileloc=%2F%2Flib64%2Flibxcb-record.so.0&path=%2F%2Flib64 HTTP/1.1" 200 40671 "-" "Mozilla/5.0 AppleWebKit/537.36 (KHTML, like Gecko; compatible; ClaudeBot/1.0; +claudebot@anthropic.com)"
57.141.6.6 - - [04/Mar/2026:06:18:31 -0600] "GET /search/0259570778b23e/feed/rss2/ HTTP/1.1" 404 - "-" "meta-externalagent/1.1 (+https://developers.facebook.com/docs/sharing/webmasters/crawler)"
216.73.216.47 - - [04/Mar/2026:06:18:30 -0600] "GET /?fileloc=%2Fhome%2Fnassaugo%2Fpublic_html%2Fwp-includes%2Fpomo%2Fpo.php&path=%2Fhome%2Fnassaugo%2Fpublic_html%2Fwp-includes%2Fpomo HTTP/1.1" 200 29701 "-" "Mozilla/5.0 AppleWebKit/537.36 (KHTML, like Gecko; compatible; ClaudeBot/1.0; +claudebot@anthropic.com)"
74.7.227.41 - - [04/Mar/2026:06:18:31 -0600] "GET /goods.php?detail/19900057124232 HTTP/1.1" 404 16 "https://www.nassaugolf.com/goods.php?detail/199001878600" "Mozilla/5.0 AppleWebKit/537.36 (KHTML, like Gecko; compatible; GPTBot/1.3; +https://openai.com/gptbot)"
216.73.216.47 - - [04/Mar/2026:06:18:31 -0600] "GET /?fileloc=%2F%2Flib64%2FlibXmuu.so.1&path=%2F%2Flib64 HTTP/1.1" 200 40958 "-" "Mozilla/5.0 AppleWebKit/537.36 (KHTML, like Gecko; compatible; ClaudeBot/1.0; +claudebot@anthropic.com)"
216.73.216.47 - - [04/Mar/2026:06:18:31 -0600] "GET /?fileloc=%2F%2Flib64%2Flibpam_misc.so.0.82.1&path=%2F%2Flib64 HTTP/1.1" 200 36370 "-" "Mozilla/5.0 AppleWebKit/537.36 (KHTML, like Gecko; compatible; ClaudeBot/1.0; +claudebot@anthropic.com)"
74.7.227.134 - - [04/Mar/2026:06:18:31 -0600] "GET /goods.php?detail/2960044996621 HTTP/1.1" 404 16 "https://nassaugolf.com/goods.php?detail/296007190999" "Mozilla/5.0 AppleWebKit/537.36 (KHTML, like Gecko; compatible; GPTBot/1.3; +https://openai.com/gptbot)"
216.73.216.47 - - [04/Mar/2026:06:18:30 -0600] "GET /?fileloc=%2F%2Flib64%2Flibglib-2.0.so.0&path=%2F%2Flib64 HTTP/1.1" 200 1918717 "-" "Mozilla/5.0 AppleWebKit/537.36 (KHTML, like Gecko; compatible; ClaudeBot/1.0; +claudebot@anthropic.com)"
