74.7.227.134 - - [04/Mar/2026:06:31:51 -0600] "GET /goods.php?detail/1120320579252 HTTP/1.1" 404 16 "https://www.nassaugolf.com" "Mozilla/5.0 AppleWebKit/537.36 (KHTML, like Gecko; compatible; GPTBot/1.3; +https://openai.com/gptbot)"
74.7.227.41 - - [04/Mar/2026:06:31:51 -0600] "GET /goods.php?detail/0660432393198 HTTP/1.1" 404 16 "https://www.nassaugolf.com/goods.php?detail/102023588833" "Mozilla/5.0 AppleWebKit/537.36 (KHTML, like Gecko; compatible; GPTBot/1.3; +https://openai.com/gptbot)"
57.141.6.70 - - [04/Mar/2026:06:31:51 -0600] "GET /search/0316775204f35fc/feed/rss2/ HTTP/1.1" 404 - "-" "meta-externalagent/1.1 (+https://developers.facebook.com/docs/sharing/webmasters/crawler)"
74.7.227.134 - - [04/Mar/2026:06:31:51 -0600] "GET /goods.php?detail/1940345119174 HTTP/1.1" 404 16 "https://www.nassaugolf.com" "Mozilla/5.0 AppleWebKit/537.36 (KHTML, like Gecko; compatible; GPTBot/1.3; +https://openai.com/gptbot)"
74.7.227.41 - - [04/Mar/2026:06:31:51 -0600] "GET /goods.php?detail/2740455626192 HTTP/1.1" 404 16 "https://www.nassaugolf.com/goods.php?detail/123017747537" "Mozilla/5.0 AppleWebKit/537.36 (KHTML, like Gecko; compatible; GPTBot/1.3; +https://openai.com/gptbot)"
57.141.6.67 - - [04/Mar/2026:06:31:51 -0600] "GET /search/05438375db840e/feed/rss2/ HTTP/1.1" 404 - "-" "meta-externalagent/1.1 (+https://developers.facebook.com/docs/sharing/webmasters/crawler)"
57.141.6.50 - - [04/Mar/2026:06:31:51 -0600] "GET /search/06524510a3938c/feed/rss2/ HTTP/1.1" 404 - "-" "meta-externalagent/1.1 (+https://developers.facebook.com/docs/sharing/webmasters/crawler)"
74.7.227.134 - - [04/Mar/2026:06:31:52 -0600] "GET /goods.php?detail/0080042355068 HTTP/1.1" 404 16 "https://nassaugolf.com/goods.php?detail/008005075387" "Mozilla/5.0 AppleWebKit/537.36 (KHTML, like Gecko; compatible; GPTBot/1.3; +https://openai.com/gptbot)"
74.7.227.41 - - [04/Mar/2026:06:31:52 -0600] "GET /goods.php?detail/1380050771493 HTTP/1.1" 404 16 "https://www.nassaugolf.com/goods.php?detail/138004248340" "Mozilla/5.0 AppleWebKit/537.36 (KHTML, like Gecko; compatible; GPTBot/1.3; +https://openai.com/gptbot)"
5.39.1.228 - - [04/Mar/2026:06:31:52 -0600] "GET /?fileloc=//lib64/liburcu-signal.so.6&path=//lib64 HTTP/1.1" 200 66168 "-" "Mozilla/5.0 (compatible; AhrefsBot/7.0; +http://ahrefs.com/robot/)"
74.7.227.134 - - [04/Mar/2026:06:31:52 -0600] "GET /goods.php?detail/2390170028828 HTTP/1.1" 404 16 "https://nassaugolf.com/goods.php?goods/223002847" "Mozilla/5.0 AppleWebKit/537.36 (KHTML, like Gecko; compatible; GPTBot/1.3; +https://openai.com/gptbot)"
57.141.6.65 - - [04/Mar/2026:06:31:52 -0600] "GET /search/071472086b82da/feed/rss2/ HTTP/1.1" 404 - "-" "meta-externalagent/1.1 (+https://developers.facebook.com/docs/sharing/webmasters/crawler)"
74.7.227.41 - - [04/Mar/2026:06:31:52 -0600] "GET /goods.php?detail/1350484074721 HTTP/1.1" 404 16 "https://www.nassaugolf.com/goods.php?detail/109033042644" "Mozilla/5.0 AppleWebKit/537.36 (KHTML, like Gecko; compatible; GPTBot/1.3; +https://openai.com/gptbot)"
74.7.227.134 - - [04/Mar/2026:06:31:53 -0600] "GET /goods.php?detail/1060386120308 HTTP/1.1" 404 16 "https://nassaugolf.com/goods.php?detail/061049089897" "Mozilla/5.0 AppleWebKit/537.36 (KHTML, like Gecko; compatible; GPTBot/1.3; +https://openai.com/gptbot)"
74.7.227.41 - - [04/Mar/2026:06:31:53 -0600] "GET /goods.php?detail/1390029154271 HTTP/1.1" 404 16 "https://www.nassaugolf.com/goods.php?detail/0720115331408" "Mozilla/5.0 AppleWebKit/537.36 (KHTML, like Gecko; compatible; GPTBot/1.3; +https://openai.com/gptbot)"
57.141.6.63 - - [04/Mar/2026:06:31:53 -0600] "GET /search/00247487720ff67/feed/rss2/ HTTP/1.1" 404 - "-" "meta-externalagent/1.1 (+https://developers.facebook.com/docs/sharing/webmasters/crawler)"
74.7.227.134 - - [04/Mar/2026:06:31:53 -0600] "GET /goods.php?detail/2360321015235 HTTP/1.1" 404 16 "https://www.nassaugolf.com" "Mozilla/5.0 AppleWebKit/537.36 (KHTML, like Gecko; compatible; GPTBot/1.3; +https://openai.com/gptbot)"
74.7.227.41 - - [04/Mar/2026:06:31:53 -0600] "GET /goods.php?detail/1390223693471 HTTP/1.1" 404 16 "https://www.nassaugolf.com/goods.php?detail/269042805504" "Mozilla/5.0 AppleWebKit/537.36 (KHTML, like Gecko; compatible; GPTBot/1.3; +https://openai.com/gptbot)"
57.141.6.71 - - [04/Mar/2026:06:31:53 -0600] "GET /?s=181396921afe780 HTTP/1.1" 200 53879 "-" "meta-externalagent/1.1 (+https://developers.facebook.com/docs/sharing/webmasters/crawler)"
57.141.6.41 - - [04/Mar/2026:06:31:53 -0600] "GET /prize/18104023 HTTP/1.1" 404 - "-" "meta-externalagent/1.1 (+https://developers.facebook.com/docs/sharing/webmasters/crawler)"
74.7.227.134 - - [04/Mar/2026:06:31:54 -0600] "GET /goods.php?detail/1210037479007 HTTP/1.1" 404 16 "https://nassaugolf.com/goods.php?detail/213036156284" "Mozilla/5.0 AppleWebKit/537.36 (KHTML, like Gecko; compatible; GPTBot/1.3; +https://openai.com/gptbot)"
57.141.6.10 - - [04/Mar/2026:06:31:54 -0600] "GET /search/16122138444b9ff/feed/rss2/ HTTP/1.1" 404 - "-" "meta-externalagent/1.1 (+https://developers.facebook.com/docs/sharing/webmasters/crawler)"
74.7.227.41 - - [04/Mar/2026:06:31:54 -0600] "GET /goods.php?detail/0760335917267 HTTP/1.1" 404 16 "https://www.nassaugolf.com/goods.php?detail/0080402286700" "Mozilla/5.0 AppleWebKit/537.36 (KHTML, like Gecko; compatible; GPTBot/1.3; +https://openai.com/gptbot)"
185.177.72.60 - - [04/Mar/2026:06:31:54 -0600] "GET /account HTTP/1.1" 404 - "-" "Mozilla/5.0 (Windows NT 10.0; Win64; x64) AppleWebKit/537.36, Mozilla/5.0 (Windows NT 10.0; Win64; x64) AppleWebKit/537.36 (KHTML, like Gecko) Chrome/120.0.0.0 Safari/537.36"
74.7.227.134 - - [04/Mar/2026:06:31:54 -0600] "GET /goods.php?detail/1980030288319 HTTP/1.1" 404 16 "https://www.nassaugolf.com" "Mozilla/5.0 AppleWebKit/537.36 (KHTML, like Gecko; compatible; GPTBot/1.3; +https://openai.com/gptbot)"
185.177.72.60 - - [04/Mar/2026:06:31:54 -0600] "GET /signup HTTP/1.1" 404 - "-" "Mozilla/5.0 (Windows NT 10.0; Win64; x64) AppleWebKit/537.36, Mozilla/5.0 (Windows NT 10.0; Win64; x64) AppleWebKit/537.36 (KHTML, like Gecko) Chrome/120.0.0.0 Safari/537.36"
74.7.227.41 - - [04/Mar/2026:06:31:54 -0600] "GET /goods.php?detail/1430022408673 HTTP/1.1" 404 16 "https://www.nassaugolf.com/goods.php?detail/143007101578" "Mozilla/5.0 AppleWebKit/537.36 (KHTML, like Gecko; compatible; GPTBot/1.3; +https://openai.com/gptbot)"
185.177.72.60 - - [04/Mar/2026:06:31:54 -0600] "GET /cart HTTP/1.1" 404 - "-" "Mozilla/5.0 (Windows NT 10.0; Win64; x64) AppleWebKit/537.36, Mozilla/5.0 (Windows NT 10.0; Win64; x64) AppleWebKit/537.36 (KHTML, like Gecko) Chrome/120.0.0.0 Safari/537.36"
185.177.72.60 - - [04/Mar/2026:06:31:54 -0600] "GET /admin HTTP/1.1" 404 - "-" "Mozilla/5.0 (Windows NT 10.0; Win64; x64) AppleWebKit/537.36, Mozilla/5.0 (Windows NT 10.0; Win64; x64) AppleWebKit/537.36 (KHTML, like Gecko) Chrome/120.0.0.0 Safari/537.36"
185.177.72.60 - - [04/Mar/2026:06:31:54 -0600] "GET /dashboard HTTP/1.1" 404 - "-" "Mozilla/5.0 (Windows NT 10.0; Win64; x64) AppleWebKit/537.36, Mozilla/5.0 (Windows NT 10.0; Win64; x64) AppleWebKit/537.36 (KHTML, like Gecko) Chrome/120.0.0.0 Safari/537.36"
185.177.72.60 - - [04/Mar/2026:06:31:54 -0600] "GET /.env.production HTTP/1.1" 404 - "-" "Mozilla/5.0 (Windows NT 10.0; Win64; x64) AppleWebKit/537.36, curl/8.4.0"
57.141.6.1 - - [04/Mar/2026:06:31:54 -0600] "GET /search/08868057d7b8af/feed/rss2/ HTTP/1.1" 404 - "-" "meta-externalagent/1.1 (+https://developers.facebook.com/docs/sharing/webmasters/crawler)"
185.177.72.60 - - [04/Mar/2026:06:31:55 -0600] "GET /.env.production.local HTTP/1.1" 404 - "-" "Mozilla/5.0 (Windows NT 10.0; Win64; x64) AppleWebKit/537.36, curl/8.4.0"
74.7.227.134 - - [04/Mar/2026:06:31:55 -0600] "GET /goods.php?detail/1660167536352 HTTP/1.1" 404 16 "https://nassaugolf.com/goods.php?detail/166001256559" "Mozilla/5.0 AppleWebKit/537.36 (KHTML, like Gecko; compatible; GPTBot/1.3; +https://openai.com/gptbot)"
74.7.227.41 - - [04/Mar/2026:06:31:55 -0600] "GET /goods.php?detail/2140392505107 HTTP/1.1" 404 16 "https://www.nassaugolf.com/goods.php?detail/227020421862" "Mozilla/5.0 AppleWebKit/537.36 (KHTML, like Gecko; compatible; GPTBot/1.3; +https://openai.com/gptbot)"
185.177.72.60 - - [04/Mar/2026:06:31:55 -0600] "GET /plans HTTP/1.1" 404 - "-" "Mozilla/5.0 (Windows NT 10.0; Win64; x64) AppleWebKit/537.36, Mozilla/5.0 (Windows NT 10.0; Win64; x64) AppleWebKit/537.36 (KHTML, like Gecko) Chrome/120.0.0.0 Safari/537.36"
185.177.72.60 - - [04/Mar/2026:06:31:55 -0600] "GET /sitemap.xml HTTP/1.1" 404 - "-" "Mozilla/5.0 (Windows NT 10.0; Win64; x64) AppleWebKit/537.36"
185.177.72.60 - - [04/Mar/2026:06:31:55 -0600] "GET /donate HTTP/1.1" 404 - "-" "Mozilla/5.0 (Windows NT 10.0; Win64; x64) AppleWebKit/537.36, Mozilla/5.0 (Windows NT 10.0; Win64; x64) AppleWebKit/537.36 (KHTML, like Gecko) Chrome/120.0.0.0 Safari/537.36"
185.177.72.60 - - [04/Mar/2026:06:31:55 -0600] "GET /billing HTTP/1.1" 404 - "-" "Mozilla/5.0 (Windows NT 10.0; Win64; x64) AppleWebKit/537.36, Mozilla/5.0 (Windows NT 10.0; Win64; x64) AppleWebKit/537.36 (KHTML, like Gecko) Chrome/120.0.0.0 Safari/537.36"
185.177.72.60 - - [04/Mar/2026:06:31:55 -0600] "GET /index.html HTTP/1.1" 404 - "-" "Mozilla/5.0 (Windows NT 10.0; Win64; x64) AppleWebKit/537.36, Mozilla/5.0 (Windows NT 10.0; Win64; x64) AppleWebKit/537.36 (KHTML, like Gecko) Chrome/120.0.0.0 Safari/537.36"
185.177.72.60 - - [04/Mar/2026:06:31:55 -0600] "GET /shop HTTP/1.1" 404 - "-" "Mozilla/5.0 (Windows NT 10.0; Win64; x64) AppleWebKit/537.36, Mozilla/5.0 (Windows NT 10.0; Win64; x64) AppleWebKit/537.36 (KHTML, like Gecko) Chrome/120.0.0.0 Safari/537.36"
57.141.6.24 - - [04/Mar/2026:06:31:55 -0600] "GET /prize/12276967 HTTP/1.1" 404 - "-" "meta-externalagent/1.1 (+https://developers.facebook.com/docs/sharing/webmasters/crawler)"
57.141.6.72 - - [04/Mar/2026:06:31:55 -0600] "GET /search/095019146dc17b/feed/rss2/ HTTP/1.1" 404 - "-" "meta-externalagent/1.1 (+https://developers.facebook.com/docs/sharing/webmasters/crawler)"
185.177.72.60 - - [04/Mar/2026:06:31:55 -0600] "GET /checkout HTTP/1.1" 404 - "-" "Mozilla/5.0 (Windows NT 10.0; Win64; x64) AppleWebKit/537.36, Mozilla/5.0 (Windows NT 10.0; Win64; x64) AppleWebKit/537.36 (KHTML, like Gecko) Chrome/120.0.0.0 Safari/537.36"
185.177.72.60 - - [04/Mar/2026:06:31:55 -0600] "GET /payment HTTP/1.1" 404 - "-" "Mozilla/5.0 (Windows NT 10.0; Win64; x64) AppleWebKit/537.36, Mozilla/5.0 (Windows NT 10.0; Win64; x64) AppleWebKit/537.36 (KHTML, like Gecko) Chrome/120.0.0.0 Safari/537.36"
74.7.227.134 - - [04/Mar/2026:06:31:55 -0600] "GET /goods.php?detail/2230040080375 HTTP/1.1" 404 16 "https://www.nassaugolf.com" "Mozilla/5.0 AppleWebKit/537.36 (KHTML, like Gecko; compatible; GPTBot/1.3; +https://openai.com/gptbot)"
74.7.227.41 - - [04/Mar/2026:06:31:55 -0600] "GET /goods.php?detail/0950313651785 HTTP/1.1" 404 16 "https://www.nassaugolf.com/goods.php?detail/06401052093303" "Mozilla/5.0 AppleWebKit/537.36 (KHTML, like Gecko; compatible; GPTBot/1.3; +https://openai.com/gptbot)"
74.7.227.134 - - [04/Mar/2026:06:31:56 -0600] "GET /goods.php?detail/1800189124971 HTTP/1.1" 404 16 "https://www.nassaugolf.com" "Mozilla/5.0 AppleWebKit/537.36 (KHTML, like Gecko; compatible; GPTBot/1.3; +https://openai.com/gptbot)"
74.7.227.41 - - [04/Mar/2026:06:31:56 -0600] "GET /goods.php?detail/2080276397885 HTTP/1.1" 404 16 "https://www.nassaugolf.com/goods.php?detail/208044624016" "Mozilla/5.0 AppleWebKit/537.36 (KHTML, like Gecko; compatible; GPTBot/1.3; +https://openai.com/gptbot)"
185.177.72.60 - - [04/Mar/2026:06:31:56 -0600] "GET /.env HTTP/1.1" 404 - "-" "Mozilla/5.0 (Windows NT 10.0; Win64; x64) AppleWebKit/537.36, curl/8.4.0"
185.177.72.60 - - [04/Mar/2026:06:31:56 -0600] "GET / HTTP/1.1" 200 53879 "-" "Mozilla/5.0 (Windows NT 10.0; Win64; x64) AppleWebKit/537.36, Mozilla/5.0 (Windows NT 10.0; Win64; x64) AppleWebKit/537.36 (KHTML, like Gecko) Chrome/120.0.0.0 Safari/537.36"
185.177.72.60 - - [04/Mar/2026:06:31:56 -0600] "GET /pricing HTTP/1.1" 404 - "-" "Mozilla/5.0 (Windows NT 10.0; Win64; x64) AppleWebKit/537.36, Mozilla/5.0 (Windows NT 10.0; Win64; x64) AppleWebKit/537.36 (KHTML, like Gecko) Chrome/120.0.0.0 Safari/537.36"
57.141.6.68 - - [04/Mar/2026:06:31:56 -0600] "GET /search/001755048300980/feed/rss2/ HTTP/1.1" 404 - "-" "meta-externalagent/1.1 (+https://developers.facebook.com/docs/sharing/webmasters/crawler)"
57.141.6.50 - - [04/Mar/2026:06:31:56 -0600] "GET /prize/12995856 HTTP/1.1" 404 - "-" "meta-externalagent/1.1 (+https://developers.facebook.com/docs/sharing/webmasters/crawler)"
74.7.227.134 - - [04/Mar/2026:06:31:56 -0600] "GET /goods.php?detail/1420016120257 HTTP/1.1" 404 16 "https://www.nassaugolf.com" "Mozilla/5.0 AppleWebKit/537.36 (KHTML, like Gecko; compatible; GPTBot/1.3; +https://openai.com/gptbot)"
74.7.227.41 - - [04/Mar/2026:06:31:56 -0600] "GET /goods.php?detail/2930038160551 HTTP/1.1" 404 16 "https://www.nassaugolf.com/goods.php?detail/293000626647" "Mozilla/5.0 AppleWebKit/537.36 (KHTML, like Gecko; compatible; GPTBot/1.3; +https://openai.com/gptbot)"
185.177.72.60 - - [04/Mar/2026:06:31:57 -0600] "GET /subscribe HTTP/1.1" 404 - "-" "Mozilla/5.0 (Windows NT 10.0; Win64; x64) AppleWebKit/537.36, Mozilla/5.0 (Windows NT 10.0; Win64; x64) AppleWebKit/537.36 (KHTML, like Gecko) Chrome/120.0.0.0 Safari/537.36"
185.177.72.60 - - [04/Mar/2026:06:31:57 -0600] "GET /robots.txt HTTP/1.1" 404 - "-" "Mozilla/5.0 (Windows NT 10.0; Win64; x64) AppleWebKit/537.36"
74.7.227.134 - - [04/Mar/2026:06:31:57 -0600] "GET /goods.php?detail/2230155815757 HTTP/1.1" 404 16 "https://www.nassaugolf.com" "Mozilla/5.0 AppleWebKit/537.36 (KHTML, like Gecko; compatible; GPTBot/1.3; +https://openai.com/gptbot)"
185.177.72.60 - - [04/Mar/2026:06:31:57 -0600] "GET /register HTTP/1.1" 404 - "-" "Mozilla/5.0 (Windows NT 10.0; Win64; x64) AppleWebKit/537.36, Mozilla/5.0 (Windows NT 10.0; Win64; x64) AppleWebKit/537.36 (KHTML, like Gecko) Chrome/120.0.0.0 Safari/537.36"
74.7.227.41 - - [04/Mar/2026:06:31:57 -0600] "GET /goods.php?detail/1540316345127 HTTP/1.1" 404 16 "https://www.nassaugolf.com/goods.php?detail/200048070184" "Mozilla/5.0 AppleWebKit/537.36 (KHTML, like Gecko; compatible; GPTBot/1.3; +https://openai.com/gptbot)"
57.141.6.8 - - [04/Mar/2026:06:31:57 -0600] "GET /?s=08373274af930a HTTP/1.1" 200 53879 "-" "meta-externalagent/1.1 (+https://developers.facebook.com/docs/sharing/webmasters/crawler)"
57.141.6.22 - - [04/Mar/2026:06:31:57 -0600] "GET /search/022053763a3fe1/feed/rss2/ HTTP/1.1" 404 - "-" "meta-externalagent/1.1 (+https://developers.facebook.com/docs/sharing/webmasters/crawler)"
74.7.227.134 - - [04/Mar/2026:06:31:57 -0600] "GET /goods.php?detail/2930472267294 HTTP/1.1" 404 16 "https://nassaugolf.com/goods.php?detail/216015718088" "Mozilla/5.0 AppleWebKit/537.36 (KHTML, like Gecko; compatible; GPTBot/1.3; +https://openai.com/gptbot)"
74.7.227.41 - - [04/Mar/2026:06:31:57 -0600] "GET /goods.php?detail/1740161594393 HTTP/1.1" 404 16 "https://www.nassaugolf.com/goods.php?detail/166027212866" "Mozilla/5.0 AppleWebKit/537.36 (KHTML, like Gecko; compatible; GPTBot/1.3; +https://openai.com/gptbot)"
74.7.227.134 - - [04/Mar/2026:06:31:58 -0600] "GET /goods.php?detail/0590401949427 HTTP/1.1" 404 16 "https://www.nassaugolf.com" "Mozilla/5.0 AppleWebKit/537.36 (KHTML, like Gecko; compatible; GPTBot/1.3; +https://openai.com/gptbot)"
74.7.227.41 - - [04/Mar/2026:06:31:58 -0600] "GET /goods.php?detail/2760150908251 HTTP/1.1" 404 16 "https://www.nassaugolf.com/goods.php?detail/276017855571" "Mozilla/5.0 AppleWebKit/537.36 (KHTML, like Gecko; compatible; GPTBot/1.3; +https://openai.com/gptbot)"
57.141.6.38 - - [04/Mar/2026:06:31:58 -0600] "GET /search/0614311886a2cec/feed/rss2/ HTTP/1.1" 404 - "-" "meta-externalagent/1.1 (+https://developers.facebook.com/docs/sharing/webmasters/crawler)"
66.249.68.64 - - [04/Mar/2026:06:31:58 -0600] "GET /?y=695758879 HTTP/1.1" 200 53879 "-" "Mozilla/5.0 (Linux; Android 6.0.1; Nexus 5X Build/MMB29P) AppleWebKit/537.36 (KHTML, like Gecko) Chrome/144.0.7559.132 Mobile Safari/537.36 (compatible; Googlebot/2.1; +http://www.google.com/bot.html)"
57.141.6.20 - - [04/Mar/2026:06:31:58 -0600] "GET /search/001534703ef8b2f/feed/rss2/ HTTP/1.1" 404 - "-" "meta-externalagent/1.1 (+https://developers.facebook.com/docs/sharing/webmasters/crawler)"
74.7.227.134 - - [04/Mar/2026:06:31:58 -0600] "GET /goods.php?detail/1310118189074 HTTP/1.1" 404 16 "https://nassaugolf.com/goods.php?detail/131015650212" "Mozilla/5.0 AppleWebKit/537.36 (KHTML, like Gecko; compatible; GPTBot/1.3; +https://openai.com/gptbot)"
74.7.227.41 - - [04/Mar/2026:06:31:59 -0600] "GET /goods.php?detail/0170254659960 HTTP/1.1" 404 16 "https://www.nassaugolf.com/goods.php?detail/051001361758" "Mozilla/5.0 AppleWebKit/537.36 (KHTML, like Gecko; compatible; GPTBot/1.3; +https://openai.com/gptbot)"
74.7.227.134 - - [04/Mar/2026:06:31:59 -0600] "GET /goods.php?detail/2090084901493 HTTP/1.1" 404 16 "https://www.nassaugolf.com" "Mozilla/5.0 AppleWebKit/537.36 (KHTML, like Gecko; compatible; GPTBot/1.3; +https://openai.com/gptbot)"
74.7.227.41 - - [04/Mar/2026:06:31:59 -0600] "GET /goods.php?detail/1230205983688 HTTP/1.1" 404 16 "https://www.nassaugolf.com/goods.php?detail/1990089886980" "Mozilla/5.0 AppleWebKit/537.36 (KHTML, like Gecko; compatible; GPTBot/1.3; +https://openai.com/gptbot)"
57.141.6.72 - - [04/Mar/2026:06:31:59 -0600] "GET /?s=0512540412060c HTTP/1.1" 200 53879 "-" "meta-externalagent/1.1 (+https://developers.facebook.com/docs/sharing/webmasters/crawler)"
57.141.6.12 - - [04/Mar/2026:06:32:00 -0600] "GET /search/09688656c39ed3/feed/rss2/ HTTP/1.1" 404 - "-" "meta-externalagent/1.1 (+https://developers.facebook.com/docs/sharing/webmasters/crawler)"
74.7.227.134 - - [04/Mar/2026:06:32:00 -0600] "GET /goods.php?detail/1430140649249 HTTP/1.1" 404 16 "https://nassaugolf.com/goods.php?detail/143000338093" "Mozilla/5.0 AppleWebKit/537.36 (KHTML, like Gecko; compatible; GPTBot/1.3; +https://openai.com/gptbot)"
74.7.227.41 - - [04/Mar/2026:06:32:00 -0600] "GET /goods.php?detail/1120375044905 HTTP/1.1" 404 16 "https://www.nassaugolf.com/goods.php?detail/157039692039" "Mozilla/5.0 AppleWebKit/537.36 (KHTML, like Gecko; compatible; GPTBot/1.3; +https://openai.com/gptbot)"
57.141.6.39 - - [04/Mar/2026:06:32:00 -0600] "GET /detail/757191142 HTTP/1.1" 404 - "-" "meta-externalagent/1.1 (+https://developers.facebook.com/docs/sharing/webmasters/crawler)"
74.7.227.41 - - [04/Mar/2026:06:32:00 -0600] "GET /goods.php?detail/0490036884312 HTTP/1.1" 404 16 "https://www.nassaugolf.com/goods.php?detail/049044850462" "Mozilla/5.0 AppleWebKit/537.36 (KHTML, like Gecko; compatible; GPTBot/1.3; +https://openai.com/gptbot)"
74.7.227.134 - - [04/Mar/2026:06:32:00 -0600] "GET /goods.php?detail/2010014270766 HTTP/1.1" 404 16 "https://nassaugolf.com/goods.php?detail/201005980367" "Mozilla/5.0 AppleWebKit/537.36 (KHTML, like Gecko; compatible; GPTBot/1.3; +https://openai.com/gptbot)"
57.141.6.69 - - [04/Mar/2026:06:32:00 -0600] "GET /detail/676304197 HTTP/1.1" 404 - "-" "meta-externalagent/1.1 (+https://developers.facebook.com/docs/sharing/webmasters/crawler)"
52.167.144.216 - - [04/Mar/2026:06:32:00 -0600] "GET /?y=1899821140 HTTP/1.1" 200 53879 "-" "Mozilla/5.0 AppleWebKit/537.36 (KHTML, like Gecko; compatible; bingbot/2.0; +http://www.bing.com/bingbot.htm) Chrome/116.0.1938.76 Safari/537.36"
74.7.227.41 - - [04/Mar/2026:06:32:01 -0600] "GET /goods.php?detail/1880163525004 HTTP/1.1" 404 16 "https://www.nassaugolf.com/goods.php?detail/245037362031" "Mozilla/5.0 AppleWebKit/537.36 (KHTML, like Gecko; compatible; GPTBot/1.3; +https://openai.com/gptbot)"
74.7.227.134 - - [04/Mar/2026:06:32:01 -0600] "GET /goods.php?detail/1120281759881 HTTP/1.1" 404 16 "https://nassaugolf.com/goods.php?detail/2170348648162" "Mozilla/5.0 AppleWebKit/537.36 (KHTML, like Gecko; compatible; GPTBot/1.3; +https://openai.com/gptbot)"
74.7.227.41 - - [04/Mar/2026:06:32:01 -0600] "GET /goods.php?detail/2900237713624 HTTP/1.1" 404 16 "https://www.nassaugolf.com/goods.php?detail/270022277192" "Mozilla/5.0 AppleWebKit/537.36 (KHTML, like Gecko; compatible; GPTBot/1.3; +https://openai.com/gptbot)"
74.7.227.134 - - [04/Mar/2026:06:32:01 -0600] "GET /goods.php?detail/1650176935505 HTTP/1.1" 404 16 "https://www.nassaugolf.com" "Mozilla/5.0 AppleWebKit/537.36 (KHTML, like Gecko; compatible; GPTBot/1.3; +https://openai.com/gptbot)"
57.141.6.29 - - [04/Mar/2026:06:32:01 -0600] "GET /search/0615021509147c0/feed/rss2/ HTTP/1.1" 404 - "-" "meta-externalagent/1.1 (+https://developers.facebook.com/docs/sharing/webmasters/crawler)"
74.7.227.41 - - [04/Mar/2026:06:32:02 -0600] "GET /goods.php?detail/2710184679287 HTTP/1.1" 404 16 "https://www.nassaugolf.com/goods.php?goods/230040121" "Mozilla/5.0 AppleWebKit/537.36 (KHTML, like Gecko; compatible; GPTBot/1.3; +https://openai.com/gptbot)"
57.141.6.71 - - [04/Mar/2026:06:32:02 -0600] "GET /search/051421792525b61/feed/rss2/ HTTP/1.1" 404 - "-" "meta-externalagent/1.1 (+https://developers.facebook.com/docs/sharing/webmasters/crawler)"
74.7.227.134 - - [04/Mar/2026:06:32:02 -0600] "GET /goods.php?detail/2350092733593 HTTP/1.1" 404 16 "https://www.nassaugolf.com" "Mozilla/5.0 AppleWebKit/537.36 (KHTML, like Gecko; compatible; GPTBot/1.3; +https://openai.com/gptbot)"
74.7.227.41 - - [04/Mar/2026:06:32:02 -0600] "GET /goods.php?detail/2160258559107 HTTP/1.1" 404 16 "https://www.nassaugolf.com/goods.php?detail/1010018241217" "Mozilla/5.0 AppleWebKit/537.36 (KHTML, like Gecko; compatible; GPTBot/1.3; +https://openai.com/gptbot)"
57.141.6.3 - - [04/Mar/2026:06:32:02 -0600] "GET /prize/7723612 HTTP/1.1" 404 - "-" "meta-externalagent/1.1 (+https://developers.facebook.com/docs/sharing/webmasters/crawler)"
74.7.227.134 - - [04/Mar/2026:06:32:02 -0600] "GET /goods.php?detail/0560337224223 HTTP/1.1" 404 16 "https://www.nassaugolf.com" "Mozilla/5.0 AppleWebKit/537.36 (KHTML, like Gecko; compatible; GPTBot/1.3; +https://openai.com/gptbot)"
57.141.6.10 - - [04/Mar/2026:06:32:02 -0600] "GET /?s=1013492777a401b HTTP/1.1" 200 53879 "-" "meta-externalagent/1.1 (+https://developers.facebook.com/docs/sharing/webmasters/crawler)"
74.7.227.41 - - [04/Mar/2026:06:32:03 -0600] "GET /goods.php?detail/2260352737985 HTTP/1.1" 404 16 "https://www.nassaugolf.com/goods.php?detail/0720078810755" "Mozilla/5.0 AppleWebKit/537.36 (KHTML, like Gecko; compatible; GPTBot/1.3; +https://openai.com/gptbot)"
74.7.227.134 - - [04/Mar/2026:06:32:03 -0600] "GET /goods.php?detail/2480131521135 HTTP/1.1" 404 16 "https://nassaugolf.com/goods.php?detail/248040035565" "Mozilla/5.0 AppleWebKit/537.36 (KHTML, like Gecko; compatible; GPTBot/1.3; +https://openai.com/gptbot)"
74.7.227.41 - - [04/Mar/2026:06:32:03 -0600] "GET /goods.php?detail/0180024368993 HTTP/1.1" 404 16 "https://www.nassaugolf.com/goods.php?detail/159049759754" "Mozilla/5.0 AppleWebKit/537.36 (KHTML, like Gecko; compatible; GPTBot/1.3; +https://openai.com/gptbot)"
74.7.227.134 - - [04/Mar/2026:06:32:03 -0600] "GET /goods.php?detail/0190053696986 HTTP/1.1" 404 16 "https://nassaugolf.com/goods.php?detail/109044490824" "Mozilla/5.0 AppleWebKit/537.36 (KHTML, like Gecko; compatible; GPTBot/1.3; +https://openai.com/gptbot)"
57.141.6.14 - - [04/Mar/2026:06:32:03 -0600] "GET /?s=1725585861ef20 HTTP/1.1" 200 53879 "-" "meta-externalagent/1.1 (+https://developers.facebook.com/docs/sharing/webmasters/crawler)"
74.7.227.41 - - [04/Mar/2026:06:32:04 -0600] "GET /goods.php?detail/2880254205967 HTTP/1.1" 404 16 "https://www.nassaugolf.com/goods.php?goods/221007801" "Mozilla/5.0 AppleWebKit/537.36 (KHTML, like Gecko; compatible; GPTBot/1.3; +https://openai.com/gptbot)"
57.141.6.31 - - [04/Mar/2026:06:32:04 -0600] "GET /search/06805283091dc5/feed/rss2/ HTTP/1.1" 404 - "-" "meta-externalagent/1.1 (+https://developers.facebook.com/docs/sharing/webmasters/crawler)"
74.7.227.134 - - [04/Mar/2026:06:32:04 -0600] "GET /goods.php?detail/0460060518126 HTTP/1.1" 404 16 "https://www.nassaugolf.com" "Mozilla/5.0 AppleWebKit/537.36 (KHTML, like Gecko; compatible; GPTBot/1.3; +https://openai.com/gptbot)"
57.141.6.51 - - [04/Mar/2026:06:32:04 -0600] "GET /detail/455234577 HTTP/1.1" 404 - "-" "meta-externalagent/1.1 (+https://developers.facebook.com/docs/sharing/webmasters/crawler)"
74.7.227.41 - - [04/Mar/2026:06:32:04 -0600] "GET /goods.php?detail/2190106814856 HTTP/1.1" 404 16 "https://www.nassaugolf.com/goods.php?detail/219007430991" "Mozilla/5.0 AppleWebKit/537.36 (KHTML, like Gecko; compatible; GPTBot/1.3; +https://openai.com/gptbot)"
57.141.6.27 - - [04/Mar/2026:06:32:04 -0600] "GET /search/06456838c1dc13/feed/rss2/ HTTP/1.1" 404 - "-" "meta-externalagent/1.1 (+https://developers.facebook.com/docs/sharing/webmasters/crawler)"
74.7.227.134 - - [04/Mar/2026:06:32:04 -0600] "GET /goods.php?detail/2310383141491 HTTP/1.1" 404 16 "https://nassaugolf.com/goods.php?detail/231004327186" "Mozilla/5.0 AppleWebKit/537.36 (KHTML, like Gecko; compatible; GPTBot/1.3; +https://openai.com/gptbot)"
74.7.227.41 - - [04/Mar/2026:06:32:05 -0600] "GET /goods.php?detail/0620130545914 HTTP/1.1" 404 16 "https://www.nassaugolf.com/goods.php?detail/038037627718" "Mozilla/5.0 AppleWebKit/537.36 (KHTML, like Gecko; compatible; GPTBot/1.3; +https://openai.com/gptbot)"
74.7.227.134 - - [04/Mar/2026:06:32:05 -0600] "GET /goods.php?detail/2300402193493 HTTP/1.1" 404 16 "https://www.nassaugolf.com" "Mozilla/5.0 AppleWebKit/537.36 (KHTML, like Gecko; compatible; GPTBot/1.3; +https://openai.com/gptbot)"
57.141.6.27 - - [04/Mar/2026:06:32:05 -0600] "GET /?s=08696526b43ee9 HTTP/1.1" 200 53879 "-" "meta-externalagent/1.1 (+https://developers.facebook.com/docs/sharing/webmasters/crawler)"
57.141.6.2 - - [04/Mar/2026:06:32:05 -0600] "GET /detail/301114361 HTTP/1.1" 404 - "-" "meta-externalagent/1.1 (+https://developers.facebook.com/docs/sharing/webmasters/crawler)"
74.7.227.41 - - [04/Mar/2026:06:32:05 -0600] "GET /goods.php?detail/1190292387472 HTTP/1.1" 404 16 "https://www.nassaugolf.com/goods.php?detail/112015303575" "Mozilla/5.0 AppleWebKit/537.36 (KHTML, like Gecko; compatible; GPTBot/1.3; +https://openai.com/gptbot)"
74.7.227.134 - - [04/Mar/2026:06:32:05 -0600] "GET /goods.php?detail/0520246275152 HTTP/1.1" 404 16 "https://www.nassaugolf.com" "Mozilla/5.0 AppleWebKit/537.36 (KHTML, like Gecko; compatible; GPTBot/1.3; +https://openai.com/gptbot)"
74.7.227.41 - - [04/Mar/2026:06:32:06 -0600] "GET /goods.php?detail/1250014613492 HTTP/1.1" 404 16 "https://www.nassaugolf.com/goods.php?detail/02401893043740" "Mozilla/5.0 AppleWebKit/537.36 (KHTML, like Gecko; compatible; GPTBot/1.3; +https://openai.com/gptbot)"
74.7.227.134 - - [04/Mar/2026:06:32:06 -0600] "GET /goods.php?detail/2050274567256 HTTP/1.1" 404 16 "https://nassaugolf.com/goods.php?detail/290000950685" "Mozilla/5.0 AppleWebKit/537.36 (KHTML, like Gecko; compatible; GPTBot/1.3; +https://openai.com/gptbot)"
57.141.6.37 - - [04/Mar/2026:06:32:06 -0600] "GET /?s=041618151df1841 HTTP/1.1" 200 53879 "-" "meta-externalagent/1.1 (+https://developers.facebook.com/docs/sharing/webmasters/crawler)"
74.7.227.41 - - [04/Mar/2026:06:32:06 -0600] "GET /goods.php?detail/0210043518349 HTTP/1.1" 404 16 "https://www.nassaugolf.com/goods.php?detail/0210025445232" "Mozilla/5.0 AppleWebKit/537.36 (KHTML, like Gecko; compatible; GPTBot/1.3; +https://openai.com/gptbot)"
57.141.6.35 - - [04/Mar/2026:06:32:06 -0600] "GET /?s=11126676290e268 HTTP/1.1" 200 53879 "-" "meta-externalagent/1.1 (+https://developers.facebook.com/docs/sharing/webmasters/crawler)"
74.7.227.134 - - [04/Mar/2026:06:32:06 -0600] "GET /goods.php?detail/0600286033510 HTTP/1.1" 404 16 "https://nassaugolf.com/goods.php?detail/060008090432" "Mozilla/5.0 AppleWebKit/537.36 (KHTML, like Gecko; compatible; GPTBot/1.3; +https://openai.com/gptbot)"
74.7.227.41 - - [04/Mar/2026:06:32:07 -0600] "GET /goods.php?detail/1370184051752 HTTP/1.1" 404 16 "https://www.nassaugolf.com/goods.php?detail/137043660686" "Mozilla/5.0 AppleWebKit/537.36 (KHTML, like Gecko; compatible; GPTBot/1.3; +https://openai.com/gptbot)"
74.7.227.134 - - [04/Mar/2026:06:32:07 -0600] "GET /goods.php?detail/2350238263624 HTTP/1.1" 404 16 "https://nassaugolf.com/goods.php?detail/283004395811" "Mozilla/5.0 AppleWebKit/537.36 (KHTML, like Gecko; compatible; GPTBot/1.3; +https://openai.com/gptbot)"
57.141.6.46 - - [04/Mar/2026:06:32:07 -0600] "GET /search/0316861922af85b/feed/rss2/ HTTP/1.1" 404 - "-" "meta-externalagent/1.1 (+https://developers.facebook.com/docs/sharing/webmasters/crawler)"
74.7.227.41 - - [04/Mar/2026:06:32:07 -0600] "GET /goods.php?detail/1230488984721 HTTP/1.1" 404 16 "https://www.nassaugolf.com/goods.php?detail/216031579367" "Mozilla/5.0 AppleWebKit/537.36 (KHTML, like Gecko; compatible; GPTBot/1.3; +https://openai.com/gptbot)"
74.7.227.134 - - [04/Mar/2026:06:32:07 -0600] "GET /goods.php?detail/0380122980722 HTTP/1.1" 404 16 "https://www.nassaugolf.com" "Mozilla/5.0 AppleWebKit/537.36 (KHTML, like Gecko; compatible; GPTBot/1.3; +https://openai.com/gptbot)"
57.141.6.20 - - [04/Mar/2026:06:32:07 -0600] "GET /?s=181702720f96417 HTTP/1.1" 200 53879 "-" "meta-externalagent/1.1 (+https://developers.facebook.com/docs/sharing/webmasters/crawler)"
74.7.227.41 - - [04/Mar/2026:06:32:08 -0600] "GET /goods.php?detail/2350372185415 HTTP/1.1" 404 16 "https://www.nassaugolf.com/goods.php?detail/235009915101" "Mozilla/5.0 AppleWebKit/537.36 (KHTML, like Gecko; compatible; GPTBot/1.3; +https://openai.com/gptbot)"
74.7.227.134 - - [04/Mar/2026:06:32:08 -0600] "GET /goods.php?detail/0050022621447 HTTP/1.1" 404 16 "https://www.nassaugolf.com" "Mozilla/5.0 AppleWebKit/537.36 (KHTML, like Gecko; compatible; GPTBot/1.3; +https://openai.com/gptbot)"
57.141.6.9 - - [04/Mar/2026:06:32:08 -0600] "GET /?s=071046194d071e9 HTTP/1.1" 200 53879 "-" "meta-externalagent/1.1 (+https://developers.facebook.com/docs/sharing/webmasters/crawler)"
74.7.227.41 - - [04/Mar/2026:06:32:08 -0600] "GET /goods.php?detail/0370044912925 HTTP/1.1" 404 16 "https://www.nassaugolf.com/goods.php?detail/0370323433250" "Mozilla/5.0 AppleWebKit/537.36 (KHTML, like Gecko; compatible; GPTBot/1.3; +https://openai.com/gptbot)"
57.141.6.49 - - [04/Mar/2026:06:32:08 -0600] "GET /detail/67463602 HTTP/1.1" 404 - "-" "meta-externalagent/1.1 (+https://developers.facebook.com/docs/sharing/webmasters/crawler)"
74.7.227.134 - - [04/Mar/2026:06:32:08 -0600] "GET /goods.php?detail/1940234011814 HTTP/1.1" 404 16 "https://www.nassaugolf.com" "Mozilla/5.0 AppleWebKit/537.36 (KHTML, like Gecko; compatible; GPTBot/1.3; +https://openai.com/gptbot)"
74.7.227.41 - - [04/Mar/2026:06:32:09 -0600] "GET /goods.php?detail/0120498788469 HTTP/1.1" 404 16 "https://www.nassaugolf.com/goods.php?detail/1990089886980" "Mozilla/5.0 AppleWebKit/537.36 (KHTML, like Gecko; compatible; GPTBot/1.3; +https://openai.com/gptbot)"
74.7.227.134 - - [04/Mar/2026:06:32:09 -0600] "GET /goods.php?detail/0440144828970 HTTP/1.1" 404 16 "https://nassaugolf.com/goods.php?detail/044009033413" "Mozilla/5.0 AppleWebKit/537.36 (KHTML, like Gecko; compatible; GPTBot/1.3; +https://openai.com/gptbot)"
57.141.6.63 - - [04/Mar/2026:06:32:09 -0600] "GET /?s=011598385d0efe5 HTTP/1.1" 200 53879 "-" "meta-externalagent/1.1 (+https://developers.facebook.com/docs/sharing/webmasters/crawler)"
74.7.227.41 - - [04/Mar/2026:06:32:09 -0600] "GET /goods.php?detail/1870409983468 HTTP/1.1" 404 16 "https://www.nassaugolf.com/goods.php?detail/057025678691" "Mozilla/5.0 AppleWebKit/537.36 (KHTML, like Gecko; compatible; GPTBot/1.3; +https://openai.com/gptbot)"
52.167.144.216 - - [04/Mar/2026:06:32:09 -0600] "GET /?s=0654874381b9f7 HTTP/1.1" 200 53879 "-" "Mozilla/5.0 AppleWebKit/537.36 (KHTML, like Gecko; compatible; bingbot/2.0; +http://www.bing.com/bingbot.htm) Chrome/116.0.1938.76 Safari/537.36"
74.7.227.134 - - [04/Mar/2026:06:32:10 -0600] "GET /goods.php?detail/2110175345417 HTTP/1.1" 404 16 "https://www.nassaugolf.com" "Mozilla/5.0 AppleWebKit/537.36 (KHTML, like Gecko; compatible; GPTBot/1.3; +https://openai.com/gptbot)"
57.141.6.32 - - [04/Mar/2026:06:32:10 -0600] "GET /search/061839078902e99/feed/rss2/ HTTP/1.1" 404 - "-" "meta-externalagent/1.1 (+https://developers.facebook.com/docs/sharing/webmasters/crawler)"
74.7.227.41 - - [04/Mar/2026:06:32:10 -0600] "GET /goods.php?detail/1830396906243 HTTP/1.1" 404 16 "https://www.nassaugolf.com/goods.php?detail/064039862026" "Mozilla/5.0 AppleWebKit/537.36 (KHTML, like Gecko; compatible; GPTBot/1.3; +https://openai.com/gptbot)"
57.141.6.41 - - [04/Mar/2026:06:32:10 -0600] "GET /?s=062222757f74cc9 HTTP/1.1" 200 53879 "-" "meta-externalagent/1.1 (+https://developers.facebook.com/docs/sharing/webmasters/crawler)"
74.7.227.134 - - [04/Mar/2026:06:32:10 -0600] "GET /goods.php?detail/2430060640329 HTTP/1.1" 404 16 "https://www.nassaugolf.com" "Mozilla/5.0 AppleWebKit/537.36 (KHTML, like Gecko; compatible; GPTBot/1.3; +https://openai.com/gptbot)"
57.141.6.21 - - [04/Mar/2026:06:32:10 -0600] "GET /detail/371571750 HTTP/1.1" 404 - "-" "meta-externalagent/1.1 (+https://developers.facebook.com/docs/sharing/webmasters/crawler)"
74.7.227.41 - - [04/Mar/2026:06:32:10 -0600] "GET /goods.php?detail/1800367698599 HTTP/1.1" 404 16 "https://www.nassaugolf.com/goods.php?jp/247002578.html" "Mozilla/5.0 AppleWebKit/537.36 (KHTML, like Gecko; compatible; GPTBot/1.3; +https://openai.com/gptbot)"
74.7.227.134 - - [04/Mar/2026:06:32:11 -0600] "GET /goods.php?detail/2450424895262 HTTP/1.1" 404 16 "https://www.nassaugolf.com" "Mozilla/5.0 AppleWebKit/537.36 (KHTML, like Gecko; compatible; GPTBot/1.3; +https://openai.com/gptbot)"
74.7.227.41 - - [04/Mar/2026:06:32:11 -0600] "GET /goods.php?detail/1820410871556 HTTP/1.1" 404 16 "https://www.nassaugolf.com/goods.php?detail/215021117597" "Mozilla/5.0 AppleWebKit/537.36 (KHTML, like Gecko; compatible; GPTBot/1.3; +https://openai.com/gptbot)"
74.7.227.134 - - [04/Mar/2026:06:32:11 -0600] "GET /goods.php?detail/0110046221037 HTTP/1.1" 404 16 "https://nassaugolf.com/goods.php?detail/011011375759" "Mozilla/5.0 AppleWebKit/537.36 (KHTML, like Gecko; compatible; GPTBot/1.3; +https://openai.com/gptbot)"
57.141.6.54 - - [04/Mar/2026:06:32:11 -0600] "GET /?s=05203465019ab59 HTTP/1.1" 200 53879 "-" "meta-externalagent/1.1 (+https://developers.facebook.com/docs/sharing/webmasters/crawler)"
57.141.6.52 - - [04/Mar/2026:06:32:11 -0600] "GET /?s=001314411307ecd HTTP/1.1" 200 53879 "-" "meta-externalagent/1.1 (+https://developers.facebook.com/docs/sharing/webmasters/crawler)"
51.68.247.220 - - [04/Mar/2026:06:32:11 -0600] "GET /?fileloc=//lib64/liburcu-qsbr.so.6.1.0&path=//lib64 HTTP/1.1" 200 65805 "-" "Mozilla/5.0 (compatible; AhrefsBot/7.0; +http://ahrefs.com/robot/)"
74.7.227.41 - - [04/Mar/2026:06:32:12 -0600] "GET /goods.php?detail/0770464832718 HTTP/1.1" 404 16 "https://www.nassaugolf.com/goods.php?jp/077046483.html" "Mozilla/5.0 AppleWebKit/537.36 (KHTML, like Gecko; compatible; GPTBot/1.3; +https://openai.com/gptbot)"
74.7.227.134 - - [04/Mar/2026:06:32:12 -0600] "GET /goods.php?detail/2860482760767 HTTP/1.1" 404 16 "https://www.nassaugolf.com" "Mozilla/5.0 AppleWebKit/537.36 (KHTML, like Gecko; compatible; GPTBot/1.3; +https://openai.com/gptbot)"
57.141.6.24 - - [04/Mar/2026:06:32:12 -0600] "GET /?s=031934672af1922 HTTP/1.1" 200 53879 "-" "meta-externalagent/1.1 (+https://developers.facebook.com/docs/sharing/webmasters/crawler)"
74.7.227.41 - - [04/Mar/2026:06:32:12 -0600] "GET /goods.php?detail/1230139369678 HTTP/1.1" 404 16 "https://www.nassaugolf.com/goods.php?detail/100027282068" "Mozilla/5.0 AppleWebKit/537.36 (KHTML, like Gecko; compatible; GPTBot/1.3; +https://openai.com/gptbot)"
57.141.6.26 - - [04/Mar/2026:06:32:12 -0600] "GET /search/0222984855f5971/feed/rss2/ HTTP/1.1" 404 - "-" "meta-externalagent/1.1 (+https://developers.facebook.com/docs/sharing/webmasters/crawler)"
74.7.227.134 - - [04/Mar/2026:06:32:12 -0600] "GET /goods.php?detail/2520474476065 HTTP/1.1" 404 16 "https://www.nassaugolf.com" "Mozilla/5.0 AppleWebKit/537.36 (KHTML, like Gecko; compatible; GPTBot/1.3; +https://openai.com/gptbot)"
74.7.227.41 - - [04/Mar/2026:06:32:13 -0600] "GET /goods.php?detail/1920138694232 HTTP/1.1" 404 16 "https://www.nassaugolf.com/goods.php?detail/1320050567480" "Mozilla/5.0 AppleWebKit/537.36 (KHTML, like Gecko; compatible; GPTBot/1.3; +https://openai.com/gptbot)"
74.7.227.134 - - [04/Mar/2026:06:32:13 -0600] "GET /goods.php?detail/1380018620023 HTTP/1.1" 404 16 "https://www.nassaugolf.com" "Mozilla/5.0 AppleWebKit/537.36 (KHTML, like Gecko; compatible; GPTBot/1.3; +https://openai.com/gptbot)"
57.141.6.26 - - [04/Mar/2026:06:32:13 -0600] "GET /search/0824112392767fe/feed/rss2/ HTTP/1.1" 404 - "-" "meta-externalagent/1.1 (+https://developers.facebook.com/docs/sharing/webmasters/crawler)"
74.7.227.41 - - [04/Mar/2026:06:32:13 -0600] "GET /goods.php?detail/2500394699348 HTTP/1.1" 404 16 "https://www.nassaugolf.com/goods.php?detail/250018091355" "Mozilla/5.0 AppleWebKit/537.36 (KHTML, like Gecko; compatible; GPTBot/1.3; +https://openai.com/gptbot)"
74.7.227.134 - - [04/Mar/2026:06:32:13 -0600] "GET /goods.php?detail/2330120509823 HTTP/1.1" 404 16 "https://nassaugolf.com/goods.php?goods/227036815" "Mozilla/5.0 AppleWebKit/537.36 (KHTML, like Gecko; compatible; GPTBot/1.3; +https://openai.com/gptbot)"
57.141.6.19 - - [04/Mar/2026:06:32:14 -0600] "GET /search/091225652dffd17/feed/rss2/ HTTP/1.1" 404 - "-" "meta-externalagent/1.1 (+https://developers.facebook.com/docs/sharing/webmasters/crawler)"
74.7.227.41 - - [04/Mar/2026:06:32:14 -0600] "GET /goods.php?detail/2750435400281 HTTP/1.1" 404 16 "https://www.nassaugolf.com/goods.php?detail/241000023421" "Mozilla/5.0 AppleWebKit/537.36 (KHTML, like Gecko; compatible; GPTBot/1.3; +https://openai.com/gptbot)"
74.7.227.134 - - [04/Mar/2026:06:32:14 -0600] "GET /goods.php?detail/0240463504075 HTTP/1.1" 404 16 "https://www.nassaugolf.com" "Mozilla/5.0 AppleWebKit/537.36 (KHTML, like Gecko; compatible; GPTBot/1.3; +https://openai.com/gptbot)"
57.141.6.61 - - [04/Mar/2026:06:32:14 -0600] "GET /search/051551115dddc11/feed/rss2/ HTTP/1.1" 404 - "-" "meta-externalagent/1.1 (+https://developers.facebook.com/docs/sharing/webmasters/crawler)"
74.7.227.41 - - [04/Mar/2026:06:32:14 -0600] "GET /goods.php?detail/1920253365576 HTTP/1.1" 404 16 "https://www.nassaugolf.com/goods.php?detail/019014732934" "Mozilla/5.0 AppleWebKit/537.36 (KHTML, like Gecko; compatible; GPTBot/1.3; +https://openai.com/gptbot)"
74.7.227.134 - - [04/Mar/2026:06:32:14 -0600] "GET /goods.php?detail/2210030573019 HTTP/1.1" 404 16 "https://www.nassaugolf.com" "Mozilla/5.0 AppleWebKit/537.36 (KHTML, like Gecko; compatible; GPTBot/1.3; +https://openai.com/gptbot)"
57.141.6.18 - - [04/Mar/2026:06:32:14 -0600] "GET /search/081436027118862/feed/rss2/ HTTP/1.1" 404 - "-" "meta-externalagent/1.1 (+https://developers.facebook.com/docs/sharing/webmasters/crawler)"
74.7.227.41 - - [04/Mar/2026:06:32:15 -0600] "GET /goods.php?detail/2480020519778 HTTP/1.1" 404 16 "https://www.nassaugolf.com/goods.php?detail/248010117462" "Mozilla/5.0 AppleWebKit/537.36 (KHTML, like Gecko; compatible; GPTBot/1.3; +https://openai.com/gptbot)"
74.7.227.134 - - [04/Mar/2026:06:32:15 -0600] "GET /goods.php?detail/2250487292985 HTTP/1.1" 404 16 "https://nassaugolf.com/goods.php?detail/211032090312" "Mozilla/5.0 AppleWebKit/537.36 (KHTML, like Gecko; compatible; GPTBot/1.3; +https://openai.com/gptbot)"
57.141.6.71 - - [04/Mar/2026:06:32:15 -0600] "GET /search/0222382519af9f8/feed/rss2/ HTTP/1.1" 404 - "-" "meta-externalagent/1.1 (+https://developers.facebook.com/docs/sharing/webmasters/crawler)"
74.7.227.41 - - [04/Mar/2026:06:32:15 -0600] "GET /goods.php?detail/2330441050716 HTTP/1.1" 404 16 "https://www.nassaugolf.com/goods.php?detail/233010476037" "Mozilla/5.0 AppleWebKit/537.36 (KHTML, like Gecko; compatible; GPTBot/1.3; +https://openai.com/gptbot)"
74.7.227.134 - - [04/Mar/2026:06:32:15 -0600] "GET /goods.php?detail/2360359636455 HTTP/1.1" 404 16 "https://www.nassaugolf.com" "Mozilla/5.0 AppleWebKit/537.36 (KHTML, like Gecko; compatible; GPTBot/1.3; +https://openai.com/gptbot)"
57.141.6.35 - - [04/Mar/2026:06:32:15 -0600] "GET /detail/677202330 HTTP/1.1" 404 - "-" "meta-externalagent/1.1 (+https://developers.facebook.com/docs/sharing/webmasters/crawler)"
57.141.6.7 - - [04/Mar/2026:06:32:16 -0600] "GET /search/00167386f379a6/feed/rss2/ HTTP/1.1" 404 - "-" "meta-externalagent/1.1 (+https://developers.facebook.com/docs/sharing/webmasters/crawler)"
74.7.227.41 - - [04/Mar/2026:06:32:16 -0600] "GET /goods.php?detail/1560213277686 HTTP/1.1" 404 16 "https://www.nassaugolf.com/goods.php?detail/157040282543" "Mozilla/5.0 AppleWebKit/537.36 (KHTML, like Gecko; compatible; GPTBot/1.3; +https://openai.com/gptbot)"
74.7.227.134 - - [04/Mar/2026:06:32:16 -0600] "GET /goods.php?detail/1050012903429 HTTP/1.1" 404 16 "https://www.nassaugolf.com" "Mozilla/5.0 AppleWebKit/537.36 (KHTML, like Gecko; compatible; GPTBot/1.3; +https://openai.com/gptbot)"
57.141.6.71 - - [04/Mar/2026:06:32:16 -0600] "GET /detail/735475937 HTTP/1.1" 404 - "-" "meta-externalagent/1.1 (+https://developers.facebook.com/docs/sharing/webmasters/crawler)"
74.7.227.41 - - [04/Mar/2026:06:32:16 -0600] "GET /goods.php?detail/1790260728256 HTTP/1.1" 404 16 "https://www.nassaugolf.com/goods.php?detail/175044844708" "Mozilla/5.0 AppleWebKit/537.36 (KHTML, like Gecko; compatible; GPTBot/1.3; +https://openai.com/gptbot)"
74.7.227.134 - - [04/Mar/2026:06:32:16 -0600] "GET /goods.php?detail/2420496962070 HTTP/1.1" 404 16 "https://nassaugolf.com/goods.php?detail/084004738555" "Mozilla/5.0 AppleWebKit/537.36 (KHTML, like Gecko; compatible; GPTBot/1.3; +https://openai.com/gptbot)"
74.7.227.41 - - [04/Mar/2026:06:32:17 -0600] "GET /goods.php?detail/1600240737693 HTTP/1.1" 404 16 "https://www.nassaugolf.com/goods.php?detail/018006297207" "Mozilla/5.0 AppleWebKit/537.36 (KHTML, like Gecko; compatible; GPTBot/1.3; +https://openai.com/gptbot)"
74.7.227.134 - - [04/Mar/2026:06:32:17 -0600] "GET /goods.php?detail/0300101989549 HTTP/1.1" 404 16 "https://nassaugolf.com/goods.php?detail/266000858138" "Mozilla/5.0 AppleWebKit/537.36 (KHTML, like Gecko; compatible; GPTBot/1.3; +https://openai.com/gptbot)"
57.141.6.36 - - [04/Mar/2026:06:32:17 -0600] "GET /detail/753296625 HTTP/1.1" 404 - "-" "meta-externalagent/1.1 (+https://developers.facebook.com/docs/sharing/webmasters/crawler)"
74.7.227.41 - - [04/Mar/2026:06:32:17 -0600] "GET /goods.php?detail/1260085740615 HTTP/1.1" 404 16 "https://www.nassaugolf.com/goods.php?detail/126038565465" "Mozilla/5.0 AppleWebKit/537.36 (KHTML, like Gecko; compatible; GPTBot/1.3; +https://openai.com/gptbot)"
74.7.227.134 - - [04/Mar/2026:06:32:17 -0600] "GET /goods.php?detail/0100183024490 HTTP/1.1" 404 16 "https://www.nassaugolf.com" "Mozilla/5.0 AppleWebKit/537.36 (KHTML, like Gecko; compatible; GPTBot/1.3; +https://openai.com/gptbot)"
57.141.6.71 - - [04/Mar/2026:06:32:17 -0600] "GET /?s=061024796093f26 HTTP/1.1" 200 53879 "-" "meta-externalagent/1.1 (+https://developers.facebook.com/docs/sharing/webmasters/crawler)"
57.141.6.62 - - [04/Mar/2026:06:32:18 -0600] "GET /search/081406739cfe0ea/feed/rss2/ HTTP/1.1" 404 - "-" "meta-externalagent/1.1 (+https://developers.facebook.com/docs/sharing/webmasters/crawler)"
74.7.227.41 - - [04/Mar/2026:06:32:18 -0600] "GET /goods.php?detail/2900360186851 HTTP/1.1" 404 16 "https://www.nassaugolf.com/goods.php?detail/226001810368" "Mozilla/5.0 AppleWebKit/537.36 (KHTML, like Gecko; compatible; GPTBot/1.3; +https://openai.com/gptbot)"
74.7.227.134 - - [04/Mar/2026:06:32:18 -0600] "GET /goods.php?detail/2110310141787 HTTP/1.1" 404 16 "https://www.nassaugolf.com" "Mozilla/5.0 AppleWebKit/537.36 (KHTML, like Gecko; compatible; GPTBot/1.3; +https://openai.com/gptbot)"
74.7.227.41 - - [04/Mar/2026:06:32:18 -0600] "GET /goods.php?detail/0300425736947 HTTP/1.1" 404 16 "https://www.nassaugolf.com/goods.php?detail/131027141993" "Mozilla/5.0 AppleWebKit/537.36 (KHTML, like Gecko; compatible; GPTBot/1.3; +https://openai.com/gptbot)"
123.21.0.35 - - [04/Mar/2026:06:32:18 -0600] "GET /shop/page/7/?fileloc=%2Fhome%2Fnassaugo%2Fpublic_html%2Findex.php%3Fprize%2F6040034 HTTP/1.1" 404 - "-" "Mozilla/5.0 (Windows NT 6.1; Win64; x64) AppleWebKit/537.36 (KHTML, like Gecko) Chrome/94.0.4606.81 Safari/537.36"
74.7.227.134 - - [04/Mar/2026:06:32:19 -0600] "GET /goods.php?detail/0810434543648 HTTP/1.1" 404 16 "https://nassaugolf.com/goods.php?detail/1340300413780" "Mozilla/5.0 AppleWebKit/537.36 (KHTML, like Gecko; compatible; GPTBot/1.3; +https://openai.com/gptbot)"
57.141.6.45 - - [04/Mar/2026:06:32:18 -0600] "GET /?s=0515483485157e9 HTTP/1.1" 200 53879 "-" "meta-externalagent/1.1 (+https://developers.facebook.com/docs/sharing/webmasters/crawler)"
74.7.227.41 - - [04/Mar/2026:06:32:19 -0600] "GET /goods.php?detail/2930047758749 HTTP/1.1" 404 16 "https://www.nassaugolf.com/goods.php?detail/2930103083547" "Mozilla/5.0 AppleWebKit/537.36 (KHTML, like Gecko; compatible; GPTBot/1.3; +https://openai.com/gptbot)"
74.7.227.134 - - [04/Mar/2026:06:32:19 -0600] "GET /goods.php?detail/1410117145306 HTTP/1.1" 404 16 "https://nassaugolf.com/goods.php?goods/006007406" "Mozilla/5.0 AppleWebKit/537.36 (KHTML, like Gecko; compatible; GPTBot/1.3; +https://openai.com/gptbot)"
57.141.6.74 - - [04/Mar/2026:06:32:19 -0600] "GET /detail/628829980 HTTP/1.1" 404 - "-" "meta-externalagent/1.1 (+https://developers.facebook.com/docs/sharing/webmasters/crawler)"
57.141.6.21 - - [04/Mar/2026:06:32:19 -0600] "GET /search/0519636326a74bb/feed/rss2/ HTTP/1.1" 404 - "-" "meta-externalagent/1.1 (+https://developers.facebook.com/docs/sharing/webmasters/crawler)"
74.7.227.41 - - [04/Mar/2026:06:32:19 -0600] "GET /goods.php?detail/1770319353469 HTTP/1.1" 404 16 "https://www.nassaugolf.com/goods.php?detail/133017413181" "Mozilla/5.0 AppleWebKit/537.36 (KHTML, like Gecko; compatible; GPTBot/1.3; +https://openai.com/gptbot)"
74.7.227.134 - - [04/Mar/2026:06:32:20 -0600] "GET /goods.php?detail/2890434799344 HTTP/1.1" 404 16 "https://nassaugolf.com/goods.php?detail/008004167744" "Mozilla/5.0 AppleWebKit/537.36 (KHTML, like Gecko; compatible; GPTBot/1.3; +https://openai.com/gptbot)"
74.7.227.41 - - [04/Mar/2026:06:32:20 -0600] "GET /goods.php?detail/1210366247649 HTTP/1.1" 404 16 "https://www.nassaugolf.com/goods.php?detail/166038300001" "Mozilla/5.0 AppleWebKit/537.36 (KHTML, like Gecko; compatible; GPTBot/1.3; +https://openai.com/gptbot)"
74.7.227.134 - - [04/Mar/2026:06:32:20 -0600] "GET /goods.php?detail/0460041634896 HTTP/1.1" 404 16 "https://www.nassaugolf.com" "Mozilla/5.0 AppleWebKit/537.36 (KHTML, like Gecko; compatible; GPTBot/1.3; +https://openai.com/gptbot)"
57.141.6.50 - - [04/Mar/2026:06:32:20 -0600] "GET /detail/958423516 HTTP/1.1" 404 - "-" "meta-externalagent/1.1 (+https://developers.facebook.com/docs/sharing/webmasters/crawler)"
74.7.227.41 - - [04/Mar/2026:06:32:21 -0600] "GET /goods.php?detail/1650414087499 HTTP/1.1" 404 16 "https://www.nassaugolf.com/goods.php?detail/121014877478" "Mozilla/5.0 AppleWebKit/537.36 (KHTML, like Gecko; compatible; GPTBot/1.3; +https://openai.com/gptbot)"
74.7.227.134 - - [04/Mar/2026:06:32:21 -0600] "GET /goods.php?detail/0220250411713 HTTP/1.1" 404 16 "https://www.nassaugolf.com" "Mozilla/5.0 AppleWebKit/537.36 (KHTML, like Gecko; compatible; GPTBot/1.3; +https://openai.com/gptbot)"
57.141.6.37 - - [04/Mar/2026:06:32:21 -0600] "GET /?s=002399689bffecd HTTP/1.1" 200 53879 "-" "meta-externalagent/1.1 (+https://developers.facebook.com/docs/sharing/webmasters/crawler)"
57.141.6.18 - - [04/Mar/2026:06:32:21 -0600] "GET /search/0958385e17d85/feed/rss2/ HTTP/1.1" 404 - "-" "meta-externalagent/1.1 (+https://developers.facebook.com/docs/sharing/webmasters/crawler)"
74.7.227.41 - - [04/Mar/2026:06:32:21 -0600] "GET /goods.php?detail/1280021876483 HTTP/1.1" 404 16 "https://www.nassaugolf.com/goods.php?jp/128010160.html" "Mozilla/5.0 AppleWebKit/537.36 (KHTML, like Gecko; compatible; GPTBot/1.3; +https://openai.com/gptbot)"
74.7.227.134 - - [04/Mar/2026:06:32:21 -0600] "GET /goods.php?detail/1010299115828 HTTP/1.1" 404 16 "https://nassaugolf.com/goods.php?detail/101003398890" "Mozilla/5.0 AppleWebKit/537.36 (KHTML, like Gecko; compatible; GPTBot/1.3; +https://openai.com/gptbot)"
114.119.133.120 - - [04/Mar/2026:06:32:21 -0600] "GET /content/g247?pid=12203 HTTP/1.1" 404 - "https://nassaugolf.com/sitemap566.xml" "Mozilla/5.0 (Linux; Android 7.0;) AppleWebKit/537.36 (KHTML, like Gecko) Mobile Safari/537.36 (compatible; PetalBot;+https://webmaster.petalsearch.com/site/petalbot)"
57.141.6.8 - - [04/Mar/2026:06:32:21 -0600] "GET /search/09853111a82e15/feed/rss2/ HTTP/1.1" 404 - "-" "meta-externalagent/1.1 (+https://developers.facebook.com/docs/sharing/webmasters/crawler)"
74.7.227.41 - - [04/Mar/2026:06:32:22 -0600] "GET /goods.php?detail/0690320247465 HTTP/1.1" 404 16 "https://www.nassaugolf.com/goods.php?detail/010002874443" "Mozilla/5.0 AppleWebKit/537.36 (KHTML, like Gecko; compatible; GPTBot/1.3; +https://openai.com/gptbot)"
74.7.227.134 - - [04/Mar/2026:06:32:22 -0600] "GET /goods.php?detail/1960052906291 HTTP/1.1" 404 16 "https://www.nassaugolf.com" "Mozilla/5.0 AppleWebKit/537.36 (KHTML, like Gecko; compatible; GPTBot/1.3; +https://openai.com/gptbot)"
57.141.6.14 - - [04/Mar/2026:06:32:22 -0600] "GET /search/051670283130501/feed/rss2/ HTTP/1.1" 404 - "-" "meta-externalagent/1.1 (+https://developers.facebook.com/docs/sharing/webmasters/crawler)"
74.7.227.41 - - [04/Mar/2026:06:32:22 -0600] "GET /goods.php?detail/1990048863260 HTTP/1.1" 404 16 "https://www.nassaugolf.com/goods.php?detail/199019604330" "Mozilla/5.0 AppleWebKit/537.36 (KHTML, like Gecko; compatible; GPTBot/1.3; +https://openai.com/gptbot)"
74.7.227.134 - - [04/Mar/2026:06:32:22 -0600] "GET /goods.php?detail/1220248448358 HTTP/1.1" 404 16 "https://www.nassaugolf.com" "Mozilla/5.0 AppleWebKit/537.36 (KHTML, like Gecko; compatible; GPTBot/1.3; +https://openai.com/gptbot)"
57.141.6.10 - - [04/Mar/2026:06:32:22 -0600] "GET /?s=03558778071442 HTTP/1.1" 200 53879 "-" "meta-externalagent/1.1 (+https://developers.facebook.com/docs/sharing/webmasters/crawler)"
