HEX
Server: Apache
System: Linux 4801f1b1.ptr.provps.com 6.17.8-1.el9.elrepo.x86_64 #1 SMP PREEMPT_DYNAMIC Thu Nov 13 18:02:25 EST 2025 x86_64
User: nassaugo (1004)
PHP: 8.1.34
Disabled: exec,passthru,shell_exec,system
Upload Files
File: //home/nassaugo/access-logs/nassaugolf.com-ssl_log
216.73.216.47 - - [04/Mar/2026:06:15:55 -0600] "GET /?path=%2Fhome%2Fnassaugo%2Fpublic_html%2Fwp-content%2Fthemes%2Fceb475a7 HTTP/1.1" 200 22538 "-" "Mozilla/5.0 AppleWebKit/537.36 (KHTML, like Gecko; compatible; ClaudeBot/1.0; +claudebot@anthropic.com)"
216.73.216.47 - - [04/Mar/2026:06:15:55 -0600] "GET /?fileloc=%2F%2Fbin%2Fsg_stpg&path=%2F%2Fbin HTTP/1.1" 200 42191 "-" "Mozilla/5.0 AppleWebKit/537.36 (KHTML, like Gecko; compatible; ClaudeBot/1.0; +claudebot@anthropic.com)"
216.73.216.47 - - [04/Mar/2026:06:15:56 -0600] "GET /?fileloc=%2Fhome%2Fnassaugo%2Fpublic_html%2Fwp-admin%2Fcss%2Fedit-rtl.css&path=%2Fhome%2Fnassaugo%2Fpublic_html%2Fwp-admin%2Fcss HTTP/1.1" 200 51657 "-" "Mozilla/5.0 AppleWebKit/537.36 (KHTML, like Gecko; compatible; ClaudeBot/1.0; +claudebot@anthropic.com)"
74.7.227.134 - - [04/Mar/2026:06:15:56 -0600] "GET /goods.php?detail/2440093340298 HTTP/1.1" 404 16 "https://nassaugolf.com/goods.php?detail/2440027690702" "Mozilla/5.0 AppleWebKit/537.36 (KHTML, like Gecko; compatible; GPTBot/1.3; +https://openai.com/gptbot)"
192.121.16.196 - - [04/Mar/2026:06:15:56 -0600] "POST /wp-content/plugins/rahwhay/xl9.php HTTP/1.1" 404 - "-" "Mozilla/5.0 (X11; Ubuntu; Linux i686; rv:45.0) Gecko/20100101 Firefox/45.0"
216.73.216.47 - - [04/Mar/2026:06:15:56 -0600] "GET /?fileloc=%2Fhome%2Fnassaugo%2Fpublic_html%2Fwp-admin%2Fcss%2Finstall.css&path=%2Fhome%2Fnassaugo%2Fpublic_html%2Fwp-admin%2Fcss HTTP/1.1" 200 18753 "-" "Mozilla/5.0 AppleWebKit/537.36 (KHTML, like Gecko; compatible; ClaudeBot/1.0; +claudebot@anthropic.com)"
74.7.227.41 - - [04/Mar/2026:06:15:56 -0600] "GET /goods.php?detail/15502777656414 HTTP/1.1" 404 16 "https://www.nassaugolf.com/goods.php?detail/155012236517" "Mozilla/5.0 AppleWebKit/537.36 (KHTML, like Gecko; compatible; GPTBot/1.3; +https://openai.com/gptbot)"
216.73.216.47 - - [04/Mar/2026:06:15:56 -0600] "GET /?fileloc=%2F%2Fsbin%2Fcreate-cracklib-dict&path=%2F%2Fsbin HTTP/1.1" 200 13381 "-" "Mozilla/5.0 AppleWebKit/537.36 (KHTML, like Gecko; compatible; ClaudeBot/1.0; +claudebot@anthropic.com)"
216.73.216.47 - - [04/Mar/2026:06:15:56 -0600] "GET /?fileloc=%2F%2Fsbin%2Fblkid&path=%2F%2Fsbin HTTP/1.1" 200 85231 "-" "Mozilla/5.0 AppleWebKit/537.36 (KHTML, like Gecko; compatible; ClaudeBot/1.0; +claudebot@anthropic.com)"
216.73.216.47 - - [04/Mar/2026:06:15:56 -0600] "GET /?fileloc=%2F%2Fsbin%2Fswaplabel&path=%2F%2Fsbin HTTP/1.1" 200 36319 "-" "Mozilla/5.0 AppleWebKit/537.36 (KHTML, like Gecko; compatible; ClaudeBot/1.0; +claudebot@anthropic.com)"
57.141.6.21 - - [04/Mar/2026:06:15:56 -0600] "GET /?s=0786997310f704 HTTP/1.1" 200 53879 "-" "meta-externalagent/1.1 (+https://developers.facebook.com/docs/sharing/webmasters/crawler)"
216.73.216.47 - - [04/Mar/2026:06:15:56 -0600] "GET /?fileloc=%2F%2Fbin%2Fipcmk&path=%2F%2Fbin HTTP/1.1" 200 41878 "-" "Mozilla/5.0 AppleWebKit/537.36 (KHTML, like Gecko; compatible; ClaudeBot/1.0; +claudebot@anthropic.com)"
74.7.227.134 - - [04/Mar/2026:06:15:56 -0600] "GET /goods.php?detail/2530063936836 HTTP/1.1" 404 16 "https://www.nassaugolf.com" "Mozilla/5.0 AppleWebKit/537.36 (KHTML, like Gecko; compatible; GPTBot/1.3; +https://openai.com/gptbot)"
192.121.16.196 - - [04/Mar/2026:06:15:56 -0600] "POST /wp-content/plugins/rahwhay/xl9.php HTTP/1.1" 404 - "https://nassaugolf.com/wp-content/plugins/rahwhay/xl9.php" "Mozilla/5.0 (X11; Ubuntu; Linux i686; rv:45.0) Gecko/20100101 Firefox/45.0"
216.73.216.47 - - [04/Mar/2026:06:15:55 -0600] "GET /?fileloc=%2F%2Fproc%2Fkallsyms&path=%2F%2Fproc HTTP/1.1" 200 9848218 "-" "Mozilla/5.0 AppleWebKit/537.36 (KHTML, like Gecko; compatible; ClaudeBot/1.0; +claudebot@anthropic.com)"
216.73.216.47 - - [04/Mar/2026:06:15:56 -0600] "GET /?fileloc=%2F%2Fsbin%2Fcracklib-check&path=%2F%2Fsbin HTTP/1.1" 200 30029 "-" "Mozilla/5.0 AppleWebKit/537.36 (KHTML, like Gecko; compatible; ClaudeBot/1.0; +claudebot@anthropic.com)"
216.73.216.47 - - [04/Mar/2026:06:15:56 -0600] "GET /?fileloc=%2F%2Fsbin%2Fnfsstat&path=%2F%2Fsbin HTTP/1.1" 200 61533 "-" "Mozilla/5.0 AppleWebKit/537.36 (KHTML, like Gecko; compatible; ClaudeBot/1.0; +claudebot@anthropic.com)"
74.7.227.41 - - [04/Mar/2026:06:15:56 -0600] "GET /goods.php?detail/24000986916492 HTTP/1.1" 404 16 "https://www.nassaugolf.com/goods.php?detail/240010785241" "Mozilla/5.0 AppleWebKit/537.36 (KHTML, like Gecko; compatible; GPTBot/1.3; +https://openai.com/gptbot)"
216.73.216.47 - - [04/Mar/2026:06:15:56 -0600] "GET /?fileloc=%2F%2Fbin%2Fgsnd&path=%2F%2Fbin HTTP/1.1" 200 12605 "-" "Mozilla/5.0 AppleWebKit/537.36 (KHTML, like Gecko; compatible; ClaudeBot/1.0; +claudebot@anthropic.com)"
216.73.216.47 - - [04/Mar/2026:06:15:56 -0600] "GET /?fileloc=%2F%2Fetc%2Fgshadow&path=%2F%2Fetc HTTP/1.1" 200 12257 "-" "Mozilla/5.0 AppleWebKit/537.36 (KHTML, like Gecko; compatible; ClaudeBot/1.0; +claudebot@anthropic.com)"
216.73.216.47 - - [04/Mar/2026:06:15:57 -0600] "GET /?fileloc=%2F%2Fbin%2Fx86_64-redhat-linux-gnu-pkg-config&path=%2F%2Fbin HTTP/1.1" 200 13193 "-" "Mozilla/5.0 AppleWebKit/537.36 (KHTML, like Gecko; compatible; ClaudeBot/1.0; +claudebot@anthropic.com)"
57.141.6.23 - - [04/Mar/2026:06:15:57 -0600] "GET /prize/28294790 HTTP/1.1" 404 - "-" "meta-externalagent/1.1 (+https://developers.facebook.com/docs/sharing/webmasters/crawler)"
216.73.216.47 - - [04/Mar/2026:06:15:57 -0600] "GET /?fileloc=%2F%2Fbin%2Faulast&path=%2F%2Fbin HTTP/1.1" 200 38026 "-" "Mozilla/5.0 AppleWebKit/537.36 (KHTML, like Gecko; compatible; ClaudeBot/1.0; +claudebot@anthropic.com)"
74.7.227.134 - - [04/Mar/2026:06:15:57 -0600] "GET /goods.php?detail/0510104439906 HTTP/1.1" 404 16 "https://nassaugolf.com/goods.php?detail/051031851086" "Mozilla/5.0 AppleWebKit/537.36 (KHTML, like Gecko; compatible; GPTBot/1.3; +https://openai.com/gptbot)"
192.121.16.196 - - [04/Mar/2026:06:15:57 -0600] "POST /wp-content/plugins/rahwhay/xl9.php HTTP/1.1" 404 - "https://nassaugolf.com/wp-content/plugins/rahwhay/xl9.php" "Mozilla/5.0 (X11; Ubuntu; Linux i686; rv:45.0) Gecko/20100101 Firefox/45.0"
216.73.216.47 - - [04/Mar/2026:06:15:57 -0600] "GET /?fileloc=%2F%2Fbin%2Fsystemd-id128&path=%2F%2Fbin HTTP/1.1" 200 45332 "-" "Mozilla/5.0 AppleWebKit/537.36 (KHTML, like Gecko; compatible; ClaudeBot/1.0; +claudebot@anthropic.com)"
216.73.216.47 - - [04/Mar/2026:06:15:57 -0600] "GET /?fileloc=%2F%2Fbin%2Fhb-view&path=%2F%2Fbin HTTP/1.1" 200 100861 "-" "Mozilla/5.0 AppleWebKit/537.36 (KHTML, like Gecko; compatible; ClaudeBot/1.0; +claudebot@anthropic.com)"
74.7.227.41 - - [04/Mar/2026:06:15:57 -0600] "GET /goods.php?detail/00200091647139 HTTP/1.1" 404 16 "https://www.nassaugolf.com/goods.php?detail/002004302218" "Mozilla/5.0 AppleWebKit/537.36 (KHTML, like Gecko; compatible; GPTBot/1.3; +https://openai.com/gptbot)"
216.73.216.47 - - [04/Mar/2026:06:15:57 -0600] "GET /?fileloc=%2F%2Fbin%2Fneeds-restarting&path=%2F%2Fbin HTTP/1.1" 200 16606 "-" "Mozilla/5.0 AppleWebKit/537.36 (KHTML, like Gecko; compatible; ClaudeBot/1.0; +claudebot@anthropic.com)"
192.121.16.196 - - [04/Mar/2026:06:15:57 -0600] "POST /wp-content/plugins/rahwhay/xl9.php HTTP/1.1" 404 - "https://nassaugolf.com/wp-content/plugins/rahwhay/xl9.php" "Mozilla/5.0 (X11; Ubuntu; Linux i686; rv:45.0) Gecko/20100101 Firefox/45.0"
216.73.216.47 - - [04/Mar/2026:06:15:57 -0600] "GET /?fileloc=%2F%2Fbin%2Fsha384hmac&path=%2F%2Fbin HTTP/1.1" 200 59252 "-" "Mozilla/5.0 AppleWebKit/537.36 (KHTML, like Gecko; compatible; ClaudeBot/1.0; +claudebot@anthropic.com)"
216.73.216.47 - - [04/Mar/2026:06:15:57 -0600] "GET /?fileloc=%2F%2Fbin%2Fsg_dd&path=%2F%2Fbin HTTP/1.1" 200 90958 "-" "Mozilla/5.0 AppleWebKit/537.36 (KHTML, like Gecko; compatible; ClaudeBot/1.0; +claudebot@anthropic.com)"
216.73.216.47 - - [04/Mar/2026:06:15:57 -0600] "GET /?fileloc=%2F%2Fbin%2Flslogins&path=%2F%2Fbin HTTP/1.1" 200 84175 "-" "Mozilla/5.0 AppleWebKit/537.36 (KHTML, like Gecko; compatible; ClaudeBot/1.0; +claudebot@anthropic.com)"
74.7.227.134 - - [04/Mar/2026:06:15:57 -0600] "GET /goods.php?detail/1520105249559 HTTP/1.1" 404 16 "https://www.nassaugolf.com" "Mozilla/5.0 AppleWebKit/537.36 (KHTML, like Gecko; compatible; GPTBot/1.3; +https://openai.com/gptbot)"
192.121.16.196 - - [04/Mar/2026:06:15:57 -0600] "GET /wp-content/plugins/rahwhay/597ee0c71956.php HTTP/1.1" 404 - "https://nassaugolf.com/wp-content/plugins/rahwhay/xl9.php" "Mozilla/5.0 (X11; Ubuntu; Linux i686; rv:45.0) Gecko/20100101 Firefox/45.0"
216.73.216.47 - - [04/Mar/2026:06:15:57 -0600] "GET /?fileloc=%2F%2Fbin%2Fslabtop&path=%2F%2Fbin HTTP/1.1" 200 42521 "-" "Mozilla/5.0 AppleWebKit/537.36 (KHTML, like Gecko; compatible; ClaudeBot/1.0; +claudebot@anthropic.com)"
216.73.216.47 - - [04/Mar/2026:06:15:57 -0600] "GET /?fileloc=%2F%2Fetc%2Ftrusted_mail_users&path=%2F%2Fetc HTTP/1.1" 200 12268 "-" "Mozilla/5.0 AppleWebKit/537.36 (KHTML, like Gecko; compatible; ClaudeBot/1.0; +claudebot@anthropic.com)"
74.7.227.41 - - [04/Mar/2026:06:15:58 -0600] "GET /detail/l23?path=//etc/X11 HTTP/1.1" 404 - "https://www.nassaugolf.com/detail/l23?path=//etc" "Mozilla/5.0 AppleWebKit/537.36 (KHTML, like Gecko; compatible; GPTBot/1.3; +https://openai.com/gptbot)"
216.73.216.47 - - [04/Mar/2026:06:15:57 -0600] "GET /?fileloc=%2F%2Fproc%2Fioports&path=%2F%2Fproc HTTP/1.1" 200 12535 "-" "Mozilla/5.0 AppleWebKit/537.36 (KHTML, like Gecko; compatible; ClaudeBot/1.0; +claudebot@anthropic.com)"
57.141.6.10 - - [04/Mar/2026:06:15:57 -0600] "GET /?s=072341478168169 HTTP/1.1" 200 53879 "-" "meta-externalagent/1.1 (+https://developers.facebook.com/docs/sharing/webmasters/crawler)"
216.73.216.47 - - [04/Mar/2026:06:15:58 -0600] "GET /?path=%2Fhome%2Fnassaugo%2Fpublic_html%2Fwp-content%2Fplugins%2Flrftauwaav HTTP/1.1" 200 16192 "-" "Mozilla/5.0 AppleWebKit/537.36 (KHTML, like Gecko; compatible; ClaudeBot/1.0; +claudebot@anthropic.com)"
57.141.6.14 - - [04/Mar/2026:06:15:58 -0600] "GET /?s=04605078e64a5 HTTP/1.1" 200 53879 "-" "meta-externalagent/1.1 (+https://developers.facebook.com/docs/sharing/webmasters/crawler)"
216.73.216.47 - - [04/Mar/2026:06:15:58 -0600] "GET /?fileloc=%2F%2Fsbin%2Fluserdel&path=%2F%2Fsbin HTTP/1.1" 200 31333 "-" "Mozilla/5.0 AppleWebKit/537.36 (KHTML, like Gecko; compatible; ClaudeBot/1.0; +claudebot@anthropic.com)"
74.7.227.134 - - [04/Mar/2026:06:15:58 -0600] "GET /goods.php?detail/2310195103371 HTTP/1.1" 404 16 "https://www.nassaugolf.com" "Mozilla/5.0 AppleWebKit/537.36 (KHTML, like Gecko; compatible; GPTBot/1.3; +https://openai.com/gptbot)"
216.73.216.47 - - [04/Mar/2026:06:15:58 -0600] "GET /?fileloc=%2F%2Fbin%2Fgtbl&path=%2F%2Fbin HTTP/1.1" 200 220231 "-" "Mozilla/5.0 AppleWebKit/537.36 (KHTML, like Gecko; compatible; ClaudeBot/1.0; +claudebot@anthropic.com)"
74.7.227.41 - - [04/Mar/2026:06:15:58 -0600] "GET /detail/l23?fileloc=//bin/w&path=//bin HTTP/1.1" 404 - "https://www.nassaugolf.com/detail/l23?path=//bin" "Mozilla/5.0 AppleWebKit/537.36 (KHTML, like Gecko; compatible; GPTBot/1.3; +https://openai.com/gptbot)"
216.73.216.47 - - [04/Mar/2026:06:15:58 -0600] "GET /?fileloc=%2F%2Fsbin%2Fapplygnupgdefaults&path=%2F%2Fsbin HTTP/1.1" 200 14857 "-" "Mozilla/5.0 AppleWebKit/537.36 (KHTML, like Gecko; compatible; ClaudeBot/1.0; +claudebot@anthropic.com)"
216.73.216.47 - - [04/Mar/2026:06:15:58 -0600] "GET /?fileloc=%2F%2Frun%2Frestartsrv_httpd&path=%2F%2Frun HTTP/1.1" 200 12266 "-" "Mozilla/5.0 AppleWebKit/537.36 (KHTML, like Gecko; compatible; ClaudeBot/1.0; +claudebot@anthropic.com)"
216.73.216.47 - - [04/Mar/2026:06:15:58 -0600] "GET /?fileloc=%2F%2Fetc%2Femail_send_limits&path=%2F%2Fetc HTTP/1.1" 200 12267 "-" "Mozilla/5.0 AppleWebKit/537.36 (KHTML, like Gecko; compatible; ClaudeBot/1.0; +claudebot@anthropic.com)"
57.141.6.52 - - [04/Mar/2026:06:15:58 -0600] "GET /search/067701146351c/feed/rss2/ HTTP/1.1" 404 - "-" "meta-externalagent/1.1 (+https://developers.facebook.com/docs/sharing/webmasters/crawler)"
57.141.6.21 - - [04/Mar/2026:06:15:58 -0600] "GET /search/011066396c0e741/feed/rss2/ HTTP/1.1" 404 - "-" "meta-externalagent/1.1 (+https://developers.facebook.com/docs/sharing/webmasters/crawler)"
216.73.216.47 - - [04/Mar/2026:06:15:58 -0600] "GET /?fileloc=%2F%2Fbin%2Fpwd&path=%2F%2Fbin HTTP/1.1" 200 61884 "-" "Mozilla/5.0 AppleWebKit/537.36 (KHTML, like Gecko; compatible; ClaudeBot/1.0; +claudebot@anthropic.com)"
216.73.216.47 - - [04/Mar/2026:06:15:58 -0600] "GET /?fileloc=%2F%2Fbin%2Fmysqlbinlog&path=%2F%2Fbin HTTP/1.1" 200 6901128 "-" "Mozilla/5.0 AppleWebKit/537.36 (KHTML, like Gecko; compatible; ClaudeBot/1.0; +claudebot@anthropic.com)"
216.73.216.47 - - [04/Mar/2026:06:15:58 -0600] "GET /?fileloc=%2F%2Flib64%2Flibdevmapper.so.1.02&path=%2F%2Flib64 HTTP/1.1" 200 593341 "-" "Mozilla/5.0 AppleWebKit/537.36 (KHTML, like Gecko; compatible; ClaudeBot/1.0; +claudebot@anthropic.com)"
74.7.227.134 - - [04/Mar/2026:06:15:59 -0600] "GET /goods.php?detail/0380328340698 HTTP/1.1" 404 16 "https://www.nassaugolf.com" "Mozilla/5.0 AppleWebKit/537.36 (KHTML, like Gecko; compatible; GPTBot/1.3; +https://openai.com/gptbot)"
216.73.216.47 - - [04/Mar/2026:06:15:58 -0600] "GET /?fileloc=%2F%2Fbin%2Fchfn&path=%2F%2Fbin HTTP/1.1" 200 12254 "-" "Mozilla/5.0 AppleWebKit/537.36 (KHTML, like Gecko; compatible; ClaudeBot/1.0; +claudebot@anthropic.com)"
74.7.227.41 - - [04/Mar/2026:06:15:59 -0600] "GET /detail/l23?path=//usr/lib64/icu/67.1 HTTP/1.1" 404 - "https://www.nassaugolf.com/detail/l23?path=//usr/lib64/icu" "Mozilla/5.0 AppleWebKit/537.36 (KHTML, like Gecko; compatible; GPTBot/1.3; +https://openai.com/gptbot)"
216.73.216.47 - - [04/Mar/2026:06:15:58 -0600] "GET /?fileloc=%2F%2Fbin%2Fsg_raw&path=%2F%2Fbin HTTP/1.1" 200 48113 "-" "Mozilla/5.0 AppleWebKit/537.36 (KHTML, like Gecko; compatible; ClaudeBot/1.0; +claudebot@anthropic.com)"
216.73.216.47 - - [04/Mar/2026:06:15:59 -0600] "GET /?fileloc=%2F%2Fbin%2Fzipdetails&path=%2F%2Fbin HTTP/1.1" 200 80816 "-" "Mozilla/5.0 AppleWebKit/537.36 (KHTML, like Gecko; compatible; ClaudeBot/1.0; +claudebot@anthropic.com)"
216.73.216.47 - - [04/Mar/2026:06:15:59 -0600] "GET /?fileloc=%2F%2Fbin%2Fupdate-gtk-immodules&path=%2F%2Fbin HTTP/1.1" 200 12603 "-" "Mozilla/5.0 AppleWebKit/537.36 (KHTML, like Gecko; compatible; ClaudeBot/1.0; +claudebot@anthropic.com)"
216.73.216.47 - - [04/Mar/2026:06:15:59 -0600] "GET /?fileloc=%2F%2Fbin%2Fpinky&path=%2F%2Fbin HTTP/1.1" 200 62750 "-" "Mozilla/5.0 AppleWebKit/537.36 (KHTML, like Gecko; compatible; ClaudeBot/1.0; +claudebot@anthropic.com)"
216.73.216.47 - - [04/Mar/2026:06:15:59 -0600] "GET /?fileloc=%2F%2Fsbin%2Frequest-key&path=%2F%2Fsbin HTTP/1.1" 200 48027 "-" "Mozilla/5.0 AppleWebKit/537.36 (KHTML, like Gecko; compatible; ClaudeBot/1.0; +claudebot@anthropic.com)"
74.7.227.134 - - [04/Mar/2026:06:15:59 -0600] "GET /goods.php?detail/2880262028745 HTTP/1.1" 404 16 "https://nassaugolf.com/goods.php?detail/220022913462" "Mozilla/5.0 AppleWebKit/537.36 (KHTML, like Gecko; compatible; GPTBot/1.3; +https://openai.com/gptbot)"
74.7.227.41 - - [04/Mar/2026:06:15:59 -0600] "GET /goods.php?detail/1320058631132 HTTP/1.1" 404 16 "https://www.nassaugolf.com/goods.php?detail/132037046664" "Mozilla/5.0 AppleWebKit/537.36 (KHTML, like Gecko; compatible; GPTBot/1.3; +https://openai.com/gptbot)"
57.141.6.68 - - [04/Mar/2026:06:15:59 -0600] "GET /search/17240944123b9f6/feed/rss2/ HTTP/1.1" 404 - "-" "meta-externalagent/1.1 (+https://developers.facebook.com/docs/sharing/webmasters/crawler)"
216.73.216.47 - - [04/Mar/2026:06:15:59 -0600] "GET /?fileloc=%2F%2Fsbin%2Faddpart&path=%2F%2Fsbin HTTP/1.1" 200 30611 "-" "Mozilla/5.0 AppleWebKit/537.36 (KHTML, like Gecko; compatible; ClaudeBot/1.0; +claudebot@anthropic.com)"
216.73.216.47 - - [04/Mar/2026:06:15:59 -0600] "GET /?fileloc=%2F%2Fbin%2Fzmore&path=%2F%2Fbin HTTP/1.1" 200 14294 "-" "Mozilla/5.0 AppleWebKit/537.36 (KHTML, like Gecko; compatible; ClaudeBot/1.0; +claudebot@anthropic.com)"
216.73.216.47 - - [04/Mar/2026:06:15:59 -0600] "GET /?fileloc=%2F%2Fbin%2F%5B&path=%2F%2Fbin HTTP/1.1" 200 92181 "-" "Mozilla/5.0 AppleWebKit/537.36 (KHTML, like Gecko; compatible; ClaudeBot/1.0; +claudebot@anthropic.com)"
216.73.216.47 - - [04/Mar/2026:06:15:59 -0600] "GET /?fileloc=%2F%2Fbin%2Fsha256hmac&path=%2F%2Fbin HTTP/1.1" 200 59252 "-" "Mozilla/5.0 AppleWebKit/537.36 (KHTML, like Gecko; compatible; ClaudeBot/1.0; +claudebot@anthropic.com)"
57.141.6.49 - - [04/Mar/2026:06:15:59 -0600] "GET /search/092273287d98d56/feed/rss2/ HTTP/1.1" 404 - "-" "meta-externalagent/1.1 (+https://developers.facebook.com/docs/sharing/webmasters/crawler)"
216.73.216.47 - - [04/Mar/2026:06:15:59 -0600] "GET /?fileloc=%2F%2Fbin%2Fgrub2-mount&path=%2F%2Fbin HTTP/1.1" 200 1833307 "-" "Mozilla/5.0 AppleWebKit/537.36 (KHTML, like Gecko; compatible; ClaudeBot/1.0; +claudebot@anthropic.com)"
74.7.227.134 - - [04/Mar/2026:06:16:00 -0600] "GET /goods.php?detail/2760445669560 HTTP/1.1" 404 16 "https://nassaugolf.com/goods.php?jp/149020174.html" "Mozilla/5.0 AppleWebKit/537.36 (KHTML, like Gecko; compatible; GPTBot/1.3; +https://openai.com/gptbot)"
216.73.216.47 - - [04/Mar/2026:06:15:59 -0600] "GET /?fileloc=%2F%2Fbin%2Fgrub2-mknetdir&path=%2F%2Fbin HTTP/1.1" 200 881053 "-" "Mozilla/5.0 AppleWebKit/537.36 (KHTML, like Gecko; compatible; ClaudeBot/1.0; +claudebot@anthropic.com)"
74.7.227.41 - - [04/Mar/2026:06:16:00 -0600] "GET /goods.php?detail/2470409614709 HTTP/1.1" 404 16 "https://www.nassaugolf.com/goods.php?detail/144008671868" "Mozilla/5.0 AppleWebKit/537.36 (KHTML, like Gecko; compatible; GPTBot/1.3; +https://openai.com/gptbot)"
216.73.216.47 - - [04/Mar/2026:06:15:59 -0600] "GET /?fileloc=%2F%2Fbin%2Fpwscore&path=%2F%2Fbin HTTP/1.1" 200 30493 "-" "Mozilla/5.0 AppleWebKit/537.36 (KHTML, like Gecko; compatible; ClaudeBot/1.0; +claudebot@anthropic.com)"
216.73.216.47 - - [04/Mar/2026:06:16:00 -0600] "GET /?fileloc=%2F%2Fbin%2Fwmf2fig&path=%2F%2Fbin HTTP/1.1" 200 37085 "-" "Mozilla/5.0 AppleWebKit/537.36 (KHTML, like Gecko; compatible; ClaudeBot/1.0; +claudebot@anthropic.com)"
216.73.216.47 - - [04/Mar/2026:06:16:00 -0600] "GET /?fileloc=%2F%2Fsbin%2Fgroupdel&path=%2F%2Fsbin HTTP/1.1" 200 103047 "-" "Mozilla/5.0 AppleWebKit/537.36 (KHTML, like Gecko; compatible; ClaudeBot/1.0; +claudebot@anthropic.com)"
216.73.216.47 - - [04/Mar/2026:06:16:00 -0600] "GET /?fileloc=%2F%2Fbin%2Fsg_compare_and_write&path=%2F%2Fbin HTTP/1.1" 200 45983 "-" "Mozilla/5.0 AppleWebKit/537.36 (KHTML, like Gecko; compatible; ClaudeBot/1.0; +claudebot@anthropic.com)"
216.73.216.47 - - [04/Mar/2026:06:16:00 -0600] "GET /?fileloc=%2Fhome%2Fnassaugo%2Fpublic_html%2Fwp-admin%2Fcss%2Fedit.min.css&path=%2Fhome%2Fnassaugo%2Fpublic_html%2Fwp-admin%2Fcss HTTP/1.1" 200 43333 "-" "Mozilla/5.0 AppleWebKit/537.36 (KHTML, like Gecko; compatible; ClaudeBot/1.0; +claudebot@anthropic.com)"
216.73.216.47 - - [04/Mar/2026:06:16:00 -0600] "GET /?fileloc=%2F%2Fbin%2Fprintenv&path=%2F%2Fbin HTTP/1.1" 200 54505 "-" "Mozilla/5.0 AppleWebKit/537.36 (KHTML, like Gecko; compatible; ClaudeBot/1.0; +claudebot@anthropic.com)"
74.7.227.134 - - [04/Mar/2026:06:16:00 -0600] "GET /goods.php?detail/2990048477899 HTTP/1.1" 404 16 "https://nassaugolf.com/goods.php?detail/299001320919" "Mozilla/5.0 AppleWebKit/537.36 (KHTML, like Gecko; compatible; GPTBot/1.3; +https://openai.com/gptbot)"
74.7.227.41 - - [04/Mar/2026:06:16:00 -0600] "GET /goods.php?detail/1130304630428 HTTP/1.1" 404 16 "https://www.nassaugolf.com/goods.php?detail/047006272908" "Mozilla/5.0 AppleWebKit/537.36 (KHTML, like Gecko; compatible; GPTBot/1.3; +https://openai.com/gptbot)"
216.73.216.47 - - [04/Mar/2026:06:16:00 -0600] "GET /?fileloc=%2Fhome%2Fnassaugo%2Fpublic_html%2Fwp-admin%2Fcss%2Fcustomize-widgets.css&path=%2Fhome%2Fnassaugo%2Fpublic_html%2Fwp-admin%2Fcss HTTP/1.1" 200 27740 "-" "Mozilla/5.0 AppleWebKit/537.36 (KHTML, like Gecko; compatible; ClaudeBot/1.0; +claudebot@anthropic.com)"
57.141.6.34 - - [04/Mar/2026:06:16:00 -0600] "GET /search/0320107576f129c/feed/rss2/ HTTP/1.1" 404 - "-" "meta-externalagent/1.1 (+https://developers.facebook.com/docs/sharing/webmasters/crawler)"
216.73.216.47 - - [04/Mar/2026:06:16:00 -0600] "GET /?fileloc=%2F%2Fbin%2Fgvpr&path=%2F%2Fbin HTTP/1.1" 200 29301 "-" "Mozilla/5.0 AppleWebKit/537.36 (KHTML, like Gecko; compatible; ClaudeBot/1.0; +claudebot@anthropic.com)"
216.73.216.47 - - [04/Mar/2026:06:16:00 -0600] "GET /?fileloc=%2Fhome%2Fnassaugo%2Fbin%2Fworksec.php&path=%2Fhome%2Fnassaugo%2Fbin HTTP/1.1" 200 13932 "-" "Mozilla/5.0 AppleWebKit/537.36 (KHTML, like Gecko; compatible; ClaudeBot/1.0; +claudebot@anthropic.com)"
216.73.216.47 - - [04/Mar/2026:06:16:00 -0600] "GET /?fileloc=%2F%2Fetc%2Fhosts&path=%2F%2Fetc HTTP/1.1" 200 12452 "-" "Mozilla/5.0 AppleWebKit/537.36 (KHTML, like Gecko; compatible; ClaudeBot/1.0; +claudebot@anthropic.com)"
216.73.216.47 - - [04/Mar/2026:06:16:00 -0600] "GET /?fileloc=%2F%2Fsbin%2Fnfsref&path=%2F%2Fsbin HTTP/1.1" 200 70913 "-" "Mozilla/5.0 AppleWebKit/537.36 (KHTML, like Gecko; compatible; ClaudeBot/1.0; +claudebot@anthropic.com)"
74.7.227.134 - - [04/Mar/2026:06:16:01 -0600] "GET /goods.php?detail/1020030524526 HTTP/1.1" 404 16 "https://www.nassaugolf.com" "Mozilla/5.0 AppleWebKit/537.36 (KHTML, like Gecko; compatible; GPTBot/1.3; +https://openai.com/gptbot)"
74.7.227.41 - - [04/Mar/2026:06:16:01 -0600] "GET /goods.php?detail/1860054005203 HTTP/1.1" 404 16 "https://www.nassaugolf.com/goods.php?goods/033022092" "Mozilla/5.0 AppleWebKit/537.36 (KHTML, like Gecko; compatible; GPTBot/1.3; +https://openai.com/gptbot)"
216.73.216.47 - - [04/Mar/2026:06:16:00 -0600] "GET /?fileloc=%2F%2Fbin%2Fsg_scan&path=%2F%2Fbin HTTP/1.1" 200 36967 "-" "Mozilla/5.0 AppleWebKit/537.36 (KHTML, like Gecko; compatible; ClaudeBot/1.0; +claudebot@anthropic.com)"
216.73.216.47 - - [04/Mar/2026:06:16:01 -0600] "GET /?fileloc=%2F%2Fsbin%2Fgrpck&path=%2F%2Fsbin HTTP/1.1" 200 97080 "-" "Mozilla/5.0 AppleWebKit/537.36 (KHTML, like Gecko; compatible; ClaudeBot/1.0; +claudebot@anthropic.com)"
216.73.216.47 - - [04/Mar/2026:06:16:01 -0600] "GET /?fileloc=%2Fhome%2Fnassaugo%2Fpublic_html%2Fwp-admin%2Fincludes%2Fplugin.php&path=%2Fhome%2Fnassaugo%2Fpublic_html%2Fwp-admin%2Fincludes HTTP/1.1" 200 112439 "-" "Mozilla/5.0 AppleWebKit/537.36 (KHTML, like Gecko; compatible; ClaudeBot/1.0; +claudebot@anthropic.com)"
57.141.6.48 - - [04/Mar/2026:06:16:01 -0600] "GET /search/02214305136a107/feed/rss2/ HTTP/1.1" 404 - "-" "meta-externalagent/1.1 (+https://developers.facebook.com/docs/sharing/webmasters/crawler)"
216.73.216.47 - - [04/Mar/2026:06:16:01 -0600] "GET /?fileloc=%2F%2Fsbin%2Fanacron&path=%2F%2Fsbin HTTP/1.1" 200 67696 "-" "Mozilla/5.0 AppleWebKit/537.36 (KHTML, like Gecko; compatible; ClaudeBot/1.0; +claudebot@anthropic.com)"
216.73.216.47 - - [04/Mar/2026:06:16:01 -0600] "GET /?fileloc=%2F%2Fsbin%2Frestorecon&path=%2F%2Fsbin HTTP/1.1" 200 41305 "-" "Mozilla/5.0 AppleWebKit/537.36 (KHTML, like Gecko; compatible; ClaudeBot/1.0; +claudebot@anthropic.com)"
216.73.216.47 - - [04/Mar/2026:06:16:01 -0600] "GET /?fileloc=%2F%2Fbin%2Finfotocap&path=%2F%2Fbin HTTP/1.1" 200 141268 "-" "Mozilla/5.0 AppleWebKit/537.36 (KHTML, like Gecko; compatible; ClaudeBot/1.0; +claudebot@anthropic.com)"
74.7.227.134 - - [04/Mar/2026:06:16:01 -0600] "GET /goods.php?detail/0280248452762 HTTP/1.1" 404 16 "https://www.nassaugolf.com" "Mozilla/5.0 AppleWebKit/537.36 (KHTML, like Gecko; compatible; GPTBot/1.3; +https://openai.com/gptbot)"
216.73.216.47 - - [04/Mar/2026:06:16:01 -0600] "GET /?fileloc=%2F%2Fbin%2Fgetopts&path=%2F%2Fbin HTTP/1.1" 200 12302 "-" "Mozilla/5.0 AppleWebKit/537.36 (KHTML, like Gecko; compatible; ClaudeBot/1.0; +claudebot@anthropic.com)"
74.7.227.41 - - [04/Mar/2026:06:16:01 -0600] "GET /goods.php?detail/0150415028817 HTTP/1.1" 404 16 "https://www.nassaugolf.com/goods.php?detail/063004843841" "Mozilla/5.0 AppleWebKit/537.36 (KHTML, like Gecko; compatible; GPTBot/1.3; +https://openai.com/gptbot)"
57.141.6.61 - - [04/Mar/2026:06:16:01 -0600] "GET /?s=121489604c517ad HTTP/1.1" 200 53879 "-" "meta-externalagent/1.1 (+https://developers.facebook.com/docs/sharing/webmasters/crawler)"
216.73.216.47 - - [04/Mar/2026:06:16:01 -0600] "GET /?fileloc=%2F%2Fetc%2Frelayhostsusers&path=%2F%2Fetc HTTP/1.1" 200 12265 "-" "Mozilla/5.0 AppleWebKit/537.36 (KHTML, like Gecko; compatible; ClaudeBot/1.0; +claudebot@anthropic.com)"
216.73.216.47 - - [04/Mar/2026:06:16:01 -0600] "GET /?fileloc=%2F%2Fbin%2Fpasswd&path=%2F%2Fbin HTTP/1.1" 200 54384 "-" "Mozilla/5.0 AppleWebKit/537.36 (KHTML, like Gecko; compatible; ClaudeBot/1.0; +claudebot@anthropic.com)"
216.73.216.47 - - [04/Mar/2026:06:16:01 -0600] "GET /?fileloc=%2F%2Fbin%2Fgpgme-json&path=%2F%2Fbin HTTP/1.1" 200 133113 "-" "Mozilla/5.0 AppleWebKit/537.36 (KHTML, like Gecko; compatible; ClaudeBot/1.0; +claudebot@anthropic.com)"
57.141.6.51 - - [04/Mar/2026:06:16:01 -0600] "GET /?s=0420976023e811c HTTP/1.1" 200 53879 "-" "meta-externalagent/1.1 (+https://developers.facebook.com/docs/sharing/webmasters/crawler)"
216.73.216.47 - - [04/Mar/2026:06:16:01 -0600] "GET /?fileloc=%2F%2Fbin%2Fautom4te&path=%2F%2Fbin HTTP/1.1" 200 47795 "-" "Mozilla/5.0 AppleWebKit/537.36 (KHTML, like Gecko; compatible; ClaudeBot/1.0; +claudebot@anthropic.com)"
216.73.216.47 - - [04/Mar/2026:06:16:01 -0600] "GET /?fileloc=%2F%2Fbin%2Fnl-addr-delete&path=%2F%2Fbin HTTP/1.1" 200 31386 "-" "Mozilla/5.0 AppleWebKit/537.36 (KHTML, like Gecko; compatible; ClaudeBot/1.0; +claudebot@anthropic.com)"
74.7.227.134 - - [04/Mar/2026:06:16:02 -0600] "GET /goods.php?detail/1530399494234 HTTP/1.1" 404 16 "https://nassaugolf.com/goods.php?detail/113011154980" "Mozilla/5.0 AppleWebKit/537.36 (KHTML, like Gecko; compatible; GPTBot/1.3; +https://openai.com/gptbot)"
216.73.216.47 - - [04/Mar/2026:06:16:02 -0600] "GET /?fileloc=%2Fhome%2Fnassaugo%2Fpublic_html%2Fwp-includes%2Fblock-patterns%2Fquery-large-title-posts.php&path=%2Fhome%2Fnassaugo%2Fpublic_html%2Fwp-includes%2Fblock-patterns HTTP/1.1" 200 15663 "-" "Mozilla/5.0 AppleWebKit/537.36 (KHTML, like Gecko; compatible; ClaudeBot/1.0; +claudebot@anthropic.com)"
74.7.227.41 - - [04/Mar/2026:06:16:02 -0600] "GET /goods.php?detail/0090200973516 HTTP/1.1" 404 16 "https://www.nassaugolf.com/goods.php?detail/1330038937913" "Mozilla/5.0 AppleWebKit/537.36 (KHTML, like Gecko; compatible; GPTBot/1.3; +https://openai.com/gptbot)"
216.73.216.47 - - [04/Mar/2026:06:16:02 -0600] "GET /?fileloc=%2Fhome%2Fnassaugo%2Fpublic_html%2Fwp-includes%2Fcss%2Fwp-pointer-rtl.min.css&path=%2Fhome%2Fnassaugo%2Fpublic_html%2Fwp-includes%2Fcss HTTP/1.1" 200 15908 "-" "Mozilla/5.0 AppleWebKit/537.36 (KHTML, like Gecko; compatible; ClaudeBot/1.0; +claudebot@anthropic.com)"
216.73.216.47 - - [04/Mar/2026:06:16:02 -0600] "GET /?fileloc=%2F%2Fsbin%2Ffsck.ext4&path=%2F%2Fsbin HTTP/1.1" 200 547352 "-" "Mozilla/5.0 AppleWebKit/537.36 (KHTML, like Gecko; compatible; ClaudeBot/1.0; +claudebot@anthropic.com)"
216.73.216.47 - - [04/Mar/2026:06:16:02 -0600] "GET /?fileloc=%2F%2Fbin%2Fosage&path=%2F%2Fbin HTTP/1.1" 200 30333 "-" "Mozilla/5.0 AppleWebKit/537.36 (KHTML, like Gecko; compatible; ClaudeBot/1.0; +claudebot@anthropic.com)"
216.73.216.47 - - [04/Mar/2026:06:16:02 -0600] "GET /?fileloc=%2F%2Fbin%2Fwhiptail&path=%2F%2Fbin HTTP/1.1" 200 55842 "-" "Mozilla/5.0 AppleWebKit/537.36 (KHTML, like Gecko; compatible; ClaudeBot/1.0; +claudebot@anthropic.com)"
216.73.216.47 - - [04/Mar/2026:06:16:02 -0600] "GET /?fileloc=%2F%2Fetc%2Fmailips&path=%2F%2Fetc HTTP/1.1" 200 12257 "-" "Mozilla/5.0 AppleWebKit/537.36 (KHTML, like Gecko; compatible; ClaudeBot/1.0; +claudebot@anthropic.com)"
74.7.227.134 - - [04/Mar/2026:06:16:02 -0600] "GET /goods.php?detail/2010194704057 HTTP/1.1" 404 16 "https://www.nassaugolf.com" "Mozilla/5.0 AppleWebKit/537.36 (KHTML, like Gecko; compatible; GPTBot/1.3; +https://openai.com/gptbot)"
216.73.216.47 - - [04/Mar/2026:06:16:02 -0600] "GET /?fileloc=%2F%2Fbin%2Flwp-mirror&path=%2F%2Fbin HTTP/1.1" 200 14897 "-" "Mozilla/5.0 AppleWebKit/537.36 (KHTML, like Gecko; compatible; ClaudeBot/1.0; +claudebot@anthropic.com)"
57.141.6.15 - - [04/Mar/2026:06:16:02 -0600] "GET /detail/210485803 HTTP/1.1" 404 - "-" "meta-externalagent/1.1 (+https://developers.facebook.com/docs/sharing/webmasters/crawler)"
74.7.227.41 - - [04/Mar/2026:06:16:02 -0600] "GET /goods.php?detail/0270187143027 HTTP/1.1" 404 16 "https://www.nassaugolf.com/goods.php?detail/0270358986859" "Mozilla/5.0 AppleWebKit/537.36 (KHTML, like Gecko; compatible; GPTBot/1.3; +https://openai.com/gptbot)"
216.73.216.47 - - [04/Mar/2026:06:16:02 -0600] "GET /?fileloc=%2F%2Fbin%2Fsg_requests&path=%2F%2Fbin HTTP/1.1" 200 42122 "-" "Mozilla/5.0 AppleWebKit/537.36 (KHTML, like Gecko; compatible; ClaudeBot/1.0; +claudebot@anthropic.com)"
216.73.216.47 - - [04/Mar/2026:06:16:02 -0600] "GET /?fileloc=%2F%2Frun%2Fcron.reboot&path=%2F%2Frun HTTP/1.1" 200 12261 "-" "Mozilla/5.0 AppleWebKit/537.36 (KHTML, like Gecko; compatible; ClaudeBot/1.0; +claudebot@anthropic.com)"
216.73.216.47 - - [04/Mar/2026:06:16:02 -0600] "GET /?fileloc=%2F%2Fsbin%2Fresize2fs&path=%2F%2Fsbin HTTP/1.1" 200 111015 "-" "Mozilla/5.0 AppleWebKit/537.36 (KHTML, like Gecko; compatible; ClaudeBot/1.0; +claudebot@anthropic.com)"
216.73.216.47 - - [04/Mar/2026:06:16:02 -0600] "GET /?fileloc=%2F%2Fbin%2Fpeekfd&path=%2F%2Fbin HTTP/1.1" 200 32230 "-" "Mozilla/5.0 AppleWebKit/537.36 (KHTML, like Gecko; compatible; ClaudeBot/1.0; +claudebot@anthropic.com)"
57.141.6.21 - - [04/Mar/2026:06:16:03 -0600] "GET /search/122197881de322/feed/rss2/ HTTP/1.1" 404 - "-" "meta-externalagent/1.1 (+https://developers.facebook.com/docs/sharing/webmasters/crawler)"
74.7.227.134 - - [04/Mar/2026:06:16:03 -0600] "GET /goods.php?detail/2140262979702 HTTP/1.1" 404 16 "https://www.nassaugolf.com" "Mozilla/5.0 AppleWebKit/537.36 (KHTML, like Gecko; compatible; GPTBot/1.3; +https://openai.com/gptbot)"
216.73.216.47 - - [04/Mar/2026:06:16:03 -0600] "GET /?fileloc=%2F%2Fbin%2Faulastlog&path=%2F%2Fbin HTTP/1.1" 200 30726 "-" "Mozilla/5.0 AppleWebKit/537.36 (KHTML, like Gecko; compatible; ClaudeBot/1.0; +claudebot@anthropic.com)"
216.73.216.47 - - [04/Mar/2026:06:16:03 -0600] "GET /?fileloc=%2F%2Fsbin%2Fsfdisk&path=%2F%2Fsbin HTTP/1.1" 200 164990 "-" "Mozilla/5.0 AppleWebKit/537.36 (KHTML, like Gecko; compatible; ClaudeBot/1.0; +claudebot@anthropic.com)"
74.7.227.41 - - [04/Mar/2026:06:16:03 -0600] "GET /goods.php?detail/0840404918963 HTTP/1.1" 404 16 "https://www.nassaugolf.com/goods.php?detail/300044368265" "Mozilla/5.0 AppleWebKit/537.36 (KHTML, like Gecko; compatible; GPTBot/1.3; +https://openai.com/gptbot)"
216.73.216.47 - - [04/Mar/2026:06:16:03 -0600] "GET /?fileloc=%2F%2Fbin%2Fslencheck&path=%2F%2Fbin HTTP/1.1" 200 30908 "-" "Mozilla/5.0 AppleWebKit/537.36 (KHTML, like Gecko; compatible; ClaudeBot/1.0; +claudebot@anthropic.com)"
57.141.6.42 - - [04/Mar/2026:06:16:03 -0600] "GET /search/03237207538aae/feed/rss2/ HTTP/1.1" 404 - "-" "meta-externalagent/1.1 (+https://developers.facebook.com/docs/sharing/webmasters/crawler)"
216.73.216.47 - - [04/Mar/2026:06:16:03 -0600] "GET /?fileloc=%2F%2Fbin%2Fnisdomainname&path=%2F%2Fbin HTTP/1.1" 200 41368 "-" "Mozilla/5.0 AppleWebKit/537.36 (KHTML, like Gecko; compatible; ClaudeBot/1.0; +claudebot@anthropic.com)"
216.73.216.47 - - [04/Mar/2026:06:16:03 -0600] "GET /?fileloc=%2F%2Fsbin%2Ffsck.ext3&path=%2F%2Fsbin HTTP/1.1" 200 547352 "-" "Mozilla/5.0 AppleWebKit/537.36 (KHTML, like Gecko; compatible; ClaudeBot/1.0; +claudebot@anthropic.com)"
216.73.216.47 - - [04/Mar/2026:06:16:03 -0600] "GET /?fileloc=%2F%2Fbin%2Fxxd&path=%2F%2Fbin HTTP/1.1" 200 38601 "-" "Mozilla/5.0 AppleWebKit/537.36 (KHTML, like Gecko; compatible; ClaudeBot/1.0; +claudebot@anthropic.com)"
74.7.227.134 - - [04/Mar/2026:06:16:03 -0600] "GET /goods.php?detail/0020046912054 HTTP/1.1" 404 16 "https://nassaugolf.com/goods.php?detail/0020015404945" "Mozilla/5.0 AppleWebKit/537.36 (KHTML, like Gecko; compatible; GPTBot/1.3; +https://openai.com/gptbot)"
216.73.216.47 - - [04/Mar/2026:06:16:03 -0600] "GET /?fileloc=%2F%2Fetc%2Fhostname&path=%2F%2Fetc HTTP/1.1" 200 12259 "-" "Mozilla/5.0 AppleWebKit/537.36 (KHTML, like Gecko; compatible; ClaudeBot/1.0; +claudebot@anthropic.com)"
216.73.216.47 - - [04/Mar/2026:06:16:03 -0600] "GET /?fileloc=%2F%2Fbin%2Fteam2bond&path=%2F%2Fbin HTTP/1.1" 200 31738 "-" "Mozilla/5.0 AppleWebKit/537.36 (KHTML, like Gecko; compatible; ClaudeBot/1.0; +claudebot@anthropic.com)"
57.141.6.9 - - [04/Mar/2026:06:16:03 -0600] "GET /search/02856801b4f3fe/feed/rss2/ HTTP/1.1" 404 - "-" "meta-externalagent/1.1 (+https://developers.facebook.com/docs/sharing/webmasters/crawler)"
74.7.227.41 - - [04/Mar/2026:06:16:03 -0600] "GET /goods.php?detail/1990125125287 HTTP/1.1" 404 16 "https://www.nassaugolf.com/goods.php?detail/079039313492" "Mozilla/5.0 AppleWebKit/537.36 (KHTML, like Gecko; compatible; GPTBot/1.3; +https://openai.com/gptbot)"
216.73.216.47 - - [04/Mar/2026:06:16:03 -0600] "GET /?fileloc=%2F%2Fbin%2Ffirewall-offline-cmd&path=%2F%2Fbin HTTP/1.1" 200 149227 "-" "Mozilla/5.0 AppleWebKit/537.36 (KHTML, like Gecko; compatible; ClaudeBot/1.0; +claudebot@anthropic.com)"
216.73.216.47 - - [04/Mar/2026:06:16:03 -0600] "GET /?fileloc=%2F%2Fsbin%2Fload_policy&path=%2F%2Fsbin HTTP/1.1" 200 29737 "-" "Mozilla/5.0 AppleWebKit/537.36 (KHTML, like Gecko; compatible; ClaudeBot/1.0; +claudebot@anthropic.com)"
216.73.216.47 - - [04/Mar/2026:06:16:03 -0600] "GET /?fileloc=%2F%2Fsbin%2Feximstats&path=%2F%2Fsbin HTTP/1.1" 200 177671 "-" "Mozilla/5.0 AppleWebKit/537.36 (KHTML, like Gecko; compatible; ClaudeBot/1.0; +claudebot@anthropic.com)"
216.73.216.47 - - [04/Mar/2026:06:16:04 -0600] "GET /?fileloc=%2Fhome%2Fnassaugo%2Fpublic_html%2Fwp-includes%2Fphp-compat%2Freadonly.php&path=%2Fhome%2Fnassaugo%2Fpublic_html%2Fwp-includes%2Fphp-compat HTTP/1.1" 200 13847 "-" "Mozilla/5.0 AppleWebKit/537.36 (KHTML, like Gecko; compatible; ClaudeBot/1.0; +claudebot@anthropic.com)"
74.7.227.134 - - [04/Mar/2026:06:16:04 -0600] "GET /goods.php?detail/2300232429866 HTTP/1.1" 404 16 "https://nassaugolf.com/goods.php?detail/203020115718" "Mozilla/5.0 AppleWebKit/537.36 (KHTML, like Gecko; compatible; GPTBot/1.3; +https://openai.com/gptbot)"
216.73.216.47 - - [04/Mar/2026:06:16:04 -0600] "GET /?path=%2Fhome%2Fnassaugo%2Fpublic_html%2Fwp-content%2Fplugins%2Fyoast-seo-settings-xml-csv-import HTTP/1.1" 200 19868 "-" "Mozilla/5.0 AppleWebKit/537.36 (KHTML, like Gecko; compatible; ClaudeBot/1.0; +claudebot@anthropic.com)"
216.73.216.47 - - [04/Mar/2026:06:16:04 -0600] "GET /?fileloc=%2F%2Fsbin%2Fservice&path=%2F%2Fsbin HTTP/1.1" 200 17774 "-" "Mozilla/5.0 AppleWebKit/537.36 (KHTML, like Gecko; compatible; ClaudeBot/1.0; +claudebot@anthropic.com)"
74.7.227.41 - - [04/Mar/2026:06:16:04 -0600] "GET /goods.php?detail/2970163701106 HTTP/1.1" 404 16 "https://www.nassaugolf.com/goods.php?detail/056009996880" "Mozilla/5.0 AppleWebKit/537.36 (KHTML, like Gecko; compatible; GPTBot/1.3; +https://openai.com/gptbot)"
57.141.6.32 - - [04/Mar/2026:06:16:04 -0600] "GET /search/0561813745d353/feed/rss2/ HTTP/1.1" 404 - "-" "meta-externalagent/1.1 (+https://developers.facebook.com/docs/sharing/webmasters/crawler)"
216.73.216.47 - - [04/Mar/2026:06:16:04 -0600] "GET /?fileloc=%2Fhome%2Fnassaugo%2Fpublic_html%2Fwp-includes%2Fblock-patterns%2Fquery-standard-posts.php&path=%2Fhome%2Fnassaugo%2Fpublic_html%2Fwp-includes%2Fblock-patterns HTTP/1.1" 200 13817 "-" "Mozilla/5.0 AppleWebKit/537.36 (KHTML, like Gecko; compatible; ClaudeBot/1.0; +claudebot@anthropic.com)"
216.73.216.47 - - [04/Mar/2026:06:16:04 -0600] "GET /?fileloc=%2F%2Fbin%2Fsxpm&path=%2F%2Fbin HTTP/1.1" 200 50695 "-" "Mozilla/5.0 AppleWebKit/537.36 (KHTML, like Gecko; compatible; ClaudeBot/1.0; +claudebot@anthropic.com)"
216.73.216.47 - - [04/Mar/2026:06:16:04 -0600] "GET /?fileloc=%2F%2Fbin%2Fchown&path=%2F%2Fbin HTTP/1.1" 200 102949 "-" "Mozilla/5.0 AppleWebKit/537.36 (KHTML, like Gecko; compatible; ClaudeBot/1.0; +claudebot@anthropic.com)"
216.73.216.47 - - [04/Mar/2026:06:16:04 -0600] "GET /?fileloc=%2F%2Frun%2Fsm-notify.pid&path=%2F%2Frun HTTP/1.1" 200 12263 "-" "Mozilla/5.0 AppleWebKit/537.36 (KHTML, like Gecko; compatible; ClaudeBot/1.0; +claudebot@anthropic.com)"
74.7.227.134 - - [04/Mar/2026:06:16:04 -0600] "GET /goods.php?detail/2400320015831 HTTP/1.1" 404 16 "https://www.nassaugolf.com" "Mozilla/5.0 AppleWebKit/537.36 (KHTML, like Gecko; compatible; GPTBot/1.3; +https://openai.com/gptbot)"
216.73.216.47 - - [04/Mar/2026:06:16:04 -0600] "GET /?fileloc=%2F%2Frun%2Frsyslogd.pid&path=%2F%2Frun HTTP/1.1" 200 12262 "-" "Mozilla/5.0 AppleWebKit/537.36 (KHTML, like Gecko; compatible; ClaudeBot/1.0; +claudebot@anthropic.com)"
74.7.227.41 - - [04/Mar/2026:06:16:04 -0600] "GET /goods.php?detail/1060266028598 HTTP/1.1" 404 16 "https://www.nassaugolf.com/goods.php?detail/233033028391" "Mozilla/5.0 AppleWebKit/537.36 (KHTML, like Gecko; compatible; GPTBot/1.3; +https://openai.com/gptbot)"
216.73.216.47 - - [04/Mar/2026:06:16:04 -0600] "GET /?fileloc=%2Fhome%2Fnassaugo%2Fpublic_html%2Fwp-admin%2Fcss%2Fforms-rtl.css&path=%2Fhome%2Fnassaugo%2Fpublic_html%2Fwp-admin%2Fcss HTTP/1.1" 200 51261 "-" "Mozilla/5.0 AppleWebKit/537.36 (KHTML, like Gecko; compatible; ClaudeBot/1.0; +claudebot@anthropic.com)"
216.73.216.47 - - [04/Mar/2026:06:16:04 -0600] "GET /?fileloc=%2Fhome%2Fnassaugo%2Fpublic_html%2Fwp-admin%2Fnetwork%2Ftheme-editor.php&path=%2Fhome%2Fnassaugo%2Fpublic_html%2Fwp-admin%2Fnetwork HTTP/1.1" 200 12832 "-" "Mozilla/5.0 AppleWebKit/537.36 (KHTML, like Gecko; compatible; ClaudeBot/1.0; +claudebot@anthropic.com)"
216.73.216.47 - - [04/Mar/2026:06:16:04 -0600] "GET /?fileloc=%2F%2Fbin%2Fdircolors&path=%2F%2Fbin HTTP/1.1" 200 68111 "-" "Mozilla/5.0 AppleWebKit/537.36 (KHTML, like Gecko; compatible; ClaudeBot/1.0; +claudebot@anthropic.com)"
216.73.216.47 - - [04/Mar/2026:06:16:05 -0600] "GET /?fileloc=%2F%2Fsbin%2Fgrub2-macbless&path=%2F%2Fsbin HTTP/1.1" 200 2433078 "-" "Mozilla/5.0 AppleWebKit/537.36 (KHTML, like Gecko; compatible; ClaudeBot/1.0; +claudebot@anthropic.com)"
74.7.227.134 - - [04/Mar/2026:06:16:05 -0600] "GET /goods.php?detail/1060157578779 HTTP/1.1" 404 16 "https://www.nassaugolf.com" "Mozilla/5.0 AppleWebKit/537.36 (KHTML, like Gecko; compatible; GPTBot/1.3; +https://openai.com/gptbot)"
216.73.216.47 - - [04/Mar/2026:06:16:05 -0600] "GET /?fileloc=%2F%2Fbin%2Fsystemd-inhibit&path=%2F%2Fbin HTTP/1.1" 200 43338 "-" "Mozilla/5.0 AppleWebKit/537.36 (KHTML, like Gecko; compatible; ClaudeBot/1.0; +claudebot@anthropic.com)"
57.141.6.70 - - [04/Mar/2026:06:16:05 -0600] "GET /?s=062430901d64fa9 HTTP/1.1" 200 53879 "-" "meta-externalagent/1.1 (+https://developers.facebook.com/docs/sharing/webmasters/crawler)"
216.73.216.47 - - [04/Mar/2026:06:16:05 -0600] "GET /?path=%2Fhome%2Fnassaugo%2Fpublic_html%2Fwp-includes%2Fimages%2Fcrystal HTTP/1.1" 200 28939 "-" "Mozilla/5.0 AppleWebKit/537.36 (KHTML, like Gecko; compatible; ClaudeBot/1.0; +claudebot@anthropic.com)"
216.73.216.47 - - [04/Mar/2026:06:16:05 -0600] "GET /?fileloc=%2F%2Fbin%2Fsg_verify&path=%2F%2Fbin HTTP/1.1" 200 37169 "-" "Mozilla/5.0 AppleWebKit/537.36 (KHTML, like Gecko; compatible; ClaudeBot/1.0; +claudebot@anthropic.com)"
74.7.227.41 - - [04/Mar/2026:06:16:05 -0600] "GET /goods.php?detail/2420418533204 HTTP/1.1" 404 16 "https://www.nassaugolf.com/goods.php?detail/242009907269" "Mozilla/5.0 AppleWebKit/537.36 (KHTML, like Gecko; compatible; GPTBot/1.3; +https://openai.com/gptbot)"
216.73.216.47 - - [04/Mar/2026:06:16:05 -0600] "GET /?fileloc=%2F%2Fbin%2Flsns&path=%2F%2Fbin HTTP/1.1" 200 66039 "-" "Mozilla/5.0 AppleWebKit/537.36 (KHTML, like Gecko; compatible; ClaudeBot/1.0; +claudebot@anthropic.com)"
216.73.216.47 - - [04/Mar/2026:06:16:05 -0600] "GET /?fileloc=%2F%2Fbin%2Far&path=%2F%2Fbin HTTP/1.1" 200 94481 "-" "Mozilla/5.0 AppleWebKit/537.36 (KHTML, like Gecko; compatible; ClaudeBot/1.0; +claudebot@anthropic.com)"
170.106.113.159 - - [04/Mar/2026:06:16:05 -0600] "GET /?path=/home/nassaugo/public_html/wp-admin/images HTTP/1.1" 200 136613 "-" "Mozilla/5.0 (iPhone; CPU iPhone OS 13_2_3 like Mac OS X) AppleWebKit/605.1.15 (KHTML, like Gecko) Version/13.0.3 Mobile/15E148 Safari/604.1"
57.141.6.67 - - [04/Mar/2026:06:16:05 -0600] "GET /search/01450181ff9be9/feed/rss2/ HTTP/1.1" 404 - "-" "meta-externalagent/1.1 (+https://developers.facebook.com/docs/sharing/webmasters/crawler)"
216.73.216.47 - - [04/Mar/2026:06:16:05 -0600] "GET /?fileloc=%2F%2Fbin%2Fjq&path=%2F%2Fbin HTTP/1.1" 200 53220 "-" "Mozilla/5.0 AppleWebKit/537.36 (KHTML, like Gecko; compatible; ClaudeBot/1.0; +claudebot@anthropic.com)"
74.7.227.134 - - [04/Mar/2026:06:16:05 -0600] "GET /goods.php?detail/2590078085789 HTTP/1.1" 404 16 "https://www.nassaugolf.com" "Mozilla/5.0 AppleWebKit/537.36 (KHTML, like Gecko; compatible; GPTBot/1.3; +https://openai.com/gptbot)"
216.73.216.47 - - [04/Mar/2026:06:16:05 -0600] "GET /?fileloc=%2F%2Fsbin%2Fgrub2-set-default&path=%2F%2Fsbin HTTP/1.1" 200 16392 "-" "Mozilla/5.0 AppleWebKit/537.36 (KHTML, like Gecko; compatible; ClaudeBot/1.0; +claudebot@anthropic.com)"
74.7.227.41 - - [04/Mar/2026:06:16:06 -0600] "GET /goods.php?detail/2340086363627 HTTP/1.1" 404 16 "https://www.nassaugolf.com/goods.php?detail/234035653651" "Mozilla/5.0 AppleWebKit/537.36 (KHTML, like Gecko; compatible; GPTBot/1.3; +https://openai.com/gptbot)"
216.73.216.47 - - [04/Mar/2026:06:16:05 -0600] "GET /?fileloc=%2F%2Fsbin%2Fnamed&path=%2F%2Fsbin HTTP/1.1" 200 837546 "-" "Mozilla/5.0 AppleWebKit/537.36 (KHTML, like Gecko; compatible; ClaudeBot/1.0; +claudebot@anthropic.com)"
57.141.6.39 - - [04/Mar/2026:06:16:05 -0600] "GET /?s=02558337e99f9f HTTP/1.1" 200 53879 "-" "meta-externalagent/1.1 (+https://developers.facebook.com/docs/sharing/webmasters/crawler)"
216.73.216.47 - - [04/Mar/2026:06:16:05 -0600] "GET /?fileloc=%2Fhome%2Fnassaugo%2Fpublic_html%2Fwp-admin%2Fcss%2Fwidgets.css&path=%2Fhome%2Fnassaugo%2Fpublic_html%2Fwp-admin%2Fcss HTTP/1.1" 200 30296 "-" "Mozilla/5.0 AppleWebKit/537.36 (KHTML, like Gecko; compatible; ClaudeBot/1.0; +claudebot@anthropic.com)"
216.73.216.47 - - [04/Mar/2026:06:16:05 -0600] "GET /?path=%2Fhome%2Fnassaugo%2Fpublic_html%2Fwp-content%2Fplugins%2Fblog-designer-pack HTTP/1.1" 200 25408 "-" "Mozilla/5.0 AppleWebKit/537.36 (KHTML, like Gecko; compatible; ClaudeBot/1.0; +claudebot@anthropic.com)"
216.73.216.47 - - [04/Mar/2026:06:16:06 -0600] "GET /?fileloc=%2F%2Fbin%2Fzcat&path=%2F%2Fbin HTTP/1.1" 200 14324 "-" "Mozilla/5.0 AppleWebKit/537.36 (KHTML, like Gecko; compatible; ClaudeBot/1.0; +claudebot@anthropic.com)"
74.7.227.134 - - [04/Mar/2026:06:16:06 -0600] "GET /goods.php?detail/1510142570192 HTTP/1.1" 404 16 "https://nassaugolf.com/goods.php?detail/0080024814864" "Mozilla/5.0 AppleWebKit/537.36 (KHTML, like Gecko; compatible; GPTBot/1.3; +https://openai.com/gptbot)"
216.73.216.47 - - [04/Mar/2026:06:16:06 -0600] "GET /?fileloc=%2F%2Fsbin%2Fldconfig&path=%2F%2Fsbin HTTP/1.1" 200 1872355 "-" "Mozilla/5.0 AppleWebKit/537.36 (KHTML, like Gecko; compatible; ClaudeBot/1.0; +claudebot@anthropic.com)"
216.73.216.47 - - [04/Mar/2026:06:16:06 -0600] "GET /?fileloc=%2F%2Fbin%2Fsg_prevent&path=%2F%2Fbin HTTP/1.1" 200 30686 "-" "Mozilla/5.0 AppleWebKit/537.36 (KHTML, like Gecko; compatible; ClaudeBot/1.0; +claudebot@anthropic.com)"
74.7.227.41 - - [04/Mar/2026:06:16:06 -0600] "GET /goods.php?detail/0780449078243 HTTP/1.1" 404 16 "https://www.nassaugolf.com/goods.php?detail/211018424580" "Mozilla/5.0 AppleWebKit/537.36 (KHTML, like Gecko; compatible; GPTBot/1.3; +https://openai.com/gptbot)"
216.73.216.47 - - [04/Mar/2026:06:16:06 -0600] "GET /?fileloc=%2F%2Fbin%2Fexempi&path=%2F%2Fbin HTTP/1.1" 200 50616 "-" "Mozilla/5.0 AppleWebKit/537.36 (KHTML, like Gecko; compatible; ClaudeBot/1.0; +claudebot@anthropic.com)"
216.73.216.47 - - [04/Mar/2026:06:16:06 -0600] "GET /?fileloc=%2F%2Fbin%2Flexgrog&path=%2F%2Fbin HTTP/1.1" 200 137475 "-" "Mozilla/5.0 AppleWebKit/537.36 (KHTML, like Gecko; compatible; ClaudeBot/1.0; +claudebot@anthropic.com)"
216.73.216.47 - - [04/Mar/2026:06:16:06 -0600] "GET /?fileloc=%2F%2Fsbin%2Fsshd&path=%2F%2Fsbin HTTP/1.1" 200 1471335 "-" "Mozilla/5.0 AppleWebKit/537.36 (KHTML, like Gecko; compatible; ClaudeBot/1.0; +claudebot@anthropic.com)"
57.141.6.48 - - [04/Mar/2026:06:16:06 -0600] "GET /?s=10209205723db0b HTTP/1.1" 200 53879 "-" "meta-externalagent/1.1 (+https://developers.facebook.com/docs/sharing/webmasters/crawler)"
216.73.216.47 - - [04/Mar/2026:06:16:06 -0600] "GET /?fileloc=%2F%2Fbin%2Frenice&path=%2F%2Fbin HTTP/1.1" 200 31673 "-" "Mozilla/5.0 AppleWebKit/537.36 (KHTML, like Gecko; compatible; ClaudeBot/1.0; +claudebot@anthropic.com)"
74.7.227.134 - - [04/Mar/2026:06:16:06 -0600] "GET /goods.php?detail/1270042112908 HTTP/1.1" 404 16 "https://nassaugolf.com/goods.php?detail/127041001711" "Mozilla/5.0 AppleWebKit/537.36 (KHTML, like Gecko; compatible; GPTBot/1.3; +https://openai.com/gptbot)"
216.73.216.47 - - [04/Mar/2026:06:16:06 -0600] "GET /?fileloc=%2F%2Fbin%2Fea-php81-pecl&path=%2F%2Fbin HTTP/1.1" 200 12582 "-" "Mozilla/5.0 AppleWebKit/537.36 (KHTML, like Gecko; compatible; ClaudeBot/1.0; +claudebot@anthropic.com)"
216.73.216.47 - - [04/Mar/2026:06:16:06 -0600] "GET /?fileloc=%2F%2Fetc%2Fshadow-&path=%2F%2Fetc HTTP/1.1" 200 12257 "-" "Mozilla/5.0 AppleWebKit/537.36 (KHTML, like Gecko; compatible; ClaudeBot/1.0; +claudebot@anthropic.com)"
74.7.227.41 - - [04/Mar/2026:06:16:07 -0600] "GET /goods.php?detail/1260492825252 HTTP/1.1" 404 16 "https://www.nassaugolf.com/goods.php?detail/094000242158" "Mozilla/5.0 AppleWebKit/537.36 (KHTML, like Gecko; compatible; GPTBot/1.3; +https://openai.com/gptbot)"
216.73.216.47 - - [04/Mar/2026:06:16:06 -0600] "GET /?fileloc=%2F%2Fbin%2Fchronyc&path=%2F%2Fbin HTTP/1.1" 200 160108 "-" "Mozilla/5.0 AppleWebKit/537.36 (KHTML, like Gecko; compatible; ClaudeBot/1.0; +claudebot@anthropic.com)"
216.73.216.47 - - [04/Mar/2026:06:16:06 -0600] "GET /?fileloc=%2F%2Fetc%2Fsystem-release&path=%2F%2Fetc HTTP/1.1" 200 12304 "-" "Mozilla/5.0 AppleWebKit/537.36 (KHTML, like Gecko; compatible; ClaudeBot/1.0; +claudebot@anthropic.com)"
216.73.216.47 - - [04/Mar/2026:06:16:07 -0600] "GET /?fileloc=%2F%2Fsbin%2Farping&path=%2F%2Fsbin HTTP/1.1" 200 49566 "-" "Mozilla/5.0 AppleWebKit/537.36 (KHTML, like Gecko; compatible; ClaudeBot/1.0; +claudebot@anthropic.com)"
216.73.216.47 - - [04/Mar/2026:06:16:07 -0600] "GET /?fileloc=%2F%2Fetc%2Fmtab&path=%2F%2Fetc HTTP/1.1" 200 14357 "-" "Mozilla/5.0 AppleWebKit/537.36 (KHTML, like Gecko; compatible; ClaudeBot/1.0; +claudebot@anthropic.com)"
74.7.227.134 - - [04/Mar/2026:06:16:07 -0600] "GET /goods.php?detail/1240402737321 HTTP/1.1" 404 16 "https://nassaugolf.com/goods.php?detail/1130150014475" "Mozilla/5.0 AppleWebKit/537.36 (KHTML, like Gecko; compatible; GPTBot/1.3; +https://openai.com/gptbot)"
216.73.216.47 - - [04/Mar/2026:06:16:07 -0600] "GET /?fileloc=%2F%2Fsbin%2Frunq&path=%2F%2Fsbin HTTP/1.1" 200 2415501 "-" "Mozilla/5.0 AppleWebKit/537.36 (KHTML, like Gecko; compatible; ClaudeBot/1.0; +claudebot@anthropic.com)"
57.141.6.5 - - [04/Mar/2026:06:16:07 -0600] "GET /?s=181256813090d2f HTTP/1.1" 200 53879 "-" "meta-externalagent/1.1 (+https://developers.facebook.com/docs/sharing/webmasters/crawler)"
216.73.216.47 - - [04/Mar/2026:06:16:07 -0600] "GET /?fileloc=%2Fhome%2Fnassaugo%2Fpublic_html%2Fwp-admin%2Fnetwork%2Fplugins.php&path=%2Fhome%2Fnassaugo%2Fpublic_html%2Fwp-admin%2Fnetwork HTTP/1.1" 200 12812 "-" "Mozilla/5.0 AppleWebKit/537.36 (KHTML, like Gecko; compatible; ClaudeBot/1.0; +claudebot@anthropic.com)"
74.7.227.41 - - [04/Mar/2026:06:16:07 -0600] "GET /goods.php?detail/1540063636202 HTTP/1.1" 404 16 "https://www.nassaugolf.com/goods.php?detail/154034046614" "Mozilla/5.0 AppleWebKit/537.36 (KHTML, like Gecko; compatible; GPTBot/1.3; +https://openai.com/gptbot)"
216.73.216.47 - - [04/Mar/2026:06:16:07 -0600] "GET /?fileloc=%2F%2Fsbin%2Fparted&path=%2F%2Fsbin HTTP/1.1" 200 154660 "-" "Mozilla/5.0 AppleWebKit/537.36 (KHTML, like Gecko; compatible; ClaudeBot/1.0; +claudebot@anthropic.com)"
216.73.216.47 - - [04/Mar/2026:06:16:07 -0600] "GET /?fileloc=%2F%2Fbin%2Fipcalc&path=%2F%2Fbin HTTP/1.1" 200 88404 "-" "Mozilla/5.0 AppleWebKit/537.36 (KHTML, like Gecko; compatible; ClaudeBot/1.0; +claudebot@anthropic.com)"
57.141.6.63 - - [04/Mar/2026:06:16:07 -0600] "GET /detail/299959309 HTTP/1.1" 404 - "-" "meta-externalagent/1.1 (+https://developers.facebook.com/docs/sharing/webmasters/crawler)"
216.73.216.47 - - [04/Mar/2026:06:16:07 -0600] "GET /?fileloc=%2F%2Fsbin%2Fdmstats&path=%2F%2Fsbin HTTP/1.1" 200 237573 "-" "Mozilla/5.0 AppleWebKit/537.36 (KHTML, like Gecko; compatible; ClaudeBot/1.0; +claudebot@anthropic.com)"
216.73.216.47 - - [04/Mar/2026:06:16:07 -0600] "GET /?fileloc=%2F%2Fbin%2Fwhereis&path=%2F%2Fbin HTTP/1.1" 200 53672 "-" "Mozilla/5.0 AppleWebKit/537.36 (KHTML, like Gecko; compatible; ClaudeBot/1.0; +claudebot@anthropic.com)"
74.7.227.134 - - [04/Mar/2026:06:16:07 -0600] "GET /goods.php?detail/0320269180221 HTTP/1.1" 404 16 "https://www.nassaugolf.com" "Mozilla/5.0 AppleWebKit/537.36 (KHTML, like Gecko; compatible; GPTBot/1.3; +https://openai.com/gptbot)"
216.73.216.47 - - [04/Mar/2026:06:16:07 -0600] "GET /?fileloc=%2F%2Fsbin%2Fmkfs.ext4&path=%2F%2Fsbin HTTP/1.1" 200 211342 "-" "Mozilla/5.0 AppleWebKit/537.36 (KHTML, like Gecko; compatible; ClaudeBot/1.0; +claudebot@anthropic.com)"
74.7.227.41 - - [04/Mar/2026:06:16:08 -0600] "GET /goods.php?detail/2490260556053 HTTP/1.1" 404 16 "https://www.nassaugolf.com/goods.php?detail/249005235058" "Mozilla/5.0 AppleWebKit/537.36 (KHTML, like Gecko; compatible; GPTBot/1.3; +https://openai.com/gptbot)"
216.73.216.47 - - [04/Mar/2026:06:16:07 -0600] "GET /?fileloc=%2F%2Fsbin%2Frpcinfo&path=%2F%2Fsbin HTTP/1.1" 200 60373 "-" "Mozilla/5.0 AppleWebKit/537.36 (KHTML, like Gecko; compatible; ClaudeBot/1.0; +claudebot@anthropic.com)"
57.141.6.43 - - [04/Mar/2026:06:16:08 -0600] "GET /detail/23318272 HTTP/1.1" 404 - "-" "meta-externalagent/1.1 (+https://developers.facebook.com/docs/sharing/webmasters/crawler)"
