216.73.216.47 - - [04/Mar/2026:06:18:43 -0600] "GET /?fileloc=%2Fhome%2Fnassaugo%2Fpublic_html%2Fwp-includes%2Ffonts%2Fclass-wp-font-collection.php&path=%2Fhome%2Fnassaugo%2Fpublic_html%2Fwp-includes%2Ffonts HTTP/1.1" 200 22585 "-" "Mozilla/5.0 AppleWebKit/537.36 (KHTML, like Gecko; compatible; ClaudeBot/1.0; +claudebot@anthropic.com)"
216.73.216.47 - - [04/Mar/2026:06:18:43 -0600] "GET /?fileloc=%2Fhome%2Fnassaugo%2Fpublic_html%2Fwp-includes%2Fjs%2Fzxcvbn-async.js&path=%2Fhome%2Fnassaugo%2Fpublic_html%2Fwp-includes%2Fjs HTTP/1.1" 200 13417 "-" "Mozilla/5.0 AppleWebKit/537.36 (KHTML, like Gecko; compatible; ClaudeBot/1.0; +claudebot@anthropic.com)"
216.73.216.47 - - [04/Mar/2026:06:18:43 -0600] "GET /?fileloc=%2F%2Flib64%2Flibevent-2.1.so.7&path=%2F%2Flib64 HTTP/1.1" 200 563557 "-" "Mozilla/5.0 AppleWebKit/537.36 (KHTML, like Gecko; compatible; ClaudeBot/1.0; +claudebot@anthropic.com)"
74.7.227.134 - - [04/Mar/2026:06:18:43 -0600] "GET /goods.php?detail/2530014631633 HTTP/1.1" 404 16 "https://nassaugolf.com/goods.php?detail/038040801818" "Mozilla/5.0 AppleWebKit/537.36 (KHTML, like Gecko; compatible; GPTBot/1.3; +https://openai.com/gptbot)"
57.141.6.8 - - [04/Mar/2026:06:18:43 -0600] "GET /?s=0222838242d0f3c HTTP/1.1" 200 53879 "-" "meta-externalagent/1.1 (+https://developers.facebook.com/docs/sharing/webmasters/crawler)"
74.7.227.41 - - [04/Mar/2026:06:18:43 -0600] "GET /goods.php?detail/02600017081435 HTTP/1.1" 404 16 "https://www.nassaugolf.com/goods.php?detail/192000814451" "Mozilla/5.0 AppleWebKit/537.36 (KHTML, like Gecko; compatible; GPTBot/1.3; +https://openai.com/gptbot)"
216.73.216.47 - - [04/Mar/2026:06:18:43 -0600] "GET /?fileloc=%2F%2Flib64%2Flibxmlrpc_abyss.so.3.51&path=%2F%2Flib64 HTTP/1.1" 200 200395 "-" "Mozilla/5.0 AppleWebKit/537.36 (KHTML, like Gecko; compatible; ClaudeBot/1.0; +claudebot@anthropic.com)"
216.73.216.47 - - [04/Mar/2026:06:18:43 -0600] "GET /?fileloc=%2Fhome%2Fnassaugo%2Fpublic_html%2Fwp-content%2Fmaintenance%2Ftemplate.phtml&path=%2Fhome%2Fnassaugo%2Fpublic_html%2Fwp-content%2Fmaintenance HTTP/1.1" 200 16118 "-" "Mozilla/5.0 AppleWebKit/537.36 (KHTML, like Gecko; compatible; ClaudeBot/1.0; +claudebot@anthropic.com)"
216.73.216.47 - - [04/Mar/2026:06:18:43 -0600] "GET /?fileloc=%2F%2Flib64%2Flibtcl8.6.so&path=%2F%2Flib64 HTTP/1.1" 200 3112374 "-" "Mozilla/5.0 AppleWebKit/537.36 (KHTML, like Gecko; compatible; ClaudeBot/1.0; +claudebot@anthropic.com)"
216.73.216.47 - - [04/Mar/2026:06:18:43 -0600] "GET /?fileloc=%2F%2Flib64%2Flibwebpdemux.so&path=%2F%2Flib64 HTTP/1.1" 200 43286 "-" "Mozilla/5.0 AppleWebKit/537.36 (KHTML, like Gecko; compatible; ClaudeBot/1.0; +claudebot@anthropic.com)"
57.141.6.27 - - [04/Mar/2026:06:18:43 -0600] "GET /search/102288549625c56/feed/rss2/ HTTP/1.1" 404 - "-" "meta-externalagent/1.1 (+https://developers.facebook.com/docs/sharing/webmasters/crawler)"
216.73.216.47 - - [04/Mar/2026:06:18:43 -0600] "GET /?fileloc=%2F%2Flib64%2Flibyaml-0.so.2&path=%2F%2Flib64 HTTP/1.1" 200 226274 "-" "Mozilla/5.0 AppleWebKit/537.36 (KHTML, like Gecko; compatible; ClaudeBot/1.0; +claudebot@anthropic.com)"
216.73.216.47 - - [04/Mar/2026:06:18:43 -0600] "GET /?fileloc=%2F%2Flib64%2FlibXfixes.so.3.1.0&path=%2F%2Flib64 HTTP/1.1" 200 53610 "-" "Mozilla/5.0 AppleWebKit/537.36 (KHTML, like Gecko; compatible; ClaudeBot/1.0; +claudebot@anthropic.com)"
74.7.227.134 - - [04/Mar/2026:06:18:44 -0600] "GET /goods.php?detail/2830384362938 HTTP/1.1" 404 16 "https://www.nassaugolf.com" "Mozilla/5.0 AppleWebKit/537.36 (KHTML, like Gecko; compatible; GPTBot/1.3; +https://openai.com/gptbot)"
216.73.216.47 - - [04/Mar/2026:06:18:43 -0600] "GET /?fileloc=%2F%2Flib64%2Flibepoxy.so.0.0.0&path=%2F%2Flib64 HTTP/1.1" 200 1757304 "-" "Mozilla/5.0 AppleWebKit/537.36 (KHTML, like Gecko; compatible; ClaudeBot/1.0; +claudebot@anthropic.com)"
74.7.227.41 - - [04/Mar/2026:06:18:44 -0600] "GET /goods.php?detail/18400065373414 HTTP/1.1" 404 16 "https://www.nassaugolf.com/goods.php?detail/184023892409" "Mozilla/5.0 AppleWebKit/537.36 (KHTML, like Gecko; compatible; GPTBot/1.3; +https://openai.com/gptbot)"
216.73.216.47 - - [04/Mar/2026:06:18:43 -0600] "GET /?fileloc=%2F%2Flib64%2Flibwbclient.so.0.16&path=%2F%2Flib64 HTTP/1.1" 200 122103 "-" "Mozilla/5.0 AppleWebKit/537.36 (KHTML, like Gecko; compatible; ClaudeBot/1.0; +claudebot@anthropic.com)"
216.73.216.47 - - [04/Mar/2026:06:18:44 -0600] "GET /?fileloc=%2F%2Flib64%2FxsltConf.sh&path=%2F%2Flib64 HTTP/1.1" 200 12510 "-" "Mozilla/5.0 AppleWebKit/537.36 (KHTML, like Gecko; compatible; ClaudeBot/1.0; +claudebot@anthropic.com)"
216.73.216.47 - - [04/Mar/2026:06:18:44 -0600] "GET /?fileloc=%2F%2Flib64%2Flibndr.so.6&path=%2F%2Flib64 HTTP/1.1" 200 196231 "-" "Mozilla/5.0 AppleWebKit/537.36 (KHTML, like Gecko; compatible; ClaudeBot/1.0; +claudebot@anthropic.com)"
216.73.216.47 - - [04/Mar/2026:06:18:44 -0600] "GET /?fileloc=%2F%2Flib64%2Flibtheora.so.0&path=%2F%2Flib64 HTTP/1.1" 200 343406 "-" "Mozilla/5.0 AppleWebKit/537.36 (KHTML, like Gecko; compatible; ClaudeBot/1.0; +claudebot@anthropic.com)"
57.141.6.26 - - [04/Mar/2026:06:18:44 -0600] "GET /prize/15162978 HTTP/1.1" 404 - "-" "meta-externalagent/1.1 (+https://developers.facebook.com/docs/sharing/webmasters/crawler)"
216.73.216.47 - - [04/Mar/2026:06:18:44 -0600] "GET /?fileloc=%2F%2Flib64%2Flibcurl.so.4.7.0&path=%2F%2Flib64 HTTP/1.1" 200 1046335 "-" "Mozilla/5.0 AppleWebKit/537.36 (KHTML, like Gecko; compatible; ClaudeBot/1.0; +claudebot@anthropic.com)"
74.7.227.134 - - [04/Mar/2026:06:18:44 -0600] "GET /goods.php?detail/1200207660793 HTTP/1.1" 404 16 "https://www.nassaugolf.com" "Mozilla/5.0 AppleWebKit/537.36 (KHTML, like Gecko; compatible; GPTBot/1.3; +https://openai.com/gptbot)"
216.73.216.47 - - [04/Mar/2026:06:18:44 -0600] "GET /?fileloc=%2F%2Flib64%2Flibreadline.so.8.1&path=%2F%2Flib64 HTTP/1.1" 200 532269 "-" "Mozilla/5.0 AppleWebKit/537.36 (KHTML, like Gecko; compatible; ClaudeBot/1.0; +claudebot@anthropic.com)"
74.7.227.41 - - [04/Mar/2026:06:18:44 -0600] "GET /goods.php?detail/06103338191748 HTTP/1.1" 404 16 "https://www.nassaugolf.com/goods.php?detail/1010434244151" "Mozilla/5.0 AppleWebKit/537.36 (KHTML, like Gecko; compatible; GPTBot/1.3; +https://openai.com/gptbot)"
216.73.216.47 - - [04/Mar/2026:06:18:44 -0600] "GET /?fileloc=%2F%2Flib64%2Fcrt1.o&path=%2F%2Flib64 HTTP/1.1" 200 15492 "-" "Mozilla/5.0 AppleWebKit/537.36 (KHTML, like Gecko; compatible; ClaudeBot/1.0; +claudebot@anthropic.com)"
216.73.216.47 - - [04/Mar/2026:06:18:44 -0600] "GET /?fileloc=%2F%2Flib64%2Flibicuio.so&path=%2F%2Flib64 HTTP/1.1" 200 100340 "-" "Mozilla/5.0 AppleWebKit/537.36 (KHTML, like Gecko; compatible; ClaudeBot/1.0; +claudebot@anthropic.com)"
216.73.216.47 - - [04/Mar/2026:06:18:44 -0600] "GET /?fileloc=%2F%2Flib64%2FlibGLX_mesa.so.0.0.0&path=%2F%2Flib64 HTTP/1.1" 200 726258 "-" "Mozilla/5.0 AppleWebKit/537.36 (KHTML, like Gecko; compatible; ClaudeBot/1.0; +claudebot@anthropic.com)"
216.73.216.47 - - [04/Mar/2026:06:18:44 -0600] "GET /?fileloc=%2F%2Flib64%2Flibxcb-present.so.0&path=%2F%2Flib64 HTTP/1.1" 200 30934 "-" "Mozilla/5.0 AppleWebKit/537.36 (KHTML, like Gecko; compatible; ClaudeBot/1.0; +claudebot@anthropic.com)"
216.73.216.47 - - [04/Mar/2026:06:18:44 -0600] "GET /?fileloc=%2Fhome%2Fnassaugo%2Fpublic_html%2Fwp-content%2Fmaintenance%2Fdkirktpt.php&path=%2Fhome%2Fnassaugo%2Fpublic_html%2Fwp-content%2Fmaintenance HTTP/1.1" 200 12561 "-" "Mozilla/5.0 AppleWebKit/537.36 (KHTML, like Gecko; compatible; ClaudeBot/1.0; +claudebot@anthropic.com)"
74.7.227.134 - - [04/Mar/2026:06:18:45 -0600] "GET /goods.php?detail/0460126081074 HTTP/1.1" 404 16 "https://www.nassaugolf.com" "Mozilla/5.0 AppleWebKit/537.36 (KHTML, like Gecko; compatible; GPTBot/1.3; +https://openai.com/gptbot)"
74.7.227.41 - - [04/Mar/2026:06:18:45 -0600] "GET /goods.php?detail/20703338087965 HTTP/1.1" 404 16 "https://www.nassaugolf.com/goods.php?detail/191011320653" "Mozilla/5.0 AppleWebKit/537.36 (KHTML, like Gecko; compatible; GPTBot/1.3; +https://openai.com/gptbot)"
216.73.216.47 - - [04/Mar/2026:06:18:44 -0600] "GET /?fileloc=%2F%2Flib64%2Flibpq.so.5&path=%2F%2Flib64 HTTP/1.1" 200 526593 "-" "Mozilla/5.0 AppleWebKit/537.36 (KHTML, like Gecko; compatible; ClaudeBot/1.0; +claudebot@anthropic.com)"
216.73.216.47 - - [04/Mar/2026:06:18:45 -0600] "GET /?fileloc=%2Fhome%2Fnassaugo%2Fpublic_html%2Fwp-includes%2Fsodium_compat%2Fcomposer.json&path=%2Fhome%2Fnassaugo%2Fpublic_html%2Fwp-includes%2Fsodium_compat HTTP/1.1" 200 14859 "-" "Mozilla/5.0 AppleWebKit/537.36 (KHTML, like Gecko; compatible; ClaudeBot/1.0; +claudebot@anthropic.com)"
216.73.216.47 - - [04/Mar/2026:06:18:45 -0600] "GET /?fileloc=%2F%2Flib64%2FlibOpenEXRCore-3_1.so.30&path=%2F%2Flib64 HTTP/1.1" 200 812673 "-" "Mozilla/5.0 AppleWebKit/537.36 (KHTML, like Gecko; compatible; ClaudeBot/1.0; +claudebot@anthropic.com)"
57.141.6.39 - - [04/Mar/2026:06:18:45 -0600] "GET /search/057409701ddc07/feed/rss2/ HTTP/1.1" 404 - "-" "meta-externalagent/1.1 (+https://developers.facebook.com/docs/sharing/webmasters/crawler)"
216.73.216.47 - - [04/Mar/2026:06:18:45 -0600] "GET /?fileloc=%2Fhome%2Fnassaugo%2Fpublic_html%2Fwp-includes%2Fblock-supports%2Fblock-visibility.php&path=%2Fhome%2Fnassaugo%2Fpublic_html%2Fwp-includes%2Fblock-supports HTTP/1.1" 200 13560 "-" "Mozilla/5.0 AppleWebKit/537.36 (KHTML, like Gecko; compatible; ClaudeBot/1.0; +claudebot@anthropic.com)"
57.141.6.52 - - [04/Mar/2026:06:18:45 -0600] "GET /?s=1817717107723a7 HTTP/1.1" 200 53879 "-" "meta-externalagent/1.1 (+https://developers.facebook.com/docs/sharing/webmasters/crawler)"
216.73.216.47 - - [04/Mar/2026:06:18:45 -0600] "GET /?fileloc=%2F%2Flib64%2Flibtevent-util.so.0.0.1&path=%2F%2Flib64 HTTP/1.1" 200 41448 "-" "Mozilla/5.0 AppleWebKit/537.36 (KHTML, like Gecko; compatible; ClaudeBot/1.0; +claudebot@anthropic.com)"
216.73.216.47 - - [04/Mar/2026:06:18:45 -0600] "GET /?fileloc=%2F%2Flib64%2Flibaudit.so.1.0.0&path=%2F%2Flib64 HTTP/1.1" 200 231532 "-" "Mozilla/5.0 AppleWebKit/537.36 (KHTML, like Gecko; compatible; ClaudeBot/1.0; +claudebot@anthropic.com)"
74.7.227.134 - - [04/Mar/2026:06:18:45 -0600] "GET /goods.php?detail/1010369032053 HTTP/1.1" 404 16 "https://nassaugolf.com/goods.php?detail/189042439852" "Mozilla/5.0 AppleWebKit/537.36 (KHTML, like Gecko; compatible; GPTBot/1.3; +https://openai.com/gptbot)"
74.7.227.41 - - [04/Mar/2026:06:18:45 -0600] "GET /goods.php?detail/24000733793562 HTTP/1.1" 404 16 "https://www.nassaugolf.com/goods.php?detail/041045882740" "Mozilla/5.0 AppleWebKit/537.36 (KHTML, like Gecko; compatible; GPTBot/1.3; +https://openai.com/gptbot)"
57.141.6.66 - - [04/Mar/2026:06:18:45 -0600] "GET /search/07987366ef5535/feed/rss2/ HTTP/1.1" 404 - "-" "meta-externalagent/1.1 (+https://developers.facebook.com/docs/sharing/webmasters/crawler)"
74.7.227.134 - - [04/Mar/2026:06:18:46 -0600] "GET /goods.php?detail/0360029903170 HTTP/1.1" 404 16 "https://nassaugolf.com/goods.php?detail/036042528283" "Mozilla/5.0 AppleWebKit/537.36 (KHTML, like Gecko; compatible; GPTBot/1.3; +https://openai.com/gptbot)"
74.7.227.41 - - [04/Mar/2026:06:18:46 -0600] "GET /goods.php?detail/13700086466157 HTTP/1.1" 404 16 "https://www.nassaugolf.com/goods.php?detail/137014412043" "Mozilla/5.0 AppleWebKit/537.36 (KHTML, like Gecko; compatible; GPTBot/1.3; +https://openai.com/gptbot)"
57.141.6.61 - - [04/Mar/2026:06:18:46 -0600] "GET /search/062253707f416be/feed/rss2/ HTTP/1.1" 404 - "-" "meta-externalagent/1.1 (+https://developers.facebook.com/docs/sharing/webmasters/crawler)"
74.7.227.134 - - [04/Mar/2026:06:18:46 -0600] "GET /goods.php?detail/1890078166790 HTTP/1.1" 404 16 "https://nassaugolf.com/goods.php?detail/189003277004" "Mozilla/5.0 AppleWebKit/537.36 (KHTML, like Gecko; compatible; GPTBot/1.3; +https://openai.com/gptbot)"
74.7.227.41 - - [04/Mar/2026:06:18:46 -0600] "GET /goods.php?detail/12300172426999 HTTP/1.1" 404 16 "https://www.nassaugolf.com/goods.php?detail/188044693017" "Mozilla/5.0 AppleWebKit/537.36 (KHTML, like Gecko; compatible; GPTBot/1.3; +https://openai.com/gptbot)"
57.141.6.8 - - [04/Mar/2026:06:18:46 -0600] "GET /search/011654750502c22/feed/rss2/ HTTP/1.1" 404 - "-" "meta-externalagent/1.1 (+https://developers.facebook.com/docs/sharing/webmasters/crawler)"
74.7.227.134 - - [04/Mar/2026:06:18:47 -0600] "GET /goods.php?detail/0740033290833 HTTP/1.1" 404 16 "https://nassaugolf.com/goods.php?detail/0740022570037" "Mozilla/5.0 AppleWebKit/537.36 (KHTML, like Gecko; compatible; GPTBot/1.3; +https://openai.com/gptbot)"
57.141.6.3 - - [04/Mar/2026:06:18:47 -0600] "GET /detail/732211459 HTTP/1.1" 404 - "-" "meta-externalagent/1.1 (+https://developers.facebook.com/docs/sharing/webmasters/crawler)"
74.7.227.41 - - [04/Mar/2026:06:18:47 -0600] "GET /goods.php?detail/14800033654487 HTTP/1.1" 404 16 "https://www.nassaugolf.com/goods.php?detail/148001691126" "Mozilla/5.0 AppleWebKit/537.36 (KHTML, like Gecko; compatible; GPTBot/1.3; +https://openai.com/gptbot)"
216.73.216.47 - - [04/Mar/2026:06:18:47 -0600] "GET /?fileloc=%2Fhome%2Fnassaugo%2Ftmp%2Fsess_99vnmvi7pvgd0kek8i173tjka13qvkak&path=%2Fhome%2Fnassaugo%2Ftmp HTTP/1.1" 200 17626 "-" "Mozilla/5.0 AppleWebKit/537.36 (KHTML, like Gecko; compatible; ClaudeBot/1.0; +claudebot@anthropic.com)"
216.73.216.47 - - [04/Mar/2026:06:18:47 -0600] "GET /?fileloc=%2Fhome%2Fnassaugo%2Fpublic_html%2Fwp-includes%2Fimages%2Fw-logo-blue-white-bg.png&path=%2Fhome%2Fnassaugo%2Fpublic_html%2Fwp-includes%2Fimages HTTP/1.1" 200 20127 "-" "Mozilla/5.0 AppleWebKit/537.36 (KHTML, like Gecko; compatible; ClaudeBot/1.0; +claudebot@anthropic.com)"
216.73.216.47 - - [04/Mar/2026:06:18:47 -0600] "GET /?fileloc=%2Fhome%2Fnassaugo%2Fpublic_html%2Fwp-content%2Fuploads%2Fwoocommerce-placeholder-1080x675.png&path=%2Fhome%2Fnassaugo%2Fpublic_html%2Fwp-content%2Fuploads HTTP/1.1" 200 275594 "-" "Mozilla/5.0 AppleWebKit/537.36 (KHTML, like Gecko; compatible; ClaudeBot/1.0; +claudebot@anthropic.com)"
74.7.227.134 - - [04/Mar/2026:06:18:47 -0600] "GET /goods.php?detail/1940148939197 HTTP/1.1" 404 16 "https://nassaugolf.com/goods.php?detail/2740268843745" "Mozilla/5.0 AppleWebKit/537.36 (KHTML, like Gecko; compatible; GPTBot/1.3; +https://openai.com/gptbot)"
216.73.216.47 - - [04/Mar/2026:06:18:47 -0600] "GET /?fileloc=%2Fhome%2Fnassaugo%2Fpublic_html%2Fwp-admin%2Fimages%2Fimgedit-icons-2x.png&path=%2Fhome%2Fnassaugo%2Fpublic_html%2Fwp-admin%2Fimages HTTP/1.1" 200 26710 "-" "Mozilla/5.0 AppleWebKit/537.36 (KHTML, like Gecko; compatible; ClaudeBot/1.0; +claudebot@anthropic.com)"
216.73.216.47 - - [04/Mar/2026:06:18:47 -0600] "GET /?fileloc=%2Fhome%2Fnassaugo%2Fpublic_html%2Fwp-content%2Fai1wm-backups%2Frobots.txt&path=%2Fhome%2Fnassaugo%2Fpublic_html%2Fwp-content%2Fai1wm-backups HTTP/1.1" 200 12641 "-" "Mozilla/5.0 AppleWebKit/537.36 (KHTML, like Gecko; compatible; ClaudeBot/1.0; +claudebot@anthropic.com)"
57.141.6.66 - - [04/Mar/2026:06:18:48 -0600] "GET /detail/123918153 HTTP/1.1" 404 - "-" "meta-externalagent/1.1 (+https://developers.facebook.com/docs/sharing/webmasters/crawler)"
216.73.216.47 - - [04/Mar/2026:06:18:47 -0600] "GET /?fileloc=%2Fhome%2Fnassaugo%2Fpublic_html%2Fwp-content%2Fuploads%2Fwoocommerce-placeholder-300x300.bk.png&path=%2Fhome%2Fnassaugo%2Fpublic_html%2Fwp-content%2Fuploads HTTP/1.1" 200 38176 "-" "Mozilla/5.0 AppleWebKit/537.36 (KHTML, like Gecko; compatible; ClaudeBot/1.0; +claudebot@anthropic.com)"
216.73.216.47 - - [04/Mar/2026:06:18:47 -0600] "GET /?fileloc=%2Fhome%2Fnassaugo%2Fpublic_html%2Fwp-content%2Fuploads%2Fwoocommerce-placeholder-300x300.png&path=%2Fhome%2Fnassaugo%2Fpublic_html%2Fwp-content%2Fuploads HTTP/1.1" 200 26487 "-" "Mozilla/5.0 AppleWebKit/537.36 (KHTML, like Gecko; compatible; ClaudeBot/1.0; +claudebot@anthropic.com)"
74.7.227.41 - - [04/Mar/2026:06:18:47 -0600] "GET /goods.php?detail/06404522217488 HTTP/1.1" 404 16 "https://www.nassaugolf.com/goods.php?detail/144029330439" "Mozilla/5.0 AppleWebKit/537.36 (KHTML, like Gecko; compatible; GPTBot/1.3; +https://openai.com/gptbot)"
216.73.216.47 - - [04/Mar/2026:06:18:47 -0600] "GET /?fileloc=%2Fhome%2Fnassaugo%2Fpublic_html%2Fwp-content%2Fuploads%2Fwoocommerce-placeholder-1080x1080.png&path=%2Fhome%2Fnassaugo%2Fpublic_html%2Fwp-content%2Fuploads HTTP/1.1" 200 317496 "-" "Mozilla/5.0 AppleWebKit/537.36 (KHTML, like Gecko; compatible; ClaudeBot/1.0; +claudebot@anthropic.com)"
216.73.216.47 - - [04/Mar/2026:06:18:47 -0600] "GET /?fileloc=%2F%2Flib64%2Flibgdk-x11-2.0.so.0.2400.33&path=%2F%2Flib64 HTTP/1.1" 200 1316493 "-" "Mozilla/5.0 AppleWebKit/537.36 (KHTML, like Gecko; compatible; ClaudeBot/1.0; +claudebot@anthropic.com)"
216.73.216.47 - - [04/Mar/2026:06:18:47 -0600] "GET /?fileloc=%2Fhome%2Fnassaugo%2Fpublic_html%2Fwp-includes%2Fimages%2Fuploader-icons-2x.png&path=%2Fhome%2Fnassaugo%2Fpublic_html%2Fwp-includes%2Fimages HTTP/1.1" 200 19190 "-" "Mozilla/5.0 AppleWebKit/537.36 (KHTML, like Gecko; compatible; ClaudeBot/1.0; +claudebot@anthropic.com)"
216.73.216.47 - - [04/Mar/2026:06:18:47 -0600] "GET /?fileloc=%2Fhome%2Fnassaugo%2Fpublic_html%2Fwp-content%2Fuploads%2Fwoocommerce-placeholder-510x382.png&path=%2Fhome%2Fnassaugo%2Fpublic_html%2Fwp-content%2Fuploads HTTP/1.1" 200 105248 "-" "Mozilla/5.0 AppleWebKit/537.36 (KHTML, like Gecko; compatible; ClaudeBot/1.0; +claudebot@anthropic.com)"
216.73.216.47 - - [04/Mar/2026:06:18:47 -0600] "GET /?fileloc=%2Fhome%2Fnassaugo%2Ftmp%2Fsess_l3s51rgb1d9c99pj6u36006tjh2d2fo6&path=%2Fhome%2Fnassaugo%2Ftmp HTTP/1.1" 200 22857 "-" "Mozilla/5.0 AppleWebKit/537.36 (KHTML, like Gecko; compatible; ClaudeBot/1.0; +claudebot@anthropic.com)"
74.7.227.134 - - [04/Mar/2026:06:18:48 -0600] "GET /goods.php?detail/2970237567537 HTTP/1.1" 404 16 "https://www.nassaugolf.com" "Mozilla/5.0 AppleWebKit/537.36 (KHTML, like Gecko; compatible; GPTBot/1.3; +https://openai.com/gptbot)"
216.73.216.47 - - [04/Mar/2026:06:18:48 -0600] "GET /?fileloc=%2F%2Flib64%2Flibwayland-egl.so.1.21.0&path=%2F%2Flib64 HTTP/1.1" 200 28679 "-" "Mozilla/5.0 AppleWebKit/537.36 (KHTML, like Gecko; compatible; ClaudeBot/1.0; +claudebot@anthropic.com)"
74.7.227.41 - - [04/Mar/2026:06:18:48 -0600] "GET /goods.php?detail/22203894109688 HTTP/1.1" 404 16 "https://www.nassaugolf.com/goods.php?jp/064034580.html" "Mozilla/5.0 AppleWebKit/537.36 (KHTML, like Gecko; compatible; GPTBot/1.3; +https://openai.com/gptbot)"
216.73.216.47 - - [04/Mar/2026:06:18:48 -0600] "GET /?fileloc=%2Fhome%2Fnassaugo%2Fpublic_html%2Fwp-content%2Fuploads%2Fwoocommerce-placeholder-400x250.png&path=%2Fhome%2Fnassaugo%2Fpublic_html%2Fwp-content%2Fuploads HTTP/1.1" 200 47256 "-" "Mozilla/5.0 AppleWebKit/537.36 (KHTML, like Gecko; compatible; ClaudeBot/1.0; +claudebot@anthropic.com)"
57.141.6.54 - - [04/Mar/2026:06:18:48 -0600] "GET /search/001675146e70542/feed/rss2/ HTTP/1.1" 404 - "-" "meta-externalagent/1.1 (+https://developers.facebook.com/docs/sharing/webmasters/crawler)"
216.73.216.47 - - [04/Mar/2026:06:18:47 -0600] "GET /?fileloc=%2F%2Flib64%2Flibgtk-x11-2.0.so.0.2400.33&path=%2F%2Flib64 HTTP/1.1" 200 7989795 "-" "Mozilla/5.0 AppleWebKit/537.36 (KHTML, like Gecko; compatible; ClaudeBot/1.0; +claudebot@anthropic.com)"
216.73.216.47 - - [04/Mar/2026:06:18:48 -0600] "GET /?fileloc=%2Fhome%2Fnassaugo%2Fpublic_html%2Fwp-content%2Fuploads%2Fwoocommerce-placeholder-300x300.png.webp&path=%2Fhome%2Fnassaugo%2Fpublic_html%2Fwp-content%2Fuploads HTTP/1.1" 200 14962 "-" "Mozilla/5.0 AppleWebKit/537.36 (KHTML, like Gecko; compatible; ClaudeBot/1.0; +claudebot@anthropic.com)"
216.73.216.47 - - [04/Mar/2026:06:18:48 -0600] "GET /?fileloc=%2Fhome%2Fnassaugo%2Fpublic_html%2Fwp-admin%2Fimages%2Fstars-2x.png&path=%2Fhome%2Fnassaugo%2Fpublic_html%2Fwp-admin%2Fimages HTTP/1.1" 200 14802 "-" "Mozilla/5.0 AppleWebKit/537.36 (KHTML, like Gecko; compatible; ClaudeBot/1.0; +claudebot@anthropic.com)"
216.73.216.47 - - [04/Mar/2026:06:18:48 -0600] "GET /?fileloc=%2F%2Fbin%2Fnl-monitor&path=%2F%2Fbin HTTP/1.1" 200 30945 "-" "Mozilla/5.0 AppleWebKit/537.36 (KHTML, like Gecko; compatible; ClaudeBot/1.0; +claudebot@anthropic.com)"
216.73.216.47 - - [04/Mar/2026:06:18:48 -0600] "GET /?fileloc=%2Fhome%2Fnassaugo%2Fpublic_html%2Fwp-admin%2Fimages%2Ficons32-vs-2x.png&path=%2Fhome%2Fnassaugo%2Fpublic_html%2Fwp-admin%2Fimages HTTP/1.1" 200 52606 "-" "Mozilla/5.0 AppleWebKit/537.36 (KHTML, like Gecko; compatible; ClaudeBot/1.0; +claudebot@anthropic.com)"
216.73.216.47 - - [04/Mar/2026:06:18:48 -0600] "GET /?fileloc=%2Fhome%2Fnassaugo%2Fpublic_html%2Fwp-content%2Fuploads%2Fwoocommerce-placeholder-400x284.png&path=%2Fhome%2Fnassaugo%2Fpublic_html%2Fwp-content%2Fuploads HTTP/1.1" 200 47558 "-" "Mozilla/5.0 AppleWebKit/537.36 (KHTML, like Gecko; compatible; ClaudeBot/1.0; +claudebot@anthropic.com)"
74.7.227.41 - - [04/Mar/2026:06:18:48 -0600] "GET /goods.php?detail/01002255548613 HTTP/1.1" 404 16 "https://www.nassaugolf.com/goods.php?detail/010015465312" "Mozilla/5.0 AppleWebKit/537.36 (KHTML, like Gecko; compatible; GPTBot/1.3; +https://openai.com/gptbot)"
216.73.216.47 - - [04/Mar/2026:06:18:48 -0600] "GET /?fileloc=%2Fhome%2Fnassaugo%2Fpublic_html%2Fwp-content%2Fuploads%2Fwoocommerce-placeholder-450x450.png&path=%2Fhome%2Fnassaugo%2Fpublic_html%2Fwp-content%2Fuploads HTTP/1.1" 200 65836 "-" "Mozilla/5.0 AppleWebKit/537.36 (KHTML, like Gecko; compatible; ClaudeBot/1.0; +claudebot@anthropic.com)"
74.7.227.134 - - [04/Mar/2026:06:18:48 -0600] "GET /goods.php?detail/1360334593690 HTTP/1.1" 404 16 "https://nassaugolf.com/goods.php?detail/280015594974" "Mozilla/5.0 AppleWebKit/537.36 (KHTML, like Gecko; compatible; GPTBot/1.3; +https://openai.com/gptbot)"
216.73.216.47 - - [04/Mar/2026:06:18:48 -0600] "GET /?fileloc=%2Fhome%2Fnassaugo%2Fpublic_html%2Fwp-content%2Fuploads%2Fwoocommerce-placeholder-400x516.png&path=%2Fhome%2Fnassaugo%2Fpublic_html%2Fwp-content%2Fuploads HTTP/1.1" 200 129285 "-" "Mozilla/5.0 AppleWebKit/537.36 (KHTML, like Gecko; compatible; ClaudeBot/1.0; +claudebot@anthropic.com)"
216.73.216.47 - - [04/Mar/2026:06:18:48 -0600] "GET /?fileloc=%2Fhome%2Fnassaugo%2Fpublic_html%2Fwp-content%2Fuploads%2Fwoocommerce-placeholder-600x600.bk.png&path=%2Fhome%2Fnassaugo%2Fpublic_html%2Fwp-content%2Fuploads HTTP/1.1" 200 92008 "-" "Mozilla/5.0 AppleWebKit/537.36 (KHTML, like Gecko; compatible; ClaudeBot/1.0; +claudebot@anthropic.com)"
216.73.216.47 - - [04/Mar/2026:06:18:48 -0600] "GET /?fileloc=%2Fhome%2Fnassaugo%2Fpublic_html%2Fwp-content%2Fuploads%2Fwoocommerce-placeholder-768x768.png&path=%2Fhome%2Fnassaugo%2Fpublic_html%2Fwp-content%2Fuploads HTTP/1.1" 200 119582 "-" "Mozilla/5.0 AppleWebKit/537.36 (KHTML, like Gecko; compatible; ClaudeBot/1.0; +claudebot@anthropic.com)"
57.141.6.13 - - [04/Mar/2026:06:18:49 -0600] "GET /prize/22954923 HTTP/1.1" 404 - "-" "meta-externalagent/1.1 (+https://developers.facebook.com/docs/sharing/webmasters/crawler)"
216.73.216.47 - - [04/Mar/2026:06:18:49 -0600] "GET /?fileloc=%2F%2Fboot%2Fsymvers-6.19.5-1.el9.elrepo.x86_64.gz&path=%2F%2Fboot HTTP/1.1" 200 708086 "-" "Mozilla/5.0 AppleWebKit/537.36 (KHTML, like Gecko; compatible; ClaudeBot/1.0; +claudebot@anthropic.com)"
216.73.216.47 - - [04/Mar/2026:06:18:49 -0600] "GET /?fileloc=%2F%2Fboot%2Fsymvers-6.17.8-1.el9.elrepo.x86_64.gz&path=%2F%2Fboot HTTP/1.1" 200 695876 "-" "Mozilla/5.0 AppleWebKit/537.36 (KHTML, like Gecko; compatible; ClaudeBot/1.0; +claudebot@anthropic.com)"
74.7.227.134 - - [04/Mar/2026:06:18:49 -0600] "GET /goods.php?detail/1830041314199 HTTP/1.1" 404 16 "https://www.nassaugolf.com" "Mozilla/5.0 AppleWebKit/537.36 (KHTML, like Gecko; compatible; GPTBot/1.3; +https://openai.com/gptbot)"
74.7.227.41 - - [04/Mar/2026:06:18:49 -0600] "GET /goods.php?detail/00201119295483 HTTP/1.1" 404 16 "https://www.nassaugolf.com/goods.php?detail/1660086676047" "Mozilla/5.0 AppleWebKit/537.36 (KHTML, like Gecko; compatible; GPTBot/1.3; +https://openai.com/gptbot)"
216.73.216.47 - - [04/Mar/2026:06:18:49 -0600] "GET /?fileloc=%2Fhome%2Fnassaugo%2Fpublic_html%2Fwp-content%2Fuploads%2Fwoocommerce-placeholder-100x100.bk.png&path=%2Fhome%2Fnassaugo%2Fpublic_html%2Fwp-content%2Fuploads HTTP/1.1" 200 17309 "-" "Mozilla/5.0 AppleWebKit/537.36 (KHTML, like Gecko; compatible; ClaudeBot/1.0; +claudebot@anthropic.com)"
216.73.216.47 - - [04/Mar/2026:06:18:49 -0600] "GET /?fileloc=%2Fhome%2Fnassaugo%2Fpublic_html%2Fwp-admin%2Fimages%2Fimgedit-icons.png&path=%2Fhome%2Fnassaugo%2Fpublic_html%2Fwp-admin%2Fimages HTTP/1.1" 200 20005 "-" "Mozilla/5.0 AppleWebKit/537.36 (KHTML, like Gecko; compatible; ClaudeBot/1.0; +claudebot@anthropic.com)"
216.73.216.47 - - [04/Mar/2026:06:18:49 -0600] "GET /?fileloc=%2Fhome%2Fnassaugo%2Fpublic_html%2Fwp-admin%2Fimages%2Ficons32-2x.png&path=%2Fhome%2Fnassaugo%2Fpublic_html%2Fwp-admin%2Fimages HTTP/1.1" 200 52872 "-" "Mozilla/5.0 AppleWebKit/537.36 (KHTML, like Gecko; compatible; ClaudeBot/1.0; +claudebot@anthropic.com)"
216.73.216.47 - - [04/Mar/2026:06:18:49 -0600] "GET /?fileloc=%2F%2Fbin%2Fnf-monitor&path=%2F%2Fbin HTTP/1.1" 200 30528 "-" "Mozilla/5.0 AppleWebKit/537.36 (KHTML, like Gecko; compatible; ClaudeBot/1.0; +claudebot@anthropic.com)"
57.141.6.2 - - [04/Mar/2026:06:18:49 -0600] "GET /?s=05382549b83d11 HTTP/1.1" 200 53879 "-" "meta-externalagent/1.1 (+https://developers.facebook.com/docs/sharing/webmasters/crawler)"
216.73.216.47 - - [04/Mar/2026:06:18:49 -0600] "GET /?fileloc=%2Fhome%2Fnassaugo%2Fpublic_html%2Fwp-content%2Fuploads%2Fwoocommerce-placeholder-600x600.png&path=%2Fhome%2Fnassaugo%2Fpublic_html%2Fwp-content%2Fuploads HTTP/1.1" 200 75454 "-" "Mozilla/5.0 AppleWebKit/537.36 (KHTML, like Gecko; compatible; ClaudeBot/1.0; +claudebot@anthropic.com)"
216.73.216.47 - - [04/Mar/2026:06:18:49 -0600] "GET /?fileloc=%2Fhome%2Fnassaugo%2Fpublic_html%2Fwp-content%2Fuploads%2Fwoocommerce-placeholder-150x150.png&path=%2Fhome%2Fnassaugo%2Fpublic_html%2Fwp-content%2Fuploads HTTP/1.1" 200 20564 "-" "Mozilla/5.0 AppleWebKit/537.36 (KHTML, like Gecko; compatible; ClaudeBot/1.0; +claudebot@anthropic.com)"
74.7.227.134 - - [04/Mar/2026:06:18:49 -0600] "GET /goods.php?detail/1690280626918 HTTP/1.1" 404 16 "https://nassaugolf.com/goods.php?goods/064000657" "Mozilla/5.0 AppleWebKit/537.36 (KHTML, like Gecko; compatible; GPTBot/1.3; +https://openai.com/gptbot)"
216.73.216.47 - - [04/Mar/2026:06:18:49 -0600] "GET /?fileloc=%2F%2Fboot%2Fsymvers-6.19.4-1.el9.elrepo.x86_64.gz&path=%2F%2Fboot HTTP/1.1" 200 707856 "-" "Mozilla/5.0 AppleWebKit/537.36 (KHTML, like Gecko; compatible; ClaudeBot/1.0; +claudebot@anthropic.com)"
74.7.227.41 - - [04/Mar/2026:06:18:50 -0600] "GET /goods.php?detail/27800015295628 HTTP/1.1" 404 16 "https://www.nassaugolf.com/goods.php?detail/278001162933" "Mozilla/5.0 AppleWebKit/537.36 (KHTML, like Gecko; compatible; GPTBot/1.3; +https://openai.com/gptbot)"
216.73.216.47 - - [04/Mar/2026:06:18:49 -0600] "GET /?fileloc=%2Fhome%2Fnassaugo%2Fpublic_html%2Fwp-includes%2Fimages%2Fw-logo-blue.png&path=%2Fhome%2Fnassaugo%2Fpublic_html%2Fwp-includes%2Fimages HTTP/1.1" 200 18151 "-" "Mozilla/5.0 AppleWebKit/537.36 (KHTML, like Gecko; compatible; ClaudeBot/1.0; +claudebot@anthropic.com)"
57.141.6.59 - - [04/Mar/2026:06:18:50 -0600] "GET /detail/530365402 HTTP/1.1" 404 - "-" "meta-externalagent/1.1 (+https://developers.facebook.com/docs/sharing/webmasters/crawler)"
216.73.216.47 - - [04/Mar/2026:06:18:49 -0600] "GET /?fileloc=%2F%2Flib64%2Flibgstpbutils-1.0.so.0.2212.0&path=%2F%2Flib64 HTTP/1.1" 200 408806 "-" "Mozilla/5.0 AppleWebKit/537.36 (KHTML, like Gecko; compatible; ClaudeBot/1.0; +claudebot@anthropic.com)"
216.73.216.47 - - [04/Mar/2026:06:18:50 -0600] "GET /?fileloc=%2F%2Fsbin%2Fxtables-monitor&path=%2F%2Fsbin HTTP/1.1" 200 366754 "-" "Mozilla/5.0 AppleWebKit/537.36 (KHTML, like Gecko; compatible; ClaudeBot/1.0; +claudebot@anthropic.com)"
216.73.216.47 - - [04/Mar/2026:06:18:50 -0600] "GET /?fileloc=%2Fhome%2Fnassaugo%2Fpublic_html%2Fwp-content%2Fuploads%2Fwoocommerce-placeholder-351x263.png&path=%2Fhome%2Fnassaugo%2Fpublic_html%2Fwp-content%2Fuploads HTTP/1.1" 200 18560 "-" "Mozilla/5.0 AppleWebKit/537.36 (KHTML, like Gecko; compatible; ClaudeBot/1.0; +claudebot@anthropic.com)"
57.141.6.2 - - [04/Mar/2026:06:18:50 -0600] "GET /search/03858600003755/feed/rss2/ HTTP/1.1" 404 - "-" "meta-externalagent/1.1 (+https://developers.facebook.com/docs/sharing/webmasters/crawler)"
74.7.227.134 - - [04/Mar/2026:06:18:50 -0600] "GET /goods.php?detail/2110421858146 HTTP/1.1" 404 16 "https://nassaugolf.com/goods.php?detail/054001454257" "Mozilla/5.0 AppleWebKit/537.36 (KHTML, like Gecko; compatible; GPTBot/1.3; +https://openai.com/gptbot)"
216.73.216.47 - - [04/Mar/2026:06:18:50 -0600] "GET /?fileloc=%2Fhome%2Fnassaugo%2Fpublic_html%2Fwp-content%2Fuploads%2Fwoocommerce-placeholder-100x100.png&path=%2Fhome%2Fnassaugo%2Fpublic_html%2Fwp-content%2Fuploads HTTP/1.1" 200 17131 "-" "Mozilla/5.0 AppleWebKit/537.36 (KHTML, like Gecko; compatible; ClaudeBot/1.0; +claudebot@anthropic.com)"
74.7.227.41 - - [04/Mar/2026:06:18:50 -0600] "GET /goods.php?detail/28001114455634 HTTP/1.1" 404 16 "https://www.nassaugolf.com/goods.php?detail/280008340992" "Mozilla/5.0 AppleWebKit/537.36 (KHTML, like Gecko; compatible; GPTBot/1.3; +https://openai.com/gptbot)"
216.73.216.47 - - [04/Mar/2026:06:18:50 -0600] "GET /?fileloc=%2Fhome%2Fnassaugo%2Fwww%2Flicense.txt&path=%2Fhome%2Fnassaugo%2Fwww HTTP/1.1" 200 32444 "-" "Mozilla/5.0 AppleWebKit/537.36 (KHTML, like Gecko; compatible; ClaudeBot/1.0; +claudebot@anthropic.com)"
216.73.216.47 - - [04/Mar/2026:06:18:50 -0600] "GET /?fileloc=%2Fhome%2Fnassaugo%2Fpublic_html%2Fwp-content%2Fsmush-webp%2Fsmush-webp-test.png.webp&path=%2Fhome%2Fnassaugo%2Fpublic_html%2Fwp-content%2Fsmush-webp HTTP/1.1" 200 12628 "-" "Mozilla/5.0 AppleWebKit/537.36 (KHTML, like Gecko; compatible; ClaudeBot/1.0; +claudebot@anthropic.com)"
216.73.216.47 - - [04/Mar/2026:06:18:50 -0600] "GET /?fileloc=%2Fhome%2Fnassaugo%2Fpublic_html%2Fwp-admin%2Fimages%2Fmedia-button-music.gif&path=%2Fhome%2Fnassaugo%2Fpublic_html%2Fwp-admin%2Fimages HTTP/1.1" 200 12982 "-" "Mozilla/5.0 AppleWebKit/537.36 (KHTML, like Gecko; compatible; ClaudeBot/1.0; +claudebot@anthropic.com)"
74.7.227.134 - - [04/Mar/2026:06:18:50 -0600] "GET /goods.php?detail/0780075384095 HTTP/1.1" 404 16 "https://www.nassaugolf.com" "Mozilla/5.0 AppleWebKit/537.36 (KHTML, like Gecko; compatible; GPTBot/1.3; +https://openai.com/gptbot)"
216.73.216.47 - - [04/Mar/2026:06:18:50 -0600] "GET /?fileloc=%2Fhome%2Fnassaugo%2Fpublic_html%2Fwp-admin%2Fimages%2Fw-logo-blue.png&path=%2Fhome%2Fnassaugo%2Fpublic_html%2Fwp-admin%2Fimages HTTP/1.1" 200 18139 "-" "Mozilla/5.0 AppleWebKit/537.36 (KHTML, like Gecko; compatible; ClaudeBot/1.0; +claudebot@anthropic.com)"
216.73.216.47 - - [04/Mar/2026:06:18:50 -0600] "GET /?fileloc=%2F%2Fboot%2F.vmlinuz-6.19.5-1.el9.elrepo.x86_64.hmac&path=%2F%2Fboot HTTP/1.1" 200 12464 "-" "Mozilla/5.0 AppleWebKit/537.36 (KHTML, like Gecko; compatible; ClaudeBot/1.0; +claudebot@anthropic.com)"
74.7.227.41 - - [04/Mar/2026:06:18:51 -0600] "GET /goods.php?detail/08600555642939 HTTP/1.1" 404 16 "https://www.nassaugolf.com/goods.php?detail/0860100997005" "Mozilla/5.0 AppleWebKit/537.36 (KHTML, like Gecko; compatible; GPTBot/1.3; +https://openai.com/gptbot)"
216.73.216.47 - - [04/Mar/2026:06:18:50 -0600] "GET /?fileloc=%2F%2Fboot%2F.vmlinuz-6.17.8-1.el9.elrepo.x86_64.hmac&path=%2F%2Fboot HTTP/1.1" 200 12464 "-" "Mozilla/5.0 AppleWebKit/537.36 (KHTML, like Gecko; compatible; ClaudeBot/1.0; +claudebot@anthropic.com)"
57.141.6.42 - - [04/Mar/2026:06:18:50 -0600] "GET /?s=08769892741232 HTTP/1.1" 200 53879 "-" "meta-externalagent/1.1 (+https://developers.facebook.com/docs/sharing/webmasters/crawler)"
216.73.216.47 - - [04/Mar/2026:06:18:51 -0600] "GET /?fileloc=%2Fhome%2Fnassaugo%2Fpublic_html%2Fwp-content%2Fuploads%2Fwoocommerce-placeholder-600x600.png.webp&path=%2Fhome%2Fnassaugo%2Fpublic_html%2Fwp-content%2Fuploads HTTP/1.1" 200 19199 "-" "Mozilla/5.0 AppleWebKit/537.36 (KHTML, like Gecko; compatible; ClaudeBot/1.0; +claudebot@anthropic.com)"
216.73.216.47 - - [04/Mar/2026:06:18:51 -0600] "GET /?fileloc=%2Fhome%2Fnassaugo%2Fpublic_html%2Fwp-content%2Fuploads%2Fwoocommerce-placeholder-100x100.png.webp&path=%2Fhome%2Fnassaugo%2Fpublic_html%2Fwp-content%2Fuploads HTTP/1.1" 200 13112 "-" "Mozilla/5.0 AppleWebKit/537.36 (KHTML, like Gecko; compatible; ClaudeBot/1.0; +claudebot@anthropic.com)"
216.73.216.47 - - [04/Mar/2026:06:18:51 -0600] "GET /?fileloc=%2Fhome%2Fnassaugo%2Fpublic_html%2Fwp-includes%2Fimages%2Fuploader-icons.png&path=%2Fhome%2Fnassaugo%2Fpublic_html%2Fwp-includes%2Fimages HTTP/1.1" 200 15408 "-" "Mozilla/5.0 AppleWebKit/537.36 (KHTML, like Gecko; compatible; ClaudeBot/1.0; +claudebot@anthropic.com)"
74.7.227.134 - - [04/Mar/2026:06:18:51 -0600] "GET /goods.php?detail/0920162021986 HTTP/1.1" 404 16 "https://nassaugolf.com/goods.php?detail/220002076724" "Mozilla/5.0 AppleWebKit/537.36 (KHTML, like Gecko; compatible; GPTBot/1.3; +https://openai.com/gptbot)"
216.73.216.47 - - [04/Mar/2026:06:18:51 -0600] "GET /?fileloc=%2Fhome%2Fnassaugo%2Fpublic_html%2Fwp-content%2Fuploads%2Fwoocommerce-placeholder-1024x1024.png&path=%2Fhome%2Fnassaugo%2Fpublic_html%2Fwp-content%2Fuploads HTTP/1.1" 200 180266 "-" "Mozilla/5.0 AppleWebKit/537.36 (KHTML, like Gecko; compatible; ClaudeBot/1.0; +claudebot@anthropic.com)"
74.7.227.41 - - [04/Mar/2026:06:18:51 -0600] "GET /goods.php?detail/07502856661910 HTTP/1.1" 404 16 "https://www.nassaugolf.com/goods.php?detail/015043059504" "Mozilla/5.0 AppleWebKit/537.36 (KHTML, like Gecko; compatible; GPTBot/1.3; +https://openai.com/gptbot)"
216.73.216.47 - - [04/Mar/2026:06:18:51 -0600] "GET /?fileloc=%2Fhome%2Fnassaugo%2Fpublic_html%2Fwp-admin%2Fimages%2Fw-logo-white.png&path=%2Fhome%2Fnassaugo%2Fpublic_html%2Fwp-admin%2Fimages HTTP/1.1" 200 23494 "-" "Mozilla/5.0 AppleWebKit/537.36 (KHTML, like Gecko; compatible; ClaudeBot/1.0; +claudebot@anthropic.com)"
216.73.216.47 - - [04/Mar/2026:06:18:51 -0600] "GET /?fileloc=%2F%2Fboot%2Finitramfs-6.19.5-1.el9.elrepo.x86_64.img&path=%2F%2Fboot HTTP/1.1" 200 12293 "-" "Mozilla/5.0 AppleWebKit/537.36 (KHTML, like Gecko; compatible; ClaudeBot/1.0; +claudebot@anthropic.com)"
216.73.216.47 - - [04/Mar/2026:06:18:51 -0600] "GET /?fileloc=%2F%2Fboot%2Finitramfs-6.17.8-1.el9.elrepo.x86_64.img&path=%2F%2Fboot HTTP/1.1" 200 12293 "-" "Mozilla/5.0 AppleWebKit/537.36 (KHTML, like Gecko; compatible; ClaudeBot/1.0; +claudebot@anthropic.com)"
57.141.6.67 - - [04/Mar/2026:06:18:51 -0600] "GET /search/011383743978bba/feed/rss2/ HTTP/1.1" 404 - "-" "meta-externalagent/1.1 (+https://developers.facebook.com/docs/sharing/webmasters/crawler)"
216.73.216.47 - - [04/Mar/2026:06:18:51 -0600] "GET /?fileloc=%2F%2Flib64%2Flibxcb-xselinux.so.0.0.0&path=%2F%2Flib64 HTTP/1.1" 200 60885 "-" "Mozilla/5.0 AppleWebKit/537.36 (KHTML, like Gecko; compatible; ClaudeBot/1.0; +claudebot@anthropic.com)"
216.73.216.47 - - [04/Mar/2026:06:18:51 -0600] "GET /?fileloc=%2Fhome%2Fnassaugo%2Fpublic_html%2Fwp-content%2FconfigTEU%2Fnassaugo-WordPress-public_html.txt&path=%2Fhome%2Fnassaugo%2Fpublic_html%2Fwp-content%2FconfigTEU HTTP/1.1" 200 15970 "-" "Mozilla/5.0 AppleWebKit/537.36 (KHTML, like Gecko; compatible; ClaudeBot/1.0; +claudebot@anthropic.com)"
74.7.227.134 - - [04/Mar/2026:06:18:51 -0600] "GET /goods.php?detail/2810077309101 HTTP/1.1" 404 16 "https://nassaugolf.com/goods.php?detail/281018950130" "Mozilla/5.0 AppleWebKit/537.36 (KHTML, like Gecko; compatible; GPTBot/1.3; +https://openai.com/gptbot)"
114.119.142.43 - - [04/Mar/2026:06:18:52 -0600] "GET /disappointed/k186?pid=35382 HTTP/1.1" 404 - "https://nassaugolf.com/sitemap880.xml" "Mozilla/5.0 (Linux; Android 7.0;) AppleWebKit/537.36 (KHTML, like Gecko) Mobile Safari/537.36 (compatible; PetalBot;+https://webmaster.petalsearch.com/site/petalbot)"
216.73.216.47 - - [04/Mar/2026:06:18:51 -0600] "GET /?fileloc=%2Fhome%2Fnassaugo%2Fpublic_html%2Fwp-includes%2Fimages%2Fwpspin-2x.gif&path=%2Fhome%2Fnassaugo%2Fpublic_html%2Fwp-includes%2Fimages HTTP/1.1" 200 27682 "-" "Mozilla/5.0 AppleWebKit/537.36 (KHTML, like Gecko; compatible; ClaudeBot/1.0; +claudebot@anthropic.com)"
74.7.227.41 - - [04/Mar/2026:06:18:52 -0600] "GET /goods.php?detail/23400037792128 HTTP/1.1" 404 16 "https://www.nassaugolf.com/goods.php?detail/234000880817" "Mozilla/5.0 AppleWebKit/537.36 (KHTML, like Gecko; compatible; GPTBot/1.3; +https://openai.com/gptbot)"
216.73.216.47 - - [04/Mar/2026:06:18:52 -0600] "GET /?fileloc=%2F%2Fboot%2F.vmlinuz-6.19.4-1.el9.elrepo.x86_64.hmac&path=%2F%2Fboot HTTP/1.1" 200 12464 "-" "Mozilla/5.0 AppleWebKit/537.36 (KHTML, like Gecko; compatible; ClaudeBot/1.0; +claudebot@anthropic.com)"
57.141.6.23 - - [04/Mar/2026:06:18:52 -0600] "GET /?s=14823429709e9d HTTP/1.1" 200 53879 "-" "meta-externalagent/1.1 (+https://developers.facebook.com/docs/sharing/webmasters/crawler)"
216.73.216.47 - - [04/Mar/2026:06:18:52 -0600] "GET /?fileloc=%2Fhome%2Fnassaugo%2Fpublic_html%2Fwp-admin%2Fimages%2Fstars.png&path=%2Fhome%2Fnassaugo%2Fpublic_html%2Fwp-admin%2Fimages HTTP/1.1" 200 14185 "-" "Mozilla/5.0 AppleWebKit/537.36 (KHTML, like Gecko; compatible; ClaudeBot/1.0; +claudebot@anthropic.com)"
216.73.216.47 - - [04/Mar/2026:06:18:50 -0600] "GET /?fileloc=%2F%2Fboot%2Fvmlinuz-6.19.5-1.el9.elrepo.x86_64&path=%2F%2Fboot HTTP/1.1" 200 29422386 "-" "Mozilla/5.0 AppleWebKit/537.36 (KHTML, like Gecko; compatible; ClaudeBot/1.0; +claudebot@anthropic.com)"
216.73.216.47 - - [04/Mar/2026:06:18:50 -0600] "GET /?fileloc=%2F%2Fboot%2Fvmlinuz-6.17.8-1.el9.elrepo.x86_64&path=%2F%2Fboot HTTP/1.1" 200 28824083 "-" "Mozilla/5.0 AppleWebKit/537.36 (KHTML, like Gecko; compatible; ClaudeBot/1.0; +claudebot@anthropic.com)"
74.7.227.134 - - [04/Mar/2026:06:18:52 -0600] "GET /goods.php?detail/1220022357187 HTTP/1.1" 404 16 "https://nassaugolf.com/goods.php?detail/122001261689" "Mozilla/5.0 AppleWebKit/537.36 (KHTML, like Gecko; compatible; GPTBot/1.3; +https://openai.com/gptbot)"
57.141.6.9 - - [04/Mar/2026:06:18:52 -0600] "GET /search/111681207d538f4/feed/rss2/ HTTP/1.1" 404 - "-" "meta-externalagent/1.1 (+https://developers.facebook.com/docs/sharing/webmasters/crawler)"
216.73.216.47 - - [04/Mar/2026:06:18:52 -0600] "GET /?fileloc=%2F%2Flib64%2Flibgcc_s-11-20240719.so.1&path=%2F%2Flib64 HTTP/1.1" 200 200445 "-" "Mozilla/5.0 AppleWebKit/537.36 (KHTML, like Gecko; compatible; ClaudeBot/1.0; +claudebot@anthropic.com)"
74.7.227.41 - - [04/Mar/2026:06:18:52 -0600] "GET /goods.php?detail/16800064942522 HTTP/1.1" 404 16 "https://www.nassaugolf.com/goods.php?detail/2010027609019" "Mozilla/5.0 AppleWebKit/537.36 (KHTML, like Gecko; compatible; GPTBot/1.3; +https://openai.com/gptbot)"
216.73.216.47 - - [04/Mar/2026:06:18:52 -0600] "GET /?fileloc=%2F%2Flib64%2Fliburcu-signal.so.6.1.0&path=%2F%2Flib64 HTTP/1.1" 200 66172 "-" "Mozilla/5.0 AppleWebKit/537.36 (KHTML, like Gecko; compatible; ClaudeBot/1.0; +claudebot@anthropic.com)"
216.73.216.47 - - [04/Mar/2026:06:18:52 -0600] "GET /?fileloc=%2Fhome%2Fnassaugo%2Fpublic_html%2Fwp-content%2Fai1wm-backups%2F.htaccess&path=%2Fhome%2Fnassaugo%2Fpublic_html%2Fwp-content%2Fai1wm-backups HTTP/1.1" 200 12791 "-" "Mozilla/5.0 AppleWebKit/537.36 (KHTML, like Gecko; compatible; ClaudeBot/1.0; +claudebot@anthropic.com)"
216.73.216.47 - - [04/Mar/2026:06:18:52 -0600] "GET /?fileloc=%2Fhome%2Fnassaugo%2Fpublic_html%2Fwp-admin%2Fimages%2Ficons32-vs.png&path=%2Fhome%2Fnassaugo%2Fpublic_html%2Fwp-admin%2Fimages HTTP/1.1" 200 27678 "-" "Mozilla/5.0 AppleWebKit/537.36 (KHTML, like Gecko; compatible; ClaudeBot/1.0; +claudebot@anthropic.com)"
216.73.216.47 - - [04/Mar/2026:06:18:52 -0600] "GET /?fileloc=%2F%2Fboot%2Finitramfs-6.19.4-1.el9.elrepo.x86_64.img&path=%2F%2Fboot HTTP/1.1" 200 12293 "-" "Mozilla/5.0 AppleWebKit/537.36 (KHTML, like Gecko; compatible; ClaudeBot/1.0; +claudebot@anthropic.com)"
57.141.6.1 - - [04/Mar/2026:06:18:53 -0600] "GET /search/02333480fbf312/feed/rss2/ HTTP/1.1" 404 - "-" "meta-externalagent/1.1 (+https://developers.facebook.com/docs/sharing/webmasters/crawler)"
216.73.216.47 - - [04/Mar/2026:06:18:52 -0600] "GET /?fileloc=%2F%2Fboot%2Fconfig-6.19.5-1.el9.elrepo.x86_64&path=%2F%2Fboot HTTP/1.1" 200 299439 "-" "Mozilla/5.0 AppleWebKit/537.36 (KHTML, like Gecko; compatible; ClaudeBot/1.0; +claudebot@anthropic.com)"
216.73.216.47 - - [04/Mar/2026:06:18:52 -0600] "GET /?fileloc=%2F%2Fbin%2Fdbus-monitor&path=%2F%2Fbin HTTP/1.1" 200 48586 "-" "Mozilla/5.0 AppleWebKit/537.36 (KHTML, like Gecko; compatible; ClaudeBot/1.0; +claudebot@anthropic.com)"
74.7.227.134 - - [04/Mar/2026:06:18:53 -0600] "GET /goods.php?detail/2050152005746 HTTP/1.1" 404 16 "https://www.nassaugolf.com" "Mozilla/5.0 AppleWebKit/537.36 (KHTML, like Gecko; compatible; GPTBot/1.3; +https://openai.com/gptbot)"
216.73.216.47 - - [04/Mar/2026:06:18:52 -0600] "GET /?fileloc=%2F%2Fboot%2Fconfig-6.17.8-1.el9.elrepo.x86_64&path=%2F%2Fboot HTTP/1.1" 200 295085 "-" "Mozilla/5.0 AppleWebKit/537.36 (KHTML, like Gecko; compatible; ClaudeBot/1.0; +claudebot@anthropic.com)"
74.7.227.41 - - [04/Mar/2026:06:18:53 -0600] "GET /goods.php?detail/21000281847165 HTTP/1.1" 404 16 "https://www.nassaugolf.com/goods.php?detail/210019087250" "Mozilla/5.0 AppleWebKit/537.36 (KHTML, like Gecko; compatible; GPTBot/1.3; +https://openai.com/gptbot)"
216.73.216.47 - - [04/Mar/2026:06:18:52 -0600] "GET /?fileloc=%2Fhome%2Fnassaugo%2Fpublic_html%2Fwp-admin%2Fimages%2Fwpspin_light-2x.gif&path=%2Fhome%2Fnassaugo%2Fpublic_html%2Fwp-admin%2Fimages HTTP/1.1" 200 27676 "-" "Mozilla/5.0 AppleWebKit/537.36 (KHTML, like Gecko; compatible; ClaudeBot/1.0; +claudebot@anthropic.com)"
216.73.216.47 - - [04/Mar/2026:06:18:53 -0600] "GET /?fileloc=%2Fhome%2Fnassaugo%2Fpublic_html%2Fwp-admin%2Fimages%2Ficons32.png&path=%2Fhome%2Fnassaugo%2Fpublic_html%2Fwp-admin%2Fimages HTTP/1.1" 200 27710 "-" "Mozilla/5.0 AppleWebKit/537.36 (KHTML, like Gecko; compatible; ClaudeBot/1.0; +claudebot@anthropic.com)"
216.73.216.47 - - [04/Mar/2026:06:18:53 -0600] "GET /?fileloc=%2Fhome%2Fnassaugo%2Fpublic_html%2Fwp-content%2Fai1wm-backups%2Fweb.config&path=%2Fhome%2Fnassaugo%2Fpublic_html%2Fwp-content%2Fai1wm-backups HTTP/1.1" 200 13065 "-" "Mozilla/5.0 AppleWebKit/537.36 (KHTML, like Gecko; compatible; ClaudeBot/1.0; +claudebot@anthropic.com)"
216.73.216.47 - - [04/Mar/2026:06:18:53 -0600] "GET /?fileloc=%2Fhome%2Fnassaugo%2Fpublic_html%2Fwp-includes%2Fimages%2Fwpicons-2x.png&path=%2Fhome%2Fnassaugo%2Fpublic_html%2Fwp-includes%2Fimages HTTP/1.1" 200 40233 "-" "Mozilla/5.0 AppleWebKit/537.36 (KHTML, like Gecko; compatible; ClaudeBot/1.0; +claudebot@anthropic.com)"
74.7.227.134 - - [04/Mar/2026:06:18:53 -0600] "GET /goods.php?detail/0670177193319 HTTP/1.1" 404 16 "https://www.nassaugolf.com" "Mozilla/5.0 AppleWebKit/537.36 (KHTML, like Gecko; compatible; GPTBot/1.3; +https://openai.com/gptbot)"
57.141.6.49 - - [04/Mar/2026:06:18:53 -0600] "GET /search/08159392422b93f/feed/rss2/ HTTP/1.1" 404 - "-" "meta-externalagent/1.1 (+https://developers.facebook.com/docs/sharing/webmasters/crawler)"
216.73.216.47 - - [04/Mar/2026:06:18:53 -0600] "GET /?fileloc=%2F%2Flib64%2Flibxcb-xinerama.so.0.0.0&path=%2F%2Flib64 HTTP/1.1" 200 30553 "-" "Mozilla/5.0 AppleWebKit/537.36 (KHTML, like Gecko; compatible; ClaudeBot/1.0; +claudebot@anthropic.com)"
74.7.227.41 - - [04/Mar/2026:06:18:53 -0600] "GET /goods.php?detail/20002393543691 HTTP/1.1" 404 16 "https://www.nassaugolf.com/goods.php?detail/092006838186" "Mozilla/5.0 AppleWebKit/537.36 (KHTML, like Gecko; compatible; GPTBot/1.3; +https://openai.com/gptbot)"
216.73.216.47 - - [04/Mar/2026:06:18:53 -0600] "GET /?fileloc=%2Fhome%2Fnassaugo%2Fpublic_html%2Fwp-content%2Fai1wm-backups%2Findex.html&path=%2Fhome%2Fnassaugo%2Fpublic_html%2Fwp-content%2Fai1wm-backups HTTP/1.1" 200 12591 "-" "Mozilla/5.0 AppleWebKit/537.36 (KHTML, like Gecko; compatible; ClaudeBot/1.0; +claudebot@anthropic.com)"
216.73.216.47 - - [04/Mar/2026:06:18:53 -0600] "GET /?fileloc=%2F%2Flib64%2Flibpangoxft-1.0.so.0.4800.7&path=%2F%2Flib64 HTTP/1.1" 200 66726 "-" "Mozilla/5.0 AppleWebKit/537.36 (KHTML, like Gecko; compatible; ClaudeBot/1.0; +claudebot@anthropic.com)"
216.73.216.47 - - [04/Mar/2026:06:18:53 -0600] "GET /?fileloc=%2F%2Fboot%2Fconfig-6.19.4-1.el9.elrepo.x86_64&path=%2F%2Fboot HTTP/1.1" 200 299439 "-" "Mozilla/5.0 AppleWebKit/537.36 (KHTML, like Gecko; compatible; ClaudeBot/1.0; +claudebot@anthropic.com)"
216.73.216.47 - - [04/Mar/2026:06:18:53 -0600] "GET /?fileloc=%2F%2Fbin%2Ffind-repos-of-install&path=%2F%2Fbin HTTP/1.1" 200 16611 "-" "Mozilla/5.0 AppleWebKit/537.36 (KHTML, like Gecko; compatible; ClaudeBot/1.0; +claudebot@anthropic.com)"
216.73.216.47 - - [04/Mar/2026:06:18:51 -0600] "GET /?fileloc=%2F%2Fboot%2Fvmlinuz-6.19.4-1.el9.elrepo.x86_64&path=%2F%2Fboot HTTP/1.1" 200 29422144 "-" "Mozilla/5.0 AppleWebKit/537.36 (KHTML, like Gecko; compatible; ClaudeBot/1.0; +claudebot@anthropic.com)"
216.73.216.47 - - [04/Mar/2026:06:18:53 -0600] "GET /?fileloc=%2Fhome%2Fnassaugo%2Fpublic_html%2Fwp-admin%2Fimages%2Falign-center-2x.png&path=%2Fhome%2Fnassaugo%2Fpublic_html%2Fwp-admin%2Fimages HTTP/1.1" 200 12769 "-" "Mozilla/5.0 AppleWebKit/537.36 (KHTML, like Gecko; compatible; ClaudeBot/1.0; +claudebot@anthropic.com)"
74.7.227.134 - - [04/Mar/2026:06:18:54 -0600] "GET /goods.php?detail/0230424277114 HTTP/1.1" 404 16 "https://www.nassaugolf.com" "Mozilla/5.0 AppleWebKit/537.36 (KHTML, like Gecko; compatible; GPTBot/1.3; +https://openai.com/gptbot)"
216.73.216.47 - - [04/Mar/2026:06:18:53 -0600] "GET /?fileloc=%2Fhome%2Fnassaugo%2Fpublic_html%2Fwp-includes%2Fimages%2Fxit-2x.gif&path=%2Fhome%2Fnassaugo%2Fpublic_html%2Fwp-includes%2Fimages HTTP/1.1" 200 13930 "-" "Mozilla/5.0 AppleWebKit/537.36 (KHTML, like Gecko; compatible; ClaudeBot/1.0; +claudebot@anthropic.com)"
74.7.227.41 - - [04/Mar/2026:06:18:54 -0600] "GET /goods.php?detail/27000843714335 HTTP/1.1" 404 16 "https://www.nassaugolf.com/goods.php?detail/294022292168" "Mozilla/5.0 AppleWebKit/537.36 (KHTML, like Gecko; compatible; GPTBot/1.3; +https://openai.com/gptbot)"
57.141.6.40 - - [04/Mar/2026:06:18:54 -0600] "GET /search/03107666147d22b/feed/rss2/ HTTP/1.1" 404 - "-" "meta-externalagent/1.1 (+https://developers.facebook.com/docs/sharing/webmasters/crawler)"
216.73.216.47 - - [04/Mar/2026:06:18:53 -0600] "GET /?fileloc=%2F%2Flib64%2Flibwayland-egl.so.1&path=%2F%2Flib64 HTTP/1.1" 200 28674 "-" "Mozilla/5.0 AppleWebKit/537.36 (KHTML, like Gecko; compatible; ClaudeBot/1.0; +claudebot@anthropic.com)"
216.73.216.47 - - [04/Mar/2026:06:18:54 -0600] "GET /?fileloc=%2Fhome%2Fnassaugo%2Fpublic_html%2Fwp-admin%2Fimages%2Fpost-formats32-vs.png&path=%2Fhome%2Fnassaugo%2Fpublic_html%2Fwp-admin%2Fimages HTTP/1.1" 200 22193 "-" "Mozilla/5.0 AppleWebKit/537.36 (KHTML, like Gecko; compatible; ClaudeBot/1.0; +claudebot@anthropic.com)"
216.73.216.47 - - [04/Mar/2026:06:18:54 -0600] "GET /?fileloc=%2F%2Flib64%2Flibxcb-xselinux.so.0&path=%2F%2Flib64 HTTP/1.1" 200 60881 "-" "Mozilla/5.0 AppleWebKit/537.36 (KHTML, like Gecko; compatible; ClaudeBot/1.0; +claudebot@anthropic.com)"
216.73.216.47 - - [04/Mar/2026:06:18:54 -0600] "GET /?fileloc=%2Fhome%2Fnassaugo%2Fpublic_html%2Fwp-admin%2Fimages%2Fpost-formats32.png&path=%2Fhome%2Fnassaugo%2Fpublic_html%2Fwp-admin%2Fimages HTTP/1.1" 200 22321 "-" "Mozilla/5.0 AppleWebKit/537.36 (KHTML, like Gecko; compatible; ClaudeBot/1.0; +claudebot@anthropic.com)"
216.73.216.47 - - [04/Mar/2026:06:18:54 -0600] "GET /?fileloc=%2Fhome%2Fnassaugo%2Fpublic_html%2Fwp-includes%2Fimages%2Fdown_arrow-2x.gif&path=%2Fhome%2Fnassaugo%2Fpublic_html%2Fwp-includes%2Fimages HTTP/1.1" 200 12688 "-" "Mozilla/5.0 AppleWebKit/537.36 (KHTML, like Gecko; compatible; ClaudeBot/1.0; +claudebot@anthropic.com)"
74.7.227.134 - - [04/Mar/2026:06:18:54 -0600] "GET /goods.php?detail/0010029055446 HTTP/1.1" 404 16 "https://nassaugolf.com/goods.php?detail/001002836311" "Mozilla/5.0 AppleWebKit/537.36 (KHTML, like Gecko; compatible; GPTBot/1.3; +https://openai.com/gptbot)"
216.73.216.47 - - [04/Mar/2026:06:18:54 -0600] "GET /?fileloc=%2Fhome%2Fnassaugo%2Fpublic_html%2Fwp-admin%2Fimages%2Fmedia-button-other.gif&path=%2Fhome%2Fnassaugo%2Fpublic_html%2Fwp-admin%2Fimages HTTP/1.1" 200 13035 "-" "Mozilla/5.0 AppleWebKit/537.36 (KHTML, like Gecko; compatible; ClaudeBot/1.0; +claudebot@anthropic.com)"
74.7.227.41 - - [04/Mar/2026:06:18:54 -0600] "GET /goods.php?detail/23000843324569 HTTP/1.1" 404 16 "https://www.nassaugolf.com/goods.php?detail/230033367017" "Mozilla/5.0 AppleWebKit/537.36 (KHTML, like Gecko; compatible; GPTBot/1.3; +https://openai.com/gptbot)"
216.73.216.47 - - [04/Mar/2026:06:18:54 -0600] "GET /?fileloc=%2Fhome%2Fnassaugo%2Fpublic_html%2Fwp-includes%2Fimages%2Frss-2x.png&path=%2Fhome%2Fnassaugo%2Fpublic_html%2Fwp-includes%2Fimages HTTP/1.1" 200 14937 "-" "Mozilla/5.0 AppleWebKit/537.36 (KHTML, like Gecko; compatible; ClaudeBot/1.0; +claudebot@anthropic.com)"
216.73.216.47 - - [04/Mar/2026:06:18:54 -0600] "GET /?fileloc=%2Fhome%2Fnassaugo%2Fpublic_html%2Fwp-includes%2Fimages%2Fwpspin.gif&path=%2Fhome%2Fnassaugo%2Fpublic_html%2Fwp-includes%2Fimages HTTP/1.1" 200 15701 "-" "Mozilla/5.0 AppleWebKit/537.36 (KHTML, like Gecko; compatible; ClaudeBot/1.0; +claudebot@anthropic.com)"
216.73.216.47 - - [04/Mar/2026:06:18:54 -0600] "GET /?fileloc=%2F%2Flib64%2Flibtss2-tcti-mssim.so.0.0.0&path=%2F%2Flib64 HTTP/1.1" 200 54541 "-" "Mozilla/5.0 AppleWebKit/537.36 (KHTML, like Gecko; compatible; ClaudeBot/1.0; +claudebot@anthropic.com)"
216.73.216.47 - - [04/Mar/2026:06:18:54 -0600] "GET /?fileloc=%2Fhome%2Fnassaugo%2Fpublic_html%2Fwp-admin%2Fimages%2Fxit-2x.gif&path=%2Fhome%2Fnassaugo%2Fpublic_html%2Fwp-admin%2Fimages HTTP/1.1" 200 13918 "-" "Mozilla/5.0 AppleWebKit/537.36 (KHTML, like Gecko; compatible; ClaudeBot/1.0; +claudebot@anthropic.com)"
57.141.6.33 - - [04/Mar/2026:06:18:54 -0600] "GET /?s=01399394f97621 HTTP/1.1" 200 53879 "-" "meta-externalagent/1.1 (+https://developers.facebook.com/docs/sharing/webmasters/crawler)"
74.7.227.134 - - [04/Mar/2026:06:18:55 -0600] "GET /goods.php?detail/0600158775009 HTTP/1.1" 404 16 "https://www.nassaugolf.com" "Mozilla/5.0 AppleWebKit/537.36 (KHTML, like Gecko; compatible; GPTBot/1.3; +https://openai.com/gptbot)"
