74.7.227.134 - - [04/Mar/2026:06:22:14 -0600] "GET /goods.php?detail/2070191349114 HTTP/1.1" 404 16 "https://nassaugolf.com/goods.php?detail/207010311338" "Mozilla/5.0 AppleWebKit/537.36 (KHTML, like Gecko; compatible; GPTBot/1.3; +https://openai.com/gptbot)"
57.141.6.17 - - [04/Mar/2026:06:22:15 -0600] "GET /search/03155806098d2e9/feed/rss2/ HTTP/1.1" 404 - "-" "meta-externalagent/1.1 (+https://developers.facebook.com/docs/sharing/webmasters/crawler)"
74.7.227.41 - - [04/Mar/2026:06:22:15 -0600] "GET /goods.php?detail/20303127319289 HTTP/1.1" 404 16 "https://www.nassaugolf.com/goods.php?detail/160012119388" "Mozilla/5.0 AppleWebKit/537.36 (KHTML, like Gecko; compatible; GPTBot/1.3; +https://openai.com/gptbot)"
74.7.227.134 - - [04/Mar/2026:06:22:15 -0600] "GET /goods.php?detail/2900369419303 HTTP/1.1" 404 16 "https://nassaugolf.com/goods.php?detail/0430108596087" "Mozilla/5.0 AppleWebKit/537.36 (KHTML, like Gecko; compatible; GPTBot/1.3; +https://openai.com/gptbot)"
57.141.6.28 - - [04/Mar/2026:06:22:15 -0600] "GET /detail/937389860 HTTP/1.1" 404 - "-" "meta-externalagent/1.1 (+https://developers.facebook.com/docs/sharing/webmasters/crawler)"
74.7.227.41 - - [04/Mar/2026:06:22:15 -0600] "GET /goods.php?detail/16600215154674 HTTP/1.1" 404 16 "https://www.nassaugolf.com/goods.php?detail/024025025995" "Mozilla/5.0 AppleWebKit/537.36 (KHTML, like Gecko; compatible; GPTBot/1.3; +https://openai.com/gptbot)"
74.7.227.134 - - [04/Mar/2026:06:22:16 -0600] "GET /goods.php?detail/0410329161461 HTTP/1.1" 404 16 "https://www.nassaugolf.com" "Mozilla/5.0 AppleWebKit/537.36 (KHTML, like Gecko; compatible; GPTBot/1.3; +https://openai.com/gptbot)"
57.141.6.53 - - [04/Mar/2026:06:22:15 -0600] "GET /?s=001825587f0715f HTTP/1.1" 200 53879 "-" "meta-externalagent/1.1 (+https://developers.facebook.com/docs/sharing/webmasters/crawler)"
74.7.227.134 - - [04/Mar/2026:06:22:16 -0600] "GET /goods.php?detail/0890077496775 HTTP/1.1" 404 16 "https://www.nassaugolf.com" "Mozilla/5.0 AppleWebKit/537.36 (KHTML, like Gecko; compatible; GPTBot/1.3; +https://openai.com/gptbot)"
74.7.227.41 - - [04/Mar/2026:06:22:16 -0600] "GET /goods.php?detail/08902168891044 HTTP/1.1" 404 16 "https://www.nassaugolf.com/goods.php?detail/004031586353" "Mozilla/5.0 AppleWebKit/537.36 (KHTML, like Gecko; compatible; GPTBot/1.3; +https://openai.com/gptbot)"
57.141.6.43 - - [04/Mar/2026:06:22:16 -0600] "GET /?s=001421824332781 HTTP/1.1" 200 53879 "-" "meta-externalagent/1.1 (+https://developers.facebook.com/docs/sharing/webmasters/crawler)"
74.7.227.134 - - [04/Mar/2026:06:22:17 -0600] "GET /goods.php?detail/2990210953709 HTTP/1.1" 404 16 "https://www.nassaugolf.com" "Mozilla/5.0 AppleWebKit/537.36 (KHTML, like Gecko; compatible; GPTBot/1.3; +https://openai.com/gptbot)"
74.7.227.41 - - [04/Mar/2026:06:22:17 -0600] "GET /goods.php?detail/01304622133470 HTTP/1.1" 404 16 "https://www.nassaugolf.com/goods.php?detail/003008392665" "Mozilla/5.0 AppleWebKit/537.36 (KHTML, like Gecko; compatible; GPTBot/1.3; +https://openai.com/gptbot)"
57.141.6.4 - - [04/Mar/2026:06:22:17 -0600] "GET /?s=04114673855148b HTTP/1.1" 200 53879 "-" "meta-externalagent/1.1 (+https://developers.facebook.com/docs/sharing/webmasters/crawler)"
40.77.167.75 - - [04/Mar/2026:06:22:17 -0600] "GET /?y=1573055273 HTTP/1.1" 200 53879 "-" "Mozilla/5.0 AppleWebKit/537.36 (KHTML, like Gecko; compatible; bingbot/2.0; +http://www.bing.com/bingbot.htm) Chrome/116.0.1938.76 Safari/537.36"
74.7.227.41 - - [04/Mar/2026:06:22:17 -0600] "GET /goods.php?detail/10201123573534 HTTP/1.1" 404 16 "https://www.nassaugolf.com/goods.php?detail/102037118051" "Mozilla/5.0 AppleWebKit/537.36 (KHTML, like Gecko; compatible; GPTBot/1.3; +https://openai.com/gptbot)"
74.7.227.134 - - [04/Mar/2026:06:22:17 -0600] "GET /goods.php?detail/0980023248014 HTTP/1.1" 404 16 "https://www.nassaugolf.com" "Mozilla/5.0 AppleWebKit/537.36 (KHTML, like Gecko; compatible; GPTBot/1.3; +https://openai.com/gptbot)"
57.141.6.29 - - [04/Mar/2026:06:22:17 -0600] "GET /detail/929487421 HTTP/1.1" 404 - "-" "meta-externalagent/1.1 (+https://developers.facebook.com/docs/sharing/webmasters/crawler)"
74.7.227.134 - - [04/Mar/2026:06:22:18 -0600] "GET /goods.php?detail/2730199724797 HTTP/1.1" 404 16 "https://nassaugolf.com/goods.php?detail/157010656363" "Mozilla/5.0 AppleWebKit/537.36 (KHTML, like Gecko; compatible; GPTBot/1.3; +https://openai.com/gptbot)"
57.141.6.3 - - [04/Mar/2026:06:22:18 -0600] "GET /detail/72466750 HTTP/1.1" 404 - "-" "meta-externalagent/1.1 (+https://developers.facebook.com/docs/sharing/webmasters/crawler)"
74.7.227.41 - - [04/Mar/2026:06:22:18 -0600] "GET /goods.php?detail/01102075663567 HTTP/1.1" 404 16 "https://www.nassaugolf.com/goods.php?detail/078001605022" "Mozilla/5.0 AppleWebKit/537.36 (KHTML, like Gecko; compatible; GPTBot/1.3; +https://openai.com/gptbot)"
5.39.1.227 - - [04/Mar/2026:06:22:17 -0600] "GET /?fileloc=//lib64/libwbclient.so.0.16&path=//lib64 HTTP/1.1" 200 122103 "-" "Mozilla/5.0 (compatible; AhrefsBot/7.0; +http://ahrefs.com/robot/)"
40.77.167.75 - - [04/Mar/2026:06:22:18 -0600] "GET /?y=1707086764 HTTP/1.1" 200 53879 "-" "Mozilla/5.0 AppleWebKit/537.36 (KHTML, like Gecko; compatible; bingbot/2.0; +http://www.bing.com/bingbot.htm) Chrome/116.0.1938.76 Safari/537.36"
57.141.6.72 - - [04/Mar/2026:06:22:18 -0600] "GET /search/10202188a47e25/feed/rss2/ HTTP/1.1" 404 - "-" "meta-externalagent/1.1 (+https://developers.facebook.com/docs/sharing/webmasters/crawler)"
74.7.227.41 - - [04/Mar/2026:06:22:18 -0600] "GET /goods.php?detail/25403560324154 HTTP/1.1" 404 16 "https://www.nassaugolf.com/goods.php?detail/221005310663" "Mozilla/5.0 AppleWebKit/537.36 (KHTML, like Gecko; compatible; GPTBot/1.3; +https://openai.com/gptbot)"
74.7.227.134 - - [04/Mar/2026:06:22:18 -0600] "GET /goods.php?detail/1820024281899 HTTP/1.1" 404 16 "https://www.nassaugolf.com" "Mozilla/5.0 AppleWebKit/537.36 (KHTML, like Gecko; compatible; GPTBot/1.3; +https://openai.com/gptbot)"
74.7.227.134 - - [04/Mar/2026:06:22:19 -0600] "GET /goods.php?detail/2170243603002 HTTP/1.1" 404 16 "https://www.nassaugolf.com" "Mozilla/5.0 AppleWebKit/537.36 (KHTML, like Gecko; compatible; GPTBot/1.3; +https://openai.com/gptbot)"
74.7.227.41 - - [04/Mar/2026:06:22:19 -0600] "GET /goods.php?detail/09903296828687 HTTP/1.1" 404 16 "https://www.nassaugolf.com/goods.php?jp/242027016.html" "Mozilla/5.0 AppleWebKit/537.36 (KHTML, like Gecko; compatible; GPTBot/1.3; +https://openai.com/gptbot)"
57.141.6.37 - - [04/Mar/2026:06:22:19 -0600] "GET /?s=082123262469ad HTTP/1.1" 200 53879 "-" "meta-externalagent/1.1 (+https://developers.facebook.com/docs/sharing/webmasters/crawler)"
74.7.227.41 - - [04/Mar/2026:06:22:19 -0600] "GET /goods.php?detail/06300467114863 HTTP/1.1" 404 16 "https://www.nassaugolf.com/goods.php?detail/063010132612" "Mozilla/5.0 AppleWebKit/537.36 (KHTML, like Gecko; compatible; GPTBot/1.3; +https://openai.com/gptbot)"
74.7.227.134 - - [04/Mar/2026:06:22:19 -0600] "GET /goods.php?detail/1740115427178 HTTP/1.1" 404 16 "https://nassaugolf.com/goods.php?detail/106021074454" "Mozilla/5.0 AppleWebKit/537.36 (KHTML, like Gecko; compatible; GPTBot/1.3; +https://openai.com/gptbot)"
57.141.6.36 - - [04/Mar/2026:06:22:19 -0600] "GET /search/1210910935b9e9d/feed/rss2/ HTTP/1.1" 404 - "-" "meta-externalagent/1.1 (+https://developers.facebook.com/docs/sharing/webmasters/crawler)"
57.141.6.45 - - [04/Mar/2026:06:22:20 -0600] "GET /detail/575838392 HTTP/1.1" 404 - "-" "meta-externalagent/1.1 (+https://developers.facebook.com/docs/sharing/webmasters/crawler)"
74.7.227.41 - - [04/Mar/2026:06:22:20 -0600] "GET /goods.php?detail/02102353757470 HTTP/1.1" 404 16 "https://www.nassaugolf.com/goods.php?detail/242015752955" "Mozilla/5.0 AppleWebKit/537.36 (KHTML, like Gecko; compatible; GPTBot/1.3; +https://openai.com/gptbot)"
74.7.227.134 - - [04/Mar/2026:06:22:20 -0600] "GET /goods.php?detail/2510047511752 HTTP/1.1" 404 16 "https://www.nassaugolf.com" "Mozilla/5.0 AppleWebKit/537.36 (KHTML, like Gecko; compatible; GPTBot/1.3; +https://openai.com/gptbot)"
74.7.227.41 - - [04/Mar/2026:06:22:20 -0600] "GET /goods.php?detail/09301896339182 HTTP/1.1" 404 16 "https://www.nassaugolf.com/goods.php?detail/190000850350" "Mozilla/5.0 AppleWebKit/537.36 (KHTML, like Gecko; compatible; GPTBot/1.3; +https://openai.com/gptbot)"
74.7.227.134 - - [04/Mar/2026:06:22:20 -0600] "GET /goods.php?detail/1010035645690 HTTP/1.1" 404 16 "https://nassaugolf.com/goods.php?detail/101034600427" "Mozilla/5.0 AppleWebKit/537.36 (KHTML, like Gecko; compatible; GPTBot/1.3; +https://openai.com/gptbot)"
57.141.6.22 - - [04/Mar/2026:06:22:20 -0600] "GET /prize/14392712 HTTP/1.1" 404 - "-" "meta-externalagent/1.1 (+https://developers.facebook.com/docs/sharing/webmasters/crawler)"
57.141.6.65 - - [04/Mar/2026:06:22:20 -0600] "GET /search/111172290eb40c/feed/rss2/ HTTP/1.1" 404 - "-" "meta-externalagent/1.1 (+https://developers.facebook.com/docs/sharing/webmasters/crawler)"
74.7.227.41 - - [04/Mar/2026:06:22:21 -0600] "GET /goods.php?detail/09503935148051 HTTP/1.1" 404 16 "https://www.nassaugolf.com/goods.php?jp/010001603.html" "Mozilla/5.0 AppleWebKit/537.36 (KHTML, like Gecko; compatible; GPTBot/1.3; +https://openai.com/gptbot)"
74.7.227.134 - - [04/Mar/2026:06:22:21 -0600] "GET /goods.php?detail/2440324254371 HTTP/1.1" 404 16 "https://www.nassaugolf.com" "Mozilla/5.0 AppleWebKit/537.36 (KHTML, like Gecko; compatible; GPTBot/1.3; +https://openai.com/gptbot)"
57.141.6.31 - - [04/Mar/2026:06:22:21 -0600] "GET /search/0840458446bf4a/feed/rss2/ HTTP/1.1" 404 - "-" "meta-externalagent/1.1 (+https://developers.facebook.com/docs/sharing/webmasters/crawler)"
74.7.227.134 - - [04/Mar/2026:06:22:21 -0600] "GET /goods.php?detail/0880144641493 HTTP/1.1" 404 16 "https://www.nassaugolf.com" "Mozilla/5.0 AppleWebKit/537.36 (KHTML, like Gecko; compatible; GPTBot/1.3; +https://openai.com/gptbot)"
74.7.227.41 - - [04/Mar/2026:06:22:21 -0600] "GET /goods.php?detail/19301402443593 HTTP/1.1" 404 16 "https://www.nassaugolf.com/goods.php?detail/193021421311" "Mozilla/5.0 AppleWebKit/537.36 (KHTML, like Gecko; compatible; GPTBot/1.3; +https://openai.com/gptbot)"
57.141.6.23 - - [04/Mar/2026:06:22:21 -0600] "GET /detail/876006148 HTTP/1.1" 404 - "-" "meta-externalagent/1.1 (+https://developers.facebook.com/docs/sharing/webmasters/crawler)"
74.7.227.134 - - [04/Mar/2026:06:22:22 -0600] "GET /goods.php?detail/0440190958907 HTTP/1.1" 404 16 "https://www.nassaugolf.com" "Mozilla/5.0 AppleWebKit/537.36 (KHTML, like Gecko; compatible; GPTBot/1.3; +https://openai.com/gptbot)"
74.7.227.41 - - [04/Mar/2026:06:22:22 -0600] "GET /goods.php?detail/25100551366730 HTTP/1.1" 404 16 "https://www.nassaugolf.com/goods.php?detail/251009378587" "Mozilla/5.0 AppleWebKit/537.36 (KHTML, like Gecko; compatible; GPTBot/1.3; +https://openai.com/gptbot)"
57.141.6.8 - - [04/Mar/2026:06:22:22 -0600] "GET /search/0521785136ef13/feed/rss2/ HTTP/1.1" 404 - "-" "meta-externalagent/1.1 (+https://developers.facebook.com/docs/sharing/webmasters/crawler)"
74.7.227.134 - - [04/Mar/2026:06:22:22 -0600] "GET /goods.php?detail/2880184784544 HTTP/1.1" 404 16 "https://nassaugolf.com/goods.php?jp/100003520.html" "Mozilla/5.0 AppleWebKit/537.36 (KHTML, like Gecko; compatible; GPTBot/1.3; +https://openai.com/gptbot)"
74.7.227.41 - - [04/Mar/2026:06:22:22 -0600] "GET /goods.php?detail/03601787963136 HTTP/1.1" 404 16 "https://www.nassaugolf.com/goods.php?detail/030008107468" "Mozilla/5.0 AppleWebKit/537.36 (KHTML, like Gecko; compatible; GPTBot/1.3; +https://openai.com/gptbot)"
74.7.227.41 - - [04/Mar/2026:06:22:23 -0600] "GET /goods.php?detail/29701440707918 HTTP/1.1" 404 16 "https://www.nassaugolf.com/goods.php?detail/276015065026" "Mozilla/5.0 AppleWebKit/537.36 (KHTML, like Gecko; compatible; GPTBot/1.3; +https://openai.com/gptbot)"
74.7.227.134 - - [04/Mar/2026:06:22:23 -0600] "GET /goods.php?detail/1530015917933 HTTP/1.1" 404 16 "https://nassaugolf.com/goods.php?detail/153038364316" "Mozilla/5.0 AppleWebKit/537.36 (KHTML, like Gecko; compatible; GPTBot/1.3; +https://openai.com/gptbot)"
57.141.6.62 - - [04/Mar/2026:06:22:23 -0600] "GET /?s=021974062b09c4b HTTP/1.1" 200 53879 "-" "meta-externalagent/1.1 (+https://developers.facebook.com/docs/sharing/webmasters/crawler)"
57.141.6.13 - - [04/Mar/2026:06:22:23 -0600] "GET /search/03161253270e976/feed/rss2/ HTTP/1.1" 404 - "-" "meta-externalagent/1.1 (+https://developers.facebook.com/docs/sharing/webmasters/crawler)"
74.7.227.41 - - [04/Mar/2026:06:22:23 -0600] "GET /goods.php?detail/24403035011466 HTTP/1.1" 404 16 "https://www.nassaugolf.com/goods.php?detail/249018618427" "Mozilla/5.0 AppleWebKit/537.36 (KHTML, like Gecko; compatible; GPTBot/1.3; +https://openai.com/gptbot)"
74.7.227.134 - - [04/Mar/2026:06:22:23 -0600] "GET /goods.php?detail/2080133505408 HTTP/1.1" 404 16 "https://nassaugolf.com/goods.php?detail/208024121848" "Mozilla/5.0 AppleWebKit/537.36 (KHTML, like Gecko; compatible; GPTBot/1.3; +https://openai.com/gptbot)"
74.7.227.41 - - [04/Mar/2026:06:22:24 -0600] "GET /goods.php?detail/09602097476256 HTTP/1.1" 404 16 "https://www.nassaugolf.com/goods.php?goods/231041488" "Mozilla/5.0 AppleWebKit/537.36 (KHTML, like Gecko; compatible; GPTBot/1.3; +https://openai.com/gptbot)"
57.141.6.12 - - [04/Mar/2026:06:22:24 -0600] "GET /?s=021785884a3c104 HTTP/1.1" 200 53879 "-" "meta-externalagent/1.1 (+https://developers.facebook.com/docs/sharing/webmasters/crawler)"
57.141.6.48 - - [04/Mar/2026:06:22:24 -0600] "GET /search/03406015a3da6e/feed/rss2/ HTTP/1.1" 404 - "-" "meta-externalagent/1.1 (+https://developers.facebook.com/docs/sharing/webmasters/crawler)"
74.7.227.134 - - [04/Mar/2026:06:22:24 -0600] "GET /goods.php?detail/0070068332672 HTTP/1.1" 404 16 "https://www.nassaugolf.com" "Mozilla/5.0 AppleWebKit/537.36 (KHTML, like Gecko; compatible; GPTBot/1.3; +https://openai.com/gptbot)"
74.7.227.41 - - [04/Mar/2026:06:22:24 -0600] "GET /goods.php?detail/01401695656471 HTTP/1.1" 404 16 "https://www.nassaugolf.com/goods.php?detail/014045435856" "Mozilla/5.0 AppleWebKit/537.36 (KHTML, like Gecko; compatible; GPTBot/1.3; +https://openai.com/gptbot)"
74.7.227.134 - - [04/Mar/2026:06:22:24 -0600] "GET /goods.php?detail/0140184859424 HTTP/1.1" 404 16 "https://www.nassaugolf.com" "Mozilla/5.0 AppleWebKit/537.36 (KHTML, like Gecko; compatible; GPTBot/1.3; +https://openai.com/gptbot)"
57.141.6.59 - - [04/Mar/2026:06:22:25 -0600] "GET /search/1519581347c2c4c/feed/rss2/ HTTP/1.1" 404 - "-" "meta-externalagent/1.1 (+https://developers.facebook.com/docs/sharing/webmasters/crawler)"
74.7.227.134 - - [04/Mar/2026:06:22:25 -0600] "GET /goods.php?detail/0180390809760 HTTP/1.1" 404 16 "https://www.nassaugolf.com" "Mozilla/5.0 AppleWebKit/537.36 (KHTML, like Gecko; compatible; GPTBot/1.3; +https://openai.com/gptbot)"
74.7.227.41 - - [04/Mar/2026:06:22:25 -0600] "GET /goods.php?detail/21502754064264 HTTP/1.1" 404 16 "https://www.nassaugolf.com/goods.php?detail/055014509236" "Mozilla/5.0 AppleWebKit/537.36 (KHTML, like Gecko; compatible; GPTBot/1.3; +https://openai.com/gptbot)"
74.7.227.41 - - [04/Mar/2026:06:22:25 -0600] "GET /goods.php?detail/09800361670072 HTTP/1.1" 404 16 "https://www.nassaugolf.com/goods.php?detail/202016085200" "Mozilla/5.0 AppleWebKit/537.36 (KHTML, like Gecko; compatible; GPTBot/1.3; +https://openai.com/gptbot)"
74.7.227.134 - - [04/Mar/2026:06:22:25 -0600] "GET /goods.php?detail/2260206374021 HTTP/1.1" 404 16 "https://nassaugolf.com/goods.php?detail/157032322357" "Mozilla/5.0 AppleWebKit/537.36 (KHTML, like Gecko; compatible; GPTBot/1.3; +https://openai.com/gptbot)"
57.141.6.11 - - [04/Mar/2026:06:22:26 -0600] "GET /search/0415590458c2387/feed/rss2/ HTTP/1.1" 404 - "-" "meta-externalagent/1.1 (+https://developers.facebook.com/docs/sharing/webmasters/crawler)"
57.141.6.60 - - [04/Mar/2026:06:22:26 -0600] "GET /search/0510829104ee899/feed/rss2/ HTTP/1.1" 404 - "-" "meta-externalagent/1.1 (+https://developers.facebook.com/docs/sharing/webmasters/crawler)"
14.243.128.21 - - [04/Mar/2026:06:22:26 -0600] "GET /shop/page/5/?fileloc=%2Fhome%2Fnassaugo%2Fpublic_html%2Fwp-log1n.php%3F%3Fy%3D2131498867 HTTP/1.1" 404 - "-" "Mozilla/5.0 (Windows NT 6.1; Win64; x64) AppleWebKit/537.36 (KHTML, like Gecko) Chrome/101.0.4951.54 Safari/537.36"
74.7.227.41 - - [04/Mar/2026:06:22:26 -0600] "GET /goods.php?detail/27400812087749 HTTP/1.1" 404 16 "https://www.nassaugolf.com/goods.php?detail/274020789177" "Mozilla/5.0 AppleWebKit/537.36 (KHTML, like Gecko; compatible; GPTBot/1.3; +https://openai.com/gptbot)"
74.7.227.134 - - [04/Mar/2026:06:22:26 -0600] "GET /goods.php?detail/1680186591678 HTTP/1.1" 404 16 "https://nassaugolf.com/goods.php?detail/168019734649" "Mozilla/5.0 AppleWebKit/537.36 (KHTML, like Gecko; compatible; GPTBot/1.3; +https://openai.com/gptbot)"
57.141.6.24 - - [04/Mar/2026:06:22:26 -0600] "GET /search/04950790fd9c7c/feed/rss2/ HTTP/1.1" 404 - "-" "meta-externalagent/1.1 (+https://developers.facebook.com/docs/sharing/webmasters/crawler)"
57.141.6.27 - - [04/Mar/2026:06:22:26 -0600] "GET /search/088471309c2fd5/feed/rss2/ HTTP/1.1" 404 - "-" "meta-externalagent/1.1 (+https://developers.facebook.com/docs/sharing/webmasters/crawler)"
74.7.227.41 - - [04/Mar/2026:06:22:26 -0600] "GET /goods.php?detail/00600302358964 HTTP/1.1" 404 16 "https://www.nassaugolf.com/goods.php?detail/006009188038" "Mozilla/5.0 AppleWebKit/537.36 (KHTML, like Gecko; compatible; GPTBot/1.3; +https://openai.com/gptbot)"
74.7.227.134 - - [04/Mar/2026:06:22:26 -0600] "GET /goods.php?detail/0810110287729 HTTP/1.1" 404 16 "https://www.nassaugolf.com" "Mozilla/5.0 AppleWebKit/537.36 (KHTML, like Gecko; compatible; GPTBot/1.3; +https://openai.com/gptbot)"
74.7.227.41 - - [04/Mar/2026:06:22:27 -0600] "GET /goods.php?detail/25001512645169 HTTP/1.1" 404 16 "https://www.nassaugolf.com/goods.php?detail/143000833875" "Mozilla/5.0 AppleWebKit/537.36 (KHTML, like Gecko; compatible; GPTBot/1.3; +https://openai.com/gptbot)"
74.7.227.134 - - [04/Mar/2026:06:22:27 -0600] "GET /goods.php?detail/2340162526521 HTTP/1.1" 404 16 "https://nassaugolf.com/goods.php?detail/038032505198" "Mozilla/5.0 AppleWebKit/537.36 (KHTML, like Gecko; compatible; GPTBot/1.3; +https://openai.com/gptbot)"
74.7.227.41 - - [04/Mar/2026:06:22:27 -0600] "GET /goods.php?detail/20300870440319 HTTP/1.1" 404 16 "https://www.nassaugolf.com/goods.php?detail/2030366042310" "Mozilla/5.0 AppleWebKit/537.36 (KHTML, like Gecko; compatible; GPTBot/1.3; +https://openai.com/gptbot)"
74.7.227.134 - - [04/Mar/2026:06:22:28 -0600] "GET /goods.php?detail/2240091621522 HTTP/1.1" 404 16 "https://www.nassaugolf.com" "Mozilla/5.0 AppleWebKit/537.36 (KHTML, like Gecko; compatible; GPTBot/1.3; +https://openai.com/gptbot)"
57.141.6.34 - - [04/Mar/2026:06:22:27 -0600] "GET /?s=00132054df2d27 HTTP/1.1" 200 53879 "-" "meta-externalagent/1.1 (+https://developers.facebook.com/docs/sharing/webmasters/crawler)"
57.141.6.6 - - [04/Mar/2026:06:22:28 -0600] "GET /?s=061160404c2412c HTTP/1.1" 200 53879 "-" "meta-externalagent/1.1 (+https://developers.facebook.com/docs/sharing/webmasters/crawler)"
57.141.6.53 - - [04/Mar/2026:06:22:28 -0600] "GET /search/082291747b69b3f/feed/rss2/ HTTP/1.1" 404 - "-" "meta-externalagent/1.1 (+https://developers.facebook.com/docs/sharing/webmasters/crawler)"
74.7.227.41 - - [04/Mar/2026:06:22:28 -0600] "GET /goods.php?detail/28700568428556 HTTP/1.1" 404 16 "https://www.nassaugolf.com/goods.php?detail/134035753651" "Mozilla/5.0 AppleWebKit/537.36 (KHTML, like Gecko; compatible; GPTBot/1.3; +https://openai.com/gptbot)"
74.7.227.134 - - [04/Mar/2026:06:22:28 -0600] "GET /goods.php?detail/0520430588081 HTTP/1.1" 404 16 "https://www.nassaugolf.com" "Mozilla/5.0 AppleWebKit/537.36 (KHTML, like Gecko; compatible; GPTBot/1.3; +https://openai.com/gptbot)"
74.7.227.41 - - [04/Mar/2026:06:22:29 -0600] "GET /goods.php?detail/05101460569795 HTTP/1.1" 404 16 "https://www.nassaugolf.com/goods.php?detail/022029208157" "Mozilla/5.0 AppleWebKit/537.36 (KHTML, like Gecko; compatible; GPTBot/1.3; +https://openai.com/gptbot)"
74.7.227.134 - - [04/Mar/2026:06:22:29 -0600] "GET /goods.php?detail/2480160116117 HTTP/1.1" 404 16 "https://nassaugolf.com/goods.php?detail/220001141128" "Mozilla/5.0 AppleWebKit/537.36 (KHTML, like Gecko; compatible; GPTBot/1.3; +https://openai.com/gptbot)"
57.141.6.69 - - [04/Mar/2026:06:22:29 -0600] "GET /?s=016361189fc7d6 HTTP/1.1" 200 53879 "-" "meta-externalagent/1.1 (+https://developers.facebook.com/docs/sharing/webmasters/crawler)"
74.7.227.41 - - [04/Mar/2026:06:22:29 -0600] "GET /goods.php?detail/25001193632093 HTTP/1.1" 404 16 "https://www.nassaugolf.com/goods.php?detail/230033955301" "Mozilla/5.0 AppleWebKit/537.36 (KHTML, like Gecko; compatible; GPTBot/1.3; +https://openai.com/gptbot)"
57.141.6.66 - - [04/Mar/2026:06:22:29 -0600] "GET /search/122325208d72549/feed/rss2/ HTTP/1.1" 404 - "-" "meta-externalagent/1.1 (+https://developers.facebook.com/docs/sharing/webmasters/crawler)"
74.7.227.134 - - [04/Mar/2026:06:22:29 -0600] "GET /goods.php?detail/1710025108223 HTTP/1.1" 404 16 "https://nassaugolf.com/goods.php?goods/171014283" "Mozilla/5.0 AppleWebKit/537.36 (KHTML, like Gecko; compatible; GPTBot/1.3; +https://openai.com/gptbot)"
74.7.227.41 - - [04/Mar/2026:06:22:30 -0600] "GET /goods.php?detail/14304496174438 HTTP/1.1" 404 16 "https://www.nassaugolf.com/goods.php?detail/181018215687" "Mozilla/5.0 AppleWebKit/537.36 (KHTML, like Gecko; compatible; GPTBot/1.3; +https://openai.com/gptbot)"
74.7.227.134 - - [04/Mar/2026:06:22:30 -0600] "GET /goods.php?detail/1440340159393 HTTP/1.1" 404 16 "https://www.nassaugolf.com" "Mozilla/5.0 AppleWebKit/537.36 (KHTML, like Gecko; compatible; GPTBot/1.3; +https://openai.com/gptbot)"
57.141.6.49 - - [04/Mar/2026:06:22:29 -0600] "GET /?s=021507843639c37 HTTP/1.1" 200 53879 "-" "meta-externalagent/1.1 (+https://developers.facebook.com/docs/sharing/webmasters/crawler)"
57.141.6.27 - - [04/Mar/2026:06:22:30 -0600] "GET /search/0424947983b1d7c/feed/rss2/ HTTP/1.1" 404 - "-" "meta-externalagent/1.1 (+https://developers.facebook.com/docs/sharing/webmasters/crawler)"
74.7.227.41 - - [04/Mar/2026:06:22:30 -0600] "GET /goods.php?detail/18304132138250 HTTP/1.1" 404 16 "https://www.nassaugolf.com/goods.php?detail/034003416464" "Mozilla/5.0 AppleWebKit/537.36 (KHTML, like Gecko; compatible; GPTBot/1.3; +https://openai.com/gptbot)"
74.7.227.134 - - [04/Mar/2026:06:22:30 -0600] "GET /goods.php?detail/2990016163213 HTTP/1.1" 404 16 "https://www.nassaugolf.com" "Mozilla/5.0 AppleWebKit/537.36 (KHTML, like Gecko; compatible; GPTBot/1.3; +https://openai.com/gptbot)"
74.7.227.41 - - [04/Mar/2026:06:22:31 -0600] "GET /goods.php?detail/07104343091767 HTTP/1.1" 404 16 "https://www.nassaugolf.com/goods.php?detail/108013610214" "Mozilla/5.0 AppleWebKit/537.36 (KHTML, like Gecko; compatible; GPTBot/1.3; +https://openai.com/gptbot)"
74.7.227.134 - - [04/Mar/2026:06:22:31 -0600] "GET /goods.php?detail/2930433643796 HTTP/1.1" 404 16 "https://www.nassaugolf.com" "Mozilla/5.0 AppleWebKit/537.36 (KHTML, like Gecko; compatible; GPTBot/1.3; +https://openai.com/gptbot)"
57.141.6.1 - - [04/Mar/2026:06:22:31 -0600] "GET /search/105928424f6b59/feed/rss2/ HTTP/1.1" 404 - "-" "meta-externalagent/1.1 (+https://developers.facebook.com/docs/sharing/webmasters/crawler)"
74.7.227.41 - - [04/Mar/2026:06:22:31 -0600] "GET /goods.php?detail/17100448841756 HTTP/1.1" 404 16 "https://www.nassaugolf.com/goods.php?detail/1710080053577" "Mozilla/5.0 AppleWebKit/537.36 (KHTML, like Gecko; compatible; GPTBot/1.3; +https://openai.com/gptbot)"
74.7.227.134 - - [04/Mar/2026:06:22:31 -0600] "GET /goods.php?detail/2770010158023 HTTP/1.1" 404 16 "https://www.nassaugolf.com" "Mozilla/5.0 AppleWebKit/537.36 (KHTML, like Gecko; compatible; GPTBot/1.3; +https://openai.com/gptbot)"
57.141.6.19 - - [04/Mar/2026:06:22:31 -0600] "GET /?s=13129232511ce8b HTTP/1.1" 200 53879 "-" "meta-externalagent/1.1 (+https://developers.facebook.com/docs/sharing/webmasters/crawler)"
74.7.227.41 - - [04/Mar/2026:06:22:32 -0600] "GET /goods.php?detail/19300508570606 HTTP/1.1" 404 16 "https://www.nassaugolf.com/goods.php?detail/193015816186" "Mozilla/5.0 AppleWebKit/537.36 (KHTML, like Gecko; compatible; GPTBot/1.3; +https://openai.com/gptbot)"
74.7.227.134 - - [04/Mar/2026:06:22:32 -0600] "GET /goods.php?detail/1140115206852 HTTP/1.1" 404 16 "https://www.nassaugolf.com" "Mozilla/5.0 AppleWebKit/537.36 (KHTML, like Gecko; compatible; GPTBot/1.3; +https://openai.com/gptbot)"
57.141.6.60 - - [04/Mar/2026:06:22:32 -0600] "GET /?s=121275991814a19 HTTP/1.1" 200 53879 "-" "meta-externalagent/1.1 (+https://developers.facebook.com/docs/sharing/webmasters/crawler)"
74.7.227.41 - - [04/Mar/2026:06:22:32 -0600] "GET /goods.php?detail/24202587920512 HTTP/1.1" 404 16 "https://www.nassaugolf.com/goods.php?detail/127041295516" "Mozilla/5.0 AppleWebKit/537.36 (KHTML, like Gecko; compatible; GPTBot/1.3; +https://openai.com/gptbot)"
57.141.6.2 - - [04/Mar/2026:06:22:32 -0600] "GET /search/021749605deed20/feed/rss2/ HTTP/1.1" 404 - "-" "meta-externalagent/1.1 (+https://developers.facebook.com/docs/sharing/webmasters/crawler)"
74.7.227.134 - - [04/Mar/2026:06:22:32 -0600] "GET /goods.php?detail/2240193435223 HTTP/1.1" 404 16 "https://www.nassaugolf.com" "Mozilla/5.0 AppleWebKit/537.36 (KHTML, like Gecko; compatible; GPTBot/1.3; +https://openai.com/gptbot)"
57.141.6.42 - - [04/Mar/2026:06:22:33 -0600] "GET /detail/628413959 HTTP/1.1" 404 - "-" "meta-externalagent/1.1 (+https://developers.facebook.com/docs/sharing/webmasters/crawler)"
74.7.227.41 - - [04/Mar/2026:06:22:33 -0600] "GET /goods.php?detail/24300410898249 HTTP/1.1" 404 16 "https://www.nassaugolf.com/goods.php?detail/243022340457" "Mozilla/5.0 AppleWebKit/537.36 (KHTML, like Gecko; compatible; GPTBot/1.3; +https://openai.com/gptbot)"
74.7.227.134 - - [04/Mar/2026:06:22:33 -0600] "GET /goods.php?detail/0680029180956 HTTP/1.1" 404 16 "https://nassaugolf.com/goods.php?detail/068002868320" "Mozilla/5.0 AppleWebKit/537.36 (KHTML, like Gecko; compatible; GPTBot/1.3; +https://openai.com/gptbot)"
57.141.6.50 - - [04/Mar/2026:06:22:33 -0600] "GET /detail/39368119 HTTP/1.1" 404 - "-" "meta-externalagent/1.1 (+https://developers.facebook.com/docs/sharing/webmasters/crawler)"
74.7.227.41 - - [04/Mar/2026:06:22:33 -0600] "GET /goods.php?detail/02803593880521 HTTP/1.1" 404 16 "https://www.nassaugolf.com/goods.php?detail/028024412525" "Mozilla/5.0 AppleWebKit/537.36 (KHTML, like Gecko; compatible; GPTBot/1.3; +https://openai.com/gptbot)"
74.7.227.134 - - [04/Mar/2026:06:22:33 -0600] "GET /goods.php?detail/1610061647368 HTTP/1.1" 404 16 "https://nassaugolf.com/goods.php?detail/161012981034" "Mozilla/5.0 AppleWebKit/537.36 (KHTML, like Gecko; compatible; GPTBot/1.3; +https://openai.com/gptbot)"
57.141.6.70 - - [04/Mar/2026:06:22:34 -0600] "GET /search/12776202d5b3c7/feed/rss2/ HTTP/1.1" 404 - "-" "meta-externalagent/1.1 (+https://developers.facebook.com/docs/sharing/webmasters/crawler)"
74.7.227.41 - - [04/Mar/2026:06:22:34 -0600] "GET /goods.php?detail/04200599780203 HTTP/1.1" 404 16 "https://www.nassaugolf.com/goods.php?detail/110025500012" "Mozilla/5.0 AppleWebKit/537.36 (KHTML, like Gecko; compatible; GPTBot/1.3; +https://openai.com/gptbot)"
74.7.227.134 - - [04/Mar/2026:06:22:34 -0600] "GET /goods.php?detail/0730072800919 HTTP/1.1" 404 16 "https://www.nassaugolf.com" "Mozilla/5.0 AppleWebKit/537.36 (KHTML, like Gecko; compatible; GPTBot/1.3; +https://openai.com/gptbot)"
57.141.6.42 - - [04/Mar/2026:06:22:34 -0600] "GET /prize/13807423 HTTP/1.1" 404 - "-" "meta-externalagent/1.1 (+https://developers.facebook.com/docs/sharing/webmasters/crawler)"
74.7.227.41 - - [04/Mar/2026:06:22:34 -0600] "GET /goods.php?detail/02601164156457 HTTP/1.1" 404 16 "https://www.nassaugolf.com/goods.php?detail/2300302269289" "Mozilla/5.0 AppleWebKit/537.36 (KHTML, like Gecko; compatible; GPTBot/1.3; +https://openai.com/gptbot)"
74.7.227.134 - - [04/Mar/2026:06:22:34 -0600] "GET /goods.php?detail/0300169216308 HTTP/1.1" 404 16 "https://nassaugolf.com/goods.php?goods/136040257" "Mozilla/5.0 AppleWebKit/537.36 (KHTML, like Gecko; compatible; GPTBot/1.3; +https://openai.com/gptbot)"
57.141.6.68 - - [04/Mar/2026:06:22:34 -0600] "GET /?s=127480531e94e HTTP/1.1" 200 53879 "-" "meta-externalagent/1.1 (+https://developers.facebook.com/docs/sharing/webmasters/crawler)"
74.7.227.41 - - [04/Mar/2026:06:22:35 -0600] "GET /goods.php?detail/21602145225927 HTTP/1.1" 404 16 "https://www.nassaugolf.com/goods.php?detail/027001780949" "Mozilla/5.0 AppleWebKit/537.36 (KHTML, like Gecko; compatible; GPTBot/1.3; +https://openai.com/gptbot)"
74.7.227.134 - - [04/Mar/2026:06:22:35 -0600] "GET /goods.php?detail/0060072618864 HTTP/1.1" 404 16 "https://nassaugolf.com/goods.php?detail/006005343100" "Mozilla/5.0 AppleWebKit/537.36 (KHTML, like Gecko; compatible; GPTBot/1.3; +https://openai.com/gptbot)"
74.7.227.41 - - [04/Mar/2026:06:22:35 -0600] "GET /goods.php?detail/16602354422605 HTTP/1.1" 404 16 "https://www.nassaugolf.com/goods.php?detail/166026510419" "Mozilla/5.0 AppleWebKit/537.36 (KHTML, like Gecko; compatible; GPTBot/1.3; +https://openai.com/gptbot)"
57.141.6.8 - - [04/Mar/2026:06:22:35 -0600] "GET /?s=0898393e874a2 HTTP/1.1" 200 53879 "-" "meta-externalagent/1.1 (+https://developers.facebook.com/docs/sharing/webmasters/crawler)"
74.7.227.134 - - [04/Mar/2026:06:22:36 -0600] "GET /goods.php?detail/0600206921159 HTTP/1.1" 404 16 "https://www.nassaugolf.com" "Mozilla/5.0 AppleWebKit/537.36 (KHTML, like Gecko; compatible; GPTBot/1.3; +https://openai.com/gptbot)"
57.141.6.70 - - [04/Mar/2026:06:22:36 -0600] "GET /search/0465945288d8c9/feed/rss2/ HTTP/1.1" 404 - "-" "meta-externalagent/1.1 (+https://developers.facebook.com/docs/sharing/webmasters/crawler)"
74.7.227.41 - - [04/Mar/2026:06:22:36 -0600] "GET /goods.php?detail/04504735781034 HTTP/1.1" 404 16 "https://www.nassaugolf.com/goods.php?detail/026000073646" "Mozilla/5.0 AppleWebKit/537.36 (KHTML, like Gecko; compatible; GPTBot/1.3; +https://openai.com/gptbot)"
74.7.227.134 - - [04/Mar/2026:06:22:36 -0600] "GET /goods.php?detail/1130122139550 HTTP/1.1" 404 16 "https://www.nassaugolf.com" "Mozilla/5.0 AppleWebKit/537.36 (KHTML, like Gecko; compatible; GPTBot/1.3; +https://openai.com/gptbot)"
57.141.6.51 - - [04/Mar/2026:06:22:36 -0600] "GET /search/05359563d7a56d/feed/rss2/ HTTP/1.1" 404 - "-" "meta-externalagent/1.1 (+https://developers.facebook.com/docs/sharing/webmasters/crawler)"
74.7.227.41 - - [04/Mar/2026:06:22:36 -0600] "GET /goods.php?detail/23401024163540 HTTP/1.1" 404 16 "https://www.nassaugolf.com/goods.php?detail/045012550032" "Mozilla/5.0 AppleWebKit/537.36 (KHTML, like Gecko; compatible; GPTBot/1.3; +https://openai.com/gptbot)"
74.7.227.134 - - [04/Mar/2026:06:22:37 -0600] "GET /goods.php?detail/0380105605460 HTTP/1.1" 404 16 "https://www.nassaugolf.com" "Mozilla/5.0 AppleWebKit/537.36 (KHTML, like Gecko; compatible; GPTBot/1.3; +https://openai.com/gptbot)"
74.7.227.41 - - [04/Mar/2026:06:22:37 -0600] "GET /goods.php?detail/19203853819322 HTTP/1.1" 404 16 "https://www.nassaugolf.com/goods.php?detail/192042099554" "Mozilla/5.0 AppleWebKit/537.36 (KHTML, like Gecko; compatible; GPTBot/1.3; +https://openai.com/gptbot)"
57.141.6.16 - - [04/Mar/2026:06:22:37 -0600] "GET /search/02995894bf5070/feed/rss2/ HTTP/1.1" 404 - "-" "meta-externalagent/1.1 (+https://developers.facebook.com/docs/sharing/webmasters/crawler)"
57.141.6.18 - - [04/Mar/2026:06:22:37 -0600] "GET /search/0215595851986da/feed/rss2/ HTTP/1.1" 404 - "-" "meta-externalagent/1.1 (+https://developers.facebook.com/docs/sharing/webmasters/crawler)"
74.7.227.134 - - [04/Mar/2026:06:22:37 -0600] "GET /goods.php?detail/2010128942392 HTTP/1.1" 404 16 "https://nassaugolf.com/goods.php?detail/201044433967" "Mozilla/5.0 AppleWebKit/537.36 (KHTML, like Gecko; compatible; GPTBot/1.3; +https://openai.com/gptbot)"
57.141.6.42 - - [04/Mar/2026:06:22:37 -0600] "GET /search/0248777028e5fd/feed/rss2/ HTTP/1.1" 404 - "-" "meta-externalagent/1.1 (+https://developers.facebook.com/docs/sharing/webmasters/crawler)"
74.7.227.41 - - [04/Mar/2026:06:22:37 -0600] "GET /goods.php?detail/20200800735917 HTTP/1.1" 404 16 "https://www.nassaugolf.com/goods.php?detail/202002303173" "Mozilla/5.0 AppleWebKit/537.36 (KHTML, like Gecko; compatible; GPTBot/1.3; +https://openai.com/gptbot)"
74.7.227.134 - - [04/Mar/2026:06:22:38 -0600] "GET /goods.php?detail/0010022685217 HTTP/1.1" 404 16 "https://www.nassaugolf.com" "Mozilla/5.0 AppleWebKit/537.36 (KHTML, like Gecko; compatible; GPTBot/1.3; +https://openai.com/gptbot)"
74.7.227.41 - - [04/Mar/2026:06:22:38 -0600] "GET /goods.php?detail/07300520806524 HTTP/1.1" 404 16 "https://www.nassaugolf.com/goods.php?detail/112047440544" "Mozilla/5.0 AppleWebKit/537.36 (KHTML, like Gecko; compatible; GPTBot/1.3; +https://openai.com/gptbot)"
57.141.6.32 - - [04/Mar/2026:06:22:38 -0600] "GET /search/0755535189c4da/feed/rss2/ HTTP/1.1" 404 - "-" "meta-externalagent/1.1 (+https://developers.facebook.com/docs/sharing/webmasters/crawler)"
74.7.227.134 - - [04/Mar/2026:06:22:38 -0600] "GET /goods.php?detail/2250165605688 HTTP/1.1" 404 16 "https://www.nassaugolf.com" "Mozilla/5.0 AppleWebKit/537.36 (KHTML, like Gecko; compatible; GPTBot/1.3; +https://openai.com/gptbot)"
74.7.227.41 - - [04/Mar/2026:06:22:39 -0600] "GET /goods.php?detail/29801824949343 HTTP/1.1" 404 16 "https://www.nassaugolf.com/goods.php?detail/298048442498" "Mozilla/5.0 AppleWebKit/537.36 (KHTML, like Gecko; compatible; GPTBot/1.3; +https://openai.com/gptbot)"
57.141.6.32 - - [04/Mar/2026:06:22:39 -0600] "GET /search/05400778ae1b55/feed/rss2/ HTTP/1.1" 404 - "-" "meta-externalagent/1.1 (+https://developers.facebook.com/docs/sharing/webmasters/crawler)"
40.77.167.247 - - [04/Mar/2026:06:22:39 -0600] "GET /?y=533553086 HTTP/1.1" 200 53879 "-" "Mozilla/5.0 AppleWebKit/537.36 (KHTML, like Gecko; compatible; bingbot/2.0; +http://www.bing.com/bingbot.htm) Chrome/116.0.1938.76 Safari/537.36"
74.7.227.134 - - [04/Mar/2026:06:22:39 -0600] "GET /goods.php?detail/2720288320996 HTTP/1.1" 404 16 "https://nassaugolf.com/goods.php?detail/264027106864" "Mozilla/5.0 AppleWebKit/537.36 (KHTML, like Gecko; compatible; GPTBot/1.3; +https://openai.com/gptbot)"
74.7.227.41 - - [04/Mar/2026:06:22:39 -0600] "GET /goods.php?detail/02202951760175 HTTP/1.1" 404 16 "https://www.nassaugolf.com/goods.php?detail/022003091060" "Mozilla/5.0 AppleWebKit/537.36 (KHTML, like Gecko; compatible; GPTBot/1.3; +https://openai.com/gptbot)"
74.7.227.134 - - [04/Mar/2026:06:22:39 -0600] "GET /goods.php?detail/0790300547942 HTTP/1.1" 404 16 "https://nassaugolf.com/goods.php?detail/079044783401" "Mozilla/5.0 AppleWebKit/537.36 (KHTML, like Gecko; compatible; GPTBot/1.3; +https://openai.com/gptbot)"
57.141.6.48 - - [04/Mar/2026:06:22:39 -0600] "GET /search/0414112278a8956/feed/rss2/ HTTP/1.1" 404 - "-" "meta-externalagent/1.1 (+https://developers.facebook.com/docs/sharing/webmasters/crawler)"
74.7.227.41 - - [04/Mar/2026:06:22:40 -0600] "GET /goods.php?detail/11700712489247 HTTP/1.1" 404 16 "https://www.nassaugolf.com/goods.php?detail/117046536359" "Mozilla/5.0 AppleWebKit/537.36 (KHTML, like Gecko; compatible; GPTBot/1.3; +https://openai.com/gptbot)"
57.141.6.9 - - [04/Mar/2026:06:22:40 -0600] "GET /search/05314370303c19/feed/rss2/ HTTP/1.1" 404 - "-" "meta-externalagent/1.1 (+https://developers.facebook.com/docs/sharing/webmasters/crawler)"
74.7.227.134 - - [04/Mar/2026:06:22:40 -0600] "GET /goods.php?detail/2330260895633 HTTP/1.1" 404 16 "https://nassaugolf.com/goods.php?detail/233015928169" "Mozilla/5.0 AppleWebKit/537.36 (KHTML, like Gecko; compatible; GPTBot/1.3; +https://openai.com/gptbot)"
57.141.6.7 - - [04/Mar/2026:06:22:40 -0600] "GET /prize/20792289 HTTP/1.1" 404 - "-" "meta-externalagent/1.1 (+https://developers.facebook.com/docs/sharing/webmasters/crawler)"
74.7.227.41 - - [04/Mar/2026:06:22:40 -0600] "GET /goods.php?detail/03903696329852 HTTP/1.1" 404 16 "https://www.nassaugolf.com/goods.php?detail/051014142050" "Mozilla/5.0 AppleWebKit/537.36 (KHTML, like Gecko; compatible; GPTBot/1.3; +https://openai.com/gptbot)"
74.7.227.134 - - [04/Mar/2026:06:22:40 -0600] "GET /goods.php?detail/2800113311065 HTTP/1.1" 404 16 "https://nassaugolf.com/goods.php?detail/280028222469" "Mozilla/5.0 AppleWebKit/537.36 (KHTML, like Gecko; compatible; GPTBot/1.3; +https://openai.com/gptbot)"
57.141.6.32 - - [04/Mar/2026:06:22:40 -0600] "GET /search/15384056833653/feed/rss2/ HTTP/1.1" 404 - "-" "meta-externalagent/1.1 (+https://developers.facebook.com/docs/sharing/webmasters/crawler)"
74.7.227.41 - - [04/Mar/2026:06:22:41 -0600] "GET /goods.php?detail/15804785252072 HTTP/1.1" 404 16 "https://www.nassaugolf.com/goods.php?detail/030011064410" "Mozilla/5.0 AppleWebKit/537.36 (KHTML, like Gecko; compatible; GPTBot/1.3; +https://openai.com/gptbot)"
74.7.227.134 - - [04/Mar/2026:06:22:41 -0600] "GET /goods.php?detail/0110060614372 HTTP/1.1" 404 16 "https://nassaugolf.com/goods.php?detail/0110252015614" "Mozilla/5.0 AppleWebKit/537.36 (KHTML, like Gecko; compatible; GPTBot/1.3; +https://openai.com/gptbot)"
74.7.227.41 - - [04/Mar/2026:06:22:41 -0600] "GET /goods.php?detail/06900491649312 HTTP/1.1" 404 16 "https://www.nassaugolf.com/goods.php?detail/069044510355" "Mozilla/5.0 AppleWebKit/537.36 (KHTML, like Gecko; compatible; GPTBot/1.3; +https://openai.com/gptbot)"
74.7.227.134 - - [04/Mar/2026:06:22:41 -0600] "GET /goods.php?detail/0330397272829 HTTP/1.1" 404 16 "https://nassaugolf.com/goods.php?detail/092044194044" "Mozilla/5.0 AppleWebKit/537.36 (KHTML, like Gecko; compatible; GPTBot/1.3; +https://openai.com/gptbot)"
57.141.6.51 - - [04/Mar/2026:06:22:41 -0600] "GET /search/0522779305b2934/feed/rss2/ HTTP/1.1" 404 - "-" "meta-externalagent/1.1 (+https://developers.facebook.com/docs/sharing/webmasters/crawler)"
74.7.227.41 - - [04/Mar/2026:06:22:42 -0600] "GET /goods.php?detail/03001305029817 HTTP/1.1" 404 16 "https://www.nassaugolf.com/goods.php?detail/2120312652352" "Mozilla/5.0 AppleWebKit/537.36 (KHTML, like Gecko; compatible; GPTBot/1.3; +https://openai.com/gptbot)"
57.141.6.64 - - [04/Mar/2026:06:22:42 -0600] "GET /search/14240252148ee83/feed/rss2/ HTTP/1.1" 404 - "-" "meta-externalagent/1.1 (+https://developers.facebook.com/docs/sharing/webmasters/crawler)"
74.7.227.134 - - [04/Mar/2026:06:22:42 -0600] "GET /goods.php?detail/2280342782898 HTTP/1.1" 404 16 "https://www.nassaugolf.com" "Mozilla/5.0 AppleWebKit/537.36 (KHTML, like Gecko; compatible; GPTBot/1.3; +https://openai.com/gptbot)"
74.7.227.41 - - [04/Mar/2026:06:22:42 -0600] "GET /goods.php?detail/17800157898769 HTTP/1.1" 404 16 "https://www.nassaugolf.com/goods.php?detail/178026217155" "Mozilla/5.0 AppleWebKit/537.36 (KHTML, like Gecko; compatible; GPTBot/1.3; +https://openai.com/gptbot)"
74.7.227.134 - - [04/Mar/2026:06:22:42 -0600] "GET /goods.php?detail/1690360339811 HTTP/1.1" 404 16 "https://www.nassaugolf.com" "Mozilla/5.0 AppleWebKit/537.36 (KHTML, like Gecko; compatible; GPTBot/1.3; +https://openai.com/gptbot)"
57.141.6.49 - - [04/Mar/2026:06:22:42 -0600] "GET /search/09228607a542e2/feed/rss2/ HTTP/1.1" 404 - "-" "meta-externalagent/1.1 (+https://developers.facebook.com/docs/sharing/webmasters/crawler)"
57.141.6.6 - - [04/Mar/2026:06:22:43 -0600] "GET /search/071475907ffc312/feed/rss2/ HTTP/1.1" 404 - "-" "meta-externalagent/1.1 (+https://developers.facebook.com/docs/sharing/webmasters/crawler)"
74.7.227.41 - - [04/Mar/2026:06:22:43 -0600] "GET /goods.php?detail/17403274643161 HTTP/1.1" 404 16 "https://www.nassaugolf.com/goods.php?goods/174048551" "Mozilla/5.0 AppleWebKit/537.36 (KHTML, like Gecko; compatible; GPTBot/1.3; +https://openai.com/gptbot)"
74.7.227.134 - - [04/Mar/2026:06:22:43 -0600] "GET /goods.php?detail/1090313363325 HTTP/1.1" 404 16 "https://nassaugolf.com/goods.php?detail/1010037075970" "Mozilla/5.0 AppleWebKit/537.36 (KHTML, like Gecko; compatible; GPTBot/1.3; +https://openai.com/gptbot)"
57.141.6.1 - - [04/Mar/2026:06:22:43 -0600] "GET /search/021599178ff9319/feed/rss2/ HTTP/1.1" 404 - "-" "meta-externalagent/1.1 (+https://developers.facebook.com/docs/sharing/webmasters/crawler)"
74.7.227.41 - - [04/Mar/2026:06:22:43 -0600] "GET /goods.php?detail/07902330468070 HTTP/1.1" 404 16 "https://www.nassaugolf.com/goods.php?detail/079035760056" "Mozilla/5.0 AppleWebKit/537.36 (KHTML, like Gecko; compatible; GPTBot/1.3; +https://openai.com/gptbot)"
74.7.227.134 - - [04/Mar/2026:06:22:43 -0600] "GET /goods.php?detail/1220236620679 HTTP/1.1" 404 16 "https://www.nassaugolf.com" "Mozilla/5.0 AppleWebKit/537.36 (KHTML, like Gecko; compatible; GPTBot/1.3; +https://openai.com/gptbot)"
57.141.6.64 - - [04/Mar/2026:06:22:44 -0600] "GET /search/0016457756325a6/feed/rss2/ HTTP/1.1" 404 - "-" "meta-externalagent/1.1 (+https://developers.facebook.com/docs/sharing/webmasters/crawler)"
57.141.6.33 - - [04/Mar/2026:06:22:44 -0600] "GET /search/0683716238e7a9/feed/rss2/ HTTP/1.1" 404 - "-" "meta-externalagent/1.1 (+https://developers.facebook.com/docs/sharing/webmasters/crawler)"
74.7.227.134 - - [04/Mar/2026:06:22:44 -0600] "GET /goods.php?detail/0880073910816 HTTP/1.1" 404 16 "https://nassaugolf.com/goods.php?detail/08800156111022" "Mozilla/5.0 AppleWebKit/537.36 (KHTML, like Gecko; compatible; GPTBot/1.3; +https://openai.com/gptbot)"
74.7.227.41 - - [04/Mar/2026:06:22:44 -0600] "GET /goods.php?detail/10102026734362 HTTP/1.1" 404 16 "https://www.nassaugolf.com/goods.php?detail/2620226049424" "Mozilla/5.0 AppleWebKit/537.36 (KHTML, like Gecko; compatible; GPTBot/1.3; +https://openai.com/gptbot)"
74.7.227.134 - - [04/Mar/2026:06:22:45 -0600] "GET /goods.php?detail/1420011761486 HTTP/1.1" 404 16 "https://nassaugolf.com/goods.php?detail/142037175371" "Mozilla/5.0 AppleWebKit/537.36 (KHTML, like Gecko; compatible; GPTBot/1.3; +https://openai.com/gptbot)"
74.7.227.41 - - [04/Mar/2026:06:22:45 -0600] "GET /goods.php?detail/27900290343317 HTTP/1.1" 404 16 "https://www.nassaugolf.com/goods.php?detail/279004027232" "Mozilla/5.0 AppleWebKit/537.36 (KHTML, like Gecko; compatible; GPTBot/1.3; +https://openai.com/gptbot)"
57.141.6.49 - - [04/Mar/2026:06:22:45 -0600] "GET /search/0418773309f1ff2/feed/rss2/ HTTP/1.1" 404 - "-" "meta-externalagent/1.1 (+https://developers.facebook.com/docs/sharing/webmasters/crawler)"
74.7.227.134 - - [04/Mar/2026:06:22:45 -0600] "GET /goods.php?detail/1310312352926 HTTP/1.1" 404 16 "https://nassaugolf.com/goods.php?goods/216033573" "Mozilla/5.0 AppleWebKit/537.36 (KHTML, like Gecko; compatible; GPTBot/1.3; +https://openai.com/gptbot)"
74.7.227.41 - - [04/Mar/2026:06:22:45 -0600] "GET /goods.php?detail/19800679731733 HTTP/1.1" 404 16 "https://www.nassaugolf.com/goods.php?detail/016016911773" "Mozilla/5.0 AppleWebKit/537.36 (KHTML, like Gecko; compatible; GPTBot/1.3; +https://openai.com/gptbot)"
57.141.6.67 - - [04/Mar/2026:06:22:45 -0600] "GET /search/01204789a99bb8/feed/rss2/ HTTP/1.1" 404 - "-" "meta-externalagent/1.1 (+https://developers.facebook.com/docs/sharing/webmasters/crawler)"
146.174.191.77 - - [04/Mar/2026:06:22:45 -0600] "GET /programming/v235 HTTP/1.1" 404 - "-" "Mozilla/5.0 (X11; U; Linux x86_64; en-US) AppleWebKit/532.9 (KHTML, like Gecko) Chrome/5.0.308.0 Safari/532.9"
74.7.227.134 - - [04/Mar/2026:06:22:46 -0600] "GET /goods.php?detail/0460011380738 HTTP/1.1" 404 16 "https://www.nassaugolf.com" "Mozilla/5.0 AppleWebKit/537.36 (KHTML, like Gecko; compatible; GPTBot/1.3; +https://openai.com/gptbot)"
74.7.227.41 - - [04/Mar/2026:06:22:46 -0600] "GET /goods.php?detail/18501779794108 HTTP/1.1" 404 16 "https://www.nassaugolf.com/goods.php?detail/248002495012" "Mozilla/5.0 AppleWebKit/537.36 (KHTML, like Gecko; compatible; GPTBot/1.3; +https://openai.com/gptbot)"
57.141.6.21 - - [04/Mar/2026:06:22:46 -0600] "GET /search/00170654772dd78/feed/rss2/ HTTP/1.1" 404 - "-" "meta-externalagent/1.1 (+https://developers.facebook.com/docs/sharing/webmasters/crawler)"
74.7.227.134 - - [04/Mar/2026:06:22:46 -0600] "GET /goods.php?detail/0710141566142 HTTP/1.1" 404 16 "https://www.nassaugolf.com" "Mozilla/5.0 AppleWebKit/537.36 (KHTML, like Gecko; compatible; GPTBot/1.3; +https://openai.com/gptbot)"
74.7.227.41 - - [04/Mar/2026:06:22:46 -0600] "GET /goods.php?detail/00500162690342 HTTP/1.1" 404 16 "https://www.nassaugolf.com/goods.php?detail/0050016527225" "Mozilla/5.0 AppleWebKit/537.36 (KHTML, like Gecko; compatible; GPTBot/1.3; +https://openai.com/gptbot)"
57.141.6.13 - - [04/Mar/2026:06:22:46 -0600] "GET /prize/29395367 HTTP/1.1" 404 - "-" "meta-externalagent/1.1 (+https://developers.facebook.com/docs/sharing/webmasters/crawler)"
74.7.227.134 - - [04/Mar/2026:06:22:47 -0600] "GET /goods.php?detail/1060105767038 HTTP/1.1" 404 16 "https://www.nassaugolf.com" "Mozilla/5.0 AppleWebKit/537.36 (KHTML, like Gecko; compatible; GPTBot/1.3; +https://openai.com/gptbot)"
74.7.227.41 - - [04/Mar/2026:06:22:47 -0600] "GET /goods.php?detail/00901501640324 HTTP/1.1" 404 16 "https://www.nassaugolf.com/goods.php?detail/235005250631" "Mozilla/5.0 AppleWebKit/537.36 (KHTML, like Gecko; compatible; GPTBot/1.3; +https://openai.com/gptbot)"
57.141.6.44 - - [04/Mar/2026:06:22:47 -0600] "GET /search/041381923064592/feed/rss2/ HTTP/1.1" 404 - "-" "meta-externalagent/1.1 (+https://developers.facebook.com/docs/sharing/webmasters/crawler)"
57.141.6.37 - - [04/Mar/2026:06:22:47 -0600] "GET /?s=082004875ee8612 HTTP/1.1" 200 53879 "-" "meta-externalagent/1.1 (+https://developers.facebook.com/docs/sharing/webmasters/crawler)"
74.7.227.134 - - [04/Mar/2026:06:22:47 -0600] "GET /goods.php?detail/0730350439031 HTTP/1.1" 404 16 "https://nassaugolf.com/goods.php?detail/120017060112" "Mozilla/5.0 AppleWebKit/537.36 (KHTML, like Gecko; compatible; GPTBot/1.3; +https://openai.com/gptbot)"
114.119.142.43 - - [04/Mar/2026:06:22:47 -0600] "GET /delivery/e174?pid=3726 HTTP/1.1" 404 - "https://nassaugolf.com/sitemap269.xml" "Mozilla/5.0 (Linux; Android 7.0;) AppleWebKit/537.36 (KHTML, like Gecko) Mobile Safari/537.36 (compatible; PetalBot;+https://webmaster.petalsearch.com/site/petalbot)"
74.7.227.41 - - [04/Mar/2026:06:22:47 -0600] "GET /goods.php?detail/04200280067859 HTTP/1.1" 404 16 "https://www.nassaugolf.com/goods.php?detail/241042925444" "Mozilla/5.0 AppleWebKit/537.36 (KHTML, like Gecko; compatible; GPTBot/1.3; +https://openai.com/gptbot)"
57.141.6.65 - - [04/Mar/2026:06:22:48 -0600] "GET /search/01525864efa210/feed/rss2/ HTTP/1.1" 404 - "-" "meta-externalagent/1.1 (+https://developers.facebook.com/docs/sharing/webmasters/crawler)"
74.7.227.134 - - [04/Mar/2026:06:22:48 -0600] "GET /goods.php?detail/0170281015042 HTTP/1.1" 404 16 "https://www.nassaugolf.com" "Mozilla/5.0 AppleWebKit/537.36 (KHTML, like Gecko; compatible; GPTBot/1.3; +https://openai.com/gptbot)"
74.7.227.41 - - [04/Mar/2026:06:22:48 -0600] "GET /goods.php?detail/16603483342248 HTTP/1.1" 404 16 "https://www.nassaugolf.com/goods.php?detail/183029295987" "Mozilla/5.0 AppleWebKit/537.36 (KHTML, like Gecko; compatible; GPTBot/1.3; +https://openai.com/gptbot)"
74.7.227.134 - - [04/Mar/2026:06:22:48 -0600] "GET /goods.php?detail/0410400296182 HTTP/1.1" 404 16 "https://www.nassaugolf.com" "Mozilla/5.0 AppleWebKit/537.36 (KHTML, like Gecko; compatible; GPTBot/1.3; +https://openai.com/gptbot)"
74.7.227.41 - - [04/Mar/2026:06:22:48 -0600] "GET /goods.php?detail/25702096806259 HTTP/1.1" 404 16 "https://www.nassaugolf.com/goods.php?detail/202001148039" "Mozilla/5.0 AppleWebKit/537.36 (KHTML, like Gecko; compatible; GPTBot/1.3; +https://openai.com/gptbot)"
57.141.6.54 - - [04/Mar/2026:06:22:49 -0600] "GET /search/00860940b61de7/feed/rss2/ HTTP/1.1" 404 - "-" "meta-externalagent/1.1 (+https://developers.facebook.com/docs/sharing/webmasters/crawler)"
74.7.227.134 - - [04/Mar/2026:06:22:49 -0600] "GET /goods.php?detail/2880144728948 HTTP/1.1" 404 16 "https://nassaugolf.com/goods.php?detail/288015684488" "Mozilla/5.0 AppleWebKit/537.36 (KHTML, like Gecko; compatible; GPTBot/1.3; +https://openai.com/gptbot)"
57.141.6.54 - - [04/Mar/2026:06:22:49 -0600] "GET /?s=00104432340009d HTTP/1.1" 200 53879 "-" "meta-externalagent/1.1 (+https://developers.facebook.com/docs/sharing/webmasters/crawler)"
74.7.227.41 - - [04/Mar/2026:06:22:49 -0600] "GET /goods.php?detail/21400215824315 HTTP/1.1" 404 16 "https://www.nassaugolf.com/goods.php?jp/122009392.html" "Mozilla/5.0 AppleWebKit/537.36 (KHTML, like Gecko; compatible; GPTBot/1.3; +https://openai.com/gptbot)"
57.141.6.62 - - [04/Mar/2026:06:22:49 -0600] "GET /search/07684845f7358c/feed/rss2/ HTTP/1.1" 404 - "-" "meta-externalagent/1.1 (+https://developers.facebook.com/docs/sharing/webmasters/crawler)"
74.7.227.134 - - [04/Mar/2026:06:22:49 -0600] "GET /goods.php?detail/0020051133963 HTTP/1.1" 404 16 "https://nassaugolf.com/goods.php?detail/002028761975" "Mozilla/5.0 AppleWebKit/537.36 (KHTML, like Gecko; compatible; GPTBot/1.3; +https://openai.com/gptbot)"
74.7.227.41 - - [04/Mar/2026:06:22:49 -0600] "GET /goods.php?detail/17603223970923 HTTP/1.1" 404 16 "https://www.nassaugolf.com/goods.php?detail/295010624621" "Mozilla/5.0 AppleWebKit/537.36 (KHTML, like Gecko; compatible; GPTBot/1.3; +https://openai.com/gptbot)"
57.141.6.66 - - [04/Mar/2026:06:22:50 -0600] "GET /search/03142621ad97ad/feed/rss2/ HTTP/1.1" 404 - "-" "meta-externalagent/1.1 (+https://developers.facebook.com/docs/sharing/webmasters/crawler)"
74.7.227.41 - - [04/Mar/2026:06:22:50 -0600] "GET /goods.php?detail/26601246947194 HTTP/1.1" 404 16 "https://www.nassaugolf.com/goods.php?detail/007009560879" "Mozilla/5.0 AppleWebKit/537.36 (KHTML, like Gecko; compatible; GPTBot/1.3; +https://openai.com/gptbot)"
74.7.227.134 - - [04/Mar/2026:06:22:50 -0600] "GET /goods.php?detail/0670112970410 HTTP/1.1" 404 16 "https://nassaugolf.com/goods.php?detail/251028354440" "Mozilla/5.0 AppleWebKit/537.36 (KHTML, like Gecko; compatible; GPTBot/1.3; +https://openai.com/gptbot)"
74.7.227.41 - - [04/Mar/2026:06:22:50 -0600] "GET /goods.php?detail/14001026073860 HTTP/1.1" 404 16 "https://www.nassaugolf.com/goods.php?goods/004007815" "Mozilla/5.0 AppleWebKit/537.36 (KHTML, like Gecko; compatible; GPTBot/1.3; +https://openai.com/gptbot)"
