57.141.6.61 - - [04/Mar/2026:06:16:26 -0600] "GET /search/012182840775aae/feed/rss2/ HTTP/1.1" 404 - "-" "meta-externalagent/1.1 (+https://developers.facebook.com/docs/sharing/webmasters/crawler)"
216.73.216.47 - - [04/Mar/2026:06:16:26 -0600] "GET /?fileloc=%2Fhome%2Fnassaugo%2Fpublic_html%2Fwp-includes%2Fcustomize%2Fclass-wp-customize-themes-section.php&path=%2Fhome%2Fnassaugo%2Fpublic_html%2Fwp-includes%2Fcustomize HTTP/1.1" 200 21118 "-" "Mozilla/5.0 AppleWebKit/537.36 (KHTML, like Gecko; compatible; ClaudeBot/1.0; +claudebot@anthropic.com)"
57.141.6.3 - - [04/Mar/2026:06:16:26 -0600] "GET /search/1219939290bbeb4/feed/rss2/ HTTP/1.1" 404 - "-" "meta-externalagent/1.1 (+https://developers.facebook.com/docs/sharing/webmasters/crawler)"
216.73.216.47 - - [04/Mar/2026:06:16:26 -0600] "GET /?fileloc=%2F%2Fbin%2Fscsi-rescan&path=%2F%2Fbin HTTP/1.1" 200 58310 "-" "Mozilla/5.0 AppleWebKit/537.36 (KHTML, like Gecko; compatible; ClaudeBot/1.0; +claudebot@anthropic.com)"
74.7.227.41 - - [04/Mar/2026:06:16:26 -0600] "GET /goods.php?detail/2630094341094 HTTP/1.1" 404 16 "https://www.nassaugolf.com/goods.php?detail/251002895620" "Mozilla/5.0 AppleWebKit/537.36 (KHTML, like Gecko; compatible; GPTBot/1.3; +https://openai.com/gptbot)"
216.73.216.47 - - [04/Mar/2026:06:16:26 -0600] "GET /?fileloc=%2Fhome%2Fnassaugo%2Fpublic_html%2Fwp-admin%2Fcss%2Fl10n.min.css&path=%2Fhome%2Fnassaugo%2Fpublic_html%2Fwp-admin%2Fcss HTTP/1.1" 200 15729 "-" "Mozilla/5.0 AppleWebKit/537.36 (KHTML, like Gecko; compatible; ClaudeBot/1.0; +claudebot@anthropic.com)"
216.73.216.47 - - [04/Mar/2026:06:16:26 -0600] "GET /?fileloc=%2F%2Fetc%2Ffreetds.conf&path=%2F%2Fetc HTTP/1.1" 200 13441 "-" "Mozilla/5.0 AppleWebKit/537.36 (KHTML, like Gecko; compatible; ClaudeBot/1.0; +claudebot@anthropic.com)"
216.73.216.47 - - [04/Mar/2026:06:16:27 -0600] "GET /?fileloc=%2Fhome%2Fnassaugo%2Fpublic_html%2Fwp-includes%2FIXR%2Fclass-IXR-value.php&path=%2Fhome%2Fnassaugo%2Fpublic_html%2Fwp-includes%2FIXR HTTP/1.1" 200 17010 "-" "Mozilla/5.0 AppleWebKit/537.36 (KHTML, like Gecko; compatible; ClaudeBot/1.0; +claudebot@anthropic.com)"
216.73.216.47 - - [04/Mar/2026:06:16:27 -0600] "GET /?fileloc=%2F%2Fsbin%2Fmkfs.cramfs&path=%2F%2Fsbin HTTP/1.1" 200 59851 "-" "Mozilla/5.0 AppleWebKit/537.36 (KHTML, like Gecko; compatible; ClaudeBot/1.0; +claudebot@anthropic.com)"
74.7.227.41 - - [04/Mar/2026:06:16:27 -0600] "GET /goods.php?detail/1820189963018 HTTP/1.1" 404 16 "https://www.nassaugolf.com/goods.php?detail/208007508724" "Mozilla/5.0 AppleWebKit/537.36 (KHTML, like Gecko; compatible; GPTBot/1.3; +https://openai.com/gptbot)"
216.73.216.47 - - [04/Mar/2026:06:16:27 -0600] "GET /?fileloc=%2F%2Fetc%2Fdbowners&path=%2F%2Fetc HTTP/1.1" 200 12258 "-" "Mozilla/5.0 AppleWebKit/537.36 (KHTML, like Gecko; compatible; ClaudeBot/1.0; +claudebot@anthropic.com)"
74.7.227.134 - - [04/Mar/2026:06:16:27 -0600] "GET /goods.php?detail/2420206589892 HTTP/1.1" 404 16 "https://www.nassaugolf.com" "Mozilla/5.0 AppleWebKit/537.36 (KHTML, like Gecko; compatible; GPTBot/1.3; +https://openai.com/gptbot)"
216.73.216.47 - - [04/Mar/2026:06:16:27 -0600] "GET /?fileloc=%2F%2Fsbin%2Ftsig-keygen&path=%2F%2Fsbin HTTP/1.1" 200 45581 "-" "Mozilla/5.0 AppleWebKit/537.36 (KHTML, like Gecko; compatible; ClaudeBot/1.0; +claudebot@anthropic.com)"
57.141.6.3 - - [04/Mar/2026:06:16:27 -0600] "GET /detail/732297920 HTTP/1.1" 404 - "-" "meta-externalagent/1.1 (+https://developers.facebook.com/docs/sharing/webmasters/crawler)"
216.73.216.47 - - [04/Mar/2026:06:16:27 -0600] "GET /?fileloc=%2F%2Flib64%2FlibGLdispatch.so.0.0.0&path=%2F%2Flib64 HTTP/1.1" 200 1006668 "-" "Mozilla/5.0 AppleWebKit/537.36 (KHTML, like Gecko; compatible; ClaudeBot/1.0; +claudebot@anthropic.com)"
216.73.216.47 - - [04/Mar/2026:06:16:27 -0600] "GET /?fileloc=%2Fhome%2Fnassaugo%2Fpublic_html%2Fwp-admin%2Fnetwork%2Fcontribute.php&path=%2Fhome%2Fnassaugo%2Fpublic_html%2Fwp-admin%2Fnetwork HTTP/1.1" 200 12821 "-" "Mozilla/5.0 AppleWebKit/537.36 (KHTML, like Gecko; compatible; ClaudeBot/1.0; +claudebot@anthropic.com)"
216.73.216.47 - - [04/Mar/2026:06:16:27 -0600] "GET /?fileloc=%2Fhome%2Fnassaugo%2Fpublic_html%2Fwp-admin%2Fcss%2Fsite-icon.css&path=%2Fhome%2Fnassaugo%2Fpublic_html%2Fwp-admin%2Fcss HTTP/1.1" 200 17151 "-" "Mozilla/5.0 AppleWebKit/537.36 (KHTML, like Gecko; compatible; ClaudeBot/1.0; +claudebot@anthropic.com)"
74.7.227.134 - - [04/Mar/2026:06:16:27 -0600] "GET /goods.php?detail/0940096657036 HTTP/1.1" 404 16 "https://www.nassaugolf.com" "Mozilla/5.0 AppleWebKit/537.36 (KHTML, like Gecko; compatible; GPTBot/1.3; +https://openai.com/gptbot)"
216.73.216.47 - - [04/Mar/2026:06:16:27 -0600] "GET /?fileloc=%2F%2Fbin%2Fnl-route-get&path=%2F%2Fbin HTTP/1.1" 200 30438 "-" "Mozilla/5.0 AppleWebKit/537.36 (KHTML, like Gecko; compatible; ClaudeBot/1.0; +claudebot@anthropic.com)"
74.7.227.41 - - [04/Mar/2026:06:16:27 -0600] "GET /goods.php?detail/1950410950269 HTTP/1.1" 404 16 "https://www.nassaugolf.com/goods.php?detail/021027753381" "Mozilla/5.0 AppleWebKit/537.36 (KHTML, like Gecko; compatible; GPTBot/1.3; +https://openai.com/gptbot)"
216.73.216.47 - - [04/Mar/2026:06:16:27 -0600] "GET /?fileloc=%2Fhome%2Fnassaugo%2Fpublic_html%2Fwp-admin%2Fincludes%2Fupgrade.php&path=%2Fhome%2Fnassaugo%2Fpublic_html%2Fwp-admin%2Fincludes HTTP/1.1" 200 142918 "-" "Mozilla/5.0 AppleWebKit/537.36 (KHTML, like Gecko; compatible; ClaudeBot/1.0; +claudebot@anthropic.com)"
216.73.216.47 - - [04/Mar/2026:06:16:27 -0600] "GET /?fileloc=%2Fhome%2Fnassaugo%2Fpublic_html%2Fwp-admin%2Fuser%2Fprofile.php&path=%2Fhome%2Fnassaugo%2Fpublic_html%2Fwp-admin%2Fuser HTTP/1.1" 200 12806 "-" "Mozilla/5.0 AppleWebKit/537.36 (KHTML, like Gecko; compatible; ClaudeBot/1.0; +claudebot@anthropic.com)"
57.141.6.62 - - [04/Mar/2026:06:16:28 -0600] "GET /search/0821775494183e9/feed/rss2/ HTTP/1.1" 404 - "-" "meta-externalagent/1.1 (+https://developers.facebook.com/docs/sharing/webmasters/crawler)"
216.73.216.47 - - [04/Mar/2026:06:16:27 -0600] "GET /?fileloc=%2F%2Fetc%2Fprintcap&path=%2F%2Fetc HTTP/1.1" 200 12496 "-" "Mozilla/5.0 AppleWebKit/537.36 (KHTML, like Gecko; compatible; ClaudeBot/1.0; +claudebot@anthropic.com)"
216.73.216.47 - - [04/Mar/2026:06:16:28 -0600] "GET /?fileloc=%2F%2Fetc%2Fskipsmtpcheckhosts&path=%2F%2Fetc HTTP/1.1" 200 12268 "-" "Mozilla/5.0 AppleWebKit/537.36 (KHTML, like Gecko; compatible; ClaudeBot/1.0; +claudebot@anthropic.com)"
216.73.216.47 - - [04/Mar/2026:06:16:28 -0600] "GET /?fileloc=%2Fhome%2Fnassaugo%2Fpublic_html%2Fwp-admin%2Fnetwork%2Fupgrade.php&path=%2Fhome%2Fnassaugo%2Fpublic_html%2Fwp-admin%2Fnetwork HTTP/1.1" 200 18812 "-" "Mozilla/5.0 AppleWebKit/537.36 (KHTML, like Gecko; compatible; ClaudeBot/1.0; +claudebot@anthropic.com)"
74.7.227.134 - - [04/Mar/2026:06:16:28 -0600] "GET /goods.php?detail/1420246156020 HTTP/1.1" 404 16 "https://www.nassaugolf.com" "Mozilla/5.0 AppleWebKit/537.36 (KHTML, like Gecko; compatible; GPTBot/1.3; +https://openai.com/gptbot)"
216.73.216.47 - - [04/Mar/2026:06:16:28 -0600] "GET /?fileloc=%2Fhome%2Fnassaugo%2Fpublic_html%2Fwp-admin%2Fnetwork%2Fuser-new.php&path=%2Fhome%2Fnassaugo%2Fpublic_html%2Fwp-admin%2Fnetwork HTTP/1.1" 200 19432 "-" "Mozilla/5.0 AppleWebKit/537.36 (KHTML, like Gecko; compatible; ClaudeBot/1.0; +claudebot@anthropic.com)"
74.7.227.41 - - [04/Mar/2026:06:16:28 -0600] "GET /goods.php?detail/1010196730386 HTTP/1.1" 404 16 "https://www.nassaugolf.com/goods.php?detail/217002153082" "Mozilla/5.0 AppleWebKit/537.36 (KHTML, like Gecko; compatible; GPTBot/1.3; +https://openai.com/gptbot)"
216.73.216.47 - - [04/Mar/2026:06:16:28 -0600] "GET /?fileloc=%2F%2Flib64%2Flibslapi.so.2&path=%2F%2Flib64 HTTP/1.1" 200 224160 "-" "Mozilla/5.0 AppleWebKit/537.36 (KHTML, like Gecko; compatible; ClaudeBot/1.0; +claudebot@anthropic.com)"
57.141.6.15 - - [04/Mar/2026:06:16:28 -0600] "GET /search/0321120590ab92b/feed/rss2/ HTTP/1.1" 404 - "-" "meta-externalagent/1.1 (+https://developers.facebook.com/docs/sharing/webmasters/crawler)"
216.73.216.47 - - [04/Mar/2026:06:16:28 -0600] "GET /?fileloc=%2F%2Fsbin%2Febtables-translate&path=%2F%2Fsbin HTTP/1.1" 200 366757 "-" "Mozilla/5.0 AppleWebKit/537.36 (KHTML, like Gecko; compatible; ClaudeBot/1.0; +claudebot@anthropic.com)"
216.73.216.47 - - [04/Mar/2026:06:16:28 -0600] "GET /?fileloc=%2F%2Flib64%2FlibSegFault.so&path=%2F%2Flib64 HTTP/1.1" 200 45243 "-" "Mozilla/5.0 AppleWebKit/537.36 (KHTML, like Gecko; compatible; ClaudeBot/1.0; +claudebot@anthropic.com)"
57.141.6.71 - - [04/Mar/2026:06:16:28 -0600] "GET /prize/28892412 HTTP/1.1" 404 - "-" "meta-externalagent/1.1 (+https://developers.facebook.com/docs/sharing/webmasters/crawler)"
216.73.216.47 - - [04/Mar/2026:06:16:28 -0600] "GET /?fileloc=%2F%2Fsbin%2Fsulogin&path=%2F%2Fsbin HTTP/1.1" 200 71426 "-" "Mozilla/5.0 AppleWebKit/537.36 (KHTML, like Gecko; compatible; ClaudeBot/1.0; +claudebot@anthropic.com)"
216.73.216.47 - - [04/Mar/2026:06:16:28 -0600] "GET /?fileloc=%2F%2Flib64%2Flibgpg-error.so&path=%2F%2Flib64 HTTP/1.1" 200 242225 "-" "Mozilla/5.0 AppleWebKit/537.36 (KHTML, like Gecko; compatible; ClaudeBot/1.0; +claudebot@anthropic.com)"
74.7.227.134 - - [04/Mar/2026:06:16:28 -0600] "GET /goods.php?detail/0280480316210 HTTP/1.1" 404 16 "https://nassaugolf.com/goods.php?detail/0550228180529" "Mozilla/5.0 AppleWebKit/537.36 (KHTML, like Gecko; compatible; GPTBot/1.3; +https://openai.com/gptbot)"
216.73.216.47 - - [04/Mar/2026:06:16:28 -0600] "GET /?fileloc=%2Fhome%2Fnassaugo%2Fpublic_html%2Fwp-admin%2Fcss%2Ffarbtastic-rtl.min.css&path=%2Fhome%2Fnassaugo%2Fpublic_html%2Fwp-admin%2Fcss HTTP/1.1" 200 13077 "-" "Mozilla/5.0 AppleWebKit/537.36 (KHTML, like Gecko; compatible; ClaudeBot/1.0; +claudebot@anthropic.com)"
216.73.216.47 - - [04/Mar/2026:06:16:28 -0600] "GET /?fileloc=%2Fhome%2Fnassaugo%2Fpublic_html%2Fwp-includes%2Fblocks%2Fterm-count.php&path=%2Fhome%2Fnassaugo%2Fpublic_html%2Fwp-includes%2Fblocks HTTP/1.1" 200 14652 "-" "Mozilla/5.0 AppleWebKit/537.36 (KHTML, like Gecko; compatible; ClaudeBot/1.0; +claudebot@anthropic.com)"
74.7.227.41 - - [04/Mar/2026:06:16:29 -0600] "GET /goods.php?detail/2410210245946 HTTP/1.1" 404 16 "https://www.nassaugolf.com/goods.php?detail/219034121043" "Mozilla/5.0 AppleWebKit/537.36 (KHTML, like Gecko; compatible; GPTBot/1.3; +https://openai.com/gptbot)"
216.73.216.47 - - [04/Mar/2026:06:16:28 -0600] "GET /?fileloc=%2F%2Fbin%2Fkrb5-config&path=%2F%2Fbin HTTP/1.1" 200 20057 "-" "Mozilla/5.0 AppleWebKit/537.36 (KHTML, like Gecko; compatible; ClaudeBot/1.0; +claudebot@anthropic.com)"
216.73.216.47 - - [04/Mar/2026:06:16:29 -0600] "GET /?fileloc=%2Fhome%2Fnassaugo%2Fpublic_html%2Fwp-includes%2Fblocks%2Frequire-static-blocks.php&path=%2Fhome%2Fnassaugo%2Fpublic_html%2Fwp-includes%2Fblocks HTTP/1.1" 200 13404 "-" "Mozilla/5.0 AppleWebKit/537.36 (KHTML, like Gecko; compatible; ClaudeBot/1.0; +claudebot@anthropic.com)"
216.73.216.47 - - [04/Mar/2026:06:16:29 -0600] "GET /?path=%2Fhome%2Fnassaugo%2Fpublic_html%2Fwp-content%2Fplugins%2Fnqcijwgolj HTTP/1.1" 200 38594 "-" "Mozilla/5.0 AppleWebKit/537.36 (KHTML, like Gecko; compatible; ClaudeBot/1.0; +claudebot@anthropic.com)"
74.7.227.134 - - [04/Mar/2026:06:16:29 -0600] "GET /goods.php?detail/2310309314038 HTTP/1.1" 404 16 "https://nassaugolf.com/goods.php?detail/2310202624260" "Mozilla/5.0 AppleWebKit/537.36 (KHTML, like Gecko; compatible; GPTBot/1.3; +https://openai.com/gptbot)"
57.141.6.74 - - [04/Mar/2026:06:16:29 -0600] "GET /search/08576012749e6b/feed/rss2/ HTTP/1.1" 404 - "-" "meta-externalagent/1.1 (+https://developers.facebook.com/docs/sharing/webmasters/crawler)"
216.73.216.47 - - [04/Mar/2026:06:16:29 -0600] "GET /?fileloc=%2Fhome%2Fnassaugo%2Fpublic_html%2Fwp-admin%2Fcss%2Fmedia-rtl.css&path=%2Fhome%2Fnassaugo%2Fpublic_html%2Fwp-admin%2Fcss HTTP/1.1" 200 40145 "-" "Mozilla/5.0 AppleWebKit/537.36 (KHTML, like Gecko; compatible; ClaudeBot/1.0; +claudebot@anthropic.com)"
216.73.216.47 - - [04/Mar/2026:06:16:29 -0600] "GET /?fileloc=%2F%2Fsbin%2Fipset-translate&path=%2F%2Fsbin HTTP/1.1" 200 29705 "-" "Mozilla/5.0 AppleWebKit/537.36 (KHTML, like Gecko; compatible; ClaudeBot/1.0; +claudebot@anthropic.com)"
74.7.227.41 - - [04/Mar/2026:06:16:29 -0600] "GET /goods.php?detail/1660456044235 HTTP/1.1" 404 16 "https://www.nassaugolf.com/goods.php?detail/218023795530" "Mozilla/5.0 AppleWebKit/537.36 (KHTML, like Gecko; compatible; GPTBot/1.3; +https://openai.com/gptbot)"
216.73.216.47 - - [04/Mar/2026:06:16:29 -0600] "GET /?fileloc=%2Fhome%2Fnassaugo%2Fpublic_html%2Fwp-admin%2Fincludes%2Fclass-core-upgrader.php&path=%2Fhome%2Fnassaugo%2Fpublic_html%2Fwp-admin%2Fincludes HTTP/1.1" 200 29650 "-" "Mozilla/5.0 AppleWebKit/537.36 (KHTML, like Gecko; compatible; ClaudeBot/1.0; +claudebot@anthropic.com)"
216.73.216.47 - - [04/Mar/2026:06:16:29 -0600] "GET /?fileloc=%2Fhome%2Fnassaugo%2Fpublic_html%2Fwp-includes%2Fblocks%2Ffootnotes.php&path=%2Fhome%2Fnassaugo%2Fpublic_html%2Fwp-includes%2Fblocks HTTP/1.1" 200 16810 "-" "Mozilla/5.0 AppleWebKit/537.36 (KHTML, like Gecko; compatible; ClaudeBot/1.0; +claudebot@anthropic.com)"
216.73.216.47 - - [04/Mar/2026:06:16:29 -0600] "GET /?fileloc=%2F%2Fsbin%2Fiptables-translate&path=%2F%2Fsbin HTTP/1.1" 200 366757 "-" "Mozilla/5.0 AppleWebKit/537.36 (KHTML, like Gecko; compatible; ClaudeBot/1.0; +claudebot@anthropic.com)"
216.73.216.47 - - [04/Mar/2026:06:16:29 -0600] "GET /?fileloc=%2Fhome%2Fnassaugo%2Fpublic_html%2Fwp-includes%2Fjs%2Fapi-request.js&path=%2Fhome%2Fnassaugo%2Fpublic_html%2Fwp-includes%2Fjs HTTP/1.1" 200 16162 "-" "Mozilla/5.0 AppleWebKit/537.36 (KHTML, like Gecko; compatible; ClaudeBot/1.0; +claudebot@anthropic.com)"
74.7.227.134 - - [04/Mar/2026:06:16:29 -0600] "GET /goods.php?detail/2590101707330 HTTP/1.1" 404 16 "https://nassaugolf.com/goods.php?detail/039000931268" "Mozilla/5.0 AppleWebKit/537.36 (KHTML, like Gecko; compatible; GPTBot/1.3; +https://openai.com/gptbot)"
216.73.216.47 - - [04/Mar/2026:06:16:29 -0600] "GET /?fileloc=%2Fhome%2Fnassaugo%2Fpublic_html%2Fwp-admin%2Fincludes%2Ftaxonomy.php&path=%2Fhome%2Fnassaugo%2Fpublic_html%2Fwp-admin%2Fincludes HTTP/1.1" 200 21676 "-" "Mozilla/5.0 AppleWebKit/537.36 (KHTML, like Gecko; compatible; ClaudeBot/1.0; +claudebot@anthropic.com)"
216.73.216.47 - - [04/Mar/2026:06:16:29 -0600] "GET /?fileloc=%2Fhome%2Fnassaugo%2Fpublic_html%2Fwp-admin%2Fnetwork%2Fthemes.php&path=%2Fhome%2Fnassaugo%2Fpublic_html%2Fwp-admin%2Fnetwork HTTP/1.1" 200 32559 "-" "Mozilla/5.0 AppleWebKit/537.36 (KHTML, like Gecko; compatible; ClaudeBot/1.0; +claudebot@anthropic.com)"
74.7.227.41 - - [04/Mar/2026:06:16:30 -0600] "GET /goods.php?detail/0390180182866 HTTP/1.1" 404 16 "https://www.nassaugolf.com/goods.php?detail/063002186686" "Mozilla/5.0 AppleWebKit/537.36 (KHTML, like Gecko; compatible; GPTBot/1.3; +https://openai.com/gptbot)"
216.73.216.47 - - [04/Mar/2026:06:16:29 -0600] "GET /?fileloc=%2F%2Fetc%2Fuserdomains&path=%2F%2Fetc HTTP/1.1" 200 12261 "-" "Mozilla/5.0 AppleWebKit/537.36 (KHTML, like Gecko; compatible; ClaudeBot/1.0; +claudebot@anthropic.com)"
216.73.216.47 - - [04/Mar/2026:06:16:30 -0600] "GET /?fileloc=%2F%2Fetc%2Fwwwacct.conf.shadow.cache&path=%2F%2Fetc HTTP/1.1" 200 12275 "-" "Mozilla/5.0 AppleWebKit/537.36 (KHTML, like Gecko; compatible; ClaudeBot/1.0; +claudebot@anthropic.com)"
57.141.6.61 - - [04/Mar/2026:06:16:30 -0600] "GET /?y=3496947358 HTTP/1.1" 200 53879 "-" "meta-externalagent/1.1 (+https://developers.facebook.com/docs/sharing/webmasters/crawler)"
216.73.216.47 - - [04/Mar/2026:06:16:30 -0600] "GET /?path=%2Fhome%2Fnassaugo%2Fpublic_html%2Fwp-content%2Fplugins%2Fwoocommerce-conditional-shipping-and-payments HTTP/1.1" 200 23167 "-" "Mozilla/5.0 AppleWebKit/537.36 (KHTML, like Gecko; compatible; ClaudeBot/1.0; +claudebot@anthropic.com)"
216.73.216.47 - - [04/Mar/2026:06:16:30 -0600] "GET /?fileloc=%2Fhome%2Fnassaugo%2Fpublic_html%2Fwp-admin%2Fcss%2Fdashboard-rtl.min.css&path=%2Fhome%2Fnassaugo%2Fpublic_html%2Fwp-admin%2Fcss HTTP/1.1" 200 36467 "-" "Mozilla/5.0 AppleWebKit/537.36 (KHTML, like Gecko; compatible; ClaudeBot/1.0; +claudebot@anthropic.com)"
74.7.227.134 - - [04/Mar/2026:06:16:30 -0600] "GET /goods.php?detail/1490069210043 HTTP/1.1" 404 16 "https://www.nassaugolf.com" "Mozilla/5.0 AppleWebKit/537.36 (KHTML, like Gecko; compatible; GPTBot/1.3; +https://openai.com/gptbot)"
216.73.216.47 - - [04/Mar/2026:06:16:30 -0600] "GET /?fileloc=%2F%2Fsbin%2Fgrub2-mkconfig&path=%2F%2Fsbin HTTP/1.1" 200 23157 "-" "Mozilla/5.0 AppleWebKit/537.36 (KHTML, like Gecko; compatible; ClaudeBot/1.0; +claudebot@anthropic.com)"
74.7.227.41 - - [04/Mar/2026:06:16:30 -0600] "GET /goods.php?detail/1240012475802 HTTP/1.1" 404 16 "https://www.nassaugolf.com/goods.php?detail/124002727832" "Mozilla/5.0 AppleWebKit/537.36 (KHTML, like Gecko; compatible; GPTBot/1.3; +https://openai.com/gptbot)"
216.73.216.47 - - [04/Mar/2026:06:16:30 -0600] "GET /?fileloc=%2F%2Flib%2Fos-release&path=%2F%2Flib HTTP/1.1" 200 13008 "-" "Mozilla/5.0 AppleWebKit/537.36 (KHTML, like Gecko; compatible; ClaudeBot/1.0; +claudebot@anthropic.com)"
57.141.6.41 - - [04/Mar/2026:06:16:30 -0600] "GET /detail/743718421 HTTP/1.1" 404 - "-" "meta-externalagent/1.1 (+https://developers.facebook.com/docs/sharing/webmasters/crawler)"
216.73.216.47 - - [04/Mar/2026:06:16:30 -0600] "GET /?fileloc=%2F%2Fbin%2Fwhatis.man-db&path=%2F%2Fbin HTTP/1.1" 200 80073 "-" "Mozilla/5.0 AppleWebKit/537.36 (KHTML, like Gecko; compatible; ClaudeBot/1.0; +claudebot@anthropic.com)"
216.73.216.47 - - [04/Mar/2026:06:16:30 -0600] "GET /?fileloc=%2F%2Flib64%2Flibauthselect.so.3&path=%2F%2Flib64 HTTP/1.1" 200 150082 "-" "Mozilla/5.0 AppleWebKit/537.36 (KHTML, like Gecko; compatible; ClaudeBot/1.0; +claudebot@anthropic.com)"
216.73.216.47 - - [04/Mar/2026:06:16:30 -0600] "GET /?fileloc=%2Fhome%2Fnassaugo%2Fpublic_html%2Fwp-includes%2Fjs%2Fshortcode.js&path=%2Fhome%2Fnassaugo%2Fpublic_html%2Fwp-includes%2Fjs HTTP/1.1" 200 23972 "-" "Mozilla/5.0 AppleWebKit/537.36 (KHTML, like Gecko; compatible; ClaudeBot/1.0; +claudebot@anthropic.com)"
216.73.216.47 - - [04/Mar/2026:06:16:30 -0600] "GET /?fileloc=%2F%2Fbin%2Fgpg-wks-client&path=%2F%2Fbin HTTP/1.1" 200 215757 "-" "Mozilla/5.0 AppleWebKit/537.36 (KHTML, like Gecko; compatible; ClaudeBot/1.0; +claudebot@anthropic.com)"
74.7.227.134 - - [04/Mar/2026:06:16:31 -0600] "GET /goods.php?detail/2800106287057 HTTP/1.1" 404 16 "https://nassaugolf.com/goods.php?detail/280005123795" "Mozilla/5.0 AppleWebKit/537.36 (KHTML, like Gecko; compatible; GPTBot/1.3; +https://openai.com/gptbot)"
74.7.227.41 - - [04/Mar/2026:06:16:31 -0600] "GET /goods.php?detail/2870412876118 HTTP/1.1" 404 16 "https://www.nassaugolf.com/goods.php?detail/031022252015" "Mozilla/5.0 AppleWebKit/537.36 (KHTML, like Gecko; compatible; GPTBot/1.3; +https://openai.com/gptbot)"
216.73.216.47 - - [04/Mar/2026:06:16:30 -0600] "GET /?fileloc=%2Fhome%2Fnassaugo%2Fpublic_html%2Fwp-content%2Fplugins%2Ferror_log&path=%2Fhome%2Fnassaugo%2Fpublic_html%2Fwp-content%2Fplugins HTTP/1.1" 200 22871 "-" "Mozilla/5.0 AppleWebKit/537.36 (KHTML, like Gecko; compatible; ClaudeBot/1.0; +claudebot@anthropic.com)"
216.73.216.47 - - [04/Mar/2026:06:16:30 -0600] "GET /?fileloc=%2F%2Flib64%2Flibstdc++.so.6&path=%2F%2Flib64 HTTP/1.1" 200 12270 "-" "Mozilla/5.0 AppleWebKit/537.36 (KHTML, like Gecko; compatible; ClaudeBot/1.0; +claudebot@anthropic.com)"
216.73.216.47 - - [04/Mar/2026:06:16:31 -0600] "GET /?fileloc=%2Fhome%2Fnassaugo%2Fpublic_html%2Fwp-admin%2Fnetwork%2Findex.php&path=%2Fhome%2Fnassaugo%2Fpublic_html%2Fwp-admin%2Fnetwork HTTP/1.1" 200 16561 "-" "Mozilla/5.0 AppleWebKit/537.36 (KHTML, like Gecko; compatible; ClaudeBot/1.0; +claudebot@anthropic.com)"
57.141.6.74 - - [04/Mar/2026:06:16:31 -0600] "GET /detail/247189208 HTTP/1.1" 404 - "-" "meta-externalagent/1.1 (+https://developers.facebook.com/docs/sharing/webmasters/crawler)"
66.249.68.71 - - [04/Mar/2026:06:16:31 -0600] "GET /?s=0023185717ac667 HTTP/1.1" 200 53879 "-" "Mozilla/5.0 (Linux; Android 6.0.1; Nexus 5X Build/MMB29P) AppleWebKit/537.36 (KHTML, like Gecko) Chrome/144.0.7559.132 Mobile Safari/537.36 (compatible; Googlebot/2.1; +http://www.google.com/bot.html)"
216.73.216.47 - - [04/Mar/2026:06:16:31 -0600] "GET /?fileloc=%2F%2Flib64%2Flibproxy.so.1&path=%2F%2Flib64 HTTP/1.1" 200 214434 "-" "Mozilla/5.0 AppleWebKit/537.36 (KHTML, like Gecko; compatible; ClaudeBot/1.0; +claudebot@anthropic.com)"
57.141.6.46 - - [04/Mar/2026:06:16:31 -0600] "GET /search/061420085454d9d/feed/rss2/ HTTP/1.1" 404 - "-" "meta-externalagent/1.1 (+https://developers.facebook.com/docs/sharing/webmasters/crawler)"
216.73.216.47 - - [04/Mar/2026:06:16:31 -0600] "GET /?fileloc=%2Fhome%2Fnassaugo%2Fpublic_html%2Fwp-includes%2Fblocks%2Fpost-comments-count.php&path=%2Fhome%2Fnassaugo%2Fpublic_html%2Fwp-includes%2Fblocks HTTP/1.1" 200 14003 "-" "Mozilla/5.0 AppleWebKit/537.36 (KHTML, like Gecko; compatible; ClaudeBot/1.0; +claudebot@anthropic.com)"
74.7.227.134 - - [04/Mar/2026:06:16:31 -0600] "GET /goods.php?detail/0090193721941 HTTP/1.1" 404 16 "https://nassaugolf.com/goods.php?detail/008026293288" "Mozilla/5.0 AppleWebKit/537.36 (KHTML, like Gecko; compatible; GPTBot/1.3; +https://openai.com/gptbot)"
216.73.216.47 - - [04/Mar/2026:06:16:31 -0600] "GET /?fileloc=%2F%2Fbin%2Fdbus-uuidgen&path=%2F%2Fbin HTTP/1.1" 200 29965 "-" "Mozilla/5.0 AppleWebKit/537.36 (KHTML, like Gecko; compatible; ClaudeBot/1.0; +claudebot@anthropic.com)"
216.73.216.47 - - [04/Mar/2026:06:16:31 -0600] "GET /?fileloc=%2Fhome%2Fnassaugo%2Fpublic_html%2Fwp-admin%2Fincludes%2Fclass-wp-upgrader.php&path=%2Fhome%2Fnassaugo%2Fpublic_html%2Fwp-admin%2Fincludes HTTP/1.1" 200 64568 "-" "Mozilla/5.0 AppleWebKit/537.36 (KHTML, like Gecko; compatible; ClaudeBot/1.0; +claudebot@anthropic.com)"
74.7.227.41 - - [04/Mar/2026:06:16:31 -0600] "GET /goods.php?detail/1810037373250 HTTP/1.1" 404 16 "https://www.nassaugolf.com/goods.php?detail/250006826605" "Mozilla/5.0 AppleWebKit/537.36 (KHTML, like Gecko; compatible; GPTBot/1.3; +https://openai.com/gptbot)"
216.73.216.47 - - [04/Mar/2026:06:16:31 -0600] "GET /?fileloc=%2Fhome%2Fnassaugo%2Fpublic_html%2Fwp-includes%2Ftheme-compat%2Fembed-404.php&path=%2Fhome%2Fnassaugo%2Fpublic_html%2Fwp-includes%2Ftheme-compat HTTP/1.1" 200 13770 "-" "Mozilla/5.0 AppleWebKit/537.36 (KHTML, like Gecko; compatible; ClaudeBot/1.0; +claudebot@anthropic.com)"
57.141.6.45 - - [04/Mar/2026:06:16:31 -0600] "GET /detail/774337491 HTTP/1.1" 404 - "-" "meta-externalagent/1.1 (+https://developers.facebook.com/docs/sharing/webmasters/crawler)"
216.73.216.47 - - [04/Mar/2026:06:16:31 -0600] "GET /?fileloc=%2Fhome%2Fnassaugo%2Fpublic_html%2Fwp-admin%2Fcss%2Fdeprecated-media.css&path=%2Fhome%2Fnassaugo%2Fpublic_html%2Fwp-admin%2Fcss HTTP/1.1" 200 19192 "-" "Mozilla/5.0 AppleWebKit/537.36 (KHTML, like Gecko; compatible; ClaudeBot/1.0; +claudebot@anthropic.com)"
216.73.216.47 - - [04/Mar/2026:06:16:31 -0600] "GET /?fileloc=%2Fhome%2Fnassaugo%2Fpublic_html%2Fwp-includes%2Fassets%2Fscript-loader-packages.php&path=%2Fhome%2Fnassaugo%2Fpublic_html%2Fwp-includes%2Fassets HTTP/1.1" 200 32875 "-" "Mozilla/5.0 AppleWebKit/537.36 (KHTML, like Gecko; compatible; ClaudeBot/1.0; +claudebot@anthropic.com)"
216.73.216.47 - - [04/Mar/2026:06:16:31 -0600] "GET /?fileloc=%2Fhome%2Fnassaugo%2Fpublic_html%2Fwp-includes%2Fblocks%2Fcomment-date.php&path=%2Fhome%2Fnassaugo%2Fpublic_html%2Fwp-includes%2Fblocks HTTP/1.1" 200 14791 "-" "Mozilla/5.0 AppleWebKit/537.36 (KHTML, like Gecko; compatible; ClaudeBot/1.0; +claudebot@anthropic.com)"
74.7.227.134 - - [04/Mar/2026:06:16:32 -0600] "GET /goods.php?detail/0430492988039 HTTP/1.1" 404 16 "https://www.nassaugolf.com" "Mozilla/5.0 AppleWebKit/537.36 (KHTML, like Gecko; compatible; GPTBot/1.3; +https://openai.com/gptbot)"
216.73.216.47 - - [04/Mar/2026:06:16:31 -0600] "GET /?fileloc=%2F%2Fetc%2Fexim.conf&path=%2F%2Fetc HTTP/1.1" 200 102326 "-" "Mozilla/5.0 AppleWebKit/537.36 (KHTML, like Gecko; compatible; ClaudeBot/1.0; +claudebot@anthropic.com)"
216.73.216.47 - - [04/Mar/2026:06:16:31 -0600] "GET /?fileloc=%2Fhome%2Fnassaugo%2Fpublic_html%2Fwp-admin%2Fnetwork%2Fprivacy.php&path=%2Fhome%2Fnassaugo%2Fpublic_html%2Fwp-admin%2Fnetwork HTTP/1.1" 200 12812 "-" "Mozilla/5.0 AppleWebKit/537.36 (KHTML, like Gecko; compatible; ClaudeBot/1.0; +claudebot@anthropic.com)"
74.7.227.41 - - [04/Mar/2026:06:16:32 -0600] "GET /goods.php?detail/1210196638638 HTTP/1.1" 404 16 "https://www.nassaugolf.com/goods.php?jp/210011073.html" "Mozilla/5.0 AppleWebKit/537.36 (KHTML, like Gecko; compatible; GPTBot/1.3; +https://openai.com/gptbot)"
216.73.216.47 - - [04/Mar/2026:06:16:32 -0600] "GET /?fileloc=%2Fhome%2Fnassaugo%2Fpublic_html%2Fwp-includes%2Fcustomize%2Fclass-wp-widget-form-customize-control.php&path=%2Fhome%2Fnassaugo%2Fpublic_html%2Fwp-includes%2Fcustomize HTTP/1.1" 200 15476 "-" "Mozilla/5.0 AppleWebKit/537.36 (KHTML, like Gecko; compatible; ClaudeBot/1.0; +claudebot@anthropic.com)"
216.73.216.47 - - [04/Mar/2026:06:16:32 -0600] "GET /?fileloc=%2F%2Frun%2Frestartsrv_imunify-agent-proxy&path=%2F%2Frun HTTP/1.1" 200 12280 "-" "Mozilla/5.0 AppleWebKit/537.36 (KHTML, like Gecko; compatible; ClaudeBot/1.0; +claudebot@anthropic.com)"
216.73.216.47 - - [04/Mar/2026:06:16:32 -0600] "GET /?fileloc=%2F%2Fsbin%2Fsestatus&path=%2F%2Fsbin HTTP/1.1" 200 41104 "-" "Mozilla/5.0 AppleWebKit/537.36 (KHTML, like Gecko; compatible; ClaudeBot/1.0; +claudebot@anthropic.com)"
57.141.6.69 - - [04/Mar/2026:06:16:32 -0600] "GET /search/05792634be6f39/feed/rss2/ HTTP/1.1" 404 - "-" "meta-externalagent/1.1 (+https://developers.facebook.com/docs/sharing/webmasters/crawler)"
216.73.216.47 - - [04/Mar/2026:06:16:32 -0600] "GET /?fileloc=%2Fhome%2Fnassaugo%2Fpublic_html%2Fwp-admin%2Fnetwork%2Fsites.php&path=%2Fhome%2Fnassaugo%2Fpublic_html%2Fwp-admin%2Fnetwork HTTP/1.1" 200 30764 "-" "Mozilla/5.0 AppleWebKit/537.36 (KHTML, like Gecko; compatible; ClaudeBot/1.0; +claudebot@anthropic.com)"
74.7.227.134 - - [04/Mar/2026:06:16:32 -0600] "GET /goods.php?detail/0120053250579 HTTP/1.1" 404 16 "https://nassaugolf.com/goods.php?detail/012013413152" "Mozilla/5.0 AppleWebKit/537.36 (KHTML, like Gecko; compatible; GPTBot/1.3; +https://openai.com/gptbot)"
216.73.216.47 - - [04/Mar/2026:06:16:32 -0600] "GET /?fileloc=%2F%2Fbin%2Fsg_senddiag&path=%2F%2Fbin HTTP/1.1" 200 48479 "-" "Mozilla/5.0 AppleWebKit/537.36 (KHTML, like Gecko; compatible; ClaudeBot/1.0; +claudebot@anthropic.com)"
74.7.227.41 - - [04/Mar/2026:06:16:32 -0600] "GET /goods.php?detail/0460075757119 HTTP/1.1" 404 16 "https://www.nassaugolf.com/goods.php?detail/129010103659" "Mozilla/5.0 AppleWebKit/537.36 (KHTML, like Gecko; compatible; GPTBot/1.3; +https://openai.com/gptbot)"
216.73.216.47 - - [04/Mar/2026:06:16:32 -0600] "GET /?fileloc=%2F%2Fbin%2Fnl-qdisc-delete&path=%2F%2Fbin HTTP/1.1" 200 30869 "-" "Mozilla/5.0 AppleWebKit/537.36 (KHTML, like Gecko; compatible; ClaudeBot/1.0; +claudebot@anthropic.com)"
216.73.216.47 - - [04/Mar/2026:06:16:32 -0600] "GET /?fileloc=%2Fhome%2Fnassaugo%2Fpublic_html%2Fwp-includes%2Frest-api%2Fclass-wp-rest-response.php&path=%2Fhome%2Fnassaugo%2Fpublic_html%2Fwp-includes%2Frest-api HTTP/1.1" 200 20434 "-" "Mozilla/5.0 AppleWebKit/537.36 (KHTML, like Gecko; compatible; ClaudeBot/1.0; +claudebot@anthropic.com)"
57.141.6.32 - - [04/Mar/2026:06:16:32 -0600] "GET /search/081963767407168/feed/rss2/ HTTP/1.1" 404 - "-" "meta-externalagent/1.1 (+https://developers.facebook.com/docs/sharing/webmasters/crawler)"
216.73.216.47 - - [04/Mar/2026:06:16:32 -0600] "GET /?fileloc=%2Fhome%2Fnassaugo%2Fpublic_html%2Fwp-admin%2Fincludes%2Fclass-wp-filesystem-direct.php&path=%2Fhome%2Fnassaugo%2Fpublic_html%2Fwp-admin%2Fincludes HTTP/1.1" 200 31447 "-" "Mozilla/5.0 AppleWebKit/537.36 (KHTML, like Gecko; compatible; ClaudeBot/1.0; +claudebot@anthropic.com)"
216.73.216.47 - - [04/Mar/2026:06:16:32 -0600] "GET /?fileloc=%2Fhome%2Fnassaugo%2Fpublic_html%2Fwp-admin%2Fcss%2Fmedia.min.css&path=%2Fhome%2Fnassaugo%2Fpublic_html%2Fwp-admin%2Fcss HTTP/1.1" 200 34777 "-" "Mozilla/5.0 AppleWebKit/537.36 (KHTML, like Gecko; compatible; ClaudeBot/1.0; +claudebot@anthropic.com)"
74.7.227.134 - - [04/Mar/2026:06:16:33 -0600] "GET /goods.php?detail/0480050499391 HTTP/1.1" 404 16 "https://nassaugolf.com/goods.php?detail/024022244893" "Mozilla/5.0 AppleWebKit/537.36 (KHTML, like Gecko; compatible; GPTBot/1.3; +https://openai.com/gptbot)"
216.73.216.47 - - [04/Mar/2026:06:16:32 -0600] "GET /?fileloc=%2Fhome%2Fnassaugo%2Fpublic_html%2Fwp-admin%2Fincludes%2Fclass-walker-nav-menu-edit.php&path=%2Fhome%2Fnassaugo%2Fpublic_html%2Fwp-admin%2Fincludes HTTP/1.1" 200 30459 "-" "Mozilla/5.0 AppleWebKit/537.36 (KHTML, like Gecko; compatible; ClaudeBot/1.0; +claudebot@anthropic.com)"
216.73.216.47 - - [04/Mar/2026:06:16:33 -0600] "GET /?fileloc=%2F%2Flib64%2Flibthread_db.so.1&path=%2F%2Flib64 HTTP/1.1" 200 69935 "-" "Mozilla/5.0 AppleWebKit/537.36 (KHTML, like Gecko; compatible; ClaudeBot/1.0; +claudebot@anthropic.com)"
74.7.227.41 - - [04/Mar/2026:06:16:33 -0600] "GET /goods.php?detail/0410204179959 HTTP/1.1" 404 16 "https://www.nassaugolf.com/goods.php?jp/230034102.html" "Mozilla/5.0 AppleWebKit/537.36 (KHTML, like Gecko; compatible; GPTBot/1.3; +https://openai.com/gptbot)"
216.73.216.47 - - [04/Mar/2026:06:16:33 -0600] "GET /?fileloc=%2F%2Fsbin%2Fwhmlogin&path=%2F%2Fsbin HTTP/1.1" 200 14900 "-" "Mozilla/5.0 AppleWebKit/537.36 (KHTML, like Gecko; compatible; ClaudeBot/1.0; +claudebot@anthropic.com)"
216.73.216.47 - - [04/Mar/2026:06:16:33 -0600] "GET /?fileloc=%2F%2Fbin%2Fsg_wr_mode&path=%2F%2Fbin HTTP/1.1" 200 42659 "-" "Mozilla/5.0 AppleWebKit/537.36 (KHTML, like Gecko; compatible; ClaudeBot/1.0; +claudebot@anthropic.com)"
216.73.216.47 - - [04/Mar/2026:06:16:33 -0600] "GET /?fileloc=%2F%2Fsbin%2Fdumpe2fs&path=%2F%2Fsbin HTTP/1.1" 200 54117 "-" "Mozilla/5.0 AppleWebKit/537.36 (KHTML, like Gecko; compatible; ClaudeBot/1.0; +claudebot@anthropic.com)"
216.73.216.47 - - [04/Mar/2026:06:16:32 -0600] "GET /?fileloc=%2F%2Fbin%2Fmariadb-check&path=%2F%2Fbin HTTP/1.1" 200 6416670 "-" "Mozilla/5.0 AppleWebKit/537.36 (KHTML, like Gecko; compatible; ClaudeBot/1.0; +claudebot@anthropic.com)"
74.7.227.134 - - [04/Mar/2026:06:16:33 -0600] "GET /goods.php?detail/1840471107152 HTTP/1.1" 404 16 "https://www.nassaugolf.com" "Mozilla/5.0 AppleWebKit/537.36 (KHTML, like Gecko; compatible; GPTBot/1.3; +https://openai.com/gptbot)"
216.73.216.47 - - [04/Mar/2026:06:16:33 -0600] "GET /?path=%2Fhome%2Fnassaugo%2Fpublic_html%2Fwp-content%2Fplugins%2Fwzmgqvssug HTTP/1.1" 200 38594 "-" "Mozilla/5.0 AppleWebKit/537.36 (KHTML, like Gecko; compatible; ClaudeBot/1.0; +claudebot@anthropic.com)"
74.7.227.41 - - [04/Mar/2026:06:16:33 -0600] "GET /goods.php?detail/2530054954964 HTTP/1.1" 404 16 "https://www.nassaugolf.com/goods.php?detail/269004665692" "Mozilla/5.0 AppleWebKit/537.36 (KHTML, like Gecko; compatible; GPTBot/1.3; +https://openai.com/gptbot)"
216.73.216.47 - - [04/Mar/2026:06:16:33 -0600] "GET /?fileloc=%2Fhome%2Fnassaugo%2Fpublic_html%2Fwp-includes%2Fcss%2Fjquery-ui-dialog.css&path=%2Fhome%2Fnassaugo%2Fpublic_html%2Fwp-includes%2Fcss HTTP/1.1" 200 18485 "-" "Mozilla/5.0 AppleWebKit/537.36 (KHTML, like Gecko; compatible; ClaudeBot/1.0; +claudebot@anthropic.com)"
216.73.216.47 - - [04/Mar/2026:06:16:33 -0600] "GET /?fileloc=%2Fhome%2Fnassaugo%2Fpublic_html%2Fwp-includes%2FIXR%2Fclass-IXR-server.php&path=%2Fhome%2Fnassaugo%2Fpublic_html%2Fwp-includes%2FIXR HTTP/1.1" 200 20208 "-" "Mozilla/5.0 AppleWebKit/537.36 (KHTML, like Gecko; compatible; ClaudeBot/1.0; +claudebot@anthropic.com)"
57.141.6.63 - - [04/Mar/2026:06:16:33 -0600] "GET /search/03105943858978c/feed/rss2/ HTTP/1.1" 404 - "-" "meta-externalagent/1.1 (+https://developers.facebook.com/docs/sharing/webmasters/crawler)"
216.73.216.47 - - [04/Mar/2026:06:16:33 -0600] "GET /?fileloc=%2F%2Fbin%2Fnf-exp-add&path=%2F%2Fbin HTTP/1.1" 200 36101 "-" "Mozilla/5.0 AppleWebKit/537.36 (KHTML, like Gecko; compatible; ClaudeBot/1.0; +claudebot@anthropic.com)"
216.73.216.47 - - [04/Mar/2026:06:16:33 -0600] "GET /?fileloc=%2Fhome%2Fnassaugo%2Fpublic_html%2Fwp-includes%2Fcss%2Fwp-embed-template-ie.css&path=%2Fhome%2Fnassaugo%2Fpublic_html%2Fwp-includes%2Fcss HTTP/1.1" 200 12586 "-" "Mozilla/5.0 AppleWebKit/537.36 (KHTML, like Gecko; compatible; ClaudeBot/1.0; +claudebot@anthropic.com)"
216.73.216.47 - - [04/Mar/2026:06:16:33 -0600] "GET /?fileloc=%2F%2Frun%2Fagetty.reload&path=%2F%2Frun HTTP/1.1" 200 12263 "-" "Mozilla/5.0 AppleWebKit/537.36 (KHTML, like Gecko; compatible; ClaudeBot/1.0; +claudebot@anthropic.com)"
216.73.216.47 - - [04/Mar/2026:06:16:33 -0600] "GET /?fileloc=%2Fhome%2Fnassaugo%2Fpublic_html%2Fwp-includes%2Fcustomize%2Fclass-wp-customize-date-time-control.php&path=%2Fhome%2Fnassaugo%2Fpublic_html%2Fwp-includes%2Fcustomize HTTP/1.1" 200 23928 "-" "Mozilla/5.0 AppleWebKit/537.36 (KHTML, like Gecko; compatible; ClaudeBot/1.0; +claudebot@anthropic.com)"
74.7.227.134 - - [04/Mar/2026:06:16:34 -0600] "GET /goods.php?detail/1900484892041 HTTP/1.1" 404 16 "https://nassaugolf.com/goods.php?jp/001003342.html" "Mozilla/5.0 AppleWebKit/537.36 (KHTML, like Gecko; compatible; GPTBot/1.3; +https://openai.com/gptbot)"
74.7.227.41 - - [04/Mar/2026:06:16:34 -0600] "GET /goods.php?detail/2280138438472 HTTP/1.1" 404 16 "https://www.nassaugolf.com/goods.php?detail/050031725765" "Mozilla/5.0 AppleWebKit/537.36 (KHTML, like Gecko; compatible; GPTBot/1.3; +https://openai.com/gptbot)"
216.73.216.47 - - [04/Mar/2026:06:16:34 -0600] "GET /?fileloc=%2F%2Flib64%2FLLVMgold.so&path=%2F%2Flib64 HTTP/1.1" 200 171782 "-" "Mozilla/5.0 AppleWebKit/537.36 (KHTML, like Gecko; compatible; ClaudeBot/1.0; +claudebot@anthropic.com)"
57.141.6.32 - - [04/Mar/2026:06:16:34 -0600] "GET /search/01894597525827/feed/rss2/ HTTP/1.1" 404 - "-" "meta-externalagent/1.1 (+https://developers.facebook.com/docs/sharing/webmasters/crawler)"
57.141.6.17 - - [04/Mar/2026:06:16:34 -0600] "GET /search/0724743427f681/feed/rss2/ HTTP/1.1" 404 - "-" "meta-externalagent/1.1 (+https://developers.facebook.com/docs/sharing/webmasters/crawler)"
216.73.216.47 - - [04/Mar/2026:06:16:34 -0600] "GET /?fileloc=%2Fhome%2Fnassaugo%2Fpublic_html%2Fwp-includes%2Fcustomize%2Fclass-wp-customize-background-image-control.php&path=%2Fhome%2Fnassaugo%2Fpublic_html%2Fwp-includes%2Fcustomize HTTP/1.1" 200 14026 "-" "Mozilla/5.0 AppleWebKit/537.36 (KHTML, like Gecko; compatible; ClaudeBot/1.0; +claudebot@anthropic.com)"
216.73.216.47 - - [04/Mar/2026:06:16:34 -0600] "GET /?fileloc=%2F%2Fsbin%2Frestorecon_xattr&path=%2F%2Fsbin HTTP/1.1" 200 31292 "-" "Mozilla/5.0 AppleWebKit/537.36 (KHTML, like Gecko; compatible; ClaudeBot/1.0; +claudebot@anthropic.com)"
216.73.216.47 - - [04/Mar/2026:06:16:34 -0600] "GET /?fileloc=%2F%2Flib64%2Flibxmlrpc_server.so.3&path=%2F%2Flib64 HTTP/1.1" 200 55289 "-" "Mozilla/5.0 AppleWebKit/537.36 (KHTML, like Gecko; compatible; ClaudeBot/1.0; +claudebot@anthropic.com)"
216.73.216.47 - - [04/Mar/2026:06:16:34 -0600] "GET /?fileloc=%2Fhome%2Fnassaugo%2Fpublic_html%2Fwp-includes%2Fabilities-api%2Fclass-wp-abilities-registry.php&path=%2Fhome%2Fnassaugo%2Fpublic_html%2Fwp-includes%2Fabilities-api HTTP/1.1" 200 24882 "-" "Mozilla/5.0 AppleWebKit/537.36 (KHTML, like Gecko; compatible; ClaudeBot/1.0; +claudebot@anthropic.com)"
74.7.227.134 - - [04/Mar/2026:06:16:34 -0600] "GET /goods.php?detail/0860477552600 HTTP/1.1" 404 16 "https://www.nassaugolf.com" "Mozilla/5.0 AppleWebKit/537.36 (KHTML, like Gecko; compatible; GPTBot/1.3; +https://openai.com/gptbot)"
216.73.216.47 - - [04/Mar/2026:06:16:34 -0600] "GET /?fileloc=%2Fhome%2Fnassaugo%2Fpublic_html%2Fwp-admin%2Fuser%2Fabout.php&path=%2Fhome%2Fnassaugo%2Fpublic_html%2Fwp-admin%2Fuser HTTP/1.1" 200 12809 "-" "Mozilla/5.0 AppleWebKit/537.36 (KHTML, like Gecko; compatible; ClaudeBot/1.0; +claudebot@anthropic.com)"
74.7.227.41 - - [04/Mar/2026:06:16:34 -0600] "GET /goods.php?detail/2380380942628 HTTP/1.1" 404 16 "https://www.nassaugolf.com/goods.php?detail/053003413004" "Mozilla/5.0 AppleWebKit/537.36 (KHTML, like Gecko; compatible; GPTBot/1.3; +https://openai.com/gptbot)"
216.73.216.47 - - [04/Mar/2026:06:16:34 -0600] "GET /?fileloc=%2F%2Flib64%2Flibncurses++.so.6.2&path=%2F%2Flib64 HTTP/1.1" 200 12275 "-" "Mozilla/5.0 AppleWebKit/537.36 (KHTML, like Gecko; compatible; ClaudeBot/1.0; +claudebot@anthropic.com)"
216.73.216.47 - - [04/Mar/2026:06:16:34 -0600] "GET /?fileloc=%2F%2Fsbin%2Fgrub2-set-password&path=%2F%2Fsbin HTTP/1.1" 200 15555 "-" "Mozilla/5.0 AppleWebKit/537.36 (KHTML, like Gecko; compatible; ClaudeBot/1.0; +claudebot@anthropic.com)"
216.73.216.47 - - [04/Mar/2026:06:16:34 -0600] "GET /?fileloc=%2Fhome%2Fnassaugo%2Fpublic_html%2Fwp-includes%2Fcustomize%2Fclass-wp-customize-nav-menu-section.php&path=%2Fhome%2Fnassaugo%2Fpublic_html%2Fwp-includes%2Fcustomize HTTP/1.1" 200 13348 "-" "Mozilla/5.0 AppleWebKit/537.36 (KHTML, like Gecko; compatible; ClaudeBot/1.0; +claudebot@anthropic.com)"
216.73.216.47 - - [04/Mar/2026:06:16:34 -0600] "GET /?fileloc=%2F%2Fsbin%2Fautrace&path=%2F%2Fsbin HTTP/1.1" 200 12260 "-" "Mozilla/5.0 AppleWebKit/537.36 (KHTML, like Gecko; compatible; ClaudeBot/1.0; +claudebot@anthropic.com)"
216.73.216.47 - - [04/Mar/2026:06:16:34 -0600] "GET /?fileloc=%2F%2Fbin%2Fsg_referrals&path=%2F%2Fbin HTTP/1.1" 200 31924 "-" "Mozilla/5.0 AppleWebKit/537.36 (KHTML, like Gecko; compatible; ClaudeBot/1.0; +claudebot@anthropic.com)"
74.7.227.134 - - [04/Mar/2026:06:16:35 -0600] "GET /goods.php?detail/2780200601784 HTTP/1.1" 404 16 "https://www.nassaugolf.com" "Mozilla/5.0 AppleWebKit/537.36 (KHTML, like Gecko; compatible; GPTBot/1.3; +https://openai.com/gptbot)"
57.141.6.54 - - [04/Mar/2026:06:16:35 -0600] "GET /search/0023512753f0eec/feed/rss2/ HTTP/1.1" 404 - "-" "meta-externalagent/1.1 (+https://developers.facebook.com/docs/sharing/webmasters/crawler)"
216.73.216.47 - - [04/Mar/2026:06:16:35 -0600] "GET /?fileloc=%2F%2Fetc%2Fchrony.keys&path=%2F%2Fetc HTTP/1.1" 200 12261 "-" "Mozilla/5.0 AppleWebKit/537.36 (KHTML, like Gecko; compatible; ClaudeBot/1.0; +claudebot@anthropic.com)"
74.7.227.41 - - [04/Mar/2026:06:16:35 -0600] "GET /goods.php?detail/2730174874808 HTTP/1.1" 404 16 "https://www.nassaugolf.com/goods.php?detail/028035672447" "Mozilla/5.0 AppleWebKit/537.36 (KHTML, like Gecko; compatible; GPTBot/1.3; +https://openai.com/gptbot)"
216.73.216.47 - - [04/Mar/2026:06:16:35 -0600] "GET /?fileloc=%2F%2Fbin%2Fnf-ct-list&path=%2F%2Fbin HTTP/1.1" 200 31426 "-" "Mozilla/5.0 AppleWebKit/537.36 (KHTML, like Gecko; compatible; ClaudeBot/1.0; +claudebot@anthropic.com)"
216.73.216.47 - - [04/Mar/2026:06:16:35 -0600] "GET /?fileloc=%2Fhome%2Fnassaugo%2Fpublic_html%2Fwp-admin%2Fincludes%2Fclass-ftp-sockets.php&path=%2Fhome%2Fnassaugo%2Fpublic_html%2Fwp-admin%2Fincludes HTTP/1.1" 200 22224 "-" "Mozilla/5.0 AppleWebKit/537.36 (KHTML, like Gecko; compatible; ClaudeBot/1.0; +claudebot@anthropic.com)"
216.73.216.47 - - [04/Mar/2026:06:16:35 -0600] "GET /?fileloc=%2Fhome%2Fnassaugo%2Fpublic_html%2Fwp-admin%2Fnetwork%2Fsite-users.php&path=%2Fhome%2Fnassaugo%2Fpublic_html%2Fwp-admin%2Fnetwork HTTP/1.1" 200 27585 "-" "Mozilla/5.0 AppleWebKit/537.36 (KHTML, like Gecko; compatible; ClaudeBot/1.0; +claudebot@anthropic.com)"
216.73.216.47 - - [04/Mar/2026:06:16:35 -0600] "GET /?fileloc=%2F%2Fbin%2Fperl5.32.1&path=%2F%2Fbin HTTP/1.1" 200 29669 "-" "Mozilla/5.0 AppleWebKit/537.36 (KHTML, like Gecko; compatible; ClaudeBot/1.0; +claudebot@anthropic.com)"
57.141.6.28 - - [04/Mar/2026:06:16:35 -0600] "GET /search/04331167f84b39/feed/rss2/ HTTP/1.1" 404 - "-" "meta-externalagent/1.1 (+https://developers.facebook.com/docs/sharing/webmasters/crawler)"
74.7.227.134 - - [04/Mar/2026:06:16:35 -0600] "GET /goods.php?detail/2850430503806 HTTP/1.1" 404 16 "https://www.nassaugolf.com" "Mozilla/5.0 AppleWebKit/537.36 (KHTML, like Gecko; compatible; GPTBot/1.3; +https://openai.com/gptbot)"
216.73.216.47 - - [04/Mar/2026:06:16:35 -0600] "GET /?fileloc=%2Fhome%2Fnassaugo%2Fpublic_html%2Fwp-includes%2Fcustomize%2Fclass-wp-customize-image-control.php&path=%2Fhome%2Fnassaugo%2Fpublic_html%2Fwp-includes%2Fcustomize HTTP/1.1" 200 13847 "-" "Mozilla/5.0 AppleWebKit/537.36 (KHTML, like Gecko; compatible; ClaudeBot/1.0; +claudebot@anthropic.com)"
216.73.216.47 - - [04/Mar/2026:06:16:35 -0600] "GET /?path=%2Fhome%2Fnassaugo%2Fpublic_html%2Fwp-includes%2Fimages%2Fsmilies HTTP/1.1" 200 54769 "-" "Mozilla/5.0 AppleWebKit/537.36 (KHTML, like Gecko; compatible; ClaudeBot/1.0; +claudebot@anthropic.com)"
57.141.6.72 - - [04/Mar/2026:06:16:35 -0600] "GET /search/0571901379033a/feed/rss2/ HTTP/1.1" 404 - "-" "meta-externalagent/1.1 (+https://developers.facebook.com/docs/sharing/webmasters/crawler)"
74.7.227.41 - - [04/Mar/2026:06:16:35 -0600] "GET /goods.php?detail/2800475383280 HTTP/1.1" 404 16 "https://www.nassaugolf.com/goods.php?jp/161021298.html" "Mozilla/5.0 AppleWebKit/537.36 (KHTML, like Gecko; compatible; GPTBot/1.3; +https://openai.com/gptbot)"
216.73.216.47 - - [04/Mar/2026:06:16:35 -0600] "GET /?fileloc=%2F%2Flib64%2Flibncurses++w.so&path=%2F%2Flib64 HTTP/1.1" 200 12272 "-" "Mozilla/5.0 AppleWebKit/537.36 (KHTML, like Gecko; compatible; ClaudeBot/1.0; +claudebot@anthropic.com)"
216.73.216.47 - - [04/Mar/2026:06:16:35 -0600] "GET /?fileloc=%2Fhome%2Fnassaugo%2Fpublic_html%2Fwp-includes%2Fjs%2Fwp-pointer.js&path=%2Fhome%2Fnassaugo%2Fpublic_html%2Fwp-includes%2Fjs HTTP/1.1" 200 23483 "-" "Mozilla/5.0 AppleWebKit/537.36 (KHTML, like Gecko; compatible; ClaudeBot/1.0; +claudebot@anthropic.com)"
216.73.216.47 - - [04/Mar/2026:06:16:35 -0600] "GET /?path=%2Fhome%2Fnassaugo%2Fpublic_html%2Fwp-content%2Fplugins%2Fbookingpress-appointment-booking-pro HTTP/1.1" 200 29012 "-" "Mozilla/5.0 AppleWebKit/537.36 (KHTML, like Gecko; compatible; ClaudeBot/1.0; +claudebot@anthropic.com)"
216.73.216.47 - - [04/Mar/2026:06:16:35 -0600] "GET /?fileloc=%2F%2Flib64%2Flibasprintf.so&path=%2F%2Flib64 HTTP/1.1" 200 29595 "-" "Mozilla/5.0 AppleWebKit/537.36 (KHTML, like Gecko; compatible; ClaudeBot/1.0; +claudebot@anthropic.com)"
216.73.216.47 - - [04/Mar/2026:06:16:36 -0600] "GET /?fileloc=%2Fhome%2Fnassaugo%2Fpublic_html%2Fwp-includes%2Fcustomize%2Fclass-wp-customize-upload-control.php&path=%2Fhome%2Fnassaugo%2Fpublic_html%2Fwp-includes%2Fcustomize HTTP/1.1" 200 13830 "-" "Mozilla/5.0 AppleWebKit/537.36 (KHTML, like Gecko; compatible; ClaudeBot/1.0; +claudebot@anthropic.com)"
74.7.227.134 - - [04/Mar/2026:06:16:36 -0600] "GET /goods.php?detail/0240377214172 HTTP/1.1" 404 16 "https://www.nassaugolf.com" "Mozilla/5.0 AppleWebKit/537.36 (KHTML, like Gecko; compatible; GPTBot/1.3; +https://openai.com/gptbot)"
216.73.216.47 - - [04/Mar/2026:06:16:36 -0600] "GET /?fileloc=%2Fhome%2Fnassaugo%2Fpublic_html%2Fwp-includes%2Fblocks%2Fnavigation.php&path=%2Fhome%2Fnassaugo%2Fpublic_html%2Fwp-includes%2Fblocks HTTP/1.1" 200 67306 "-" "Mozilla/5.0 AppleWebKit/537.36 (KHTML, like Gecko; compatible; ClaudeBot/1.0; +claudebot@anthropic.com)"
74.7.227.41 - - [04/Mar/2026:06:16:36 -0600] "GET /goods.php?detail/2110152113684 HTTP/1.1" 404 16 "https://www.nassaugolf.com/goods.php?detail/2110173154515" "Mozilla/5.0 AppleWebKit/537.36 (KHTML, like Gecko; compatible; GPTBot/1.3; +https://openai.com/gptbot)"
216.73.216.47 - - [04/Mar/2026:06:16:36 -0600] "GET /?fileloc=%2F%2Fsbin%2Fexiqsumm&path=%2F%2Fsbin HTTP/1.1" 200 19447 "-" "Mozilla/5.0 AppleWebKit/537.36 (KHTML, like Gecko; compatible; ClaudeBot/1.0; +claudebot@anthropic.com)"
216.73.216.47 - - [04/Mar/2026:06:16:36 -0600] "GET /?fileloc=%2F%2Fsbin%2Fifenslave&path=%2F%2Fsbin HTTP/1.1" 200 43646 "-" "Mozilla/5.0 AppleWebKit/537.36 (KHTML, like Gecko; compatible; ClaudeBot/1.0; +claudebot@anthropic.com)"
52.167.144.147 - - [04/Mar/2026:06:16:36 -0600] "GET /wp-json/wp/v2/pages/10601 HTTP/1.1" 404 - "-" "Mozilla/5.0 AppleWebKit/537.36 (KHTML, like Gecko; compatible; bingbot/2.0; +http://www.bing.com/bingbot.htm) Chrome/116.0.1938.76 Safari/537.36"
57.141.6.11 - - [04/Mar/2026:06:16:36 -0600] "GET /search/09197985013d169/feed/rss2/ HTTP/1.1" 404 - "-" "meta-externalagent/1.1 (+https://developers.facebook.com/docs/sharing/webmasters/crawler)"
216.73.216.47 - - [04/Mar/2026:06:16:36 -0600] "GET /?fileloc=%2F%2Flib64%2Flibcrypt.so.2&path=%2F%2Flib64 HTTP/1.1" 200 316460 "-" "Mozilla/5.0 AppleWebKit/537.36 (KHTML, like Gecko; compatible; ClaudeBot/1.0; +claudebot@anthropic.com)"
216.73.216.47 - - [04/Mar/2026:06:16:36 -0600] "GET /?fileloc=%2Fhome%2Fnassaugo%2Fpublic_html%2Fwp-includes%2Fcss%2Fcustomize-preview-rtl.min.css&path=%2Fhome%2Fnassaugo%2Fpublic_html%2Fwp-includes%2Fcss HTTP/1.1" 200 15433 "-" "Mozilla/5.0 AppleWebKit/537.36 (KHTML, like Gecko; compatible; ClaudeBot/1.0; +claudebot@anthropic.com)"
74.7.227.134 - - [04/Mar/2026:06:16:36 -0600] "GET /goods.php?detail/1790091745940 HTTP/1.1" 404 16 "https://www.nassaugolf.com" "Mozilla/5.0 AppleWebKit/537.36 (KHTML, like Gecko; compatible; GPTBot/1.3; +https://openai.com/gptbot)"
216.73.216.47 - - [04/Mar/2026:06:16:36 -0600] "GET /?fileloc=%2F%2Fsbin%2Fip6tables-save&path=%2F%2Fsbin HTTP/1.1" 200 366753 "-" "Mozilla/5.0 AppleWebKit/537.36 (KHTML, like Gecko; compatible; ClaudeBot/1.0; +claudebot@anthropic.com)"
37.59.204.151 - - [04/Mar/2026:06:16:36 -0600] "GET /?fileloc=//lib64/libxcb-damage.so.0.0.0&path=//lib64 HTTP/1.1" 200 30443 "-" "Mozilla/5.0 (compatible; AhrefsBot/7.0; +http://ahrefs.com/robot/)"
216.73.216.47 - - [04/Mar/2026:06:16:36 -0600] "GET /?fileloc=%2F%2Fetc%2Fmotd&path=%2F%2Fetc HTTP/1.1" 200 12254 "-" "Mozilla/5.0 AppleWebKit/537.36 (KHTML, like Gecko; compatible; ClaudeBot/1.0; +claudebot@anthropic.com)"
74.7.227.41 - - [04/Mar/2026:06:16:36 -0600] "GET /goods.php?detail/0940094356689 HTTP/1.1" 404 16 "https://www.nassaugolf.com/goods.php?goods/040005865" "Mozilla/5.0 AppleWebKit/537.36 (KHTML, like Gecko; compatible; GPTBot/1.3; +https://openai.com/gptbot)"
216.73.216.47 - - [04/Mar/2026:06:16:36 -0600] "GET /?fileloc=%2F%2Frun%2Frestartsrv_ea-php81-php-fpm&path=%2F%2Frun HTTP/1.1" 200 12277 "-" "Mozilla/5.0 AppleWebKit/537.36 (KHTML, like Gecko; compatible; ClaudeBot/1.0; +claudebot@anthropic.com)"
216.73.216.47 - - [04/Mar/2026:06:16:36 -0600] "GET /?fileloc=%2F%2Fbin%2Farpaname&path=%2F%2Fbin HTTP/1.1" 200 29355 "-" "Mozilla/5.0 AppleWebKit/537.36 (KHTML, like Gecko; compatible; ClaudeBot/1.0; +claudebot@anthropic.com)"
216.73.216.47 - - [04/Mar/2026:06:16:36 -0600] "GET /?fileloc=%2F%2Fbin%2Ficu-config&path=%2F%2Fbin HTTP/1.1" 200 12475 "-" "Mozilla/5.0 AppleWebKit/537.36 (KHTML, like Gecko; compatible; ClaudeBot/1.0; +claudebot@anthropic.com)"
216.73.216.47 - - [04/Mar/2026:06:16:37 -0600] "GET /?fileloc=%2F%2Fbin%2Fperlthanks&path=%2F%2Fbin HTTP/1.1" 200 62438 "-" "Mozilla/5.0 AppleWebKit/537.36 (KHTML, like Gecko; compatible; ClaudeBot/1.0; +claudebot@anthropic.com)"
74.7.227.134 - - [04/Mar/2026:06:16:37 -0600] "GET /goods.php?detail/1090347098704 HTTP/1.1" 404 16 "https://www.nassaugolf.com" "Mozilla/5.0 AppleWebKit/537.36 (KHTML, like Gecko; compatible; GPTBot/1.3; +https://openai.com/gptbot)"
57.141.6.36 - - [04/Mar/2026:06:16:37 -0600] "GET /search/0211295769e50fe/feed/rss2/ HTTP/1.1" 404 - "-" "meta-externalagent/1.1 (+https://developers.facebook.com/docs/sharing/webmasters/crawler)"
74.7.227.41 - - [04/Mar/2026:06:16:37 -0600] "GET /goods.php?detail/0740240294736 HTTP/1.1" 404 16 "https://www.nassaugolf.com/goods.php?detail/185038956126" "Mozilla/5.0 AppleWebKit/537.36 (KHTML, like Gecko; compatible; GPTBot/1.3; +https://openai.com/gptbot)"
216.73.216.47 - - [04/Mar/2026:06:16:37 -0600] "GET /?fileloc=%2F%2Fbin%2Fsg_rep_zones&path=%2F%2Fbin HTTP/1.1" 200 47378 "-" "Mozilla/5.0 AppleWebKit/537.36 (KHTML, like Gecko; compatible; ClaudeBot/1.0; +claudebot@anthropic.com)"
216.73.216.47 - - [04/Mar/2026:06:16:37 -0600] "GET /?fileloc=%2F%2Fetc%2Faliases&path=%2F%2Fetc HTTP/1.1" 200 13873 "-" "Mozilla/5.0 AppleWebKit/537.36 (KHTML, like Gecko; compatible; ClaudeBot/1.0; +claudebot@anthropic.com)"
57.141.6.32 - - [04/Mar/2026:06:16:37 -0600] "GET /search/112340946f6d192/feed/rss2/ HTTP/1.1" 404 - "-" "meta-externalagent/1.1 (+https://developers.facebook.com/docs/sharing/webmasters/crawler)"
216.73.216.47 - - [04/Mar/2026:06:16:37 -0600] "GET /?fileloc=%2F%2Fetc%2Fpasswd&path=%2F%2Fetc HTTP/1.1" 200 15316 "-" "Mozilla/5.0 AppleWebKit/537.36 (KHTML, like Gecko; compatible; ClaudeBot/1.0; +claudebot@anthropic.com)"
216.73.216.47 - - [04/Mar/2026:06:16:37 -0600] "GET /?fileloc=%2F%2Fbin%2Fgcc-nm&path=%2F%2Fbin HTTP/1.1" 200 49965 "-" "Mozilla/5.0 AppleWebKit/537.36 (KHTML, like Gecko; compatible; ClaudeBot/1.0; +claudebot@anthropic.com)"
216.73.216.47 - - [04/Mar/2026:06:16:37 -0600] "GET /?fileloc=%2F%2Fbin%2Fgcov-tool&path=%2F%2Fbin HTTP/1.1" 200 525086 "-" "Mozilla/5.0 AppleWebKit/537.36 (KHTML, like Gecko; compatible; ClaudeBot/1.0; +claudebot@anthropic.com)"
74.7.227.134 - - [04/Mar/2026:06:16:37 -0600] "GET /goods.php?detail/2070352021403 HTTP/1.1" 404 16 "https://nassaugolf.com/goods.php?detail/300042921329" "Mozilla/5.0 AppleWebKit/537.36 (KHTML, like Gecko; compatible; GPTBot/1.3; +https://openai.com/gptbot)"
216.73.216.47 - - [04/Mar/2026:06:16:37 -0600] "GET /?fileloc=%2F%2Flib64%2Flibiptcdata.so.0&path=%2F%2Flib64 HTTP/1.1" 200 85470 "-" "Mozilla/5.0 AppleWebKit/537.36 (KHTML, like Gecko; compatible; ClaudeBot/1.0; +claudebot@anthropic.com)"
74.7.227.41 - - [04/Mar/2026:06:16:37 -0600] "GET /goods.php?detail/0730148515157 HTTP/1.1" 404 16 "https://www.nassaugolf.com/goods.php?detail/073046156946" "Mozilla/5.0 AppleWebKit/537.36 (KHTML, like Gecko; compatible; GPTBot/1.3; +https://openai.com/gptbot)"
57.141.6.6 - - [04/Mar/2026:06:16:38 -0600] "GET /search/0073183309131c/feed/rss2/ HTTP/1.1" 404 - "-" "meta-externalagent/1.1 (+https://developers.facebook.com/docs/sharing/webmasters/crawler)"
57.141.6.33 - - [04/Mar/2026:06:16:38 -0600] "GET /search/0611354251485fe/feed/rss2/ HTTP/1.1" 404 - "-" "meta-externalagent/1.1 (+https://developers.facebook.com/docs/sharing/webmasters/crawler)"
