57.141.6.12 - - [04/Mar/2026:06:25:51 -0600] "GET /search/012512825ab42a9/feed/rss2/ HTTP/1.1" 404 - "-" "meta-externalagent/1.1 (+https://developers.facebook.com/docs/sharing/webmasters/crawler)"
74.7.227.134 - - [04/Mar/2026:06:25:51 -0600] "GET /goods.php?detail/0610023938993 HTTP/1.1" 404 16 "https://www.nassaugolf.com" "Mozilla/5.0 AppleWebKit/537.36 (KHTML, like Gecko; compatible; GPTBot/1.3; +https://openai.com/gptbot)"
57.141.6.66 - - [04/Mar/2026:06:25:51 -0600] "GET /search/122094318c17543/feed/rss2/ HTTP/1.1" 404 - "-" "meta-externalagent/1.1 (+https://developers.facebook.com/docs/sharing/webmasters/crawler)"
57.141.6.8 - - [04/Mar/2026:06:25:51 -0600] "GET /prize/24329678 HTTP/1.1" 404 - "-" "meta-externalagent/1.1 (+https://developers.facebook.com/docs/sharing/webmasters/crawler)"
74.7.227.41 - - [04/Mar/2026:06:25:51 -0600] "GET /goods.php?detail/29704176496962 HTTP/1.1" 404 16 "https://www.nassaugolf.com/goods.php?detail/122019024271" "Mozilla/5.0 AppleWebKit/537.36 (KHTML, like Gecko; compatible; GPTBot/1.3; +https://openai.com/gptbot)"
74.7.227.134 - - [04/Mar/2026:06:25:51 -0600] "GET /goods.php?detail/2800158093388 HTTP/1.1" 404 16 "https://www.nassaugolf.com" "Mozilla/5.0 AppleWebKit/537.36 (KHTML, like Gecko; compatible; GPTBot/1.3; +https://openai.com/gptbot)"
74.7.227.134 - - [04/Mar/2026:06:25:52 -0600] "GET /goods.php?detail/0630067958656 HTTP/1.1" 404 16 "https://www.nassaugolf.com" "Mozilla/5.0 AppleWebKit/537.36 (KHTML, like Gecko; compatible; GPTBot/1.3; +https://openai.com/gptbot)"
74.7.227.41 - - [04/Mar/2026:06:25:52 -0600] "GET /goods.php?detail/29704833420470 HTTP/1.1" 404 16 "https://www.nassaugolf.com/goods.php?detail/297009505170" "Mozilla/5.0 AppleWebKit/537.36 (KHTML, like Gecko; compatible; GPTBot/1.3; +https://openai.com/gptbot)"
57.141.6.16 - - [04/Mar/2026:06:25:52 -0600] "GET /search/1222455441fcd88/feed/rss2/ HTTP/1.1" 404 - "-" "meta-externalagent/1.1 (+https://developers.facebook.com/docs/sharing/webmasters/crawler)"
74.7.227.134 - - [04/Mar/2026:06:25:52 -0600] "GET /goods.php?detail/2660256910023 HTTP/1.1" 404 16 "https://www.nassaugolf.com" "Mozilla/5.0 AppleWebKit/537.36 (KHTML, like Gecko; compatible; GPTBot/1.3; +https://openai.com/gptbot)"
74.7.227.41 - - [04/Mar/2026:06:25:52 -0600] "GET /goods.php?detail/27101546057210 HTTP/1.1" 404 16 "https://www.nassaugolf.com/goods.php?detail/136017701430" "Mozilla/5.0 AppleWebKit/537.36 (KHTML, like Gecko; compatible; GPTBot/1.3; +https://openai.com/gptbot)"
57.141.6.62 - - [04/Mar/2026:06:25:52 -0600] "GET /search/07120394088d705/feed/rss2/ HTTP/1.1" 404 - "-" "meta-externalagent/1.1 (+https://developers.facebook.com/docs/sharing/webmasters/crawler)"
74.7.227.134 - - [04/Mar/2026:06:25:53 -0600] "GET /goods.php?detail/0260021750785 HTTP/1.1" 404 16 "https://www.nassaugolf.com" "Mozilla/5.0 AppleWebKit/537.36 (KHTML, like Gecko; compatible; GPTBot/1.3; +https://openai.com/gptbot)"
74.7.227.41 - - [04/Mar/2026:06:25:53 -0600] "GET /goods.php?detail/13104280514423 HTTP/1.1" 404 16 "https://www.nassaugolf.com/goods.php?detail/131041480620" "Mozilla/5.0 AppleWebKit/537.36 (KHTML, like Gecko; compatible; GPTBot/1.3; +https://openai.com/gptbot)"
57.141.6.13 - - [04/Mar/2026:06:25:53 -0600] "GET /detail/814819789 HTTP/1.1" 404 - "-" "meta-externalagent/1.1 (+https://developers.facebook.com/docs/sharing/webmasters/crawler)"
92.222.108.108 - - [04/Mar/2026:06:25:53 -0600] "GET /?fileloc=//lib64/libverto.so.1.0.0&path=//lib64 HTTP/1.1" 200 50063 "-" "Mozilla/5.0 (compatible; AhrefsBot/7.0; +http://ahrefs.com/robot/)"
57.141.6.72 - - [04/Mar/2026:06:25:53 -0600] "GET /search/082340942f594f/feed/rss2/ HTTP/1.1" 404 - "-" "meta-externalagent/1.1 (+https://developers.facebook.com/docs/sharing/webmasters/crawler)"
74.7.227.134 - - [04/Mar/2026:06:25:53 -0600] "GET /goods.php?detail/2820051919399 HTTP/1.1" 404 16 "https://nassaugolf.com/goods.php?detail/282003468336" "Mozilla/5.0 AppleWebKit/537.36 (KHTML, like Gecko; compatible; GPTBot/1.3; +https://openai.com/gptbot)"
74.7.227.41 - - [04/Mar/2026:06:25:53 -0600] "GET /goods.php?detail/10100207960437 HTTP/1.1" 404 16 "https://www.nassaugolf.com/goods.php?detail/1010016337193" "Mozilla/5.0 AppleWebKit/537.36 (KHTML, like Gecko; compatible; GPTBot/1.3; +https://openai.com/gptbot)"
74.7.227.134 - - [04/Mar/2026:06:25:54 -0600] "GET /goods.php?detail/0850301708271 HTTP/1.1" 404 16 "https://nassaugolf.com/goods.php?detail/085015185540" "Mozilla/5.0 AppleWebKit/537.36 (KHTML, like Gecko; compatible; GPTBot/1.3; +https://openai.com/gptbot)"
74.7.227.41 - - [04/Mar/2026:06:25:54 -0600] "GET /goods.php?detail/13003578610787 HTTP/1.1" 404 16 "https://www.nassaugolf.com/goods.php?detail/066001148460" "Mozilla/5.0 AppleWebKit/537.36 (KHTML, like Gecko; compatible; GPTBot/1.3; +https://openai.com/gptbot)"
57.141.6.30 - - [04/Mar/2026:06:25:54 -0600] "GET /?s=022409810ad1686 HTTP/1.1" 200 53879 "-" "meta-externalagent/1.1 (+https://developers.facebook.com/docs/sharing/webmasters/crawler)"
74.7.227.134 - - [04/Mar/2026:06:25:54 -0600] "GET /goods.php?detail/0570081781490 HTTP/1.1" 404 16 "https://www.nassaugolf.com" "Mozilla/5.0 AppleWebKit/537.36 (KHTML, like Gecko; compatible; GPTBot/1.3; +https://openai.com/gptbot)"
74.7.227.41 - - [04/Mar/2026:06:25:54 -0600] "GET /goods.php?detail/07400590791802 HTTP/1.1" 404 16 "https://www.nassaugolf.com/goods.php?detail/0740154939572" "Mozilla/5.0 AppleWebKit/537.36 (KHTML, like Gecko; compatible; GPTBot/1.3; +https://openai.com/gptbot)"
57.141.6.9 - - [04/Mar/2026:06:25:55 -0600] "GET /search/011826119649557/feed/rss2/ HTTP/1.1" 404 - "-" "meta-externalagent/1.1 (+https://developers.facebook.com/docs/sharing/webmasters/crawler)"
74.7.227.134 - - [04/Mar/2026:06:25:55 -0600] "GET /goods.php?detail/1010013466519 HTTP/1.1" 404 16 "https://www.nassaugolf.com" "Mozilla/5.0 AppleWebKit/537.36 (KHTML, like Gecko; compatible; GPTBot/1.3; +https://openai.com/gptbot)"
74.7.227.41 - - [04/Mar/2026:06:25:55 -0600] "GET /goods.php?detail/13701078084139 HTTP/1.1" 404 16 "https://www.nassaugolf.com/goods.php?detail/248008071352" "Mozilla/5.0 AppleWebKit/537.36 (KHTML, like Gecko; compatible; GPTBot/1.3; +https://openai.com/gptbot)"
57.141.6.28 - - [04/Mar/2026:06:25:55 -0600] "GET /search/06159093d0e3ed/feed/rss2/ HTTP/1.1" 404 - "-" "meta-externalagent/1.1 (+https://developers.facebook.com/docs/sharing/webmasters/crawler)"
57.141.6.16 - - [04/Mar/2026:06:25:55 -0600] "GET /search/0610463541a296/feed/rss2/ HTTP/1.1" 404 - "-" "meta-externalagent/1.1 (+https://developers.facebook.com/docs/sharing/webmasters/crawler)"
74.7.227.134 - - [04/Mar/2026:06:25:55 -0600] "GET /goods.php?detail/2660077352603 HTTP/1.1" 404 16 "https://www.nassaugolf.com" "Mozilla/5.0 AppleWebKit/537.36 (KHTML, like Gecko; compatible; GPTBot/1.3; +https://openai.com/gptbot)"
74.7.227.41 - - [04/Mar/2026:06:25:55 -0600] "GET /goods.php?detail/28204468716146 HTTP/1.1" 404 16 "https://www.nassaugolf.com/goods.php?jp/210037715.html" "Mozilla/5.0 AppleWebKit/537.36 (KHTML, like Gecko; compatible; GPTBot/1.3; +https://openai.com/gptbot)"
74.7.227.134 - - [04/Mar/2026:06:25:56 -0600] "GET /goods.php?detail/1180119843906 HTTP/1.1" 404 16 "https://nassaugolf.com/goods.php?detail/0400119099074" "Mozilla/5.0 AppleWebKit/537.36 (KHTML, like Gecko; compatible; GPTBot/1.3; +https://openai.com/gptbot)"
57.141.6.37 - - [04/Mar/2026:06:25:56 -0600] "GET /search/0722631159687bc/feed/rss2/ HTTP/1.1" 404 - "-" "meta-externalagent/1.1 (+https://developers.facebook.com/docs/sharing/webmasters/crawler)"
74.7.227.41 - - [04/Mar/2026:06:25:56 -0600] "GET /goods.php?detail/05904535436890 HTTP/1.1" 404 16 "https://www.nassaugolf.com/goods.php?detail/059024878408" "Mozilla/5.0 AppleWebKit/537.36 (KHTML, like Gecko; compatible; GPTBot/1.3; +https://openai.com/gptbot)"
57.141.6.32 - - [04/Mar/2026:06:25:56 -0600] "GET /search/056841457dac49/feed/rss2/ HTTP/1.1" 404 - "-" "meta-externalagent/1.1 (+https://developers.facebook.com/docs/sharing/webmasters/crawler)"
74.7.227.134 - - [04/Mar/2026:06:25:56 -0600] "GET /goods.php?detail/1300358250345 HTTP/1.1" 404 16 "https://nassaugolf.com/goods.php?detail/025020766167" "Mozilla/5.0 AppleWebKit/537.36 (KHTML, like Gecko; compatible; GPTBot/1.3; +https://openai.com/gptbot)"
74.7.227.41 - - [04/Mar/2026:06:25:56 -0600] "GET /goods.php?detail/22704239935304 HTTP/1.1" 404 16 "https://www.nassaugolf.com/goods.php?detail/227000919482" "Mozilla/5.0 AppleWebKit/537.36 (KHTML, like Gecko; compatible; GPTBot/1.3; +https://openai.com/gptbot)"
57.141.6.24 - - [04/Mar/2026:06:25:57 -0600] "GET /prize/6296301 HTTP/1.1" 404 - "-" "meta-externalagent/1.1 (+https://developers.facebook.com/docs/sharing/webmasters/crawler)"
74.7.227.134 - - [04/Mar/2026:06:25:57 -0600] "GET /goods.php?detail/2320424205153 HTTP/1.1" 404 16 "https://www.nassaugolf.com" "Mozilla/5.0 AppleWebKit/537.36 (KHTML, like Gecko; compatible; GPTBot/1.3; +https://openai.com/gptbot)"
74.7.227.41 - - [04/Mar/2026:06:25:57 -0600] "GET /goods.php?detail/03101610772993 HTTP/1.1" 404 16 "https://www.nassaugolf.com/goods.php?detail/176013996061" "Mozilla/5.0 AppleWebKit/537.36 (KHTML, like Gecko; compatible; GPTBot/1.3; +https://openai.com/gptbot)"
74.7.227.134 - - [04/Mar/2026:06:25:57 -0600] "GET /goods.php?detail/1300105019273 HTTP/1.1" 404 16 "https://www.nassaugolf.com" "Mozilla/5.0 AppleWebKit/537.36 (KHTML, like Gecko; compatible; GPTBot/1.3; +https://openai.com/gptbot)"
74.7.227.41 - - [04/Mar/2026:06:25:57 -0600] "GET /goods.php?detail/13403399229406 HTTP/1.1" 404 16 "https://www.nassaugolf.com/goods.php?detail/134003824782" "Mozilla/5.0 AppleWebKit/537.36 (KHTML, like Gecko; compatible; GPTBot/1.3; +https://openai.com/gptbot)"
57.141.6.50 - - [04/Mar/2026:06:25:58 -0600] "GET /prize/6452645 HTTP/1.1" 404 - "-" "meta-externalagent/1.1 (+https://developers.facebook.com/docs/sharing/webmasters/crawler)"
74.7.227.134 - - [04/Mar/2026:06:25:58 -0600] "GET /goods.php?detail/0940050387408 HTTP/1.1" 404 16 "https://nassaugolf.com/goods.php?detail/094007445432" "Mozilla/5.0 AppleWebKit/537.36 (KHTML, like Gecko; compatible; GPTBot/1.3; +https://openai.com/gptbot)"
57.141.6.30 - - [04/Mar/2026:06:25:58 -0600] "GET /search/0412417954604df/feed/rss2/ HTTP/1.1" 404 - "-" "meta-externalagent/1.1 (+https://developers.facebook.com/docs/sharing/webmasters/crawler)"
74.7.227.41 - - [04/Mar/2026:06:25:58 -0600] "GET /goods.php?detail/13200134175255 HTTP/1.1" 404 16 "https://www.nassaugolf.com/goods.php?detail/132047233927" "Mozilla/5.0 AppleWebKit/537.36 (KHTML, like Gecko; compatible; GPTBot/1.3; +https://openai.com/gptbot)"
91.92.242.224 - - [04/Mar/2026:06:25:58 -0600] "GET /my-account/ HTTP/1.1" 404 - "-" "-"
57.141.6.11 - - [04/Mar/2026:06:25:58 -0600] "GET /prize/17917223 HTTP/1.1" 404 - "-" "meta-externalagent/1.1 (+https://developers.facebook.com/docs/sharing/webmasters/crawler)"
74.7.227.134 - - [04/Mar/2026:06:25:58 -0600] "GET /goods.php?detail/1380059068100 HTTP/1.1" 404 16 "https://www.nassaugolf.com" "Mozilla/5.0 AppleWebKit/537.36 (KHTML, like Gecko; compatible; GPTBot/1.3; +https://openai.com/gptbot)"
74.7.227.41 - - [04/Mar/2026:06:25:59 -0600] "GET /goods.php?detail/10901167670592 HTTP/1.1" 404 16 "https://www.nassaugolf.com/goods.php?detail/152023122519" "Mozilla/5.0 AppleWebKit/537.36 (KHTML, like Gecko; compatible; GPTBot/1.3; +https://openai.com/gptbot)"
74.7.227.134 - - [04/Mar/2026:06:25:59 -0600] "GET /goods.php?detail/2160250560533 HTTP/1.1" 404 16 "https://www.nassaugolf.com" "Mozilla/5.0 AppleWebKit/537.36 (KHTML, like Gecko; compatible; GPTBot/1.3; +https://openai.com/gptbot)"
57.141.6.1 - - [04/Mar/2026:06:25:59 -0600] "GET /prize/30300367 HTTP/1.1" 404 - "-" "meta-externalagent/1.1 (+https://developers.facebook.com/docs/sharing/webmasters/crawler)"
57.141.6.31 - - [04/Mar/2026:06:25:59 -0600] "GET /search/0214254780a6e79/feed/rss2/ HTTP/1.1" 404 - "-" "meta-externalagent/1.1 (+https://developers.facebook.com/docs/sharing/webmasters/crawler)"
74.7.227.41 - - [04/Mar/2026:06:25:59 -0600] "GET /goods.php?detail/16901559703016 HTTP/1.1" 404 16 "https://www.nassaugolf.com/goods.php?detail/273022343731" "Mozilla/5.0 AppleWebKit/537.36 (KHTML, like Gecko; compatible; GPTBot/1.3; +https://openai.com/gptbot)"
74.7.227.134 - - [04/Mar/2026:06:25:59 -0600] "GET /goods.php?detail/0180097226701 HTTP/1.1" 404 16 "https://www.nassaugolf.com" "Mozilla/5.0 AppleWebKit/537.36 (KHTML, like Gecko; compatible; GPTBot/1.3; +https://openai.com/gptbot)"
74.7.227.41 - - [04/Mar/2026:06:26:00 -0600] "GET /goods.php?detail/04804525847097 HTTP/1.1" 404 16 "https://www.nassaugolf.com/goods.php?detail/080007449174" "Mozilla/5.0 AppleWebKit/537.36 (KHTML, like Gecko; compatible; GPTBot/1.3; +https://openai.com/gptbot)"
57.141.6.68 - - [04/Mar/2026:06:26:00 -0600] "GET /detail/224374808 HTTP/1.1" 404 - "-" "meta-externalagent/1.1 (+https://developers.facebook.com/docs/sharing/webmasters/crawler)"
74.7.227.134 - - [04/Mar/2026:06:26:00 -0600] "GET /goods.php?detail/0890485818857 HTTP/1.1" 404 16 "https://nassaugolf.com/goods.php?detail/164001827061" "Mozilla/5.0 AppleWebKit/537.36 (KHTML, like Gecko; compatible; GPTBot/1.3; +https://openai.com/gptbot)"
74.7.227.41 - - [04/Mar/2026:06:26:00 -0600] "GET /goods.php?detail/12900245050078 HTTP/1.1" 404 16 "https://www.nassaugolf.com/goods.php?detail/129002403730" "Mozilla/5.0 AppleWebKit/537.36 (KHTML, like Gecko; compatible; GPTBot/1.3; +https://openai.com/gptbot)"
74.7.227.134 - - [04/Mar/2026:06:26:01 -0600] "GET /goods.php?detail/2720278742655 HTTP/1.1" 404 16 "https://www.nassaugolf.com" "Mozilla/5.0 AppleWebKit/537.36 (KHTML, like Gecko; compatible; GPTBot/1.3; +https://openai.com/gptbot)"
57.141.6.19 - - [04/Mar/2026:06:26:01 -0600] "GET /search/05112748eae5d8/feed/rss2/ HTTP/1.1" 404 - "-" "meta-externalagent/1.1 (+https://developers.facebook.com/docs/sharing/webmasters/crawler)"
57.141.6.7 - - [04/Mar/2026:06:26:01 -0600] "GET /prize/24771001 HTTP/1.1" 404 - "-" "meta-externalagent/1.1 (+https://developers.facebook.com/docs/sharing/webmasters/crawler)"
74.7.227.41 - - [04/Mar/2026:06:26:01 -0600] "GET /goods.php?detail/02100600998542 HTTP/1.1" 404 16 "https://www.nassaugolf.com/goods.php?detail/021000672915" "Mozilla/5.0 AppleWebKit/537.36 (KHTML, like Gecko; compatible; GPTBot/1.3; +https://openai.com/gptbot)"
74.7.227.134 - - [04/Mar/2026:06:26:01 -0600] "GET /goods.php?detail/2390158029003 HTTP/1.1" 404 16 "https://nassaugolf.com/goods.php?detail/176008367636" "Mozilla/5.0 AppleWebKit/537.36 (KHTML, like Gecko; compatible; GPTBot/1.3; +https://openai.com/gptbot)"
74.7.227.41 - - [04/Mar/2026:06:26:01 -0600] "GET /goods.php?detail/21403124217799 HTTP/1.1" 404 16 "https://www.nassaugolf.com/goods.php?detail/157046517191" "Mozilla/5.0 AppleWebKit/537.36 (KHTML, like Gecko; compatible; GPTBot/1.3; +https://openai.com/gptbot)"
57.141.6.28 - - [04/Mar/2026:06:26:01 -0600] "GET /prize/17418634 HTTP/1.1" 404 - "-" "meta-externalagent/1.1 (+https://developers.facebook.com/docs/sharing/webmasters/crawler)"
74.7.227.134 - - [04/Mar/2026:06:26:02 -0600] "GET /goods.php?detail/0830376587688 HTTP/1.1" 404 16 "https://www.nassaugolf.com" "Mozilla/5.0 AppleWebKit/537.36 (KHTML, like Gecko; compatible; GPTBot/1.3; +https://openai.com/gptbot)"
57.141.6.35 - - [04/Mar/2026:06:26:02 -0600] "GET /search/07575198cd127d/feed/rss2/ HTTP/1.1" 404 - "-" "meta-externalagent/1.1 (+https://developers.facebook.com/docs/sharing/webmasters/crawler)"
74.7.227.41 - - [04/Mar/2026:06:26:02 -0600] "GET /goods.php?detail/21603068832037 HTTP/1.1" 404 16 "https://www.nassaugolf.com/goods.php?detail/253024640350" "Mozilla/5.0 AppleWebKit/537.36 (KHTML, like Gecko; compatible; GPTBot/1.3; +https://openai.com/gptbot)"
74.7.227.134 - - [04/Mar/2026:06:26:02 -0600] "GET /goods.php?detail/1950020275809 HTTP/1.1" 404 16 "https://www.nassaugolf.com" "Mozilla/5.0 AppleWebKit/537.36 (KHTML, like Gecko; compatible; GPTBot/1.3; +https://openai.com/gptbot)"
74.7.227.41 - - [04/Mar/2026:06:26:02 -0600] "GET /goods.php?detail/03700309876410 HTTP/1.1" 404 16 "https://www.nassaugolf.com/goods.php?detail/037025078867" "Mozilla/5.0 AppleWebKit/537.36 (KHTML, like Gecko; compatible; GPTBot/1.3; +https://openai.com/gptbot)"
57.141.6.29 - - [04/Mar/2026:06:26:03 -0600] "GET /prize/9795834 HTTP/1.1" 404 - "-" "meta-externalagent/1.1 (+https://developers.facebook.com/docs/sharing/webmasters/crawler)"
74.7.227.134 - - [04/Mar/2026:06:26:03 -0600] "GET /goods.php?detail/2170139311893 HTTP/1.1" 404 16 "https://nassaugolf.com/goods.php?detail/042016643323" "Mozilla/5.0 AppleWebKit/537.36 (KHTML, like Gecko; compatible; GPTBot/1.3; +https://openai.com/gptbot)"
57.141.6.72 - - [04/Mar/2026:06:26:03 -0600] "GET /prize/10326034 HTTP/1.1" 404 - "-" "meta-externalagent/1.1 (+https://developers.facebook.com/docs/sharing/webmasters/crawler)"
74.7.227.41 - - [04/Mar/2026:06:26:03 -0600] "GET /goods.php?detail/02100897559175 HTTP/1.1" 404 16 "https://www.nassaugolf.com/goods.php?detail/023018800685" "Mozilla/5.0 AppleWebKit/537.36 (KHTML, like Gecko; compatible; GPTBot/1.3; +https://openai.com/gptbot)"
57.141.6.28 - - [04/Mar/2026:06:26:03 -0600] "GET /search/01181599030d2cd/feed/rss2/ HTTP/1.1" 404 - "-" "meta-externalagent/1.1 (+https://developers.facebook.com/docs/sharing/webmasters/crawler)"
74.7.227.134 - - [04/Mar/2026:06:26:03 -0600] "GET /goods.php?detail/2070309071160 HTTP/1.1" 404 16 "https://www.nassaugolf.com" "Mozilla/5.0 AppleWebKit/537.36 (KHTML, like Gecko; compatible; GPTBot/1.3; +https://openai.com/gptbot)"
74.7.227.41 - - [04/Mar/2026:06:26:03 -0600] "GET /goods.php?detail/10403242992416 HTTP/1.1" 404 16 "https://www.nassaugolf.com/goods.php?detail/241010491033" "Mozilla/5.0 AppleWebKit/537.36 (KHTML, like Gecko; compatible; GPTBot/1.3; +https://openai.com/gptbot)"
74.7.227.134 - - [04/Mar/2026:06:26:04 -0600] "GET /goods.php?detail/0820065770096 HTTP/1.1" 404 16 "https://nassaugolf.com/goods.php?detail/082047017210" "Mozilla/5.0 AppleWebKit/537.36 (KHTML, like Gecko; compatible; GPTBot/1.3; +https://openai.com/gptbot)"
57.141.6.34 - - [04/Mar/2026:06:26:04 -0600] "GET /search/021353024214798/feed/rss2/ HTTP/1.1" 404 - "-" "meta-externalagent/1.1 (+https://developers.facebook.com/docs/sharing/webmasters/crawler)"
74.7.227.41 - - [04/Mar/2026:06:26:04 -0600] "GET /goods.php?detail/06203281361506 HTTP/1.1" 404 16 "https://www.nassaugolf.com/goods.php?detail/197011560915" "Mozilla/5.0 AppleWebKit/537.36 (KHTML, like Gecko; compatible; GPTBot/1.3; +https://openai.com/gptbot)"
74.7.227.134 - - [04/Mar/2026:06:26:04 -0600] "GET /goods.php?detail/0220423045864 HTTP/1.1" 404 16 "https://www.nassaugolf.com" "Mozilla/5.0 AppleWebKit/537.36 (KHTML, like Gecko; compatible; GPTBot/1.3; +https://openai.com/gptbot)"
74.7.227.41 - - [04/Mar/2026:06:26:04 -0600] "GET /goods.php?detail/27304513073712 HTTP/1.1" 404 16 "https://www.nassaugolf.com/goods.php?detail/2030024464612" "Mozilla/5.0 AppleWebKit/537.36 (KHTML, like Gecko; compatible; GPTBot/1.3; +https://openai.com/gptbot)"
57.141.6.18 - - [04/Mar/2026:06:26:05 -0600] "GET /prize/23439456 HTTP/1.1" 404 - "-" "meta-externalagent/1.1 (+https://developers.facebook.com/docs/sharing/webmasters/crawler)"
74.7.227.134 - - [04/Mar/2026:06:26:05 -0600] "GET /goods.php?detail/2780273821620 HTTP/1.1" 404 16 "https://nassaugolf.com/goods.php?detail/283040546985" "Mozilla/5.0 AppleWebKit/537.36 (KHTML, like Gecko; compatible; GPTBot/1.3; +https://openai.com/gptbot)"
74.7.227.41 - - [04/Mar/2026:06:26:05 -0600] "GET /goods.php?detail/29101344180290 HTTP/1.1" 404 16 "https://www.nassaugolf.com/goods.php?detail/061028811783" "Mozilla/5.0 AppleWebKit/537.36 (KHTML, like Gecko; compatible; GPTBot/1.3; +https://openai.com/gptbot)"
57.141.6.11 - - [04/Mar/2026:06:26:05 -0600] "GET /prize/10773023 HTTP/1.1" 404 - "-" "meta-externalagent/1.1 (+https://developers.facebook.com/docs/sharing/webmasters/crawler)"
57.141.6.32 - - [04/Mar/2026:06:26:05 -0600] "GET /?s=061270343a8e80e HTTP/1.1" 200 53879 "-" "meta-externalagent/1.1 (+https://developers.facebook.com/docs/sharing/webmasters/crawler)"
74.7.227.134 - - [04/Mar/2026:06:26:05 -0600] "GET /goods.php?detail/2060260395286 HTTP/1.1" 404 16 "https://nassaugolf.com/goods.php?detail/206046696244" "Mozilla/5.0 AppleWebKit/537.36 (KHTML, like Gecko; compatible; GPTBot/1.3; +https://openai.com/gptbot)"
74.7.227.41 - - [04/Mar/2026:06:26:05 -0600] "GET /goods.php?detail/25804952043094 HTTP/1.1" 404 16 "https://www.nassaugolf.com/goods.php?detail/1670021071712" "Mozilla/5.0 AppleWebKit/537.36 (KHTML, like Gecko; compatible; GPTBot/1.3; +https://openai.com/gptbot)"
74.7.227.134 - - [04/Mar/2026:06:26:06 -0600] "GET /goods.php?detail/1350113020397 HTTP/1.1" 404 16 "https://www.nassaugolf.com" "Mozilla/5.0 AppleWebKit/537.36 (KHTML, like Gecko; compatible; GPTBot/1.3; +https://openai.com/gptbot)"
57.141.6.53 - - [04/Mar/2026:06:26:06 -0600] "GET /detail/964934441 HTTP/1.1" 404 - "-" "meta-externalagent/1.1 (+https://developers.facebook.com/docs/sharing/webmasters/crawler)"
74.7.227.41 - - [04/Mar/2026:06:26:06 -0600] "GET /goods.php?detail/14801894395398 HTTP/1.1" 404 16 "https://www.nassaugolf.com/goods.php?detail/102012332368" "Mozilla/5.0 AppleWebKit/537.36 (KHTML, like Gecko; compatible; GPTBot/1.3; +https://openai.com/gptbot)"
74.7.227.134 - - [04/Mar/2026:06:26:06 -0600] "GET /goods.php?detail/2450247411577 HTTP/1.1" 404 16 "https://nassaugolf.com/goods.php?detail/180018152234" "Mozilla/5.0 AppleWebKit/537.36 (KHTML, like Gecko; compatible; GPTBot/1.3; +https://openai.com/gptbot)"
74.7.227.41 - - [04/Mar/2026:06:26:06 -0600] "GET /goods.php?detail/08002323594070 HTTP/1.1" 404 16 "https://www.nassaugolf.com/goods.php?detail/238030001806" "Mozilla/5.0 AppleWebKit/537.36 (KHTML, like Gecko; compatible; GPTBot/1.3; +https://openai.com/gptbot)"
57.141.6.5 - - [04/Mar/2026:06:26:06 -0600] "GET /?s=0917008092a39bd HTTP/1.1" 200 53879 "-" "meta-externalagent/1.1 (+https://developers.facebook.com/docs/sharing/webmasters/crawler)"
74.7.227.134 - - [04/Mar/2026:06:26:07 -0600] "GET /goods.php?detail/1180024810096 HTTP/1.1" 404 16 "https://nassaugolf.com/goods.php?detail/180022182430" "Mozilla/5.0 AppleWebKit/537.36 (KHTML, like Gecko; compatible; GPTBot/1.3; +https://openai.com/gptbot)"
57.141.6.33 - - [04/Mar/2026:06:26:07 -0600] "GET /?s=03539562c7d30c HTTP/1.1" 200 53879 "-" "meta-externalagent/1.1 (+https://developers.facebook.com/docs/sharing/webmasters/crawler)"
74.7.227.41 - - [04/Mar/2026:06:26:07 -0600] "GET /goods.php?detail/06401864171988 HTTP/1.1" 404 16 "https://www.nassaugolf.com/goods.php?detail/249002500936" "Mozilla/5.0 AppleWebKit/537.36 (KHTML, like Gecko; compatible; GPTBot/1.3; +https://openai.com/gptbot)"
74.7.227.134 - - [04/Mar/2026:06:26:07 -0600] "GET /goods.php?detail/0170010484032 HTTP/1.1" 404 16 "https://nassaugolf.com/goods.php?detail/0170378307840" "Mozilla/5.0 AppleWebKit/537.36 (KHTML, like Gecko; compatible; GPTBot/1.3; +https://openai.com/gptbot)"
74.7.227.41 - - [04/Mar/2026:06:26:08 -0600] "GET /goods.php?detail/06300375695837 HTTP/1.1" 404 16 "https://www.nassaugolf.com/goods.php?detail/170005702248" "Mozilla/5.0 AppleWebKit/537.36 (KHTML, like Gecko; compatible; GPTBot/1.3; +https://openai.com/gptbot)"
57.141.6.16 - - [04/Mar/2026:06:26:08 -0600] "GET /search/03267672a77fad/feed/rss2/ HTTP/1.1" 404 - "-" "meta-externalagent/1.1 (+https://developers.facebook.com/docs/sharing/webmasters/crawler)"
74.7.227.134 - - [04/Mar/2026:06:26:08 -0600] "GET /goods.php?detail/1510152446143 HTTP/1.1" 404 16 "https://www.nassaugolf.com" "Mozilla/5.0 AppleWebKit/537.36 (KHTML, like Gecko; compatible; GPTBot/1.3; +https://openai.com/gptbot)"
57.141.6.6 - - [04/Mar/2026:06:26:08 -0600] "GET /search/093778888366a0/feed/rss2/ HTTP/1.1" 404 - "-" "meta-externalagent/1.1 (+https://developers.facebook.com/docs/sharing/webmasters/crawler)"
74.7.227.41 - - [04/Mar/2026:06:26:08 -0600] "GET /goods.php?detail/18604725755255 HTTP/1.1" 404 16 "https://www.nassaugolf.com/goods.php?detail/190006596447" "Mozilla/5.0 AppleWebKit/537.36 (KHTML, like Gecko; compatible; GPTBot/1.3; +https://openai.com/gptbot)"
57.141.6.35 - - [04/Mar/2026:06:26:08 -0600] "GET /prize/23637312 HTTP/1.1" 404 - "-" "meta-externalagent/1.1 (+https://developers.facebook.com/docs/sharing/webmasters/crawler)"
74.7.227.134 - - [04/Mar/2026:06:26:08 -0600] "GET /goods.php?detail/2500175083730 HTTP/1.1" 404 16 "https://www.nassaugolf.com" "Mozilla/5.0 AppleWebKit/537.36 (KHTML, like Gecko; compatible; GPTBot/1.3; +https://openai.com/gptbot)"
74.7.227.41 - - [04/Mar/2026:06:26:09 -0600] "GET /goods.php?detail/19601829017822 HTTP/1.1" 404 16 "https://www.nassaugolf.com/goods.php?detail/250029250987" "Mozilla/5.0 AppleWebKit/537.36 (KHTML, like Gecko; compatible; GPTBot/1.3; +https://openai.com/gptbot)"
74.7.227.134 - - [04/Mar/2026:06:26:09 -0600] "GET /goods.php?detail/2670367372053 HTTP/1.1" 404 16 "https://www.nassaugolf.com" "Mozilla/5.0 AppleWebKit/537.36 (KHTML, like Gecko; compatible; GPTBot/1.3; +https://openai.com/gptbot)"
57.141.6.19 - - [04/Mar/2026:06:26:09 -0600] "GET /search/05563872fc8a22/feed/rss2/ HTTP/1.1" 404 - "-" "meta-externalagent/1.1 (+https://developers.facebook.com/docs/sharing/webmasters/crawler)"
74.7.227.41 - - [04/Mar/2026:06:26:09 -0600] "GET /goods.php?detail/02604819964104 HTTP/1.1" 404 16 "https://www.nassaugolf.com/goods.php?detail/246010519746" "Mozilla/5.0 AppleWebKit/537.36 (KHTML, like Gecko; compatible; GPTBot/1.3; +https://openai.com/gptbot)"
74.7.227.134 - - [04/Mar/2026:06:26:09 -0600] "GET /goods.php?detail/0340211662640 HTTP/1.1" 404 16 "https://nassaugolf.com/goods.php?detail/029011234745" "Mozilla/5.0 AppleWebKit/537.36 (KHTML, like Gecko; compatible; GPTBot/1.3; +https://openai.com/gptbot)"
57.141.6.49 - - [04/Mar/2026:06:26:10 -0600] "GET /detail/888776149 HTTP/1.1" 404 - "-" "meta-externalagent/1.1 (+https://developers.facebook.com/docs/sharing/webmasters/crawler)"
74.7.227.41 - - [04/Mar/2026:06:26:10 -0600] "GET /goods.php?detail/26200413456410 HTTP/1.1" 404 16 "https://www.nassaugolf.com/goods.php?detail/262011774210" "Mozilla/5.0 AppleWebKit/537.36 (KHTML, like Gecko; compatible; GPTBot/1.3; +https://openai.com/gptbot)"
57.141.6.37 - - [04/Mar/2026:06:26:10 -0600] "GET /search/001099728c3fa01/feed/rss2/ HTTP/1.1" 404 - "-" "meta-externalagent/1.1 (+https://developers.facebook.com/docs/sharing/webmasters/crawler)"
74.7.227.134 - - [04/Mar/2026:06:26:10 -0600] "GET /goods.php?detail/0230225129357 HTTP/1.1" 404 16 "https://nassaugolf.com/goods.php?detail/009000439360" "Mozilla/5.0 AppleWebKit/537.36 (KHTML, like Gecko; compatible; GPTBot/1.3; +https://openai.com/gptbot)"
57.141.6.37 - - [04/Mar/2026:06:26:10 -0600] "GET /prize/18016989 HTTP/1.1" 404 - "-" "meta-externalagent/1.1 (+https://developers.facebook.com/docs/sharing/webmasters/crawler)"
74.7.227.41 - - [04/Mar/2026:06:26:10 -0600] "GET /goods.php?detail/03200216355858 HTTP/1.1" 404 16 "https://www.nassaugolf.com/goods.php?detail/032000339236" "Mozilla/5.0 AppleWebKit/537.36 (KHTML, like Gecko; compatible; GPTBot/1.3; +https://openai.com/gptbot)"
74.7.227.134 - - [04/Mar/2026:06:26:11 -0600] "GET /goods.php?detail/1290038910096 HTTP/1.1" 404 16 "https://nassaugolf.com/goods.php?detail/129003710050" "Mozilla/5.0 AppleWebKit/537.36 (KHTML, like Gecko; compatible; GPTBot/1.3; +https://openai.com/gptbot)"
74.7.227.41 - - [04/Mar/2026:06:26:11 -0600] "GET /goods.php?detail/13302499663491 HTTP/1.1" 404 16 "https://www.nassaugolf.com/goods.php?detail/162020952678" "Mozilla/5.0 AppleWebKit/537.36 (KHTML, like Gecko; compatible; GPTBot/1.3; +https://openai.com/gptbot)"
57.141.6.13 - - [04/Mar/2026:06:26:11 -0600] "GET /search/10293278c274fc/feed/rss2/ HTTP/1.1" 404 - "-" "meta-externalagent/1.1 (+https://developers.facebook.com/docs/sharing/webmasters/crawler)"
74.7.227.41 - - [04/Mar/2026:06:26:11 -0600] "GET /goods.php?detail/11402106330649 HTTP/1.1" 404 16 "https://www.nassaugolf.com/goods.php?detail/114002260306" "Mozilla/5.0 AppleWebKit/537.36 (KHTML, like Gecko; compatible; GPTBot/1.3; +https://openai.com/gptbot)"
74.7.227.134 - - [04/Mar/2026:06:26:11 -0600] "GET /goods.php?detail/2190101751531 HTTP/1.1" 404 16 "https://www.nassaugolf.com" "Mozilla/5.0 AppleWebKit/537.36 (KHTML, like Gecko; compatible; GPTBot/1.3; +https://openai.com/gptbot)"
57.141.6.21 - - [04/Mar/2026:06:26:11 -0600] "GET /search/001299100866bb1/feed/rss2/ HTTP/1.1" 404 - "-" "meta-externalagent/1.1 (+https://developers.facebook.com/docs/sharing/webmasters/crawler)"
74.7.227.134 - - [04/Mar/2026:06:26:12 -0600] "GET /goods.php?detail/1150017030129 HTTP/1.1" 404 16 "https://nassaugolf.com/goods.php?detail/115001141979" "Mozilla/5.0 AppleWebKit/537.36 (KHTML, like Gecko; compatible; GPTBot/1.3; +https://openai.com/gptbot)"
57.141.6.18 - - [04/Mar/2026:06:26:12 -0600] "GET /search/0312152468dd9a7/feed/rss2/ HTTP/1.1" 404 - "-" "meta-externalagent/1.1 (+https://developers.facebook.com/docs/sharing/webmasters/crawler)"
74.7.227.41 - - [04/Mar/2026:06:26:12 -0600] "GET /goods.php?detail/10701979415394 HTTP/1.1" 404 16 "https://www.nassaugolf.com/goods.php?detail/2130271372147" "Mozilla/5.0 AppleWebKit/537.36 (KHTML, like Gecko; compatible; GPTBot/1.3; +https://openai.com/gptbot)"
74.7.227.134 - - [04/Mar/2026:06:26:12 -0600] "GET /goods.php?detail/1570070138411 HTTP/1.1" 404 16 "https://nassaugolf.com/goods.php?detail/203032140848" "Mozilla/5.0 AppleWebKit/537.36 (KHTML, like Gecko; compatible; GPTBot/1.3; +https://openai.com/gptbot)"
74.7.227.41 - - [04/Mar/2026:06:26:12 -0600] "GET /goods.php?detail/25903757669790 HTTP/1.1" 404 16 "https://www.nassaugolf.com/goods.php?detail/173009442414" "Mozilla/5.0 AppleWebKit/537.36 (KHTML, like Gecko; compatible; GPTBot/1.3; +https://openai.com/gptbot)"
57.141.6.15 - - [04/Mar/2026:06:26:13 -0600] "GET /search/082213663613a39/feed/rss2/ HTTP/1.1" 404 - "-" "meta-externalagent/1.1 (+https://developers.facebook.com/docs/sharing/webmasters/crawler)"
74.7.227.134 - - [04/Mar/2026:06:26:13 -0600] "GET /goods.php?detail/1670431151633 HTTP/1.1" 404 16 "https://www.nassaugolf.com" "Mozilla/5.0 AppleWebKit/537.36 (KHTML, like Gecko; compatible; GPTBot/1.3; +https://openai.com/gptbot)"
74.7.227.41 - - [04/Mar/2026:06:26:13 -0600] "GET /goods.php?detail/10800371195837 HTTP/1.1" 404 16 "https://www.nassaugolf.com/goods.php?detail/279019301448" "Mozilla/5.0 AppleWebKit/537.36 (KHTML, like Gecko; compatible; GPTBot/1.3; +https://openai.com/gptbot)"
57.141.6.67 - - [04/Mar/2026:06:26:13 -0600] "GET /search/0523164398be309/feed/rss2/ HTTP/1.1" 404 - "-" "meta-externalagent/1.1 (+https://developers.facebook.com/docs/sharing/webmasters/crawler)"
92.222.104.222 - - [04/Mar/2026:06:26:13 -0600] "GET /?fileloc=//lib64/libverto.so.1&path=//lib64 HTTP/1.1" 200 50059 "-" "Mozilla/5.0 (compatible; AhrefsBot/7.0; +http://ahrefs.com/robot/)"
74.7.227.134 - - [04/Mar/2026:06:26:13 -0600] "GET /goods.php?detail/2540074257979 HTTP/1.1" 404 16 "https://nassaugolf.com/goods.php?detail/254043932326" "Mozilla/5.0 AppleWebKit/537.36 (KHTML, like Gecko; compatible; GPTBot/1.3; +https://openai.com/gptbot)"
74.7.227.41 - - [04/Mar/2026:06:26:13 -0600] "GET /goods.php?detail/14704719933294 HTTP/1.1" 404 16 "https://www.nassaugolf.com/goods.php?detail/270002330984" "Mozilla/5.0 AppleWebKit/537.36 (KHTML, like Gecko; compatible; GPTBot/1.3; +https://openai.com/gptbot)"
57.141.6.36 - - [04/Mar/2026:06:26:14 -0600] "GET /search/08210284636bfdc/feed/rss2/ HTTP/1.1" 404 - "-" "meta-externalagent/1.1 (+https://developers.facebook.com/docs/sharing/webmasters/crawler)"
74.7.227.134 - - [04/Mar/2026:06:26:14 -0600] "GET /goods.php?detail/2700228453224 HTTP/1.1" 404 16 "https://nassaugolf.com/goods.php?detail/06300205581573" "Mozilla/5.0 AppleWebKit/537.36 (KHTML, like Gecko; compatible; GPTBot/1.3; +https://openai.com/gptbot)"
74.7.227.41 - - [04/Mar/2026:06:26:14 -0600] "GET /goods.php?detail/22403495226772 HTTP/1.1" 404 16 "https://www.nassaugolf.com/goods.php?detail/115047811054" "Mozilla/5.0 AppleWebKit/537.36 (KHTML, like Gecko; compatible; GPTBot/1.3; +https://openai.com/gptbot)"
57.141.6.50 - - [04/Mar/2026:06:26:14 -0600] "GET /search/06745420c718c4/feed/rss2/ HTTP/1.1" 404 - "-" "meta-externalagent/1.1 (+https://developers.facebook.com/docs/sharing/webmasters/crawler)"
74.7.227.134 - - [04/Mar/2026:06:26:14 -0600] "GET /goods.php?detail/1830025800127 HTTP/1.1" 404 16 "https://www.nassaugolf.com" "Mozilla/5.0 AppleWebKit/537.36 (KHTML, like Gecko; compatible; GPTBot/1.3; +https://openai.com/gptbot)"
74.7.227.41 - - [04/Mar/2026:06:26:14 -0600] "GET /goods.php?detail/05101705953223 HTTP/1.1" 404 16 "https://www.nassaugolf.com/goods.php?jp/051014497.html" "Mozilla/5.0 AppleWebKit/537.36 (KHTML, like Gecko; compatible; GPTBot/1.3; +https://openai.com/gptbot)"
57.141.6.64 - - [04/Mar/2026:06:26:14 -0600] "GET /?s=05841377758843 HTTP/1.1" 200 53879 "-" "meta-externalagent/1.1 (+https://developers.facebook.com/docs/sharing/webmasters/crawler)"
57.141.6.65 - - [04/Mar/2026:06:26:15 -0600] "GET /search/05151595176d5f2/feed/rss2/ HTTP/1.1" 404 - "-" "meta-externalagent/1.1 (+https://developers.facebook.com/docs/sharing/webmasters/crawler)"
74.7.227.134 - - [04/Mar/2026:06:26:15 -0600] "GET /goods.php?detail/2920321010650 HTTP/1.1" 404 16 "https://www.nassaugolf.com" "Mozilla/5.0 AppleWebKit/537.36 (KHTML, like Gecko; compatible; GPTBot/1.3; +https://openai.com/gptbot)"
74.7.227.41 - - [04/Mar/2026:06:26:15 -0600] "GET /goods.php?detail/19701437191168 HTTP/1.1" 404 16 "https://www.nassaugolf.com/goods.php?detail/197004745945" "Mozilla/5.0 AppleWebKit/537.36 (KHTML, like Gecko; compatible; GPTBot/1.3; +https://openai.com/gptbot)"
74.7.227.134 - - [04/Mar/2026:06:26:15 -0600] "GET /goods.php?detail/1580207054021 HTTP/1.1" 404 16 "https://www.nassaugolf.com" "Mozilla/5.0 AppleWebKit/537.36 (KHTML, like Gecko; compatible; GPTBot/1.3; +https://openai.com/gptbot)"
74.7.227.41 - - [04/Mar/2026:06:26:15 -0600] "GET /goods.php?detail/11501334215169 HTTP/1.1" 404 16 "https://www.nassaugolf.com/goods.php?detail/235005094750" "Mozilla/5.0 AppleWebKit/537.36 (KHTML, like Gecko; compatible; GPTBot/1.3; +https://openai.com/gptbot)"
57.141.6.46 - - [04/Mar/2026:06:26:15 -0600] "GET /?s=02142477b7cc91 HTTP/1.1" 200 53879 "-" "meta-externalagent/1.1 (+https://developers.facebook.com/docs/sharing/webmasters/crawler)"
57.141.6.32 - - [04/Mar/2026:06:26:16 -0600] "GET /detail/783772373 HTTP/1.1" 404 - "-" "meta-externalagent/1.1 (+https://developers.facebook.com/docs/sharing/webmasters/crawler)"
74.7.227.134 - - [04/Mar/2026:06:26:16 -0600] "GET /goods.php?detail/2810280019916 HTTP/1.1" 404 16 "https://nassaugolf.com/goods.php?detail/281030511528" "Mozilla/5.0 AppleWebKit/537.36 (KHTML, like Gecko; compatible; GPTBot/1.3; +https://openai.com/gptbot)"
74.7.227.41 - - [04/Mar/2026:06:26:16 -0600] "GET /goods.php?detail/10103239796737 HTTP/1.1" 404 16 "https://www.nassaugolf.com/goods.php?detail/230004119024" "Mozilla/5.0 AppleWebKit/537.36 (KHTML, like Gecko; compatible; GPTBot/1.3; +https://openai.com/gptbot)"
74.7.227.134 - - [04/Mar/2026:06:26:16 -0600] "GET /goods.php?detail/0990053067994 HTTP/1.1" 404 16 "https://nassaugolf.com/goods.php?detail/196005633593" "Mozilla/5.0 AppleWebKit/537.36 (KHTML, like Gecko; compatible; GPTBot/1.3; +https://openai.com/gptbot)"
74.7.227.41 - - [04/Mar/2026:06:26:16 -0600] "GET /goods.php?detail/07501281207753 HTTP/1.1" 404 16 "https://www.nassaugolf.com/goods.php?detail/075011153209" "Mozilla/5.0 AppleWebKit/537.36 (KHTML, like Gecko; compatible; GPTBot/1.3; +https://openai.com/gptbot)"
57.141.6.11 - - [04/Mar/2026:06:26:17 -0600] "GET /search/05207037075fa3d/feed/rss2/ HTTP/1.1" 404 - "-" "meta-externalagent/1.1 (+https://developers.facebook.com/docs/sharing/webmasters/crawler)"
57.141.6.60 - - [04/Mar/2026:06:26:17 -0600] "GET /?s=091232821d829af HTTP/1.1" 200 53879 "-" "meta-externalagent/1.1 (+https://developers.facebook.com/docs/sharing/webmasters/crawler)"
74.7.227.134 - - [04/Mar/2026:06:26:17 -0600] "GET /goods.php?detail/2120243431640 HTTP/1.1" 404 16 "https://www.nassaugolf.com" "Mozilla/5.0 AppleWebKit/537.36 (KHTML, like Gecko; compatible; GPTBot/1.3; +https://openai.com/gptbot)"
74.7.227.41 - - [04/Mar/2026:06:26:17 -0600] "GET /goods.php?detail/13701152196132 HTTP/1.1" 404 16 "https://www.nassaugolf.com/goods.php?detail/137019735781" "Mozilla/5.0 AppleWebKit/537.36 (KHTML, like Gecko; compatible; GPTBot/1.3; +https://openai.com/gptbot)"
57.141.6.30 - - [04/Mar/2026:06:26:17 -0600] "GET /prize/12844656 HTTP/1.1" 404 - "-" "meta-externalagent/1.1 (+https://developers.facebook.com/docs/sharing/webmasters/crawler)"
74.7.227.134 - - [04/Mar/2026:06:26:17 -0600] "GET /goods.php?detail/2960069891603 HTTP/1.1" 404 16 "https://www.nassaugolf.com" "Mozilla/5.0 AppleWebKit/537.36 (KHTML, like Gecko; compatible; GPTBot/1.3; +https://openai.com/gptbot)"
74.7.227.41 - - [04/Mar/2026:06:26:18 -0600] "GET /goods.php?detail/04300325600587 HTTP/1.1" 404 16 "https://www.nassaugolf.com/goods.php?detail/043036623204" "Mozilla/5.0 AppleWebKit/537.36 (KHTML, like Gecko; compatible; GPTBot/1.3; +https://openai.com/gptbot)"
43.131.243.61 - - [04/Mar/2026:06:26:17 -0600] "GET /?fileloc=/home/nassaugo/public_html/wp-admin/admin-post.php&path=/home/nassaugo/public_html/wp-admin HTTP/1.1" 200 14657 "-" "Mozilla/5.0 (iPhone; CPU iPhone OS 13_2_3 like Mac OS X) AppleWebKit/605.1.15 (KHTML, like Gecko) Version/13.0.3 Mobile/15E148 Safari/604.1"
57.141.6.5 - - [04/Mar/2026:06:26:18 -0600] "GET /search/0613292183203a0/feed/rss2/ HTTP/1.1" 404 - "-" "meta-externalagent/1.1 (+https://developers.facebook.com/docs/sharing/webmasters/crawler)"
74.7.227.134 - - [04/Mar/2026:06:26:18 -0600] "GET /goods.php?detail/1200132319197 HTTP/1.1" 404 16 "https://www.nassaugolf.com" "Mozilla/5.0 AppleWebKit/537.36 (KHTML, like Gecko; compatible; GPTBot/1.3; +https://openai.com/gptbot)"
74.7.227.41 - - [04/Mar/2026:06:26:18 -0600] "GET /goods.php?detail/00200569747306 HTTP/1.1" 404 16 "https://www.nassaugolf.com/goods.php?detail/002000703872" "Mozilla/5.0 AppleWebKit/537.36 (KHTML, like Gecko; compatible; GPTBot/1.3; +https://openai.com/gptbot)"
74.7.227.134 - - [04/Mar/2026:06:26:18 -0600] "GET /goods.php?detail/0400274046369 HTTP/1.1" 404 16 "https://nassaugolf.com/goods.php?detail/132021002387" "Mozilla/5.0 AppleWebKit/537.36 (KHTML, like Gecko; compatible; GPTBot/1.3; +https://openai.com/gptbot)"
74.7.227.41 - - [04/Mar/2026:06:26:19 -0600] "GET /goods.php?detail/05100323949453 HTTP/1.1" 404 16 "https://www.nassaugolf.com/goods.php?jp/051003239.html" "Mozilla/5.0 AppleWebKit/537.36 (KHTML, like Gecko; compatible; GPTBot/1.3; +https://openai.com/gptbot)"
57.141.6.17 - - [04/Mar/2026:06:26:19 -0600] "GET /prize/3450201 HTTP/1.1" 404 - "-" "meta-externalagent/1.1 (+https://developers.facebook.com/docs/sharing/webmasters/crawler)"
57.141.6.20 - - [04/Mar/2026:06:26:19 -0600] "GET /search/038508989099e7/feed/rss2/ HTTP/1.1" 404 - "-" "meta-externalagent/1.1 (+https://developers.facebook.com/docs/sharing/webmasters/crawler)"
74.7.227.134 - - [04/Mar/2026:06:26:19 -0600] "GET /goods.php?detail/1040042342908 HTTP/1.1" 404 16 "https://www.nassaugolf.com" "Mozilla/5.0 AppleWebKit/537.36 (KHTML, like Gecko; compatible; GPTBot/1.3; +https://openai.com/gptbot)"
74.7.227.41 - - [04/Mar/2026:06:26:19 -0600] "GET /goods.php?detail/10300179886398 HTTP/1.1" 404 16 "https://www.nassaugolf.com/goods.php?detail/103001518648" "Mozilla/5.0 AppleWebKit/537.36 (KHTML, like Gecko; compatible; GPTBot/1.3; +https://openai.com/gptbot)"
74.7.227.134 - - [04/Mar/2026:06:26:20 -0600] "GET /goods.php?detail/2510252189085 HTTP/1.1" 404 16 "https://nassaugolf.com/goods.php?detail/227008919433" "Mozilla/5.0 AppleWebKit/537.36 (KHTML, like Gecko; compatible; GPTBot/1.3; +https://openai.com/gptbot)"
57.141.6.7 - - [04/Mar/2026:06:26:20 -0600] "GET /search/07185496802cfc9/feed/rss2/ HTTP/1.1" 404 - "-" "meta-externalagent/1.1 (+https://developers.facebook.com/docs/sharing/webmasters/crawler)"
74.7.227.41 - - [04/Mar/2026:06:26:20 -0600] "GET /goods.php?detail/16002188308367 HTTP/1.1" 404 16 "https://www.nassaugolf.com/goods.php?detail/061001728721" "Mozilla/5.0 AppleWebKit/537.36 (KHTML, like Gecko; compatible; GPTBot/1.3; +https://openai.com/gptbot)"
57.141.6.19 - - [04/Mar/2026:06:26:20 -0600] "GET /?s=001800509406346 HTTP/1.1" 200 53879 "-" "meta-externalagent/1.1 (+https://developers.facebook.com/docs/sharing/webmasters/crawler)"
74.7.227.134 - - [04/Mar/2026:06:26:20 -0600] "GET /goods.php?detail/1450126911015 HTTP/1.1" 404 16 "https://nassaugolf.com/goods.php?detail/036003848203" "Mozilla/5.0 AppleWebKit/537.36 (KHTML, like Gecko; compatible; GPTBot/1.3; +https://openai.com/gptbot)"
74.7.227.41 - - [04/Mar/2026:06:26:20 -0600] "GET /goods.php?detail/19700501656594 HTTP/1.1" 404 16 "https://www.nassaugolf.com/goods.php?detail/1970483530519" "Mozilla/5.0 AppleWebKit/537.36 (KHTML, like Gecko; compatible; GPTBot/1.3; +https://openai.com/gptbot)"
57.141.6.46 - - [04/Mar/2026:06:26:20 -0600] "GET /search/0718630273a1fbe/feed/rss2/ HTTP/1.1" 404 - "-" "meta-externalagent/1.1 (+https://developers.facebook.com/docs/sharing/webmasters/crawler)"
14.163.198.118 - - [04/Mar/2026:06:26:21 -0600] "GET /prize/5405945 HTTP/1.1" 404 - "-" "Mozilla/5.0 (Macintosh; Intel Mac OS X 10_15_7) AppleWebKit/537.36 (KHTML, like Gecko) Brave Chrome/87.0.4280.60 Safari/537.36"
74.7.227.134 - - [04/Mar/2026:06:26:21 -0600] "GET /goods.php?detail/2170034772434 HTTP/1.1" 404 16 "https://nassaugolf.com/goods.php?detail/217004205787" "Mozilla/5.0 AppleWebKit/537.36 (KHTML, like Gecko; compatible; GPTBot/1.3; +https://openai.com/gptbot)"
74.7.227.41 - - [04/Mar/2026:06:26:21 -0600] "GET /goods.php?detail/24603453548282 HTTP/1.1" 404 16 "https://www.nassaugolf.com/goods.php?detail/194047616113" "Mozilla/5.0 AppleWebKit/537.36 (KHTML, like Gecko; compatible; GPTBot/1.3; +https://openai.com/gptbot)"
74.7.227.134 - - [04/Mar/2026:06:26:21 -0600] "GET /goods.php?detail/2180029740207 HTTP/1.1" 404 16 "https://nassaugolf.com/goods.php?detail/100038224470" "Mozilla/5.0 AppleWebKit/537.36 (KHTML, like Gecko; compatible; GPTBot/1.3; +https://openai.com/gptbot)"
57.141.6.50 - - [04/Mar/2026:06:26:21 -0600] "GET /search/072110522672f28/feed/rss2/ HTTP/1.1" 404 - "-" "meta-externalagent/1.1 (+https://developers.facebook.com/docs/sharing/webmasters/crawler)"
57.141.6.48 - - [04/Mar/2026:06:26:21 -0600] "GET /search/034717055f9882/feed/rss2/ HTTP/1.1" 404 - "-" "meta-externalagent/1.1 (+https://developers.facebook.com/docs/sharing/webmasters/crawler)"
74.7.227.41 - - [04/Mar/2026:06:26:21 -0600] "GET /goods.php?detail/17102550271940 HTTP/1.1" 404 16 "https://www.nassaugolf.com/goods.php?detail/2700386060373" "Mozilla/5.0 AppleWebKit/537.36 (KHTML, like Gecko; compatible; GPTBot/1.3; +https://openai.com/gptbot)"
74.7.227.134 - - [04/Mar/2026:06:26:22 -0600] "GET /goods.php?detail/0070207451159 HTTP/1.1" 404 16 "https://www.nassaugolf.com" "Mozilla/5.0 AppleWebKit/537.36 (KHTML, like Gecko; compatible; GPTBot/1.3; +https://openai.com/gptbot)"
74.7.227.41 - - [04/Mar/2026:06:26:22 -0600] "GET /goods.php?detail/19001982630289 HTTP/1.1" 404 16 "https://www.nassaugolf.com/goods.php?detail/096004063219" "Mozilla/5.0 AppleWebKit/537.36 (KHTML, like Gecko; compatible; GPTBot/1.3; +https://openai.com/gptbot)"
57.141.6.66 - - [04/Mar/2026:06:26:22 -0600] "GET /prize/20475423 HTTP/1.1" 404 - "-" "meta-externalagent/1.1 (+https://developers.facebook.com/docs/sharing/webmasters/crawler)"
74.7.227.134 - - [04/Mar/2026:06:26:22 -0600] "GET /goods.php?detail/0150320125086 HTTP/1.1" 404 16 "https://www.nassaugolf.com" "Mozilla/5.0 AppleWebKit/537.36 (KHTML, like Gecko; compatible; GPTBot/1.3; +https://openai.com/gptbot)"
74.7.227.41 - - [04/Mar/2026:06:26:22 -0600] "GET /goods.php?detail/28801936191862 HTTP/1.1" 404 16 "https://www.nassaugolf.com/goods.php?detail/065038107170" "Mozilla/5.0 AppleWebKit/537.36 (KHTML, like Gecko; compatible; GPTBot/1.3; +https://openai.com/gptbot)"
57.141.6.15 - - [04/Mar/2026:06:26:23 -0600] "GET /search/021977899507aa6/feed/rss2/ HTTP/1.1" 404 - "-" "meta-externalagent/1.1 (+https://developers.facebook.com/docs/sharing/webmasters/crawler)"
74.7.227.134 - - [04/Mar/2026:06:26:23 -0600] "GET /goods.php?detail/2420245295821 HTTP/1.1" 404 16 "https://nassaugolf.com/goods.php?detail/262045200644" "Mozilla/5.0 AppleWebKit/537.36 (KHTML, like Gecko; compatible; GPTBot/1.3; +https://openai.com/gptbot)"
57.141.6.32 - - [04/Mar/2026:06:26:23 -0600] "GET /prize/16321812 HTTP/1.1" 404 - "-" "meta-externalagent/1.1 (+https://developers.facebook.com/docs/sharing/webmasters/crawler)"
74.7.227.41 - - [04/Mar/2026:06:26:23 -0600] "GET /goods.php?detail/27501735108102 HTTP/1.1" 404 16 "https://www.nassaugolf.com/goods.php?detail/218022134782" "Mozilla/5.0 AppleWebKit/537.36 (KHTML, like Gecko; compatible; GPTBot/1.3; +https://openai.com/gptbot)"
74.7.227.134 - - [04/Mar/2026:06:26:23 -0600] "GET /goods.php?detail/0140113021398 HTTP/1.1" 404 16 "https://www.nassaugolf.com" "Mozilla/5.0 AppleWebKit/537.36 (KHTML, like Gecko; compatible; GPTBot/1.3; +https://openai.com/gptbot)"
57.141.6.54 - - [04/Mar/2026:06:26:23 -0600] "GET /search/031966551c2fafa/feed/rss2/ HTTP/1.1" 404 - "-" "meta-externalagent/1.1 (+https://developers.facebook.com/docs/sharing/webmasters/crawler)"
74.7.227.41 - - [04/Mar/2026:06:26:23 -0600] "GET /goods.php?detail/07500175244641 HTTP/1.1" 404 16 "https://www.nassaugolf.com/goods.php?detail/075000296236" "Mozilla/5.0 AppleWebKit/537.36 (KHTML, like Gecko; compatible; GPTBot/1.3; +https://openai.com/gptbot)"
74.7.227.134 - - [04/Mar/2026:06:26:24 -0600] "GET /goods.php?detail/0960086031493 HTTP/1.1" 404 16 "https://nassaugolf.com/goods.php?detail/096008812890" "Mozilla/5.0 AppleWebKit/537.36 (KHTML, like Gecko; compatible; GPTBot/1.3; +https://openai.com/gptbot)"
74.7.227.41 - - [04/Mar/2026:06:26:24 -0600] "GET /goods.php?detail/22800192656509 HTTP/1.1" 404 16 "https://www.nassaugolf.com/goods.php?detail/284005936354" "Mozilla/5.0 AppleWebKit/537.36 (KHTML, like Gecko; compatible; GPTBot/1.3; +https://openai.com/gptbot)"
57.141.6.26 - - [04/Mar/2026:06:26:24 -0600] "GET /search/06734800c9c196/feed/rss2/ HTTP/1.1" 404 - "-" "meta-externalagent/1.1 (+https://developers.facebook.com/docs/sharing/webmasters/crawler)"
74.7.227.134 - - [04/Mar/2026:06:26:24 -0600] "GET /goods.php?detail/2990177073776 HTTP/1.1" 404 16 "https://nassaugolf.com/goods.php?detail/019000290724" "Mozilla/5.0 AppleWebKit/537.36 (KHTML, like Gecko; compatible; GPTBot/1.3; +https://openai.com/gptbot)"
74.7.227.41 - - [04/Mar/2026:06:26:24 -0600] "GET /goods.php?detail/01901803699563 HTTP/1.1" 404 16 "https://www.nassaugolf.com/goods.php?detail/115005859077" "Mozilla/5.0 AppleWebKit/537.36 (KHTML, like Gecko; compatible; GPTBot/1.3; +https://openai.com/gptbot)"
57.141.6.46 - - [04/Mar/2026:06:26:24 -0600] "GET /detail/397648495 HTTP/1.1" 404 - "-" "meta-externalagent/1.1 (+https://developers.facebook.com/docs/sharing/webmasters/crawler)"
74.7.227.134 - - [04/Mar/2026:06:26:25 -0600] "GET /goods.php?detail/0360013430178 HTTP/1.1" 404 16 "https://nassaugolf.com/goods.php?detail/036001004350" "Mozilla/5.0 AppleWebKit/537.36 (KHTML, like Gecko; compatible; GPTBot/1.3; +https://openai.com/gptbot)"
74.7.227.41 - - [04/Mar/2026:06:26:25 -0600] "GET /goods.php?detail/26604882970770 HTTP/1.1" 404 16 "https://www.nassaugolf.com/goods.php?detail/122045987129" "Mozilla/5.0 AppleWebKit/537.36 (KHTML, like Gecko; compatible; GPTBot/1.3; +https://openai.com/gptbot)"
57.141.6.30 - - [04/Mar/2026:06:26:25 -0600] "GET /prize/7500001 HTTP/1.1" 404 - "-" "meta-externalagent/1.1 (+https://developers.facebook.com/docs/sharing/webmasters/crawler)"
57.141.6.7 - - [04/Mar/2026:06:26:25 -0600] "GET /search/031835988cb50e2/feed/rss2/ HTTP/1.1" 404 - "-" "meta-externalagent/1.1 (+https://developers.facebook.com/docs/sharing/webmasters/crawler)"
74.7.227.134 - - [04/Mar/2026:06:26:25 -0600] "GET /goods.php?detail/2540205496094 HTTP/1.1" 404 16 "https://www.nassaugolf.com" "Mozilla/5.0 AppleWebKit/537.36 (KHTML, like Gecko; compatible; GPTBot/1.3; +https://openai.com/gptbot)"
74.7.227.41 - - [04/Mar/2026:06:26:25 -0600] "GET /goods.php?detail/20204316184433 HTTP/1.1" 404 16 "https://www.nassaugolf.com/goods.php?detail/006031363251" "Mozilla/5.0 AppleWebKit/537.36 (KHTML, like Gecko; compatible; GPTBot/1.3; +https://openai.com/gptbot)"
74.7.227.134 - - [04/Mar/2026:06:26:26 -0600] "GET /goods.php?detail/0130302213667 HTTP/1.1" 404 16 "https://nassaugolf.com/goods.php?detail/199032789145" "Mozilla/5.0 AppleWebKit/537.36 (KHTML, like Gecko; compatible; GPTBot/1.3; +https://openai.com/gptbot)"
74.7.227.41 - - [04/Mar/2026:06:26:26 -0600] "GET /goods.php?detail/10604071207058 HTTP/1.1" 404 16 "https://www.nassaugolf.com/goods.php?detail/106017493345" "Mozilla/5.0 AppleWebKit/537.36 (KHTML, like Gecko; compatible; GPTBot/1.3; +https://openai.com/gptbot)"
57.141.6.14 - - [04/Mar/2026:06:26:26 -0600] "GET /?s=0914012405fecd5 HTTP/1.1" 200 53879 "-" "meta-externalagent/1.1 (+https://developers.facebook.com/docs/sharing/webmasters/crawler)"
74.7.227.134 - - [04/Mar/2026:06:26:26 -0600] "GET /goods.php?detail/0880074925920 HTTP/1.1" 404 16 "https://nassaugolf.com/goods.php?detail/088028859922" "Mozilla/5.0 AppleWebKit/537.36 (KHTML, like Gecko; compatible; GPTBot/1.3; +https://openai.com/gptbot)"
57.141.6.66 - - [04/Mar/2026:06:26:26 -0600] "GET /search/071003284d2fa67/feed/rss2/ HTTP/1.1" 404 - "-" "meta-externalagent/1.1 (+https://developers.facebook.com/docs/sharing/webmasters/crawler)"
74.7.227.41 - - [04/Mar/2026:06:26:26 -0600] "GET /goods.php?detail/12902461693933 HTTP/1.1" 404 16 "https://www.nassaugolf.com/goods.php?detail/297018238613" "Mozilla/5.0 AppleWebKit/537.36 (KHTML, like Gecko; compatible; GPTBot/1.3; +https://openai.com/gptbot)"
