216.73.216.47 - - [04/Mar/2026:06:19:05 -0600] "GET /?fileloc=%2Fhome%2Fnassaugo%2Fpublic_html%2Fwp-admin%2Fimages%2Fmenu-vs.png&path=%2Fhome%2Fnassaugo%2Fpublic_html%2Fwp-admin%2Fimages HTTP/1.1" 200 21760 "-" "Mozilla/5.0 AppleWebKit/537.36 (KHTML, like Gecko; compatible; ClaudeBot/1.0; +claudebot@anthropic.com)"
74.7.227.134 - - [04/Mar/2026:06:19:06 -0600] "GET /goods.php?detail/1040112766764 HTTP/1.1" 404 16 "https://www.nassaugolf.com" "Mozilla/5.0 AppleWebKit/537.36 (KHTML, like Gecko; compatible; GPTBot/1.3; +https://openai.com/gptbot)"
74.7.227.41 - - [04/Mar/2026:06:19:06 -0600] "GET /goods.php?detail/01002224386365 HTTP/1.1" 404 16 "https://www.nassaugolf.com/goods.php?detail/010002368228" "Mozilla/5.0 AppleWebKit/537.36 (KHTML, like Gecko; compatible; GPTBot/1.3; +https://openai.com/gptbot)"
216.73.216.47 - - [04/Mar/2026:06:19:06 -0600] "GET /?fileloc=%2F%2Flib64%2Fliburcu-qsbr.so.6.1.0&path=%2F%2Flib64 HTTP/1.1" 200 65805 "-" "Mozilla/5.0 AppleWebKit/537.36 (KHTML, like Gecko; compatible; ClaudeBot/1.0; +claudebot@anthropic.com)"
57.141.6.36 - - [04/Mar/2026:06:19:06 -0600] "GET /search/09922870f79ff8/feed/rss2/ HTTP/1.1" 404 - "-" "meta-externalagent/1.1 (+https://developers.facebook.com/docs/sharing/webmasters/crawler)"
216.73.216.47 - - [04/Mar/2026:06:19:05 -0600] "GET /?fileloc=%2F%2Flib64%2Flibgirepository-1.0.so.1&path=%2F%2Flib64 HTTP/1.1" 200 222672 "-" "Mozilla/5.0 AppleWebKit/537.36 (KHTML, like Gecko; compatible; ClaudeBot/1.0; +claudebot@anthropic.com)"
216.73.216.47 - - [04/Mar/2026:06:19:06 -0600] "GET /?fileloc=%2F%2Flib64%2Flibsoup-gnome-2.4.so.1&path=%2F%2Flib64 HTTP/1.1" 200 30375 "-" "Mozilla/5.0 AppleWebKit/537.36 (KHTML, like Gecko; compatible; ClaudeBot/1.0; +claudebot@anthropic.com)"
216.73.216.47 - - [04/Mar/2026:06:19:06 -0600] "GET /?fileloc=%2F%2Flib64%2Flibtss2-tctildr.so.0.0.0&path=%2F%2Flib64 HTTP/1.1" 200 47536 "-" "Mozilla/5.0 AppleWebKit/537.36 (KHTML, like Gecko; compatible; ClaudeBot/1.0; +claudebot@anthropic.com)"
216.73.216.47 - - [04/Mar/2026:06:19:06 -0600] "GET /?fileloc=%2F%2Flib64%2Flibpcre2-8.so.0.11.0&path=%2F%2Flib64 HTTP/1.1" 200 1052523 "-" "Mozilla/5.0 AppleWebKit/537.36 (KHTML, like Gecko; compatible; ClaudeBot/1.0; +claudebot@anthropic.com)"
216.73.216.47 - - [04/Mar/2026:06:19:06 -0600] "GET /?fileloc=%2F%2Flib64%2Flibhunspell-1.7.so.0.0.1&path=%2F%2Flib64 HTTP/1.1" 200 993806 "-" "Mozilla/5.0 AppleWebKit/537.36 (KHTML, like Gecko; compatible; ClaudeBot/1.0; +claudebot@anthropic.com)"
216.73.216.47 - - [04/Mar/2026:06:19:06 -0600] "GET /?fileloc=%2Fhome%2Fnassaugo%2Fpublic_html%2Fwp-admin%2Fimages%2Fsort-2x.gif&path=%2Fhome%2Fnassaugo%2Fpublic_html%2Fwp-admin%2Fimages HTTP/1.1" 200 12687 "-" "Mozilla/5.0 AppleWebKit/537.36 (KHTML, like Gecko; compatible; ClaudeBot/1.0; +claudebot@anthropic.com)"
74.7.227.41 - - [04/Mar/2026:06:19:06 -0600] "GET /goods.php?detail/29900043295886 HTTP/1.1" 404 16 "https://www.nassaugolf.com/goods.php?detail/299003103548" "Mozilla/5.0 AppleWebKit/537.36 (KHTML, like Gecko; compatible; GPTBot/1.3; +https://openai.com/gptbot)"
74.7.227.134 - - [04/Mar/2026:06:19:06 -0600] "GET /goods.php?detail/0080068642631 HTTP/1.1" 404 16 "https://nassaugolf.com/goods.php?detail/007002547259" "Mozilla/5.0 AppleWebKit/537.36 (KHTML, like Gecko; compatible; GPTBot/1.3; +https://openai.com/gptbot)"
57.141.6.11 - - [04/Mar/2026:06:19:06 -0600] "GET /search/0016824005d0646/feed/rss2/ HTTP/1.1" 404 - "-" "meta-externalagent/1.1 (+https://developers.facebook.com/docs/sharing/webmasters/crawler)"
57.141.6.42 - - [04/Mar/2026:06:19:06 -0600] "GET /search/0215560557f6cd6/feed/rss2/ HTTP/1.1" 404 - "-" "meta-externalagent/1.1 (+https://developers.facebook.com/docs/sharing/webmasters/crawler)"
216.73.216.47 - - [04/Mar/2026:06:19:06 -0600] "GET /?fileloc=%2F%2Flib64%2Fliburcu-bp.so.6.1.0&path=%2F%2Flib64 HTTP/1.1" 200 67120 "-" "Mozilla/5.0 AppleWebKit/537.36 (KHTML, like Gecko; compatible; ClaudeBot/1.0; +claudebot@anthropic.com)"
216.73.216.47 - - [04/Mar/2026:06:19:06 -0600] "GET /?fileloc=%2Fhome%2Fnassaugo%2Fpublic_html%2Fwp-admin%2Fimages%2Fcomment-grey-bubble.png&path=%2Fhome%2Fnassaugo%2Fpublic_html%2Fwp-admin%2Fimages HTTP/1.1" 200 12705 "-" "Mozilla/5.0 AppleWebKit/537.36 (KHTML, like Gecko; compatible; ClaudeBot/1.0; +claudebot@anthropic.com)"
216.73.216.47 - - [04/Mar/2026:06:19:06 -0600] "GET /?fileloc=%2F%2Flib64%2Flibbrotlienc.so.1.0.9&path=%2F%2Flib64 HTTP/1.1" 200 860300 "-" "Mozilla/5.0 AppleWebKit/537.36 (KHTML, like Gecko; compatible; ClaudeBot/1.0; +claudebot@anthropic.com)"
216.73.216.47 - - [04/Mar/2026:06:19:06 -0600] "GET /?fileloc=%2Fhome%2Fnassaugo%2Fpublic_html%2Fwp-admin%2Fimages%2Fbrowser-rtl.png&path=%2Fhome%2Fnassaugo%2Fpublic_html%2Fwp-admin%2Fimages HTTP/1.1" 200 86571 "-" "Mozilla/5.0 AppleWebKit/537.36 (KHTML, like Gecko; compatible; ClaudeBot/1.0; +claudebot@anthropic.com)"
216.73.216.47 - - [04/Mar/2026:06:19:06 -0600] "GET /?fileloc=%2F%2Flib64%2Flibpangoft2-1.0.so.0.4800.7&path=%2F%2Flib64 HTTP/1.1" 200 157955 "-" "Mozilla/5.0 AppleWebKit/537.36 (KHTML, like Gecko; compatible; ClaudeBot/1.0; +claudebot@anthropic.com)"
74.7.227.134 - - [04/Mar/2026:06:19:07 -0600] "GET /goods.php?detail/0640202635304 HTTP/1.1" 404 16 "https://nassaugolf.com/goods.php?detail/0590315090808" "Mozilla/5.0 AppleWebKit/537.36 (KHTML, like Gecko; compatible; GPTBot/1.3; +https://openai.com/gptbot)"
74.7.227.41 - - [04/Mar/2026:06:19:07 -0600] "GET /goods.php?detail/28200092731153 HTTP/1.1" 404 16 "https://www.nassaugolf.com/goods.php?detail/149012336505" "Mozilla/5.0 AppleWebKit/537.36 (KHTML, like Gecko; compatible; GPTBot/1.3; +https://openai.com/gptbot)"
216.73.216.47 - - [04/Mar/2026:06:19:06 -0600] "GET /?fileloc=%2Fhome%2Fnassaugo%2Fpublic_html%2Fwp-admin%2Fimages%2Fmenu.png&path=%2Fhome%2Fnassaugo%2Fpublic_html%2Fwp-admin%2Fimages HTTP/1.1" 200 21763 "-" "Mozilla/5.0 AppleWebKit/537.36 (KHTML, like Gecko; compatible; ClaudeBot/1.0; +claudebot@anthropic.com)"
216.73.216.47 - - [04/Mar/2026:06:19:07 -0600] "GET /?fileloc=%2F%2Flib64%2Flibpng16.so.16&path=%2F%2Flib64 HTTP/1.1" 200 365629 "-" "Mozilla/5.0 AppleWebKit/537.36 (KHTML, like Gecko; compatible; ClaudeBot/1.0; +claudebot@anthropic.com)"
57.141.6.10 - - [04/Mar/2026:06:19:07 -0600] "GET /search/025258415e12ba/feed/rss2/ HTTP/1.1" 404 - "-" "meta-externalagent/1.1 (+https://developers.facebook.com/docs/sharing/webmasters/crawler)"
216.73.216.47 - - [04/Mar/2026:06:19:07 -0600] "GET /?fileloc=%2F%2Flib64%2FlibImath-3_1.so.29.1.0&path=%2F%2Flib64 HTTP/1.1" 200 558627 "-" "Mozilla/5.0 AppleWebKit/537.36 (KHTML, like Gecko; compatible; ClaudeBot/1.0; +claudebot@anthropic.com)"
216.73.216.47 - - [04/Mar/2026:06:19:07 -0600] "GET /?fileloc=%2F%2Flib64%2Flibatk-bridge-2.0.so.0.0.0&path=%2F%2Flib64 HTTP/1.1" 200 351507 "-" "Mozilla/5.0 AppleWebKit/537.36 (KHTML, like Gecko; compatible; ClaudeBot/1.0; +claudebot@anthropic.com)"
216.73.216.47 - - [04/Mar/2026:06:19:07 -0600] "GET /?fileloc=%2F%2Flib64%2Flibdrm_radeon.so.1.123.0&path=%2F%2Flib64 HTTP/1.1" 200 97903 "-" "Mozilla/5.0 AppleWebKit/537.36 (KHTML, like Gecko; compatible; ClaudeBot/1.0; +claudebot@anthropic.com)"
74.7.227.134 - - [04/Mar/2026:06:19:07 -0600] "GET /goods.php?detail/1860029200183 HTTP/1.1" 404 16 "https://www.nassaugolf.com" "Mozilla/5.0 AppleWebKit/537.36 (KHTML, like Gecko; compatible; GPTBot/1.3; +https://openai.com/gptbot)"
216.73.216.47 - - [04/Mar/2026:06:19:07 -0600] "GET /?fileloc=%2F%2Flib64%2FlibMagickWand-6.Q16.so.7&path=%2F%2Flib64 HTTP/1.1" 200 2004362 "-" "Mozilla/5.0 AppleWebKit/537.36 (KHTML, like Gecko; compatible; ClaudeBot/1.0; +claudebot@anthropic.com)"
216.73.216.47 - - [04/Mar/2026:06:19:07 -0600] "GET /?fileloc=%2Fhome%2Fnassaugo%2Fpublic_html%2Fwp-admin%2Fimages%2Fresize.gif&path=%2Fhome%2Fnassaugo%2Fpublic_html%2Fwp-admin%2Fimages HTTP/1.1" 200 12633 "-" "Mozilla/5.0 AppleWebKit/537.36 (KHTML, like Gecko; compatible; ClaudeBot/1.0; +claudebot@anthropic.com)"
74.7.227.41 - - [04/Mar/2026:06:19:07 -0600] "GET /goods.php?detail/21601033366948 HTTP/1.1" 404 16 "https://www.nassaugolf.com/goods.php?detail/2160416196614" "Mozilla/5.0 AppleWebKit/537.36 (KHTML, like Gecko; compatible; GPTBot/1.3; +https://openai.com/gptbot)"
216.73.216.47 - - [04/Mar/2026:06:19:07 -0600] "GET /?fileloc=%2F%2Flib64%2Flibnl-genl-3.so.200&path=%2F%2Flib64 HTTP/1.1" 200 59338 "-" "Mozilla/5.0 AppleWebKit/537.36 (KHTML, like Gecko; compatible; ClaudeBot/1.0; +claudebot@anthropic.com)"
216.73.216.47 - - [04/Mar/2026:06:19:07 -0600] "GET /?fileloc=%2F%2Flib64%2Flibtss2-tcti-swtpm.so.0&path=%2F%2Flib64 HTTP/1.1" 200 50291 "-" "Mozilla/5.0 AppleWebKit/537.36 (KHTML, like Gecko; compatible; ClaudeBot/1.0; +claudebot@anthropic.com)"
216.73.216.47 - - [04/Mar/2026:06:19:07 -0600] "GET /?fileloc=%2Fhome%2Fnassaugo%2Fpublic_html%2Fwp-includes%2Ffonts%2Fdashicons.svg&path=%2Fhome%2Fnassaugo%2Fpublic_html%2Fwp-includes%2Ffonts HTTP/1.1" 200 161942 "-" "Mozilla/5.0 AppleWebKit/537.36 (KHTML, like Gecko; compatible; ClaudeBot/1.0; +claudebot@anthropic.com)"
216.73.216.47 - - [04/Mar/2026:06:19:07 -0600] "GET /?fileloc=%2F%2Flib64%2Fliburcu-mb.so.6.1.0&path=%2F%2Flib64 HTTP/1.1" 200 65494 "-" "Mozilla/5.0 AppleWebKit/537.36 (KHTML, like Gecko; compatible; ClaudeBot/1.0; +claudebot@anthropic.com)"
74.7.227.134 - - [04/Mar/2026:06:19:08 -0600] "GET /goods.php?detail/0190270937053 HTTP/1.1" 404 16 "https://www.nassaugolf.com" "Mozilla/5.0 AppleWebKit/537.36 (KHTML, like Gecko; compatible; GPTBot/1.3; +https://openai.com/gptbot)"
216.73.216.47 - - [04/Mar/2026:06:19:07 -0600] "GET /?fileloc=%2Fhome%2Fnassaugo%2Fpublic_html%2Fwp-admin%2Fimages%2Fgeneric.png&path=%2Fhome%2Fnassaugo%2Fpublic_html%2Fwp-admin%2Fimages HTTP/1.1" 200 13809 "-" "Mozilla/5.0 AppleWebKit/537.36 (KHTML, like Gecko; compatible; ClaudeBot/1.0; +claudebot@anthropic.com)"
57.141.6.10 - - [04/Mar/2026:06:19:08 -0600] "GET /detail/569844755 HTTP/1.1" 404 - "-" "meta-externalagent/1.1 (+https://developers.facebook.com/docs/sharing/webmasters/crawler)"
216.73.216.47 - - [04/Mar/2026:06:19:08 -0600] "GET /?fileloc=%2F%2Flib64%2Flibbrotlicommon.so.1.0.9&path=%2F%2Flib64 HTTP/1.1" 200 164506 "-" "Mozilla/5.0 AppleWebKit/537.36 (KHTML, like Gecko; compatible; ClaudeBot/1.0; +claudebot@anthropic.com)"
74.7.227.41 - - [04/Mar/2026:06:19:08 -0600] "GET /goods.php?detail/12400888557235 HTTP/1.1" 404 16 "https://www.nassaugolf.com/goods.php?detail/028031601139" "Mozilla/5.0 AppleWebKit/537.36 (KHTML, like Gecko; compatible; GPTBot/1.3; +https://openai.com/gptbot)"
216.73.216.47 - - [04/Mar/2026:06:19:08 -0600] "GET /?fileloc=%2F%2Flib64%2Flibndr-krb5pac.so.0.0.1&path=%2F%2Flib64 HTTP/1.1" 200 216704 "-" "Mozilla/5.0 AppleWebKit/537.36 (KHTML, like Gecko; compatible; ClaudeBot/1.0; +claudebot@anthropic.com)"
216.73.216.47 - - [04/Mar/2026:06:19:08 -0600] "GET /?fileloc=%2F%2Flib64%2Flibxcb-xf86dri.so&path=%2F%2Flib64 HTTP/1.1" 200 36347 "-" "Mozilla/5.0 AppleWebKit/537.36 (KHTML, like Gecko; compatible; ClaudeBot/1.0; +claudebot@anthropic.com)"
216.73.216.47 - - [04/Mar/2026:06:19:08 -0600] "GET /?fileloc=%2F%2Flib64%2Flibxcb-xkb.so.1&path=%2F%2Flib64 HTTP/1.1" 200 177887 "-" "Mozilla/5.0 AppleWebKit/537.36 (KHTML, like Gecko; compatible; ClaudeBot/1.0; +claudebot@anthropic.com)"
216.73.216.47 - - [04/Mar/2026:06:19:08 -0600] "GET /?fileloc=%2F%2Flib64%2Flibxcb-shm.so.0.0.0&path=%2F%2Flib64 HTTP/1.1" 200 31338 "-" "Mozilla/5.0 AppleWebKit/537.36 (KHTML, like Gecko; compatible; ClaudeBot/1.0; +claudebot@anthropic.com)"
57.141.6.40 - - [04/Mar/2026:06:19:08 -0600] "GET /detail/943175711 HTTP/1.1" 404 - "-" "meta-externalagent/1.1 (+https://developers.facebook.com/docs/sharing/webmasters/crawler)"
74.7.227.134 - - [04/Mar/2026:06:19:08 -0600] "GET /goods.php?detail/0630064274946 HTTP/1.1" 404 16 "https://www.nassaugolf.com" "Mozilla/5.0 AppleWebKit/537.36 (KHTML, like Gecko; compatible; GPTBot/1.3; +https://openai.com/gptbot)"
216.73.216.47 - - [04/Mar/2026:06:19:08 -0600] "GET /?fileloc=%2Fhome%2Fnassaugo%2Fpublic_html%2Fwp-content%2Fmaintenance%2Fxzgclqzt.php&path=%2Fhome%2Fnassaugo%2Fpublic_html%2Fwp-content%2Fmaintenance HTTP/1.1" 200 12561 "-" "Mozilla/5.0 AppleWebKit/537.36 (KHTML, like Gecko; compatible; ClaudeBot/1.0; +claudebot@anthropic.com)"
216.73.216.47 - - [04/Mar/2026:06:19:08 -0600] "GET /?fileloc=%2F%2Flib64%2Flibxcb-xv.so.0.0.0&path=%2F%2Flib64 HTTP/1.1" 200 57253 "-" "Mozilla/5.0 AppleWebKit/537.36 (KHTML, like Gecko; compatible; ClaudeBot/1.0; +claudebot@anthropic.com)"
74.7.227.41 - - [04/Mar/2026:06:19:08 -0600] "GET /goods.php?detail/07702999374541 HTTP/1.1" 404 16 "https://www.nassaugolf.com/goods.php?detail/180007323493" "Mozilla/5.0 AppleWebKit/537.36 (KHTML, like Gecko; compatible; GPTBot/1.3; +https://openai.com/gptbot)"
216.73.216.47 - - [04/Mar/2026:06:19:08 -0600] "GET /?fileloc=%2F%2Flib64%2Flibgsf-1.so.114.0.47&path=%2F%2Flib64 HTTP/1.1" 200 461840 "-" "Mozilla/5.0 AppleWebKit/537.36 (KHTML, like Gecko; compatible; ClaudeBot/1.0; +claudebot@anthropic.com)"
216.73.216.47 - - [04/Mar/2026:06:19:08 -0600] "GET /?fileloc=%2F%2Flib64%2Flibgstreamer-1.0.so.0.2212.0&path=%2F%2Flib64 HTTP/1.1" 200 2077438 "-" "Mozilla/5.0 AppleWebKit/537.36 (KHTML, like Gecko; compatible; ClaudeBot/1.0; +claudebot@anthropic.com)"
57.141.6.3 - - [04/Mar/2026:06:19:09 -0600] "GET /search/1218005965acd3f/feed/rss2/ HTTP/1.1" 404 - "-" "meta-externalagent/1.1 (+https://developers.facebook.com/docs/sharing/webmasters/crawler)"
216.73.216.47 - - [04/Mar/2026:06:19:08 -0600] "GET /?fileloc=%2Fhome%2Fnassaugo%2Fpublic_html%2Fwp-includes%2Fimages%2Ficon-pointer-flag-2x.png&path=%2Fhome%2Fnassaugo%2Fpublic_html%2Fwp-includes%2Fimages HTTP/1.1" 200 15049 "-" "Mozilla/5.0 AppleWebKit/537.36 (KHTML, like Gecko; compatible; ClaudeBot/1.0; +claudebot@anthropic.com)"
74.7.227.134 - - [04/Mar/2026:06:19:09 -0600] "GET /goods.php?detail/2600191003761 HTTP/1.1" 404 16 "https://www.nassaugolf.com" "Mozilla/5.0 AppleWebKit/537.36 (KHTML, like Gecko; compatible; GPTBot/1.3; +https://openai.com/gptbot)"
216.73.216.47 - - [04/Mar/2026:06:19:09 -0600] "GET /?fileloc=%2F%2Flib64%2Flibwayland-cursor.so.0.21.0&path=%2F%2Flib64 HTTP/1.1" 200 65051 "-" "Mozilla/5.0 AppleWebKit/537.36 (KHTML, like Gecko; compatible; ClaudeBot/1.0; +claudebot@anthropic.com)"
74.7.227.41 - - [04/Mar/2026:06:19:09 -0600] "GET /goods.php?detail/25600333929804 HTTP/1.1" 404 16 "https://www.nassaugolf.com/goods.php?detail/256017230563" "Mozilla/5.0 AppleWebKit/537.36 (KHTML, like Gecko; compatible; GPTBot/1.3; +https://openai.com/gptbot)"
57.141.6.8 - - [04/Mar/2026:06:19:09 -0600] "GET /search/0711397497acebf/feed/rss2/ HTTP/1.1" 404 - "-" "meta-externalagent/1.1 (+https://developers.facebook.com/docs/sharing/webmasters/crawler)"
216.73.216.47 - - [04/Mar/2026:06:19:09 -0600] "GET /?fileloc=%2F%2Flib64%2FlibXinerama.so.1.0.0&path=%2F%2Flib64 HTTP/1.1" 200 31760 "-" "Mozilla/5.0 AppleWebKit/537.36 (KHTML, like Gecko; compatible; ClaudeBot/1.0; +claudebot@anthropic.com)"
216.73.216.47 - - [04/Mar/2026:06:19:09 -0600] "GET /?fileloc=%2F%2Flib64%2Flibgsttag-1.0.so.0&path=%2F%2Flib64 HTTP/1.1" 200 395422 "-" "Mozilla/5.0 AppleWebKit/537.36 (KHTML, like Gecko; compatible; ClaudeBot/1.0; +claudebot@anthropic.com)"
216.73.216.47 - - [04/Mar/2026:06:19:08 -0600] "GET /?fileloc=%2F%2Flib64%2Flibhwy_contrib.so.1.3.0&path=%2F%2Flib64 HTTP/1.1" 200 7962815 "-" "Mozilla/5.0 AppleWebKit/537.36 (KHTML, like Gecko; compatible; ClaudeBot/1.0; +claudebot@anthropic.com)"
216.73.216.47 - - [04/Mar/2026:06:19:09 -0600] "GET /?fileloc=%2F%2Flib64%2Flibndr-standard.so.0.0.1&path=%2F%2Flib64 HTTP/1.1" 200 5913975 "-" "Mozilla/5.0 AppleWebKit/537.36 (KHTML, like Gecko; compatible; ClaudeBot/1.0; +claudebot@anthropic.com)"
216.73.216.47 - - [04/Mar/2026:06:19:09 -0600] "GET /?fileloc=%2F%2Flib64%2FlibX11-xcb.so.1.0.0&path=%2F%2Flib64 HTTP/1.1" 200 28435 "-" "Mozilla/5.0 AppleWebKit/537.36 (KHTML, like Gecko; compatible; ClaudeBot/1.0; +claudebot@anthropic.com)"
216.73.216.47 - - [04/Mar/2026:06:19:09 -0600] "GET /?fileloc=%2F%2Flib64%2Flibglib-2.0.so.0.6800.4&path=%2F%2Flib64 HTTP/1.1" 200 1918724 "-" "Mozilla/5.0 AppleWebKit/537.36 (KHTML, like Gecko; compatible; ClaudeBot/1.0; +claudebot@anthropic.com)"
216.73.216.47 - - [04/Mar/2026:06:19:09 -0600] "GET /?fileloc=%2F%2Flib64%2Flibxcb-glx.so.0.0.0&path=%2F%2Flib64 HTTP/1.1" 200 160094 "-" "Mozilla/5.0 AppleWebKit/537.36 (KHTML, like Gecko; compatible; ClaudeBot/1.0; +claudebot@anthropic.com)"
74.7.227.134 - - [04/Mar/2026:06:19:09 -0600] "GET /goods.php?detail/2020064905549 HTTP/1.1" 404 16 "https://www.nassaugolf.com" "Mozilla/5.0 AppleWebKit/537.36 (KHTML, like Gecko; compatible; GPTBot/1.3; +https://openai.com/gptbot)"
74.7.227.41 - - [04/Mar/2026:06:19:09 -0600] "GET /goods.php?detail/24804368942111 HTTP/1.1" 404 16 "https://www.nassaugolf.com/goods.php?detail/082005384589" "Mozilla/5.0 AppleWebKit/537.36 (KHTML, like Gecko; compatible; GPTBot/1.3; +https://openai.com/gptbot)"
57.141.6.42 - - [04/Mar/2026:06:19:09 -0600] "GET /detail/617094593 HTTP/1.1" 404 - "-" "meta-externalagent/1.1 (+https://developers.facebook.com/docs/sharing/webmasters/crawler)"
216.73.216.47 - - [04/Mar/2026:06:19:09 -0600] "GET /?fileloc=%2F%2Flib64%2Flibnl-nf-3.so.200.26.0&path=%2F%2Flib64 HTTP/1.1" 200 183232 "-" "Mozilla/5.0 AppleWebKit/537.36 (KHTML, like Gecko; compatible; ClaudeBot/1.0; +claudebot@anthropic.com)"
216.73.216.47 - - [04/Mar/2026:06:19:09 -0600] "GET /?fileloc=%2F%2Flib64%2Flibgstvideo-1.0.so.0&path=%2F%2Flib64 HTTP/1.1" 200 1270656 "-" "Mozilla/5.0 AppleWebKit/537.36 (KHTML, like Gecko; compatible; ClaudeBot/1.0; +claudebot@anthropic.com)"
216.73.216.47 - - [04/Mar/2026:06:19:09 -0600] "GET /?fileloc=%2Fhome%2Fnassaugo%2Fpublic_html%2Fwp-admin%2Fimages%2Fwordpress-logo-white.svg&path=%2Fhome%2Fnassaugo%2Fpublic_html%2Fwp-admin%2Fimages HTTP/1.1" 200 14319 "-" "Mozilla/5.0 AppleWebKit/537.36 (KHTML, like Gecko; compatible; ClaudeBot/1.0; +claudebot@anthropic.com)"
216.73.216.47 - - [04/Mar/2026:06:19:09 -0600] "GET /?fileloc=%2F%2Flib64%2Flibgdk-3.so.0.2404.27&path=%2F%2Flib64 HTTP/1.1" 200 1543144 "-" "Mozilla/5.0 AppleWebKit/537.36 (KHTML, like Gecko; compatible; ClaudeBot/1.0; +claudebot@anthropic.com)"
216.73.216.47 - - [04/Mar/2026:06:19:10 -0600] "GET /?fileloc=%2F%2Flib64%2Fliburcu-memb.so.6.1.0&path=%2F%2Flib64 HTTP/1.1" 200 65837 "-" "Mozilla/5.0 AppleWebKit/537.36 (KHTML, like Gecko; compatible; ClaudeBot/1.0; +claudebot@anthropic.com)"
216.73.216.47 - - [04/Mar/2026:06:19:10 -0600] "GET /?fileloc=%2F%2Flib64%2FlibIex-3_1.so.30.1.0&path=%2F%2Flib64 HTTP/1.1" 200 682610 "-" "Mozilla/5.0 AppleWebKit/537.36 (KHTML, like Gecko; compatible; ClaudeBot/1.0; +claudebot@anthropic.com)"
74.7.227.134 - - [04/Mar/2026:06:19:10 -0600] "GET /goods.php?detail/2330284303510 HTTP/1.1" 404 16 "https://www.nassaugolf.com" "Mozilla/5.0 AppleWebKit/537.36 (KHTML, like Gecko; compatible; GPTBot/1.3; +https://openai.com/gptbot)"
74.7.227.41 - - [04/Mar/2026:06:19:10 -0600] "GET /goods.php?detail/04800316771222 HTTP/1.1" 404 16 "https://www.nassaugolf.com/goods.php?detail/048022427203" "Mozilla/5.0 AppleWebKit/537.36 (KHTML, like Gecko; compatible; GPTBot/1.3; +https://openai.com/gptbot)"
216.73.216.47 - - [04/Mar/2026:06:19:10 -0600] "GET /?fileloc=%2F%2Flib64%2Flibgdk_pixbuf-2.0.so.0.4200.6&path=%2F%2Flib64 HTTP/1.1" 200 295515 "-" "Mozilla/5.0 AppleWebKit/537.36 (KHTML, like Gecko; compatible; ClaudeBot/1.0; +claudebot@anthropic.com)"
216.73.216.47 - - [04/Mar/2026:06:19:10 -0600] "GET /?fileloc=%2F%2Flib64%2Flibwayland-server.so.0.21.0&path=%2F%2Flib64 HTTP/1.1" 200 131077 "-" "Mozilla/5.0 AppleWebKit/537.36 (KHTML, like Gecko; compatible; ClaudeBot/1.0; +claudebot@anthropic.com)"
216.73.216.47 - - [04/Mar/2026:06:19:10 -0600] "GET /?fileloc=%2Fhome%2Fnassaugo%2Fpublic_html%2Fwp-admin%2Fimages%2Falign-left.png&path=%2Fhome%2Fnassaugo%2Fpublic_html%2Fwp-admin%2Fimages HTTP/1.1" 200 13507 "-" "Mozilla/5.0 AppleWebKit/537.36 (KHTML, like Gecko; compatible; ClaudeBot/1.0; +claudebot@anthropic.com)"
216.73.216.47 - - [04/Mar/2026:06:19:10 -0600] "GET /?fileloc=%2F%2Flib64%2Flibtiffxx.so.5.8.0&path=%2F%2Flib64 HTTP/1.1" 200 30947 "-" "Mozilla/5.0 AppleWebKit/537.36 (KHTML, like Gecko; compatible; ClaudeBot/1.0; +claudebot@anthropic.com)"
74.7.227.134 - - [04/Mar/2026:06:19:10 -0600] "GET /goods.php?detail/0930308470664 HTTP/1.1" 404 16 "https://www.nassaugolf.com" "Mozilla/5.0 AppleWebKit/537.36 (KHTML, like Gecko; compatible; GPTBot/1.3; +https://openai.com/gptbot)"
216.73.216.47 - - [04/Mar/2026:06:19:10 -0600] "GET /?fileloc=%2Fhome%2Fnassaugo%2Fpublic_html%2Fwp-includes%2Fjs%2Fmedia-audiovideo.min.js&path=%2Fhome%2Fnassaugo%2Fpublic_html%2Fwp-includes%2Fjs HTTP/1.1" 200 26449 "-" "Mozilla/5.0 AppleWebKit/537.36 (KHTML, like Gecko; compatible; ClaudeBot/1.0; +claudebot@anthropic.com)"
216.73.216.47 - - [04/Mar/2026:06:19:10 -0600] "GET /?fileloc=%2Fhome%2Fnassaugo%2Fpublic_html%2Fwp-admin%2Fimages%2Fdashboard-background.svg&path=%2Fhome%2Fnassaugo%2Fpublic_html%2Fwp-admin%2Fimages HTTP/1.1" 200 17752 "-" "Mozilla/5.0 AppleWebKit/537.36 (KHTML, like Gecko; compatible; ClaudeBot/1.0; +claudebot@anthropic.com)"
57.141.6.5 - - [04/Mar/2026:06:19:10 -0600] "GET /search/07430369748f6/feed/rss2/ HTTP/1.1" 404 - "-" "meta-externalagent/1.1 (+https://developers.facebook.com/docs/sharing/webmasters/crawler)"
74.7.227.41 - - [04/Mar/2026:06:19:10 -0600] "GET /goods.php?detail/11100687257460 HTTP/1.1" 404 16 "https://www.nassaugolf.com/goods.php?detail/111035203678" "Mozilla/5.0 AppleWebKit/537.36 (KHTML, like Gecko; compatible; GPTBot/1.3; +https://openai.com/gptbot)"
216.73.216.47 - - [04/Mar/2026:06:19:10 -0600] "GET /?fileloc=%2F%2Flib64%2Flibtss2-tcti-device.so.0.0.0&path=%2F%2Flib64 HTTP/1.1" 200 48238 "-" "Mozilla/5.0 AppleWebKit/537.36 (KHTML, like Gecko; compatible; ClaudeBot/1.0; +claudebot@anthropic.com)"
216.73.216.47 - - [04/Mar/2026:06:19:10 -0600] "GET /?fileloc=%2Fhome%2Fnassaugo%2Fpublic_html%2Fwp-admin%2Fimages%2Falign-none.png&path=%2Fhome%2Fnassaugo%2Fpublic_html%2Fwp-admin%2Fimages HTTP/1.1" 200 13268 "-" "Mozilla/5.0 AppleWebKit/537.36 (KHTML, like Gecko; compatible; ClaudeBot/1.0; +claudebot@anthropic.com)"
57.141.6.53 - - [04/Mar/2026:06:19:11 -0600] "GET /search/027925717c47d4/feed/rss2/ HTTP/1.1" 404 - "-" "meta-externalagent/1.1 (+https://developers.facebook.com/docs/sharing/webmasters/crawler)"
216.73.216.47 - - [04/Mar/2026:06:19:10 -0600] "GET /?fileloc=%2F%2Flib64%2Flibhistory.so.8.1&path=%2F%2Flib64 HTTP/1.1" 200 88900 "-" "Mozilla/5.0 AppleWebKit/537.36 (KHTML, like Gecko; compatible; ClaudeBot/1.0; +claudebot@anthropic.com)"
216.73.216.47 - - [04/Mar/2026:06:19:11 -0600] "GET /?fileloc=%2F%2Flib64%2Flibpolkit-agent-1.so.0.0.0&path=%2F%2Flib64 HTTP/1.1" 200 80592 "-" "Mozilla/5.0 AppleWebKit/537.36 (KHTML, like Gecko; compatible; ClaudeBot/1.0; +claudebot@anthropic.com)"
74.7.227.134 - - [04/Mar/2026:06:19:11 -0600] "GET /goods.php?detail/2610271287265 HTTP/1.1" 404 16 "https://nassaugolf.com/goods.php?jp/006028202.html" "Mozilla/5.0 AppleWebKit/537.36 (KHTML, like Gecko; compatible; GPTBot/1.3; +https://openai.com/gptbot)"
216.73.216.47 - - [04/Mar/2026:06:19:11 -0600] "GET /?fileloc=%2Fhome%2Fnassaugo%2Fpublic_html%2Fwp-admin%2Fimages%2Fbrowser.png&path=%2Fhome%2Fnassaugo%2Fpublic_html%2Fwp-admin%2Fimages HTTP/1.1" 200 87048 "-" "Mozilla/5.0 AppleWebKit/537.36 (KHTML, like Gecko; compatible; ClaudeBot/1.0; +claudebot@anthropic.com)"
216.73.216.47 - - [04/Mar/2026:06:19:11 -0600] "GET /?fileloc=%2F%2Flib64%2Flibxshmfence.so.1.0.0&path=%2F%2Flib64 HTTP/1.1" 200 30062 "-" "Mozilla/5.0 AppleWebKit/537.36 (KHTML, like Gecko; compatible; ClaudeBot/1.0; +claudebot@anthropic.com)"
74.7.227.41 - - [04/Mar/2026:06:19:11 -0600] "GET /goods.php?detail/25600052799439 HTTP/1.1" 404 16 "https://www.nassaugolf.com/goods.php?detail/237002115420" "Mozilla/5.0 AppleWebKit/537.36 (KHTML, like Gecko; compatible; GPTBot/1.3; +https://openai.com/gptbot)"
216.73.216.47 - - [04/Mar/2026:06:19:11 -0600] "GET /?fileloc=%2F%2Flib64%2Flibxkbregistry.so.0.0.0&path=%2F%2Flib64 HTTP/1.1" 200 56544 "-" "Mozilla/5.0 AppleWebKit/537.36 (KHTML, like Gecko; compatible; ClaudeBot/1.0; +claudebot@anthropic.com)"
216.73.216.47 - - [04/Mar/2026:06:19:11 -0600] "GET /?fileloc=%2F%2Flib64%2Flibxcb-screensaver.so&path=%2F%2Flib64 HTTP/1.1" 200 36164 "-" "Mozilla/5.0 AppleWebKit/537.36 (KHTML, like Gecko; compatible; ClaudeBot/1.0; +claudebot@anthropic.com)"
57.141.6.5 - - [04/Mar/2026:06:19:11 -0600] "GET /search/07233085039bb22/feed/rss2/ HTTP/1.1" 404 - "-" "meta-externalagent/1.1 (+https://developers.facebook.com/docs/sharing/webmasters/crawler)"
216.73.216.47 - - [04/Mar/2026:06:19:11 -0600] "GET /?fileloc=%2F%2Flib64%2Flibnl-idiag-3.so.200&path=%2F%2Flib64 HTTP/1.1" 200 70809 "-" "Mozilla/5.0 AppleWebKit/537.36 (KHTML, like Gecko; compatible; ClaudeBot/1.0; +claudebot@anthropic.com)"
216.73.216.47 - - [04/Mar/2026:06:19:11 -0600] "GET /?fileloc=%2Fhome%2Fnassaugo%2Fpublic_html%2Fwp-admin%2Fimages%2Fdate-button-2x.gif&path=%2Fhome%2Fnassaugo%2Fpublic_html%2Fwp-admin%2Fimages HTTP/1.1" 200 14289 "-" "Mozilla/5.0 AppleWebKit/537.36 (KHTML, like Gecko; compatible; ClaudeBot/1.0; +claudebot@anthropic.com)"
74.7.227.134 - - [04/Mar/2026:06:19:11 -0600] "GET /goods.php?detail/0030061613574 HTTP/1.1" 404 16 "https://nassaugolf.com/goods.php?jp/003006161.html" "Mozilla/5.0 AppleWebKit/537.36 (KHTML, like Gecko; compatible; GPTBot/1.3; +https://openai.com/gptbot)"
216.73.216.47 - - [04/Mar/2026:06:19:11 -0600] "GET /?fileloc=%2F%2Flib64%2Flibxcb-xfixes.so.0.0.0&path=%2F%2Flib64 HTTP/1.1" 200 56333 "-" "Mozilla/5.0 AppleWebKit/537.36 (KHTML, like Gecko; compatible; ClaudeBot/1.0; +claudebot@anthropic.com)"
216.73.216.47 - - [04/Mar/2026:06:19:11 -0600] "GET /?fileloc=%2F%2Flib64%2Flibisccfg-9.16.23-RH.so&path=%2F%2Flib64 HTTP/1.1" 200 299449 "-" "Mozilla/5.0 AppleWebKit/537.36 (KHTML, like Gecko; compatible; ClaudeBot/1.0; +claudebot@anthropic.com)"
74.7.227.41 - - [04/Mar/2026:06:19:12 -0600] "GET /goods.php?detail/04302388890147 HTTP/1.1" 404 16 "https://www.nassaugolf.com/goods.php?detail/079044706735" "Mozilla/5.0 AppleWebKit/537.36 (KHTML, like Gecko; compatible; GPTBot/1.3; +https://openai.com/gptbot)"
216.73.216.47 - - [04/Mar/2026:06:19:11 -0600] "GET /?fileloc=%2F%2Flib64%2Flibpcreposix.so.0.0.7&path=%2F%2Flib64 HTTP/1.1" 200 30336 "-" "Mozilla/5.0 AppleWebKit/537.36 (KHTML, like Gecko; compatible; ClaudeBot/1.0; +claudebot@anthropic.com)"
216.73.216.47 - - [04/Mar/2026:06:19:11 -0600] "GET /?fileloc=%2Fhome%2Fnassaugo%2Fpublic_html%2Fwp-admin%2Fimages%2Fwordpress-logo.png&path=%2Fhome%2Fnassaugo%2Fpublic_html%2Fwp-admin%2Fimages HTTP/1.1" 200 16981 "-" "Mozilla/5.0 AppleWebKit/537.36 (KHTML, like Gecko; compatible; ClaudeBot/1.0; +claudebot@anthropic.com)"
57.141.6.74 - - [04/Mar/2026:06:19:12 -0600] "GET /?s=17388027d5c39d HTTP/1.1" 200 53879 "-" "meta-externalagent/1.1 (+https://developers.facebook.com/docs/sharing/webmasters/crawler)"
216.73.216.47 - - [04/Mar/2026:06:19:12 -0600] "GET /?fileloc=%2Fhome%2Fnassaugo%2Fpublic_html%2Fwp-content%2Fuploads%2Fsmush-webp-test.png&path=%2Fhome%2Fnassaugo%2Fpublic_html%2Fwp-content%2Fuploads HTTP/1.1" 200 13355 "-" "Mozilla/5.0 AppleWebKit/537.36 (KHTML, like Gecko; compatible; ClaudeBot/1.0; +claudebot@anthropic.com)"
216.73.216.47 - - [04/Mar/2026:06:19:12 -0600] "GET /?fileloc=%2F%2Flib64%2Flibsoup-2.4.so.1.11.0&path=%2F%2Flib64 HTTP/1.1" 200 1041534 "-" "Mozilla/5.0 AppleWebKit/537.36 (KHTML, like Gecko; compatible; ClaudeBot/1.0; +claudebot@anthropic.com)"
216.73.216.47 - - [04/Mar/2026:06:19:12 -0600] "GET /?fileloc=%2F%2Fetc%2Fblocked_incoming_email_domains&path=%2F%2Fetc HTTP/1.1" 200 12280 "-" "Mozilla/5.0 AppleWebKit/537.36 (KHTML, like Gecko; compatible; ClaudeBot/1.0; +claudebot@anthropic.com)"
74.7.227.134 - - [04/Mar/2026:06:19:12 -0600] "GET /goods.php?detail/0010233708901 HTTP/1.1" 404 16 "https://www.nassaugolf.com" "Mozilla/5.0 AppleWebKit/537.36 (KHTML, like Gecko; compatible; GPTBot/1.3; +https://openai.com/gptbot)"
216.73.216.47 - - [04/Mar/2026:06:19:12 -0600] "GET /?fileloc=%2F%2Flib64%2Flibpango-1.0.so.0.4800.7&path=%2F%2Flib64 HTTP/1.1" 200 501017 "-" "Mozilla/5.0 AppleWebKit/537.36 (KHTML, like Gecko; compatible; ClaudeBot/1.0; +claudebot@anthropic.com)"
74.7.227.41 - - [04/Mar/2026:06:19:12 -0600] "GET /goods.php?detail/29900049846587 HTTP/1.1" 404 16 "https://www.nassaugolf.com/goods.php?detail/299000401957" "Mozilla/5.0 AppleWebKit/537.36 (KHTML, like Gecko; compatible; GPTBot/1.3; +https://openai.com/gptbot)"
216.73.216.47 - - [04/Mar/2026:06:19:12 -0600] "GET /?fileloc=%2F%2Flib64%2Fliburcu-cds.so.6.1.0&path=%2F%2Flib64 HTTP/1.1" 200 74787 "-" "Mozilla/5.0 AppleWebKit/537.36 (KHTML, like Gecko; compatible; ClaudeBot/1.0; +claudebot@anthropic.com)"
216.73.216.47 - - [04/Mar/2026:06:19:12 -0600] "GET /?fileloc=%2F%2Flib64%2Flibtheoradec.so.1.1.4&path=%2F%2Flib64 HTTP/1.1" 200 127568 "-" "Mozilla/5.0 AppleWebKit/537.36 (KHTML, like Gecko; compatible; ClaudeBot/1.0; +claudebot@anthropic.com)"
57.141.6.38 - - [04/Mar/2026:06:19:12 -0600] "GET /search/02216937535b8bf/feed/rss2/ HTTP/1.1" 404 - "-" "meta-externalagent/1.1 (+https://developers.facebook.com/docs/sharing/webmasters/crawler)"
57.141.6.7 - - [04/Mar/2026:06:19:12 -0600] "GET /search/0937378e50716/feed/rss2/ HTTP/1.1" 404 - "-" "meta-externalagent/1.1 (+https://developers.facebook.com/docs/sharing/webmasters/crawler)"
216.73.216.47 - - [04/Mar/2026:06:19:12 -0600] "GET /?fileloc=%2Fhome%2Fnassaugo%2Fpublic_html%2Fwp-admin%2Fjs%2Fsite-health.min.js&path=%2Fhome%2Fnassaugo%2Fpublic_html%2Fwp-admin%2Fjs HTTP/1.1" 200 20370 "-" "Mozilla/5.0 AppleWebKit/537.36 (KHTML, like Gecko; compatible; ClaudeBot/1.0; +claudebot@anthropic.com)"
216.73.216.47 - - [04/Mar/2026:06:19:12 -0600] "GET /?fileloc=%2F%2Flib64%2Flibtss2-mu.so.0.0.0&path=%2F%2Flib64 HTTP/1.1" 200 469676 "-" "Mozilla/5.0 AppleWebKit/537.36 (KHTML, like Gecko; compatible; ClaudeBot/1.0; +claudebot@anthropic.com)"
74.7.227.134 - - [04/Mar/2026:06:19:13 -0600] "GET /goods.php?detail/1940161169205 HTTP/1.1" 404 16 "https://nassaugolf.com/goods.php?detail/194018967268" "Mozilla/5.0 AppleWebKit/537.36 (KHTML, like Gecko; compatible; GPTBot/1.3; +https://openai.com/gptbot)"
216.73.216.47 - - [04/Mar/2026:06:19:12 -0600] "GET /?fileloc=%2F%2Flib64%2Flibpangoxft-1.0.so.0&path=%2F%2Flib64 HTTP/1.1" 200 66719 "-" "Mozilla/5.0 AppleWebKit/537.36 (KHTML, like Gecko; compatible; ClaudeBot/1.0; +claudebot@anthropic.com)"
216.73.216.47 - - [04/Mar/2026:06:19:12 -0600] "GET /?fileloc=%2F%2Flib64%2Flibxcb-res.so.0.0.0&path=%2F%2Flib64 HTTP/1.1" 200 36106 "-" "Mozilla/5.0 AppleWebKit/537.36 (KHTML, like Gecko; compatible; ClaudeBot/1.0; +claudebot@anthropic.com)"
74.7.227.41 - - [04/Mar/2026:06:19:13 -0600] "GET /goods.php?detail/22203387908016 HTTP/1.1" 404 16 "https://www.nassaugolf.com/goods.php?goods/031034901" "Mozilla/5.0 AppleWebKit/537.36 (KHTML, like Gecko; compatible; GPTBot/1.3; +https://openai.com/gptbot)"
216.73.216.47 - - [04/Mar/2026:06:19:12 -0600] "GET /?fileloc=%2F%2Flib64%2Fliblzma.so.5.2.5&path=%2F%2Flib64 HTTP/1.1" 200 290733 "-" "Mozilla/5.0 AppleWebKit/537.36 (KHTML, like Gecko; compatible; ClaudeBot/1.0; +claudebot@anthropic.com)"
216.73.216.47 - - [04/Mar/2026:06:19:13 -0600] "GET /?fileloc=%2F%2Flib64%2Flibwmflite-0.2.so.7.0.5&path=%2F%2Flib64 HTTP/1.1" 200 226760 "-" "Mozilla/5.0 AppleWebKit/537.36 (KHTML, like Gecko; compatible; ClaudeBot/1.0; +claudebot@anthropic.com)"
74.7.227.134 - - [04/Mar/2026:06:19:13 -0600] "GET /goods.php?detail/0980019893640 HTTP/1.1" 404 16 "https://www.nassaugolf.com" "Mozilla/5.0 AppleWebKit/537.36 (KHTML, like Gecko; compatible; GPTBot/1.3; +https://openai.com/gptbot)"
216.73.216.47 - - [04/Mar/2026:06:19:13 -0600] "GET /?fileloc=%2Fhome%2Fnassaugo%2Fpublic_html%2Fwp-includes%2Fimages%2Farrow-pointer-blue.png&path=%2Fhome%2Fnassaugo%2Fpublic_html%2Fwp-includes%2Fimages HTTP/1.1" 200 14125 "-" "Mozilla/5.0 AppleWebKit/537.36 (KHTML, like Gecko; compatible; ClaudeBot/1.0; +claudebot@anthropic.com)"
216.73.216.47 - - [04/Mar/2026:06:19:13 -0600] "GET /?fileloc=%2F%2Flib64%2Flibnl-route-3.so.200&path=%2F%2Flib64 HTTP/1.1" 200 943658 "-" "Mozilla/5.0 AppleWebKit/537.36 (KHTML, like Gecko; compatible; ClaudeBot/1.0; +claudebot@anthropic.com)"
74.7.227.41 - - [04/Mar/2026:06:19:13 -0600] "GET /goods.php?detail/10800285644413 HTTP/1.1" 404 16 "https://www.nassaugolf.com/goods.php?detail/249001558949" "Mozilla/5.0 AppleWebKit/537.36 (KHTML, like Gecko; compatible; GPTBot/1.3; +https://openai.com/gptbot)"
216.73.216.47 - - [04/Mar/2026:06:19:13 -0600] "GET /?fileloc=%2F%2Flib64%2Flibgstbase-1.0.so.0.2212.0&path=%2F%2Flib64 HTTP/1.1" 200 856211 "-" "Mozilla/5.0 AppleWebKit/537.36 (KHTML, like Gecko; compatible; ClaudeBot/1.0; +claudebot@anthropic.com)"
216.73.216.47 - - [04/Mar/2026:06:19:13 -0600] "GET /?fileloc=%2F%2Flib64%2Fliblab_gamut.so.1.0.0&path=%2F%2Flib64 HTTP/1.1" 200 4275063 "-" "Mozilla/5.0 AppleWebKit/537.36 (KHTML, like Gecko; compatible; ClaudeBot/1.0; +claudebot@anthropic.com)"
57.141.6.43 - - [04/Mar/2026:06:19:13 -0600] "GET /?s=111548455aec4b2 HTTP/1.1" 200 53879 "-" "meta-externalagent/1.1 (+https://developers.facebook.com/docs/sharing/webmasters/crawler)"
216.73.216.47 - - [04/Mar/2026:06:19:13 -0600] "GET /?fileloc=%2F%2Flib64%2Flibicutu.so.67.1&path=%2F%2Flib64 HTTP/1.1" 200 318642 "-" "Mozilla/5.0 AppleWebKit/537.36 (KHTML, like Gecko; compatible; ClaudeBot/1.0; +claudebot@anthropic.com)"
216.73.216.47 - - [04/Mar/2026:06:19:13 -0600] "GET /?fileloc=%2F%2Flib64%2Flibsensors.so.4.5.0&path=%2F%2Flib64 HTTP/1.1" 200 106955 "-" "Mozilla/5.0 AppleWebKit/537.36 (KHTML, like Gecko; compatible; ClaudeBot/1.0; +claudebot@anthropic.com)"
216.73.216.47 - - [04/Mar/2026:06:19:13 -0600] "GET /?fileloc=%2F%2Flib64%2FlibXtst.so.6.1.0&path=%2F%2Flib64 HTTP/1.1" 200 55112 "-" "Mozilla/5.0 AppleWebKit/537.36 (KHTML, like Gecko; compatible; ClaudeBot/1.0; +claudebot@anthropic.com)"
74.7.227.134 - - [04/Mar/2026:06:19:14 -0600] "GET /goods.php?detail/1730171517490 HTTP/1.1" 404 16 "https://nassaugolf.com/goods.php?detail/014004578548" "Mozilla/5.0 AppleWebKit/537.36 (KHTML, like Gecko; compatible; GPTBot/1.3; +https://openai.com/gptbot)"
216.73.216.47 - - [04/Mar/2026:06:19:13 -0600] "GET /?fileloc=%2F%2Flib64%2Flibirs-9.16.23-RH.so&path=%2F%2Flib64 HTTP/1.1" 200 79509 "-" "Mozilla/5.0 AppleWebKit/537.36 (KHTML, like Gecko; compatible; ClaudeBot/1.0; +claudebot@anthropic.com)"
216.73.216.47 - - [04/Mar/2026:06:19:13 -0600] "GET /?fileloc=%2Fhome%2Fnassaugo%2Fpublic_html%2Fwp-content%2Fmaintenance%2Fzhrhqjfh.php&path=%2Fhome%2Fnassaugo%2Fpublic_html%2Fwp-content%2Fmaintenance HTTP/1.1" 200 12561 "-" "Mozilla/5.0 AppleWebKit/537.36 (KHTML, like Gecko; compatible; ClaudeBot/1.0; +claudebot@anthropic.com)"
74.7.227.41 - - [04/Mar/2026:06:19:14 -0600] "GET /goods.php?detail/19301617755444 HTTP/1.1" 404 16 "https://www.nassaugolf.com/goods.php?detail/170002988555" "Mozilla/5.0 AppleWebKit/537.36 (KHTML, like Gecko; compatible; GPTBot/1.3; +https://openai.com/gptbot)"
216.73.216.47 - - [04/Mar/2026:06:19:13 -0600] "GET /?fileloc=%2F%2Flib64%2Flibpcre32.so.0.0.12&path=%2F%2Flib64 HTTP/1.1" 200 716016 "-" "Mozilla/5.0 AppleWebKit/537.36 (KHTML, like Gecko; compatible; ClaudeBot/1.0; +claudebot@anthropic.com)"
216.73.216.47 - - [04/Mar/2026:06:19:14 -0600] "GET /?fileloc=%2F%2Flib64%2Flibcanberra-gtk3.so.0&path=%2F%2Flib64 HTTP/1.1" 200 42817 "-" "Mozilla/5.0 AppleWebKit/537.36 (KHTML, like Gecko; compatible; ClaudeBot/1.0; +claudebot@anthropic.com)"
57.141.6.31 - - [04/Mar/2026:06:19:14 -0600] "GET /?s=00714256689e6e HTTP/1.1" 200 53879 "-" "meta-externalagent/1.1 (+https://developers.facebook.com/docs/sharing/webmasters/crawler)"
216.73.216.47 - - [04/Mar/2026:06:19:14 -0600] "GET /?fileloc=%2F%2Flib64%2Flibpolkit-gobject-1.so.0.0.0&path=%2F%2Flib64 HTTP/1.1" 200 199220 "-" "Mozilla/5.0 AppleWebKit/537.36 (KHTML, like Gecko; compatible; ClaudeBot/1.0; +claudebot@anthropic.com)"
216.73.216.47 - - [04/Mar/2026:06:19:14 -0600] "GET /?fileloc=%2F%2Flib64%2Flibndr-nbt.so.0&path=%2F%2Flib64 HTTP/1.1" 200 290291 "-" "Mozilla/5.0 AppleWebKit/537.36 (KHTML, like Gecko; compatible; ClaudeBot/1.0; +claudebot@anthropic.com)"
216.73.216.47 - - [04/Mar/2026:06:19:14 -0600] "GET /?fileloc=%2Fhome%2Fnassaugo%2Fpublic_html%2Fwp-content%2Fmaintenance%2Fzejujrgs.php&path=%2Fhome%2Fnassaugo%2Fpublic_html%2Fwp-content%2Fmaintenance HTTP/1.1" 200 12561 "-" "Mozilla/5.0 AppleWebKit/537.36 (KHTML, like Gecko; compatible; ClaudeBot/1.0; +claudebot@anthropic.com)"
74.7.227.134 - - [04/Mar/2026:06:19:14 -0600] "GET /goods.php?detail/0270067819062 HTTP/1.1" 404 16 "https://www.nassaugolf.com" "Mozilla/5.0 AppleWebKit/537.36 (KHTML, like Gecko; compatible; GPTBot/1.3; +https://openai.com/gptbot)"
74.7.227.41 - - [04/Mar/2026:06:19:14 -0600] "GET /goods.php?detail/11102598305275 HTTP/1.1" 404 16 "https://www.nassaugolf.com/goods.php?detail/117004222931" "Mozilla/5.0 AppleWebKit/537.36 (KHTML, like Gecko; compatible; GPTBot/1.3; +https://openai.com/gptbot)"
216.73.216.47 - - [04/Mar/2026:06:19:14 -0600] "GET /?fileloc=%2F%2Flib64%2Flibcanberra-gtk.so.0&path=%2F%2Flib64 HTTP/1.1" 200 42726 "-" "Mozilla/5.0 AppleWebKit/537.36 (KHTML, like Gecko; compatible; ClaudeBot/1.0; +claudebot@anthropic.com)"
216.73.216.47 - - [04/Mar/2026:06:19:14 -0600] "GET /?fileloc=%2Fhome%2Fnassaugo%2Ftmp%2Fsess_20e3d8eb71e3ac7a146b5add21514688&path=%2Fhome%2Fnassaugo%2Ftmp HTTP/1.1" 200 24243 "-" "Mozilla/5.0 AppleWebKit/537.36 (KHTML, like Gecko; compatible; ClaudeBot/1.0; +claudebot@anthropic.com)"
216.73.216.47 - - [04/Mar/2026:06:19:14 -0600] "GET /?fileloc=%2Fhome%2Fnassaugo%2Fpublic_html%2Fwp-includes%2Ffonts%2Fdashicons.woff&path=%2Fhome%2Fnassaugo%2Fpublic_html%2Fwp-includes%2Ffonts HTTP/1.1" 200 60743 "-" "Mozilla/5.0 AppleWebKit/537.36 (KHTML, like Gecko; compatible; ClaudeBot/1.0; +claudebot@anthropic.com)"
57.141.6.62 - - [04/Mar/2026:06:19:14 -0600] "GET /?s=02252172d00099 HTTP/1.1" 200 53879 "-" "meta-externalagent/1.1 (+https://developers.facebook.com/docs/sharing/webmasters/crawler)"
216.73.216.47 - - [04/Mar/2026:06:19:14 -0600] "GET /?fileloc=%2F%2Flib64%2Flibmm-glib.so.0.9.0&path=%2F%2Flib64 HTTP/1.1" 200 1809786 "-" "Mozilla/5.0 AppleWebKit/537.36 (KHTML, like Gecko; compatible; ClaudeBot/1.0; +claudebot@anthropic.com)"
216.73.216.47 - - [04/Mar/2026:06:19:14 -0600] "GET /?fileloc=%2F%2Flib64%2Flibgstrtp-1.0.so.0.2212.0&path=%2F%2Flib64 HTTP/1.1" 200 287963 "-" "Mozilla/5.0 AppleWebKit/537.36 (KHTML, like Gecko; compatible; ClaudeBot/1.0; +claudebot@anthropic.com)"
216.73.216.47 - - [04/Mar/2026:06:19:14 -0600] "GET /?fileloc=%2F%2Flib64%2Flibxcb-xvmc.so.0.0.0&path=%2F%2Flib64 HTTP/1.1" 200 35824 "-" "Mozilla/5.0 AppleWebKit/537.36 (KHTML, like Gecko; compatible; ClaudeBot/1.0; +claudebot@anthropic.com)"
74.7.227.134 - - [04/Mar/2026:06:19:15 -0600] "GET /goods.php?detail/0730109484019 HTTP/1.1" 404 16 "https://www.nassaugolf.com" "Mozilla/5.0 AppleWebKit/537.36 (KHTML, like Gecko; compatible; GPTBot/1.3; +https://openai.com/gptbot)"
74.7.227.41 - - [04/Mar/2026:06:19:15 -0600] "GET /goods.php?detail/04000893405172 HTTP/1.1" 404 16 "https://www.nassaugolf.com/goods.php?detail/079022660461" "Mozilla/5.0 AppleWebKit/537.36 (KHTML, like Gecko; compatible; GPTBot/1.3; +https://openai.com/gptbot)"
216.73.216.47 - - [04/Mar/2026:06:19:15 -0600] "GET /?fileloc=%2F%2Flib64%2Flibpipewire-0.3.so.0&path=%2F%2Flib64 HTTP/1.1" 200 1321500 "-" "Mozilla/5.0 AppleWebKit/537.36 (KHTML, like Gecko; compatible; ClaudeBot/1.0; +claudebot@anthropic.com)"
57.141.6.66 - - [04/Mar/2026:06:19:15 -0600] "GET /?s=1119582524ac56e HTTP/1.1" 200 53879 "-" "meta-externalagent/1.1 (+https://developers.facebook.com/docs/sharing/webmasters/crawler)"
216.73.216.47 - - [04/Mar/2026:06:19:15 -0600] "GET /?fileloc=%2F%2Flib64%2Flibharfbuzz-icu.so.0.20704.0&path=%2F%2Flib64 HTTP/1.1" 200 30750 "-" "Mozilla/5.0 AppleWebKit/537.36 (KHTML, like Gecko; compatible; ClaudeBot/1.0; +claudebot@anthropic.com)"
216.73.216.47 - - [04/Mar/2026:06:19:15 -0600] "GET /?fileloc=%2F%2Flib64%2Flibtasn1.so.6.6.0&path=%2F%2Flib64 HTTP/1.1" 200 154146 "-" "Mozilla/5.0 AppleWebKit/537.36 (KHTML, like Gecko; compatible; ClaudeBot/1.0; +claudebot@anthropic.com)"
216.73.216.47 - - [04/Mar/2026:06:19:15 -0600] "GET /?fileloc=%2F%2Flib64%2Flibavahi-glib.so.1.0.2&path=%2F%2Flib64 HTTP/1.1" 200 36293 "-" "Mozilla/5.0 AppleWebKit/537.36 (KHTML, like Gecko; compatible; ClaudeBot/1.0; +claudebot@anthropic.com)"
216.73.216.47 - - [04/Mar/2026:06:19:15 -0600] "GET /?fileloc=%2F%2Flib64%2Flibpcre2-posix.so.3.0.2&path=%2F%2Flib64 HTTP/1.1" 200 30103 "-" "Mozilla/5.0 AppleWebKit/537.36 (KHTML, like Gecko; compatible; ClaudeBot/1.0; +claudebot@anthropic.com)"
74.7.227.134 - - [04/Mar/2026:06:19:15 -0600] "GET /goods.php?detail/2620020237155 HTTP/1.1" 404 16 "https://www.nassaugolf.com" "Mozilla/5.0 AppleWebKit/537.36 (KHTML, like Gecko; compatible; GPTBot/1.3; +https://openai.com/gptbot)"
216.73.216.47 - - [04/Mar/2026:06:19:15 -0600] "GET /?fileloc=%2F%2Flib64%2Flibns-9.16.23-RH.so&path=%2F%2Flib64 HTTP/1.1" 200 486831 "-" "Mozilla/5.0 AppleWebKit/537.36 (KHTML, like Gecko; compatible; ClaudeBot/1.0; +claudebot@anthropic.com)"
74.7.227.41 - - [04/Mar/2026:06:19:15 -0600] "GET /goods.php?detail/15100317773248 HTTP/1.1" 404 16 "https://www.nassaugolf.com/goods.php?detail/225026215019" "Mozilla/5.0 AppleWebKit/537.36 (KHTML, like Gecko; compatible; GPTBot/1.3; +https://openai.com/gptbot)"
216.73.216.47 - - [04/Mar/2026:06:19:15 -0600] "GET /?fileloc=%2F%2Flib64%2Flibavif.so.15.0.1&path=%2F%2Flib64 HTTP/1.1" 200 243840 "-" "Mozilla/5.0 AppleWebKit/537.36 (KHTML, like Gecko; compatible; ClaudeBot/1.0; +claudebot@anthropic.com)"
57.141.6.14 - - [04/Mar/2026:06:19:15 -0600] "GET /search/0324121525aad64/feed/rss2/ HTTP/1.1" 404 - "-" "meta-externalagent/1.1 (+https://developers.facebook.com/docs/sharing/webmasters/crawler)"
216.73.216.47 - - [04/Mar/2026:06:19:15 -0600] "GET /?fileloc=%2F%2Flib64%2Flibatopology.so.2.0.0&path=%2F%2Flib64 HTTP/1.1" 200 201711 "-" "Mozilla/5.0 AppleWebKit/537.36 (KHTML, like Gecko; compatible; ClaudeBot/1.0; +claudebot@anthropic.com)"
216.73.216.47 - - [04/Mar/2026:06:19:15 -0600] "GET /?fileloc=%2F%2Flib64%2Flibjson-glib-1.0.so.0.600.6&path=%2F%2Flib64 HTTP/1.1" 200 280823 "-" "Mozilla/5.0 AppleWebKit/537.36 (KHTML, like Gecko; compatible; ClaudeBot/1.0; +claudebot@anthropic.com)"
57.141.6.29 - - [04/Mar/2026:06:19:15 -0600] "GET /search/02115867174cac7/feed/rss2/ HTTP/1.1" 404 - "-" "meta-externalagent/1.1 (+https://developers.facebook.com/docs/sharing/webmasters/crawler)"
216.73.216.47 - - [04/Mar/2026:06:19:15 -0600] "GET /?fileloc=%2F%2Flib64%2Flibpoppler-glib.so.8&path=%2F%2Flib64 HTTP/1.1" 200 600717 "-" "Mozilla/5.0 AppleWebKit/537.36 (KHTML, like Gecko; compatible; ClaudeBot/1.0; +claudebot@anthropic.com)"
216.73.216.47 - - [04/Mar/2026:06:19:15 -0600] "GET /?fileloc=%2F%2Flib64%2Flibcolorhug.so.2.0.5&path=%2F%2Flib64 HTTP/1.1" 200 156879 "-" "Mozilla/5.0 AppleWebKit/537.36 (KHTML, like Gecko; compatible; ClaudeBot/1.0; +claudebot@anthropic.com)"
74.7.227.134 - - [04/Mar/2026:06:19:16 -0600] "GET /goods.php?detail/2570191241941 HTTP/1.1" 404 16 "https://www.nassaugolf.com" "Mozilla/5.0 AppleWebKit/537.36 (KHTML, like Gecko; compatible; GPTBot/1.3; +https://openai.com/gptbot)"
216.73.216.47 - - [04/Mar/2026:06:19:16 -0600] "GET /?fileloc=%2F%2Flib64%2Flibxcb-dri3.so.0.0.0&path=%2F%2Flib64 HTTP/1.1" 200 40796 "-" "Mozilla/5.0 AppleWebKit/537.36 (KHTML, like Gecko; compatible; ClaudeBot/1.0; +claudebot@anthropic.com)"
216.73.216.47 - - [04/Mar/2026:06:19:16 -0600] "GET /?fileloc=%2Fhome%2Fnassaugo%2Fpublic_html%2Fwp-includes%2Fimages%2Ftoggle-arrow.png&path=%2Fhome%2Fnassaugo%2Fpublic_html%2Fwp-includes%2Fimages HTTP/1.1" 200 13110 "-" "Mozilla/5.0 AppleWebKit/537.36 (KHTML, like Gecko; compatible; ClaudeBot/1.0; +claudebot@anthropic.com)"
74.7.227.41 - - [04/Mar/2026:06:19:16 -0600] "GET /goods.php?detail/11103498956398 HTTP/1.1" 404 16 "https://www.nassaugolf.com/goods.php?detail/274025426427" "Mozilla/5.0 AppleWebKit/537.36 (KHTML, like Gecko; compatible; GPTBot/1.3; +https://openai.com/gptbot)"
216.73.216.47 - - [04/Mar/2026:06:19:16 -0600] "GET /?fileloc=%2F%2Flib64%2Flibnewt.so.0.52.21&path=%2F%2Flib64 HTTP/1.1" 200 156802 "-" "Mozilla/5.0 AppleWebKit/537.36 (KHTML, like Gecko; compatible; ClaudeBot/1.0; +claudebot@anthropic.com)"
216.73.216.47 - - [04/Mar/2026:06:19:16 -0600] "GET /?fileloc=%2F%2Flib64%2Flibbfd-2.35.2-67.el9_7.1.so&path=%2F%2Flib64 HTTP/1.1" 200 1986916 "-" "Mozilla/5.0 AppleWebKit/537.36 (KHTML, like Gecko; compatible; ClaudeBot/1.0; +claudebot@anthropic.com)"
216.73.216.47 - - [04/Mar/2026:06:19:16 -0600] "GET /?fileloc=%2F%2Flib64%2Flibxcb-xkb.so&path=%2F%2Flib64 HTTP/1.1" 200 177885 "-" "Mozilla/5.0 AppleWebKit/537.36 (KHTML, like Gecko; compatible; ClaudeBot/1.0; +claudebot@anthropic.com)"
74.7.227.134 - - [04/Mar/2026:06:19:16 -0600] "GET /goods.php?detail/0690089028439 HTTP/1.1" 404 16 "https://www.nassaugolf.com" "Mozilla/5.0 AppleWebKit/537.36 (KHTML, like Gecko; compatible; GPTBot/1.3; +https://openai.com/gptbot)"
57.141.6.26 - - [04/Mar/2026:06:19:16 -0600] "GET /search/1417005993d3b95/feed/rss2/ HTTP/1.1" 404 - "-" "meta-externalagent/1.1 (+https://developers.facebook.com/docs/sharing/webmasters/crawler)"
74.7.227.41 - - [04/Mar/2026:06:19:16 -0600] "GET /goods.php?detail/28000786742152 HTTP/1.1" 404 16 "https://www.nassaugolf.com/goods.php?detail/068036088044" "Mozilla/5.0 AppleWebKit/537.36 (KHTML, like Gecko; compatible; GPTBot/1.3; +https://openai.com/gptbot)"
216.73.216.47 - - [04/Mar/2026:06:19:16 -0600] "GET /?fileloc=%2Fhome%2Fnassaugo%2Fpublic_html%2Fwp-includes%2Ffonts%2Fdashicons.woff2&path=%2Fhome%2Fnassaugo%2Fpublic_html%2Fwp-includes%2Ffonts HTTP/1.1" 200 60773 "-" "Mozilla/5.0 AppleWebKit/537.36 (KHTML, like Gecko; compatible; ClaudeBot/1.0; +claudebot@anthropic.com)"
216.73.216.47 - - [04/Mar/2026:06:19:16 -0600] "GET /?fileloc=%2F%2Flib64%2Fliblz4.so.1.9.3&path=%2F%2Flib64 HTTP/1.1" 200 241020 "-" "Mozilla/5.0 AppleWebKit/537.36 (KHTML, like Gecko; compatible; ClaudeBot/1.0; +claudebot@anthropic.com)"
57.141.6.42 - - [04/Mar/2026:06:19:16 -0600] "GET /search/0023934001f0032/feed/rss2/ HTTP/1.1" 404 - "-" "meta-externalagent/1.1 (+https://developers.facebook.com/docs/sharing/webmasters/crawler)"
216.73.216.47 - - [04/Mar/2026:06:19:16 -0600] "GET /?fileloc=%2F%2Flib64%2Flibijs-0.35.so&path=%2F%2Flib64 HTTP/1.1" 200 54665 "-" "Mozilla/5.0 AppleWebKit/537.36 (KHTML, like Gecko; compatible; ClaudeBot/1.0; +claudebot@anthropic.com)"
216.73.216.47 - - [04/Mar/2026:06:19:16 -0600] "GET /?fileloc=%2Fhome%2Fnassaugo%2Fpublic_html%2Fwp-admin%2Fimages%2Fsort.gif&path=%2Fhome%2Fnassaugo%2Fpublic_html%2Fwp-admin%2Fimages HTTP/1.1" 200 12607 "-" "Mozilla/5.0 AppleWebKit/537.36 (KHTML, like Gecko; compatible; ClaudeBot/1.0; +claudebot@anthropic.com)"
74.7.227.134 - - [04/Mar/2026:06:19:17 -0600] "GET /goods.php?detail/0770040065952 HTTP/1.1" 404 16 "https://www.nassaugolf.com" "Mozilla/5.0 AppleWebKit/537.36 (KHTML, like Gecko; compatible; GPTBot/1.3; +https://openai.com/gptbot)"
216.73.216.47 - - [04/Mar/2026:06:19:17 -0600] "GET /?fileloc=%2F%2Flib64%2Flibldap_r-2.4.so.2.0.200&path=%2F%2Flib64 HTTP/1.1" 200 28284 "-" "Mozilla/5.0 AppleWebKit/537.36 (KHTML, like Gecko; compatible; ClaudeBot/1.0; +claudebot@anthropic.com)"
74.7.227.41 - - [04/Mar/2026:06:19:17 -0600] "GET /goods.php?detail/22901768125558 HTTP/1.1" 404 16 "https://www.nassaugolf.com/goods.php?detail/018037007375" "Mozilla/5.0 AppleWebKit/537.36 (KHTML, like Gecko; compatible; GPTBot/1.3; +https://openai.com/gptbot)"
216.73.216.47 - - [04/Mar/2026:06:19:17 -0600] "GET /?fileloc=%2F%2Flib64%2Flibpcre2-posix.so.3&path=%2F%2Flib64 HTTP/1.1" 200 30099 "-" "Mozilla/5.0 AppleWebKit/537.36 (KHTML, like Gecko; compatible; ClaudeBot/1.0; +claudebot@anthropic.com)"
57.141.6.33 - - [04/Mar/2026:06:19:17 -0600] "GET /search/0417075555f6e99/feed/rss2/ HTTP/1.1" 404 - "-" "meta-externalagent/1.1 (+https://developers.facebook.com/docs/sharing/webmasters/crawler)"
216.73.216.47 - - [04/Mar/2026:06:19:16 -0600] "GET /?fileloc=%2F%2Flib64%2Flibpoppler.so.106.0.0&path=%2F%2Flib64 HTTP/1.1" 200 5299100 "-" "Mozilla/5.0 AppleWebKit/537.36 (KHTML, like Gecko; compatible; ClaudeBot/1.0; +claudebot@anthropic.com)"
216.73.216.47 - - [04/Mar/2026:06:19:17 -0600] "GET /?fileloc=%2F%2Flib64%2Flibtss2-tctildr.so.0&path=%2F%2Flib64 HTTP/1.1" 200 47532 "-" "Mozilla/5.0 AppleWebKit/537.36 (KHTML, like Gecko; compatible; ClaudeBot/1.0; +claudebot@anthropic.com)"
216.73.216.47 - - [04/Mar/2026:06:19:17 -0600] "GET /?fileloc=%2F%2Flib64%2Flibtss2-esys.so.0.0.0&path=%2F%2Flib64 HTTP/1.1" 200 881777 "-" "Mozilla/5.0 AppleWebKit/537.36 (KHTML, like Gecko; compatible; ClaudeBot/1.0; +claudebot@anthropic.com)"
216.73.216.47 - - [04/Mar/2026:06:19:17 -0600] "GET /?fileloc=%2F%2Flib64%2Flibhns.so.1.0.57.0&path=%2F%2Flib64 HTTP/1.1" 200 102377 "-" "Mozilla/5.0 AppleWebKit/537.36 (KHTML, like Gecko; compatible; ClaudeBot/1.0; +claudebot@anthropic.com)"
74.7.227.134 - - [04/Mar/2026:06:19:17 -0600] "GET /goods.php?detail/0080032961639 HTTP/1.1" 404 16 "https://www.nassaugolf.com" "Mozilla/5.0 AppleWebKit/537.36 (KHTML, like Gecko; compatible; GPTBot/1.3; +https://openai.com/gptbot)"
216.73.216.47 - - [04/Mar/2026:06:19:17 -0600] "GET /?fileloc=%2F%2Flib64%2Flibhwy_contrib.so.1&path=%2F%2Flib64 HTTP/1.1" 200 7962811 "-" "Mozilla/5.0 AppleWebKit/537.36 (KHTML, like Gecko; compatible; ClaudeBot/1.0; +claudebot@anthropic.com)"
216.73.216.47 - - [04/Mar/2026:06:19:17 -0600] "GET /?fileloc=%2Fhome%2Fnassaugo%2Fpublic_html%2Fwp-includes%2Fjs%2Fmedia-audiovideo.js&path=%2Fhome%2Fnassaugo%2Fpublic_html%2Fwp-includes%2Fjs HTTP/1.1" 200 39167 "-" "Mozilla/5.0 AppleWebKit/537.36 (KHTML, like Gecko; compatible; ClaudeBot/1.0; +claudebot@anthropic.com)"
