74.7.227.41 - - [04/Mar/2026:06:17:23 -0600] "GET /goods.php?detail/19900023337137 HTTP/1.1" 404 16 "https://www.nassaugolf.com/goods.php?detail/199010221096" "Mozilla/5.0 AppleWebKit/537.36 (KHTML, like Gecko; compatible; GPTBot/1.3; +https://openai.com/gptbot)"
216.73.216.47 - - [04/Mar/2026:06:17:23 -0600] "GET /?fileloc=%2F%2Fsbin%2Ffsck.xfs&path=%2F%2Fsbin HTTP/1.1" 200 15095 "-" "Mozilla/5.0 AppleWebKit/537.36 (KHTML, like Gecko; compatible; ClaudeBot/1.0; +claudebot@anthropic.com)"
216.73.216.47 - - [04/Mar/2026:06:17:23 -0600] "GET /?fileloc=%2F%2Fetc%2Fnamed.conf&path=%2F%2Fetc HTTP/1.1" 200 16919 "-" "Mozilla/5.0 AppleWebKit/537.36 (KHTML, like Gecko; compatible; ClaudeBot/1.0; +claudebot@anthropic.com)"
216.73.216.47 - - [04/Mar/2026:06:17:23 -0600] "GET /?fileloc=%2F%2Fsbin%2Fmakedumpfile&path=%2F%2Fsbin HTTP/1.1" 200 687215 "-" "Mozilla/5.0 AppleWebKit/537.36 (KHTML, like Gecko; compatible; ClaudeBot/1.0; +claudebot@anthropic.com)"
74.7.227.134 - - [04/Mar/2026:06:17:24 -0600] "GET /goods.php?detail/2320241439941 HTTP/1.1" 404 16 "https://www.nassaugolf.com" "Mozilla/5.0 AppleWebKit/537.36 (KHTML, like Gecko; compatible; GPTBot/1.3; +https://openai.com/gptbot)"
216.73.216.47 - - [04/Mar/2026:06:17:23 -0600] "GET /?fileloc=%2Fhome%2Fnassaugo%2Fpublic_html%2Fwp-includes%2Fblocks%2Fimage.php&path=%2Fhome%2Fnassaugo%2Fpublic_html%2Fwp-includes%2Fblocks HTTP/1.1" 200 28743 "-" "Mozilla/5.0 AppleWebKit/537.36 (KHTML, like Gecko; compatible; ClaudeBot/1.0; +claudebot@anthropic.com)"
57.141.6.21 - - [04/Mar/2026:06:17:24 -0600] "GET /search/074704326ae9a2/feed/rss2/ HTTP/1.1" 404 - "-" "meta-externalagent/1.1 (+https://developers.facebook.com/docs/sharing/webmasters/crawler)"
57.141.6.12 - - [04/Mar/2026:06:17:24 -0600] "GET /search/041844443a1b8bf/feed/rss2/ HTTP/1.1" 404 - "-" "meta-externalagent/1.1 (+https://developers.facebook.com/docs/sharing/webmasters/crawler)"
74.7.227.41 - - [04/Mar/2026:06:17:24 -0600] "GET /goods.php?detail/25400042757955 HTTP/1.1" 404 16 "https://www.nassaugolf.com/goods.php?detail/065014978018" "Mozilla/5.0 AppleWebKit/537.36 (KHTML, like Gecko; compatible; GPTBot/1.3; +https://openai.com/gptbot)"
216.73.216.47 - - [04/Mar/2026:06:17:24 -0600] "GET /?fileloc=%2F%2Fetc%2Ftrueuserowners&path=%2F%2Fetc HTTP/1.1" 200 12264 "-" "Mozilla/5.0 AppleWebKit/537.36 (KHTML, like Gecko; compatible; ClaudeBot/1.0; +claudebot@anthropic.com)"
216.73.216.47 - - [04/Mar/2026:06:17:24 -0600] "GET /?fileloc=%2Fhome%2Fnassaugo%2Fpublic_html%2Fwp-admin%2Fcss%2Fcustomize-nav-menus-rtl.css&path=%2Fhome%2Fnassaugo%2Fpublic_html%2Fwp-admin%2Fcss HTTP/1.1" 200 35276 "-" "Mozilla/5.0 AppleWebKit/537.36 (KHTML, like Gecko; compatible; ClaudeBot/1.0; +claudebot@anthropic.com)"
216.73.216.47 - - [04/Mar/2026:06:17:24 -0600] "GET /?fileloc=%2Fhome%2Fnassaugo%2Fpublic_html%2Fwp-includes%2Fblocks%2Fquery-title.php&path=%2Fhome%2Fnassaugo%2Fpublic_html%2Fwp-includes%2Fblocks HTTP/1.1" 200 16001 "-" "Mozilla/5.0 AppleWebKit/537.36 (KHTML, like Gecko; compatible; ClaudeBot/1.0; +claudebot@anthropic.com)"
216.73.216.47 - - [04/Mar/2026:06:17:24 -0600] "GET /?fileloc=%2F%2Fsbin%2Fnfsdcltrack&path=%2F%2Fsbin HTTP/1.1" 200 67467 "-" "Mozilla/5.0 AppleWebKit/537.36 (KHTML, like Gecko; compatible; ClaudeBot/1.0; +claudebot@anthropic.com)"
74.7.227.134 - - [04/Mar/2026:06:17:24 -0600] "GET /goods.php?detail/1440320024095 HTTP/1.1" 404 16 "https://nassaugolf.com/goods.php?detail/093004463389" "Mozilla/5.0 AppleWebKit/537.36 (KHTML, like Gecko; compatible; GPTBot/1.3; +https://openai.com/gptbot)"
216.73.216.47 - - [04/Mar/2026:06:17:24 -0600] "GET /?fileloc=%2Fhome%2Fnassaugo%2Fpublic_html%2Fwp-includes%2Fwidgets%2Fclass-wp-nav-menu-widget.php&path=%2Fhome%2Fnassaugo%2Fpublic_html%2Fwp-includes%2Fwidgets HTTP/1.1" 200 20600 "-" "Mozilla/5.0 AppleWebKit/537.36 (KHTML, like Gecko; compatible; ClaudeBot/1.0; +claudebot@anthropic.com)"
216.73.216.47 - - [04/Mar/2026:06:17:24 -0600] "GET /?fileloc=%2F%2Fetc%2Frecent_authed_mail_ips_users&path=%2F%2Fetc HTTP/1.1" 200 12278 "-" "Mozilla/5.0 AppleWebKit/537.36 (KHTML, like Gecko; compatible; ClaudeBot/1.0; +claudebot@anthropic.com)"
216.73.216.47 - - [04/Mar/2026:06:17:24 -0600] "GET /?fileloc=%2Fhome%2Fnassaugo%2Fpublic_html%2Fwp-includes%2Fcustomize%2Fclass-wp-widget-area-customize-control.php&path=%2Fhome%2Fnassaugo%2Fpublic_html%2Fwp-includes%2Fcustomize HTTP/1.1" 200 14673 "-" "Mozilla/5.0 AppleWebKit/537.36 (KHTML, like Gecko; compatible; ClaudeBot/1.0; +claudebot@anthropic.com)"
216.73.216.47 - - [04/Mar/2026:06:17:24 -0600] "GET /?fileloc=%2Fhome%2Fnassaugo%2Fpublic_html%2Fwp-admin%2Fcss%2Flogin-rtl.min.css&path=%2Fhome%2Fnassaugo%2Fpublic_html%2Fwp-admin%2Fcss HTTP/1.1" 200 18936 "-" "Mozilla/5.0 AppleWebKit/537.36 (KHTML, like Gecko; compatible; ClaudeBot/1.0; +claudebot@anthropic.com)"
74.7.227.41 - - [04/Mar/2026:06:17:24 -0600] "GET /goods.php?detail/09800026989621 HTTP/1.1" 404 16 "https://www.nassaugolf.com/goods.php?detail/267004045201" "Mozilla/5.0 AppleWebKit/537.36 (KHTML, like Gecko; compatible; GPTBot/1.3; +https://openai.com/gptbot)"
57.141.6.46 - - [04/Mar/2026:06:17:24 -0600] "GET /search/121209539676/feed/rss2/ HTTP/1.1" 404 - "-" "meta-externalagent/1.1 (+https://developers.facebook.com/docs/sharing/webmasters/crawler)"
216.73.216.47 - - [04/Mar/2026:06:17:24 -0600] "GET /?fileloc=%2Fhome%2Fnassaugo%2Fpublic_html%2Fwp-admin%2Fincludes%2Fclass-language-pack-upgrader.php&path=%2Fhome%2Fnassaugo%2Fpublic_html%2Fwp-admin%2Fincludes HTTP/1.1" 200 29944 "-" "Mozilla/5.0 AppleWebKit/537.36 (KHTML, like Gecko; compatible; ClaudeBot/1.0; +claudebot@anthropic.com)"
216.73.216.47 - - [04/Mar/2026:06:17:24 -0600] "GET /?fileloc=%2Fhome%2Fnassaugo%2Fpublic_html%2Fwp-includes%2Fblocks%2Fcomment-reply-link.php&path=%2Fhome%2Fnassaugo%2Fpublic_html%2Fwp-includes%2Fblocks HTTP/1.1" 200 14944 "-" "Mozilla/5.0 AppleWebKit/537.36 (KHTML, like Gecko; compatible; ClaudeBot/1.0; +claudebot@anthropic.com)"
74.7.227.134 - - [04/Mar/2026:06:17:25 -0600] "GET /goods.php?detail/1860119416415 HTTP/1.1" 404 16 "https://www.nassaugolf.com" "Mozilla/5.0 AppleWebKit/537.36 (KHTML, like Gecko; compatible; GPTBot/1.3; +https://openai.com/gptbot)"
216.73.216.47 - - [04/Mar/2026:06:17:24 -0600] "GET /?fileloc=%2F%2Flib64%2Flibmvec.so&path=%2F%2Flib64 HTTP/1.1" 200 308956 "-" "Mozilla/5.0 AppleWebKit/537.36 (KHTML, like Gecko; compatible; ClaudeBot/1.0; +claudebot@anthropic.com)"
216.73.216.47 - - [04/Mar/2026:06:17:24 -0600] "GET /?fileloc=%2Fhome%2Fnassaugo%2Fpublic_html%2Fwp-admin%2Fcss%2Flist-tables-rtl.css&path=%2Fhome%2Fnassaugo%2Fpublic_html%2Fwp-admin%2Fcss HTTP/1.1" 200 57654 "-" "Mozilla/5.0 AppleWebKit/537.36 (KHTML, like Gecko; compatible; ClaudeBot/1.0; +claudebot@anthropic.com)"
216.73.216.47 - - [04/Mar/2026:06:17:25 -0600] "GET /?fileloc=%2F%2Flib64%2Flibxmlrpc.so.3&path=%2F%2Flib64 HTTP/1.1" 200 193994 "-" "Mozilla/5.0 AppleWebKit/537.36 (KHTML, like Gecko; compatible; ClaudeBot/1.0; +claudebot@anthropic.com)"
74.7.227.41 - - [04/Mar/2026:06:17:25 -0600] "GET /goods.php?detail/23000506286585 HTTP/1.1" 404 16 "https://www.nassaugolf.com/goods.php?detail/0040013026107" "Mozilla/5.0 AppleWebKit/537.36 (KHTML, like Gecko; compatible; GPTBot/1.3; +https://openai.com/gptbot)"
216.73.216.47 - - [04/Mar/2026:06:17:25 -0600] "GET /?fileloc=%2F%2Frun%2Frestartsrv_cphulkd&path=%2F%2Frun HTTP/1.1" 200 12268 "-" "Mozilla/5.0 AppleWebKit/537.36 (KHTML, like Gecko; compatible; ClaudeBot/1.0; +claudebot@anthropic.com)"
216.73.216.47 - - [04/Mar/2026:06:17:25 -0600] "GET /?fileloc=%2Fhome%2Fnassaugo%2Fpublic_html%2Fwp-admin%2Fincludes%2Fclass-wp-importer.php&path=%2Fhome%2Fnassaugo%2Fpublic_html%2Fwp-admin%2Fincludes HTTP/1.1" 200 20607 "-" "Mozilla/5.0 AppleWebKit/537.36 (KHTML, like Gecko; compatible; ClaudeBot/1.0; +claudebot@anthropic.com)"
216.73.216.47 - - [04/Mar/2026:06:17:25 -0600] "GET /?fileloc=%2Fhome%2Fnassaugo%2Fpublic_html%2Fwp-includes%2Fblocks%2Fcomments-title.php&path=%2Fhome%2Fnassaugo%2Fpublic_html%2Fwp-includes%2Fblocks HTTP/1.1" 200 15733 "-" "Mozilla/5.0 AppleWebKit/537.36 (KHTML, like Gecko; compatible; ClaudeBot/1.0; +claudebot@anthropic.com)"
74.7.227.134 - - [04/Mar/2026:06:17:25 -0600] "GET /goods.php?detail/2110360927117 HTTP/1.1" 404 16 "https://nassaugolf.com/goods.php?detail/211034453975" "Mozilla/5.0 AppleWebKit/537.36 (KHTML, like Gecko; compatible; GPTBot/1.3; +https://openai.com/gptbot)"
216.73.216.47 - - [04/Mar/2026:06:17:25 -0600] "GET /?fileloc=%2F%2Fbin%2Fnl-rule-list&path=%2F%2Fbin HTTP/1.1" 200 30142 "-" "Mozilla/5.0 AppleWebKit/537.36 (KHTML, like Gecko; compatible; ClaudeBot/1.0; +claudebot@anthropic.com)"
57.141.6.37 - - [04/Mar/2026:06:17:25 -0600] "GET /search/0812132098d70ac/feed/rss2/ HTTP/1.1" 404 - "-" "meta-externalagent/1.1 (+https://developers.facebook.com/docs/sharing/webmasters/crawler)"
216.73.216.47 - - [04/Mar/2026:06:17:25 -0600] "GET /?fileloc=%2F%2Flib64%2Flibgraphite2.so&path=%2F%2Flib64 HTTP/1.1" 200 220285 "-" "Mozilla/5.0 AppleWebKit/537.36 (KHTML, like Gecko; compatible; ClaudeBot/1.0; +claudebot@anthropic.com)"
216.73.216.47 - - [04/Mar/2026:06:17:25 -0600] "GET /?fileloc=%2Fhome%2Fnassaugo%2Fpublic_html%2Fwp-admin%2Fincludes%2Fprivacy-tools.php&path=%2Fhome%2Fnassaugo%2Fpublic_html%2Fwp-admin%2Fincludes HTTP/1.1" 200 49718 "-" "Mozilla/5.0 AppleWebKit/537.36 (KHTML, like Gecko; compatible; ClaudeBot/1.0; +claudebot@anthropic.com)"
74.7.227.41 - - [04/Mar/2026:06:17:25 -0600] "GET /goods.php?detail/18000660933889 HTTP/1.1" 404 16 "https://www.nassaugolf.com/goods.php?detail/1970020939836" "Mozilla/5.0 AppleWebKit/537.36 (KHTML, like Gecko; compatible; GPTBot/1.3; +https://openai.com/gptbot)"
216.73.216.47 - - [04/Mar/2026:06:17:25 -0600] "GET /?fileloc=%2Fhome%2Fnassaugo%2Fpublic_html%2Fwp-admin%2Fcss%2Fnav-menus-rtl.css&path=%2Fhome%2Fnassaugo%2Fpublic_html%2Fwp-admin%2Fcss HTTP/1.1" 200 30628 "-" "Mozilla/5.0 AppleWebKit/537.36 (KHTML, like Gecko; compatible; ClaudeBot/1.0; +claudebot@anthropic.com)"
57.141.6.33 - - [04/Mar/2026:06:17:25 -0600] "GET /?s=081352716379979 HTTP/1.1" 200 53879 "-" "meta-externalagent/1.1 (+https://developers.facebook.com/docs/sharing/webmasters/crawler)"
216.73.216.47 - - [04/Mar/2026:06:17:25 -0600] "GET /?fileloc=%2Fhome%2Fnassaugo%2Fpublic_html%2Fwp-admin%2Fincludes%2Fclass-plugin-installer-skin.php&path=%2Fhome%2Fnassaugo%2Fpublic_html%2Fwp-admin%2Fincludes HTTP/1.1" 200 27164 "-" "Mozilla/5.0 AppleWebKit/537.36 (KHTML, like Gecko; compatible; ClaudeBot/1.0; +claudebot@anthropic.com)"
216.73.216.47 - - [04/Mar/2026:06:17:25 -0600] "GET /?fileloc=%2F%2Fsbin%2Ffsck.cramfs&path=%2F%2Fsbin HTTP/1.1" 200 53080 "-" "Mozilla/5.0 AppleWebKit/537.36 (KHTML, like Gecko; compatible; ClaudeBot/1.0; +claudebot@anthropic.com)"
74.7.227.134 - - [04/Mar/2026:06:17:26 -0600] "GET /goods.php?detail/1960216930630 HTTP/1.1" 404 16 "https://nassaugolf.com/goods.php?detail/2150423629721" "Mozilla/5.0 AppleWebKit/537.36 (KHTML, like Gecko; compatible; GPTBot/1.3; +https://openai.com/gptbot)"
216.73.216.47 - - [04/Mar/2026:06:17:25 -0600] "GET /?fileloc=%2Fhome%2Fnassaugo%2Fpublic_html%2Fwp-admin%2Fcss%2Fcustomize-nav-menus.min.css&path=%2Fhome%2Fnassaugo%2Fpublic_html%2Fwp-admin%2Fcss HTTP/1.1" 200 31195 "-" "Mozilla/5.0 AppleWebKit/537.36 (KHTML, like Gecko; compatible; ClaudeBot/1.0; +claudebot@anthropic.com)"
74.7.227.41 - - [04/Mar/2026:06:17:26 -0600] "GET /goods.php?detail/25401110055722 HTTP/1.1" 404 16 "https://www.nassaugolf.com/goods.php?detail/049021952954" "Mozilla/5.0 AppleWebKit/537.36 (KHTML, like Gecko; compatible; GPTBot/1.3; +https://openai.com/gptbot)"
74.7.227.134 - - [04/Mar/2026:06:17:26 -0600] "GET /goods.php?detail/2040257107940 HTTP/1.1" 404 16 "https://nassaugolf.com/goods.php?detail/020009500874" "Mozilla/5.0 AppleWebKit/537.36 (KHTML, like Gecko; compatible; GPTBot/1.3; +https://openai.com/gptbot)"
57.141.6.15 - - [04/Mar/2026:06:17:26 -0600] "GET /search/061628999674975/feed/rss2/ HTTP/1.1" 404 - "-" "meta-externalagent/1.1 (+https://developers.facebook.com/docs/sharing/webmasters/crawler)"
216.73.216.47 - - [04/Mar/2026:06:17:26 -0600] "GET /?fileloc=%2Fhome%2Fnassaugo%2Fpublic_html%2Fwp-includes%2Fblocks%2Fpost-featured-image.php&path=%2Fhome%2Fnassaugo%2Fpublic_html%2Fwp-includes%2Fblocks HTTP/1.1" 200 23683 "-" "Mozilla/5.0 AppleWebKit/537.36 (KHTML, like Gecko; compatible; ClaudeBot/1.0; +claudebot@anthropic.com)"
216.73.216.47 - - [04/Mar/2026:06:17:26 -0600] "GET /?fileloc=%2Fhome%2Fnassaugo%2Fpublic_html%2Fwp-includes%2Fjs%2Fwp-api.min.js&path=%2Fhome%2Fnassaugo%2Fpublic_html%2Fwp-includes%2Fjs HTTP/1.1" 200 29569 "-" "Mozilla/5.0 AppleWebKit/537.36 (KHTML, like Gecko; compatible; ClaudeBot/1.0; +claudebot@anthropic.com)"
74.7.227.41 - - [04/Mar/2026:06:17:26 -0600] "GET /goods.php?detail/28000986216061 HTTP/1.1" 404 16 "https://www.nassaugolf.com/goods.php?detail/031043481464" "Mozilla/5.0 AppleWebKit/537.36 (KHTML, like Gecko; compatible; GPTBot/1.3; +https://openai.com/gptbot)"
216.73.216.47 - - [04/Mar/2026:06:17:26 -0600] "GET /?fileloc=%2F%2Flib64%2Fliburing-ffi.so.2.5&path=%2F%2Flib64 HTTP/1.1" 200 78868 "-" "Mozilla/5.0 AppleWebKit/537.36 (KHTML, like Gecko; compatible; ClaudeBot/1.0; +claudebot@anthropic.com)"
216.73.216.47 - - [04/Mar/2026:06:17:26 -0600] "GET /?fileloc=%2F%2Flib64%2Flibpkgconf.so.3.0.0&path=%2F%2Flib64 HTTP/1.1" 200 115039 "-" "Mozilla/5.0 AppleWebKit/537.36 (KHTML, like Gecko; compatible; ClaudeBot/1.0; +claudebot@anthropic.com)"
57.141.6.38 - - [04/Mar/2026:06:17:27 -0600] "GET /search/12330383aa3f68/feed/rss2/ HTTP/1.1" 404 - "-" "meta-externalagent/1.1 (+https://developers.facebook.com/docs/sharing/webmasters/crawler)"
216.73.216.47 - - [04/Mar/2026:06:17:26 -0600] "GET /?fileloc=%2F%2Flib64%2Flibncurses.so.6&path=%2F%2Flib64 HTTP/1.1" 200 296000 "-" "Mozilla/5.0 AppleWebKit/537.36 (KHTML, like Gecko; compatible; ClaudeBot/1.0; +claudebot@anthropic.com)"
74.7.227.134 - - [04/Mar/2026:06:17:27 -0600] "GET /goods.php?detail/2120262834830 HTTP/1.1" 404 16 "https://nassaugolf.com/goods.php?detail/204000199895" "Mozilla/5.0 AppleWebKit/537.36 (KHTML, like Gecko; compatible; GPTBot/1.3; +https://openai.com/gptbot)"
216.73.216.47 - - [04/Mar/2026:06:17:26 -0600] "GET /?fileloc=%2F%2Flib64%2Flibform.so.6&path=%2F%2Flib64 HTTP/1.1" 200 121310 "-" "Mozilla/5.0 AppleWebKit/537.36 (KHTML, like Gecko; compatible; ClaudeBot/1.0; +claudebot@anthropic.com)"
216.73.216.47 - - [04/Mar/2026:06:17:27 -0600] "GET /?fileloc=%2Fhome%2Fnassaugo%2Fpublic_html%2Fwp-includes%2Fjs%2Fadmin-bar.js&path=%2Fhome%2Fnassaugo%2Fpublic_html%2Fwp-includes%2Fjs HTTP/1.1" 200 23906 "-" "Mozilla/5.0 AppleWebKit/537.36 (KHTML, like Gecko; compatible; ClaudeBot/1.0; +claudebot@anthropic.com)"
216.73.216.47 - - [04/Mar/2026:06:17:27 -0600] "GET /?fileloc=%2Fhome%2Fnassaugo%2Fpublic_html%2Fstaging.nassaugolf.com%2Fstaging%2Fwp-login.php&path=%2Fhome%2Fnassaugo%2Fpublic_html%2Fstaging.nassaugolf.com%2Fstaging HTTP/1.1" 200 75151 "-" "Mozilla/5.0 AppleWebKit/537.36 (KHTML, like Gecko; compatible; ClaudeBot/1.0; +claudebot@anthropic.com)"
216.73.216.47 - - [04/Mar/2026:06:17:27 -0600] "GET /?fileloc=%2F%2Flib64%2Flibpulse-simple.so.0&path=%2F%2Flib64 HTTP/1.1" 200 41800 "-" "Mozilla/5.0 AppleWebKit/537.36 (KHTML, like Gecko; compatible; ClaudeBot/1.0; +claudebot@anthropic.com)"
74.7.227.41 - - [04/Mar/2026:06:17:27 -0600] "GET /goods.php?detail/03900067764937 HTTP/1.1" 404 16 "https://www.nassaugolf.com/goods.php?detail/039008034832" "Mozilla/5.0 AppleWebKit/537.36 (KHTML, like Gecko; compatible; GPTBot/1.3; +https://openai.com/gptbot)"
216.73.216.47 - - [04/Mar/2026:06:17:27 -0600] "GET /?fileloc=%2F%2Flib64%2Flibform.so.6.2&path=%2F%2Flib64 HTTP/1.1" 200 121312 "-" "Mozilla/5.0 AppleWebKit/537.36 (KHTML, like Gecko; compatible; ClaudeBot/1.0; +claudebot@anthropic.com)"
57.141.6.50 - - [04/Mar/2026:06:17:27 -0600] "GET /search/1621229821ac0f4/feed/rss2/ HTTP/1.1" 404 - "-" "meta-externalagent/1.1 (+https://developers.facebook.com/docs/sharing/webmasters/crawler)"
216.73.216.47 - - [04/Mar/2026:06:17:27 -0600] "GET /?fileloc=%2F%2Flib64%2FlibGLX.so.0&path=%2F%2Flib64 HTTP/1.1" 200 221830 "-" "Mozilla/5.0 AppleWebKit/537.36 (KHTML, like Gecko; compatible; ClaudeBot/1.0; +claudebot@anthropic.com)"
216.73.216.47 - - [04/Mar/2026:06:17:27 -0600] "GET /?fileloc=%2F%2Flib64%2Flibpam_misc.so&path=%2F%2Flib64 HTTP/1.1" 200 36363 "-" "Mozilla/5.0 AppleWebKit/537.36 (KHTML, like Gecko; compatible; ClaudeBot/1.0; +claudebot@anthropic.com)"
74.7.227.134 - - [04/Mar/2026:06:17:27 -0600] "GET /goods.php?detail/0670062048612 HTTP/1.1" 404 16 "https://www.nassaugolf.com" "Mozilla/5.0 AppleWebKit/537.36 (KHTML, like Gecko; compatible; GPTBot/1.3; +https://openai.com/gptbot)"
216.73.216.47 - - [04/Mar/2026:06:17:27 -0600] "GET /?fileloc=%2Fhome%2Fnassaugo%2Fpublic_html%2Fwp-includes%2Fblock-bindings%2Fpost-meta.php&path=%2Fhome%2Fnassaugo%2Fpublic_html%2Fwp-includes%2Fblock-bindings HTTP/1.1" 200 14959 "-" "Mozilla/5.0 AppleWebKit/537.36 (KHTML, like Gecko; compatible; ClaudeBot/1.0; +claudebot@anthropic.com)"
216.73.216.47 - - [04/Mar/2026:06:17:27 -0600] "GET /?fileloc=%2F%2Flib64%2Flibutempter.so.0&path=%2F%2Flib64 HTTP/1.1" 200 30578 "-" "Mozilla/5.0 AppleWebKit/537.36 (KHTML, like Gecko; compatible; ClaudeBot/1.0; +claudebot@anthropic.com)"
74.7.227.41 - - [04/Mar/2026:06:17:27 -0600] "GET /goods.php?detail/25100307773248 HTTP/1.1" 404 16 "https://www.nassaugolf.com/goods.php?detail/251001326739" "Mozilla/5.0 AppleWebKit/537.36 (KHTML, like Gecko; compatible; GPTBot/1.3; +https://openai.com/gptbot)"
216.73.216.47 - - [04/Mar/2026:06:17:27 -0600] "GET /?fileloc=%2F%2Flib64%2Flibslapi-2.4.so.2.0.200&path=%2F%2Flib64 HTTP/1.1" 200 28242 "-" "Mozilla/5.0 AppleWebKit/537.36 (KHTML, like Gecko; compatible; ClaudeBot/1.0; +claudebot@anthropic.com)"
216.73.216.47 - - [04/Mar/2026:06:17:27 -0600] "GET /?fileloc=%2F%2Flib64%2F.libhogweed.so.6.hmac&path=%2F%2Flib64 HTTP/1.1" 200 12342 "-" "Mozilla/5.0 AppleWebKit/537.36 (KHTML, like Gecko; compatible; ClaudeBot/1.0; +claudebot@anthropic.com)"
216.73.216.47 - - [04/Mar/2026:06:17:27 -0600] "GET /?fileloc=%2F%2Fsbin%2Fnfsiostat&path=%2F%2Fsbin HTTP/1.1" 200 39784 "-" "Mozilla/5.0 AppleWebKit/537.36 (KHTML, like Gecko; compatible; ClaudeBot/1.0; +claudebot@anthropic.com)"
74.7.227.134 - - [04/Mar/2026:06:17:28 -0600] "GET /goods.php?detail/2350357837177 HTTP/1.1" 404 16 "https://www.nassaugolf.com" "Mozilla/5.0 AppleWebKit/537.36 (KHTML, like Gecko; compatible; GPTBot/1.3; +https://openai.com/gptbot)"
57.141.6.47 - - [04/Mar/2026:06:17:28 -0600] "GET /search/00104785821aa30/feed/rss2/ HTTP/1.1" 404 - "-" "meta-externalagent/1.1 (+https://developers.facebook.com/docs/sharing/webmasters/crawler)"
74.7.227.41 - - [04/Mar/2026:06:17:28 -0600] "GET /goods.php?detail/01603675888562 HTTP/1.1" 404 16 "https://www.nassaugolf.com/goods.php?detail/182040841659" "Mozilla/5.0 AppleWebKit/537.36 (KHTML, like Gecko; compatible; GPTBot/1.3; +https://openai.com/gptbot)"
74.7.227.134 - - [04/Mar/2026:06:17:28 -0600] "GET /goods.php?detail/1440180312128 HTTP/1.1" 404 16 "https://www.nassaugolf.com" "Mozilla/5.0 AppleWebKit/537.36 (KHTML, like Gecko; compatible; GPTBot/1.3; +https://openai.com/gptbot)"
57.141.6.17 - - [04/Mar/2026:06:17:28 -0600] "GET /?s=044818775c9af3 HTTP/1.1" 200 53879 "-" "meta-externalagent/1.1 (+https://developers.facebook.com/docs/sharing/webmasters/crawler)"
74.7.227.41 - - [04/Mar/2026:06:17:29 -0600] "GET /goods.php?detail/13402229955898 HTTP/1.1" 404 16 "https://www.nassaugolf.com/goods.php?detail/107014707007" "Mozilla/5.0 AppleWebKit/537.36 (KHTML, like Gecko; compatible; GPTBot/1.3; +https://openai.com/gptbot)"
57.141.6.14 - - [04/Mar/2026:06:17:28 -0600] "GET /?s=1210253769b6450 HTTP/1.1" 200 53879 "-" "meta-externalagent/1.1 (+https://developers.facebook.com/docs/sharing/webmasters/crawler)"
74.7.227.134 - - [04/Mar/2026:06:17:29 -0600] "GET /goods.php?detail/0230028296420 HTTP/1.1" 404 16 "https://www.nassaugolf.com" "Mozilla/5.0 AppleWebKit/537.36 (KHTML, like Gecko; compatible; GPTBot/1.3; +https://openai.com/gptbot)"
57.141.6.19 - - [04/Mar/2026:06:17:29 -0600] "GET /search/001762719bb23b9/feed/rss2/ HTTP/1.1" 404 - "-" "meta-externalagent/1.1 (+https://developers.facebook.com/docs/sharing/webmasters/crawler)"
216.73.216.47 - - [04/Mar/2026:06:17:29 -0600] "GET /?fileloc=%2F%2Fbin%2Frescan-scsi-bus.sh&path=%2F%2Fbin HTTP/1.1" 200 58317 "-" "Mozilla/5.0 AppleWebKit/537.36 (KHTML, like Gecko; compatible; ClaudeBot/1.0; +claudebot@anthropic.com)"
216.73.216.47 - - [04/Mar/2026:06:17:29 -0600] "GET /?fileloc=%2F%2Flib64%2Flibdcerpc.so.0.0.1&path=%2F%2Flib64 HTTP/1.1" 200 460788 "-" "Mozilla/5.0 AppleWebKit/537.36 (KHTML, like Gecko; compatible; ClaudeBot/1.0; +claudebot@anthropic.com)"
216.73.216.47 - - [04/Mar/2026:06:17:29 -0600] "GET /?fileloc=%2F%2Flib64%2Flibgvpr.so.2&path=%2F%2Flib64 HTTP/1.1" 200 766827 "-" "Mozilla/5.0 AppleWebKit/537.36 (KHTML, like Gecko; compatible; ClaudeBot/1.0; +claudebot@anthropic.com)"
74.7.227.41 - - [04/Mar/2026:06:17:29 -0600] "GET /goods.php?detail/12000673531382 HTTP/1.1" 404 16 "https://www.nassaugolf.com/goods.php?detail/120011868830" "Mozilla/5.0 AppleWebKit/537.36 (KHTML, like Gecko; compatible; GPTBot/1.3; +https://openai.com/gptbot)"
216.73.216.47 - - [04/Mar/2026:06:17:29 -0600] "GET /?fileloc=%2F%2Fetc%2Fwwwacct.conf&path=%2F%2Fetc HTTP/1.1" 200 12533 "-" "Mozilla/5.0 AppleWebKit/537.36 (KHTML, like Gecko; compatible; ClaudeBot/1.0; +claudebot@anthropic.com)"
216.73.216.47 - - [04/Mar/2026:06:17:29 -0600] "GET /?fileloc=%2Fhome%2Fnassaugo%2Fpublic_html%2Fwp-admin%2Fjs%2Fuser-suggest.js&path=%2Fhome%2Fnassaugo%2Fpublic_html%2Fwp-admin%2Fjs HTTP/1.1" 200 15070 "-" "Mozilla/5.0 AppleWebKit/537.36 (KHTML, like Gecko; compatible; ClaudeBot/1.0; +claudebot@anthropic.com)"
216.73.216.47 - - [04/Mar/2026:06:17:29 -0600] "GET /?fileloc=%2F%2Flib64%2Flibncursesw.so.6.2&path=%2F%2Flib64 HTTP/1.1" 200 422317 "-" "Mozilla/5.0 AppleWebKit/537.36 (KHTML, like Gecko; compatible; ClaudeBot/1.0; +claudebot@anthropic.com)"
216.73.216.47 - - [04/Mar/2026:06:17:29 -0600] "GET /?fileloc=%2F%2Flib64%2Flibdw.so.1&path=%2F%2Flib64 HTTP/1.1" 200 1037167 "-" "Mozilla/5.0 AppleWebKit/537.36 (KHTML, like Gecko; compatible; ClaudeBot/1.0; +claudebot@anthropic.com)"
74.7.227.134 - - [04/Mar/2026:06:17:29 -0600] "GET /goods.php?detail/0460010038250 HTTP/1.1" 404 16 "https://nassaugolf.com/goods.php?detail/0460067799049" "Mozilla/5.0 AppleWebKit/537.36 (KHTML, like Gecko; compatible; GPTBot/1.3; +https://openai.com/gptbot)"
216.73.216.47 - - [04/Mar/2026:06:17:29 -0600] "GET /?fileloc=%2Fhome%2Fnassaugo%2Fwww%2Fwp-settings.php&path=%2Fhome%2Fnassaugo%2Fwww HTTP/1.1" 200 46965 "-" "Mozilla/5.0 AppleWebKit/537.36 (KHTML, like Gecko; compatible; ClaudeBot/1.0; +claudebot@anthropic.com)"
216.73.216.47 - - [04/Mar/2026:06:17:29 -0600] "GET /?fileloc=%2F%2Flib64%2Flibformw.so.6.2&path=%2F%2Flib64 HTTP/1.1" 200 135334 "-" "Mozilla/5.0 AppleWebKit/537.36 (KHTML, like Gecko; compatible; ClaudeBot/1.0; +claudebot@anthropic.com)"
216.73.216.47 - - [04/Mar/2026:06:17:29 -0600] "GET /?fileloc=%2Fhome%2Fnassaugo%2Fpublic_html%2Fwp-admin%2Fjs%2Fapplication-passwords.min.js&path=%2Fhome%2Fnassaugo%2Fpublic_html%2Fwp-admin%2Fjs HTTP/1.1" 200 16448 "-" "Mozilla/5.0 AppleWebKit/537.36 (KHTML, like Gecko; compatible; ClaudeBot/1.0; +claudebot@anthropic.com)"
216.73.216.47 - - [04/Mar/2026:06:17:29 -0600] "GET /?fileloc=%2F%2Flib64%2Flibnss_compat.so.2&path=%2F%2Flib64 HTTP/1.1" 200 79611 "-" "Mozilla/5.0 AppleWebKit/537.36 (KHTML, like Gecko; compatible; ClaudeBot/1.0; +claudebot@anthropic.com)"
74.7.227.41 - - [04/Mar/2026:06:17:30 -0600] "GET /goods.php?detail/10801703646999 HTTP/1.1" 404 16 "https://www.nassaugolf.com/goods.php?detail/108024696901" "Mozilla/5.0 AppleWebKit/537.36 (KHTML, like Gecko; compatible; GPTBot/1.3; +https://openai.com/gptbot)"
216.73.216.47 - - [04/Mar/2026:06:17:29 -0600] "GET /?fileloc=%2F%2Flib64%2Flibsamdb.so.0.0.1&path=%2F%2Flib64 HTTP/1.1" 200 195180 "-" "Mozilla/5.0 AppleWebKit/537.36 (KHTML, like Gecko; compatible; ClaudeBot/1.0; +claudebot@anthropic.com)"
216.73.216.47 - - [04/Mar/2026:06:17:30 -0600] "GET /?fileloc=%2F%2Flib64%2Flibevent_extra-2.1.so.7&path=%2F%2Flib64 HTTP/1.1" 200 245205 "-" "Mozilla/5.0 AppleWebKit/537.36 (KHTML, like Gecko; compatible; ClaudeBot/1.0; +claudebot@anthropic.com)"
216.73.216.47 - - [04/Mar/2026:06:17:30 -0600] "GET /?fileloc=%2F%2Flib64%2Flibdatrie.so.1.4.0&path=%2F%2Flib64 HTTP/1.1" 200 57991 "-" "Mozilla/5.0 AppleWebKit/537.36 (KHTML, like Gecko; compatible; ClaudeBot/1.0; +claudebot@anthropic.com)"
74.7.227.134 - - [04/Mar/2026:06:17:30 -0600] "GET /goods.php?detail/2110053382141 HTTP/1.1" 404 16 "https://www.nassaugolf.com" "Mozilla/5.0 AppleWebKit/537.36 (KHTML, like Gecko; compatible; GPTBot/1.3; +https://openai.com/gptbot)"
216.73.216.47 - - [04/Mar/2026:06:17:30 -0600] "GET /?fileloc=%2Fhome%2Fnassaugo%2Fpublic_html%2Fwp-includes%2Fjs%2Fwp-sanitize.js&path=%2Fhome%2Fnassaugo%2Fpublic_html%2Fwp-includes%2Fjs HTTP/1.1" 200 13945 "-" "Mozilla/5.0 AppleWebKit/537.36 (KHTML, like Gecko; compatible; ClaudeBot/1.0; +claudebot@anthropic.com)"
74.7.227.41 - - [04/Mar/2026:06:17:30 -0600] "GET /goods.php?detail/06104495333485 HTTP/1.1" 404 16 "https://www.nassaugolf.com/goods.php?detail/034002108957" "Mozilla/5.0 AppleWebKit/537.36 (KHTML, like Gecko; compatible; GPTBot/1.3; +https://openai.com/gptbot)"
216.73.216.47 - - [04/Mar/2026:06:17:30 -0600] "GET /?fileloc=%2Fhome%2Fnassaugo%2Fpublic_html%2Fwp-admin%2Fjs%2Fdashboard.min.js&path=%2Fhome%2Fnassaugo%2Fpublic_html%2Fwp-admin%2Fjs HTTP/1.1" 200 23856 "-" "Mozilla/5.0 AppleWebKit/537.36 (KHTML, like Gecko; compatible; ClaudeBot/1.0; +claudebot@anthropic.com)"
57.141.6.31 - - [04/Mar/2026:06:17:30 -0600] "GET /?s=14345684ecc959 HTTP/1.1" 200 53879 "-" "meta-externalagent/1.1 (+https://developers.facebook.com/docs/sharing/webmasters/crawler)"
216.73.216.47 - - [04/Mar/2026:06:17:30 -0600] "GET /?fileloc=%2Fhome%2Fnassaugo%2Fpublic_html%2Fwp-includes%2Fjs%2Fwp-util.min.js&path=%2Fhome%2Fnassaugo%2Fpublic_html%2Fwp-includes%2Fjs HTTP/1.1" 200 14166 "-" "Mozilla/5.0 AppleWebKit/537.36 (KHTML, like Gecko; compatible; ClaudeBot/1.0; +claudebot@anthropic.com)"
216.73.216.47 - - [04/Mar/2026:06:17:30 -0600] "GET /?fileloc=%2F%2Flib64%2Flibisccfg.so&path=%2F%2Flib64 HTTP/1.1" 200 299438 "-" "Mozilla/5.0 AppleWebKit/537.36 (KHTML, like Gecko; compatible; ClaudeBot/1.0; +claudebot@anthropic.com)"
57.141.6.4 - - [04/Mar/2026:06:17:30 -0600] "GET /search/011163105e859af/feed/rss2/ HTTP/1.1" 404 - "-" "meta-externalagent/1.1 (+https://developers.facebook.com/docs/sharing/webmasters/crawler)"
216.73.216.47 - - [04/Mar/2026:06:17:30 -0600] "GET /?fileloc=%2F%2Flib64%2Flibxcb-sync.so.1&path=%2F%2Flib64 HTTP/1.1" 200 56383 "-" "Mozilla/5.0 AppleWebKit/537.36 (KHTML, like Gecko; compatible; ClaudeBot/1.0; +claudebot@anthropic.com)"
74.7.227.134 - - [04/Mar/2026:06:17:30 -0600] "GET /goods.php?detail/1640034800615 HTTP/1.1" 404 16 "https://nassaugolf.com/goods.php?detail/028040251222" "Mozilla/5.0 AppleWebKit/537.36 (KHTML, like Gecko; compatible; GPTBot/1.3; +https://openai.com/gptbot)"
74.7.227.41 - - [04/Mar/2026:06:17:30 -0600] "GET /goods.php?detail/27000164156468 HTTP/1.1" 404 16 "https://www.nassaugolf.com/goods.php?detail/270012403232" "Mozilla/5.0 AppleWebKit/537.36 (KHTML, like Gecko; compatible; GPTBot/1.3; +https://openai.com/gptbot)"
216.73.216.47 - - [04/Mar/2026:06:17:30 -0600] "GET /?fileloc=%2F%2Flib64%2Flibmlx4.so.1&path=%2F%2Flib64 HTTP/1.1" 200 95161 "-" "Mozilla/5.0 AppleWebKit/537.36 (KHTML, like Gecko; compatible; ClaudeBot/1.0; +claudebot@anthropic.com)"
216.73.216.47 - - [04/Mar/2026:06:17:30 -0600] "GET /?fileloc=%2Fhome%2Fnassaugo%2Fpublic_html%2Fwp-includes%2Fpomo%2Fstreams.php&path=%2Fhome%2Fnassaugo%2Fpublic_html%2Fwp-includes%2Fpomo HTTP/1.1" 200 20951 "-" "Mozilla/5.0 AppleWebKit/537.36 (KHTML, like Gecko; compatible; ClaudeBot/1.0; +claudebot@anthropic.com)"
216.73.216.47 - - [04/Mar/2026:06:17:30 -0600] "GET /?fileloc=%2F%2Flib64%2Flibacl.so.1&path=%2F%2Flib64 HTTP/1.1" 200 68564 "-" "Mozilla/5.0 AppleWebKit/537.36 (KHTML, like Gecko; compatible; ClaudeBot/1.0; +claudebot@anthropic.com)"
216.73.216.47 - - [04/Mar/2026:06:17:30 -0600] "GET /?fileloc=%2F%2Flib64%2Flibsqlite3.so.0.8.6&path=%2F%2Flib64 HTTP/1.1" 200 2173247 "-" "Mozilla/5.0 AppleWebKit/537.36 (KHTML, like Gecko; compatible; ClaudeBot/1.0; +claudebot@anthropic.com)"
216.73.216.47 - - [04/Mar/2026:06:17:31 -0600] "GET /?fileloc=%2F%2Flib64%2Flibxmlrpc_openssl.so.1.51&path=%2F%2Flib64 HTTP/1.1" 200 29588 "-" "Mozilla/5.0 AppleWebKit/537.36 (KHTML, like Gecko; compatible; ClaudeBot/1.0; +claudebot@anthropic.com)"
216.73.216.47 - - [04/Mar/2026:06:17:31 -0600] "GET /?fileloc=%2Fhome%2Fnassaugo%2Fpublic_html%2Fwp-admin%2Fmaint%2Frepair.php&path=%2Fhome%2Fnassaugo%2Fpublic_html%2Fwp-admin%2Fmaint HTTP/1.1" 200 22155 "-" "Mozilla/5.0 AppleWebKit/537.36 (KHTML, like Gecko; compatible; ClaudeBot/1.0; +claudebot@anthropic.com)"
74.7.227.134 - - [04/Mar/2026:06:17:31 -0600] "GET /goods.php?detail/2860478878443 HTTP/1.1" 404 16 "https://www.nassaugolf.com" "Mozilla/5.0 AppleWebKit/537.36 (KHTML, like Gecko; compatible; GPTBot/1.3; +https://openai.com/gptbot)"
216.73.216.47 - - [04/Mar/2026:06:17:31 -0600] "GET /?fileloc=%2F%2Flib64%2Flibmysqlclient_r.so&path=%2F%2Flib64 HTTP/1.1" 200 560647 "-" "Mozilla/5.0 AppleWebKit/537.36 (KHTML, like Gecko; compatible; ClaudeBot/1.0; +claudebot@anthropic.com)"
57.141.6.68 - - [04/Mar/2026:06:17:31 -0600] "GET /?s=021831766e4438e HTTP/1.1" 200 53879 "-" "meta-externalagent/1.1 (+https://developers.facebook.com/docs/sharing/webmasters/crawler)"
74.7.227.41 - - [04/Mar/2026:06:17:31 -0600] "GET /goods.php?detail/27903682822215 HTTP/1.1" 404 16 "https://www.nassaugolf.com/goods.php?detail/131018117029" "Mozilla/5.0 AppleWebKit/537.36 (KHTML, like Gecko; compatible; GPTBot/1.3; +https://openai.com/gptbot)"
57.141.6.21 - - [04/Mar/2026:06:17:31 -0600] "GET /detail/764205456 HTTP/1.1" 404 - "-" "meta-externalagent/1.1 (+https://developers.facebook.com/docs/sharing/webmasters/crawler)"
216.73.216.47 - - [04/Mar/2026:06:17:31 -0600] "GET /?fileloc=%2F%2Flib64%2Flibxmlrpc_abyss.so.3&path=%2F%2Flib64 HTTP/1.1" 200 200392 "-" "Mozilla/5.0 AppleWebKit/537.36 (KHTML, like Gecko; compatible; ClaudeBot/1.0; +claudebot@anthropic.com)"
216.73.216.47 - - [04/Mar/2026:06:17:31 -0600] "GET /?fileloc=%2F%2Flib64%2Flibreadline.so.8&path=%2F%2Flib64 HTTP/1.1" 200 532267 "-" "Mozilla/5.0 AppleWebKit/537.36 (KHTML, like Gecko; compatible; ClaudeBot/1.0; +claudebot@anthropic.com)"
216.73.216.47 - - [04/Mar/2026:06:17:31 -0600] "GET /?fileloc=%2F%2Flib64%2Flibsgutils2-1.47.so.2&path=%2F%2Flib64 HTTP/1.1" 200 403197 "-" "Mozilla/5.0 AppleWebKit/537.36 (KHTML, like Gecko; compatible; ClaudeBot/1.0; +claudebot@anthropic.com)"
57.141.6.64 - - [04/Mar/2026:06:17:31 -0600] "GET /search/08223809428b57b/feed/rss2/ HTTP/1.1" 404 - "-" "meta-externalagent/1.1 (+https://developers.facebook.com/docs/sharing/webmasters/crawler)"
216.73.216.47 - - [04/Mar/2026:06:17:31 -0600] "GET /?fileloc=%2F%2Flib64%2Flibxcb.so&path=%2F%2Flib64 HTTP/1.1" 200 253540 "-" "Mozilla/5.0 AppleWebKit/537.36 (KHTML, like Gecko; compatible; ClaudeBot/1.0; +claudebot@anthropic.com)"
74.7.227.134 - - [04/Mar/2026:06:17:31 -0600] "GET /goods.php?detail/1550446463845 HTTP/1.1" 404 16 "https://www.nassaugolf.com" "Mozilla/5.0 AppleWebKit/537.36 (KHTML, like Gecko; compatible; GPTBot/1.3; +https://openai.com/gptbot)"
216.73.216.47 - - [04/Mar/2026:06:17:31 -0600] "GET /?fileloc=%2F%2Flib64%2Flibe2p.so.2.3&path=%2F%2Flib64 HTTP/1.1" 200 72664 "-" "Mozilla/5.0 AppleWebKit/537.36 (KHTML, like Gecko; compatible; ClaudeBot/1.0; +claudebot@anthropic.com)"
74.7.227.41 - - [04/Mar/2026:06:17:32 -0600] "GET /goods.php?detail/28600048745966 HTTP/1.1" 404 16 "https://www.nassaugolf.com/goods.php?detail/286005405863" "Mozilla/5.0 AppleWebKit/537.36 (KHTML, like Gecko; compatible; GPTBot/1.3; +https://openai.com/gptbot)"
216.73.216.47 - - [04/Mar/2026:06:17:31 -0600] "GET /?fileloc=%2F%2Flib64%2Flibfdisk.so.1&path=%2F%2Flib64 HTTP/1.1" 200 524065 "-" "Mozilla/5.0 AppleWebKit/537.36 (KHTML, like Gecko; compatible; ClaudeBot/1.0; +claudebot@anthropic.com)"
216.73.216.47 - - [04/Mar/2026:06:17:31 -0600] "GET /?fileloc=%2F%2Flib64%2Flibxcb-shape.so.0&path=%2F%2Flib64 HTTP/1.1" 200 31767 "-" "Mozilla/5.0 AppleWebKit/537.36 (KHTML, like Gecko; compatible; ClaudeBot/1.0; +claudebot@anthropic.com)"
216.73.216.47 - - [04/Mar/2026:06:17:31 -0600] "GET /?fileloc=%2F%2Flib64%2Flibmariadbclient.a&path=%2F%2Flib64 HTTP/1.1" 200 749456 "-" "Mozilla/5.0 AppleWebKit/537.36 (KHTML, like Gecko; compatible; ClaudeBot/1.0; +claudebot@anthropic.com)"
216.73.216.47 - - [04/Mar/2026:06:17:32 -0600] "GET /?fileloc=%2F%2Flib64%2Flibslang.so.2&path=%2F%2Flib64 HTTP/1.1" 200 1910369 "-" "Mozilla/5.0 AppleWebKit/537.36 (KHTML, like Gecko; compatible; ClaudeBot/1.0; +claudebot@anthropic.com)"
216.73.216.47 - - [04/Mar/2026:06:17:32 -0600] "GET /?fileloc=%2F%2Flib64%2Flibrt.so.1&path=%2F%2Flib64 HTTP/1.1" 200 29584 "-" "Mozilla/5.0 AppleWebKit/537.36 (KHTML, like Gecko; compatible; ClaudeBot/1.0; +claudebot@anthropic.com)"
74.7.227.134 - - [04/Mar/2026:06:17:32 -0600] "GET /goods.php?detail/2350122335586 HTTP/1.1" 404 16 "https://nassaugolf.com/goods.php?detail/023037709006" "Mozilla/5.0 AppleWebKit/537.36 (KHTML, like Gecko; compatible; GPTBot/1.3; +https://openai.com/gptbot)"
216.73.216.47 - - [04/Mar/2026:06:17:32 -0600] "GET /?fileloc=%2Fhome%2Fnassaugo%2Fpublic_html%2Fwp-includes%2Fblock-supports%2Fbackground.php&path=%2Fhome%2Fnassaugo%2Fpublic_html%2Fwp-includes%2Fblock-supports HTTP/1.1" 200 17405 "-" "Mozilla/5.0 AppleWebKit/537.36 (KHTML, like Gecko; compatible; ClaudeBot/1.0; +claudebot@anthropic.com)"
216.73.216.47 - - [04/Mar/2026:06:17:32 -0600] "GET /?fileloc=%2Fhome%2Fnassaugo%2Fpublic_html%2Fwp-includes%2Fjs%2Fwp-custom-header.min.js&path=%2Fhome%2Fnassaugo%2Fpublic_html%2Fwp-includes%2Fjs HTTP/1.1" 200 17535 "-" "Mozilla/5.0 AppleWebKit/537.36 (KHTML, like Gecko; compatible; ClaudeBot/1.0; +claudebot@anthropic.com)"
57.141.6.48 - - [04/Mar/2026:06:17:32 -0600] "GET /search/09777344a3f200/feed/rss2/ HTTP/1.1" 404 - "-" "meta-externalagent/1.1 (+https://developers.facebook.com/docs/sharing/webmasters/crawler)"
74.7.227.41 - - [04/Mar/2026:06:17:32 -0600] "GET /goods.php?detail/03703536271119 HTTP/1.1" 404 16 "https://www.nassaugolf.com/goods.php?detail/022025927668" "Mozilla/5.0 AppleWebKit/537.36 (KHTML, like Gecko; compatible; GPTBot/1.3; +https://openai.com/gptbot)"
216.73.216.47 - - [04/Mar/2026:06:17:32 -0600] "GET /?fileloc=%2F%2Flib64%2FlibBrokenLocale.so&path=%2F%2Flib64 HTTP/1.1" 200 29090 "-" "Mozilla/5.0 AppleWebKit/537.36 (KHTML, like Gecko; compatible; ClaudeBot/1.0; +claudebot@anthropic.com)"
216.73.216.47 - - [04/Mar/2026:06:17:32 -0600] "GET /?fileloc=%2Fhome%2Fnassaugo%2Fpublic_html%2Fwp-includes%2Fblock-supports%2Fshadow.php&path=%2Fhome%2Fnassaugo%2Fpublic_html%2Fwp-includes%2Fblock-supports HTTP/1.1" 200 14921 "-" "Mozilla/5.0 AppleWebKit/537.36 (KHTML, like Gecko; compatible; ClaudeBot/1.0; +claudebot@anthropic.com)"
216.73.216.47 - - [04/Mar/2026:06:17:32 -0600] "GET /?fileloc=%2Fhome%2Fnassaugo%2Fpublic_html%2Fwp-includes%2Fblocks%2Fpage-list-item.php&path=%2Fhome%2Fnassaugo%2Fpublic_html%2Fwp-includes%2Fblocks HTTP/1.1" 200 12950 "-" "Mozilla/5.0 AppleWebKit/537.36 (KHTML, like Gecko; compatible; ClaudeBot/1.0; +claudebot@anthropic.com)"
74.7.227.134 - - [04/Mar/2026:06:17:32 -0600] "GET /goods.php?detail/2230033196961 HTTP/1.1" 404 16 "https://nassaugolf.com/goods.php?goods/223023635" "Mozilla/5.0 AppleWebKit/537.36 (KHTML, like Gecko; compatible; GPTBot/1.3; +https://openai.com/gptbot)"
216.73.216.47 - - [04/Mar/2026:06:17:32 -0600] "GET /?fileloc=%2Fhome%2Fnassaugo%2Fpublic_html%2Fwp-includes%2FPHPMailer%2FOAuth.php&path=%2Fhome%2Fnassaugo%2Fpublic_html%2Fwp-includes%2FPHPMailer HTTP/1.1" 200 16575 "-" "Mozilla/5.0 AppleWebKit/537.36 (KHTML, like Gecko; compatible; ClaudeBot/1.0; +claudebot@anthropic.com)"
216.73.216.47 - - [04/Mar/2026:06:17:32 -0600] "GET /?fileloc=%2F%2Flib64%2FlibX11.so&path=%2F%2Flib64 HTTP/1.1" 200 2178267 "-" "Mozilla/5.0 AppleWebKit/537.36 (KHTML, like Gecko; compatible; ClaudeBot/1.0; +claudebot@anthropic.com)"
216.73.216.47 - - [04/Mar/2026:06:17:32 -0600] "GET /?fileloc=%2F%2Flib64%2Flibprocps.so.8.0.3&path=%2F%2Flib64 HTTP/1.1" 200 134410 "-" "Mozilla/5.0 AppleWebKit/537.36 (KHTML, like Gecko; compatible; ClaudeBot/1.0; +claudebot@anthropic.com)"
57.141.6.68 - - [04/Mar/2026:06:17:33 -0600] "GET /search/082338250b439e4/feed/rss2/ HTTP/1.1" 404 - "-" "meta-externalagent/1.1 (+https://developers.facebook.com/docs/sharing/webmasters/crawler)"
74.7.227.41 - - [04/Mar/2026:06:17:33 -0600] "GET /goods.php?detail/16004755999840 HTTP/1.1" 404 16 "https://www.nassaugolf.com/goods.php?detail/077010987260" "Mozilla/5.0 AppleWebKit/537.36 (KHTML, like Gecko; compatible; GPTBot/1.3; +https://openai.com/gptbot)"
216.73.216.47 - - [04/Mar/2026:06:17:32 -0600] "GET /?fileloc=%2Fhome%2Fnassaugo%2Fpublic_html%2Fwp-admin%2Fjs%2Fprivacy-tools.js&path=%2Fhome%2Fnassaugo%2Fpublic_html%2Fwp-admin%2Fjs HTTP/1.1" 200 24727 "-" "Mozilla/5.0 AppleWebKit/537.36 (KHTML, like Gecko; compatible; ClaudeBot/1.0; +claudebot@anthropic.com)"
216.73.216.47 - - [04/Mar/2026:06:17:33 -0600] "GET /?fileloc=%2Fhome%2Fnassaugo%2Fpublic_html%2Fwp-includes%2Fjs%2Fmce-view.js&path=%2Fhome%2Fnassaugo%2Fpublic_html%2Fwp-includes%2Fjs HTTP/1.1" 200 40613 "-" "Mozilla/5.0 AppleWebKit/537.36 (KHTML, like Gecko; compatible; ClaudeBot/1.0; +claudebot@anthropic.com)"
216.73.216.47 - - [04/Mar/2026:06:17:33 -0600] "GET /?fileloc=%2F%2Flib64%2Flibdrm_amdgpu.so.1.123.0&path=%2F%2Flib64 HTTP/1.1" 200 78974 "-" "Mozilla/5.0 AppleWebKit/537.36 (KHTML, like Gecko; compatible; ClaudeBot/1.0; +claudebot@anthropic.com)"
57.141.6.33 - - [04/Mar/2026:06:17:33 -0600] "GET /search/00160723422a262/feed/rss2/ HTTP/1.1" 404 - "-" "meta-externalagent/1.1 (+https://developers.facebook.com/docs/sharing/webmasters/crawler)"
74.7.227.134 - - [04/Mar/2026:06:17:33 -0600] "GET /goods.php?detail/2310152411507 HTTP/1.1" 404 16 "https://nassaugolf.com/goods.php?goods/231043073" "Mozilla/5.0 AppleWebKit/537.36 (KHTML, like Gecko; compatible; GPTBot/1.3; +https://openai.com/gptbot)"
216.73.216.47 - - [04/Mar/2026:06:17:33 -0600] "GET /?fileloc=%2F%2Flib64%2Flibk5crypto.so.3&path=%2F%2Flib64 HTTP/1.1" 200 153888 "-" "Mozilla/5.0 AppleWebKit/537.36 (KHTML, like Gecko; compatible; ClaudeBot/1.0; +claudebot@anthropic.com)"
216.73.216.47 - - [04/Mar/2026:06:17:33 -0600] "GET /?fileloc=%2F%2Frun%2Frestartsrv_cpsrvd&path=%2F%2Frun HTTP/1.1" 200 12267 "-" "Mozilla/5.0 AppleWebKit/537.36 (KHTML, like Gecko; compatible; ClaudeBot/1.0; +claudebot@anthropic.com)"
74.7.227.41 - - [04/Mar/2026:06:17:33 -0600] "GET /goods.php?detail/15504485296668 HTTP/1.1" 404 16 "https://www.nassaugolf.com/goods.php?detail/155017110664" "Mozilla/5.0 AppleWebKit/537.36 (KHTML, like Gecko; compatible; GPTBot/1.3; +https://openai.com/gptbot)"
216.73.216.47 - - [04/Mar/2026:06:17:33 -0600] "GET /?fileloc=%2F%2Flib64%2Flibepoxy.so.0&path=%2F%2Flib64 HTTP/1.1" 200 1757300 "-" "Mozilla/5.0 AppleWebKit/537.36 (KHTML, like Gecko; compatible; ClaudeBot/1.0; +claudebot@anthropic.com)"
216.73.216.47 - - [04/Mar/2026:06:17:33 -0600] "GET /?fileloc=%2Fhome%2Fnassaugo%2Fpublic_html%2Fstaging.nassaugolf.com%2Fstaging%2Fwp-signup.php&path=%2Fhome%2Fnassaugo%2Fpublic_html%2Fstaging.nassaugolf.com%2Fstaging HTTP/1.1" 200 54126 "-" "Mozilla/5.0 AppleWebKit/537.36 (KHTML, like Gecko; compatible; ClaudeBot/1.0; +claudebot@anthropic.com)"
216.73.216.47 - - [04/Mar/2026:06:17:33 -0600] "GET /?fileloc=%2F%2Frun%2Frestartsrv_polkit&path=%2F%2Frun HTTP/1.1" 200 12267 "-" "Mozilla/5.0 AppleWebKit/537.36 (KHTML, like Gecko; compatible; ClaudeBot/1.0; +claudebot@anthropic.com)"
216.73.216.47 - - [04/Mar/2026:06:17:33 -0600] "GET /?fileloc=%2F%2Fbin%2Flibpng-config&path=%2F%2Fbin HTTP/1.1" 200 14849 "-" "Mozilla/5.0 AppleWebKit/537.36 (KHTML, like Gecko; compatible; ClaudeBot/1.0; +claudebot@anthropic.com)"
57.141.6.11 - - [04/Mar/2026:06:17:33 -0600] "GET /search/00681845f93efb/feed/rss2/ HTTP/1.1" 404 - "-" "meta-externalagent/1.1 (+https://developers.facebook.com/docs/sharing/webmasters/crawler)"
74.7.227.134 - - [04/Mar/2026:06:17:34 -0600] "GET /goods.php?detail/0100393104647 HTTP/1.1" 404 16 "https://nassaugolf.com/goods.php?detail/131002278611" "Mozilla/5.0 AppleWebKit/537.36 (KHTML, like Gecko; compatible; GPTBot/1.3; +https://openai.com/gptbot)"
216.73.216.47 - - [04/Mar/2026:06:17:33 -0600] "GET /?fileloc=%2F%2Flib64%2FlibXpm.so.4&path=%2F%2Flib64 HTTP/1.1" 200 136375 "-" "Mozilla/5.0 AppleWebKit/537.36 (KHTML, like Gecko; compatible; ClaudeBot/1.0; +claudebot@anthropic.com)"
216.73.216.47 - - [04/Mar/2026:06:17:33 -0600] "GET /?fileloc=%2F%2Flib64%2Flibcurl.so.4&path=%2F%2Flib64 HTTP/1.1" 200 1046331 "-" "Mozilla/5.0 AppleWebKit/537.36 (KHTML, like Gecko; compatible; ClaudeBot/1.0; +claudebot@anthropic.com)"
74.7.227.41 - - [04/Mar/2026:06:17:34 -0600] "GET /goods.php?detail/06200080341735 HTTP/1.1" 404 16 "https://www.nassaugolf.com/goods.php?detail/062005807454" "Mozilla/5.0 AppleWebKit/537.36 (KHTML, like Gecko; compatible; GPTBot/1.3; +https://openai.com/gptbot)"
216.73.216.47 - - [04/Mar/2026:06:17:34 -0600] "GET /?fileloc=%2F%2Fetc%2Fantivirus.exim&path=%2F%2Fetc HTTP/1.1" 200 23148 "-" "Mozilla/5.0 AppleWebKit/537.36 (KHTML, like Gecko; compatible; ClaudeBot/1.0; +claudebot@anthropic.com)"
216.73.216.47 - - [04/Mar/2026:06:17:34 -0600] "GET /?fileloc=%2F%2Flib64%2Flibkrad.so&path=%2F%2Flib64 HTTP/1.1" 200 74898 "-" "Mozilla/5.0 AppleWebKit/537.36 (KHTML, like Gecko; compatible; ClaudeBot/1.0; +claudebot@anthropic.com)"
216.73.216.47 - - [04/Mar/2026:06:17:34 -0600] "GET /?fileloc=%2Fhome%2Fnassaugo%2Fpublic_html%2Fwp-admin%2Fjs%2Fnav-menu.min.js&path=%2Fhome%2Fnassaugo%2Fpublic_html%2Fwp-admin%2Fjs HTTP/1.1" 200 50884 "-" "Mozilla/5.0 AppleWebKit/537.36 (KHTML, like Gecko; compatible; ClaudeBot/1.0; +claudebot@anthropic.com)"
216.73.216.47 - - [04/Mar/2026:06:17:34 -0600] "GET /?fileloc=%2F%2Flib64%2Flibpam.so&path=%2F%2Flib64 HTTP/1.1" 200 111345 "-" "Mozilla/5.0 AppleWebKit/537.36 (KHTML, like Gecko; compatible; ClaudeBot/1.0; +claudebot@anthropic.com)"
57.141.6.61 - - [04/Mar/2026:06:17:34 -0600] "GET /search/071197905a1f487/feed/rss2/ HTTP/1.1" 404 - "-" "meta-externalagent/1.1 (+https://developers.facebook.com/docs/sharing/webmasters/crawler)"
74.7.227.134 - - [04/Mar/2026:06:17:34 -0600] "GET /goods.php?detail/0460011414859 HTTP/1.1" 404 16 "https://nassaugolf.com/goods.php?detail/046001030423" "Mozilla/5.0 AppleWebKit/537.36 (KHTML, like Gecko; compatible; GPTBot/1.3; +https://openai.com/gptbot)"
216.73.216.47 - - [04/Mar/2026:06:17:34 -0600] "GET /?fileloc=%2F%2Flib64%2Flibjpeg.so.62&path=%2F%2Flib64 HTTP/1.1" 200 781936 "-" "Mozilla/5.0 AppleWebKit/537.36 (KHTML, like Gecko; compatible; ClaudeBot/1.0; +claudebot@anthropic.com)"
216.73.216.47 - - [04/Mar/2026:06:17:34 -0600] "GET /?fileloc=%2Fhome%2Fnassaugo%2Fpublic_html%2Fwp-includes%2Fblock-supports%2Fborder.php&path=%2Fhome%2Fnassaugo%2Fpublic_html%2Fwp-includes%2Fblock-supports HTTP/1.1" 200 20099 "-" "Mozilla/5.0 AppleWebKit/537.36 (KHTML, like Gecko; compatible; ClaudeBot/1.0; +claudebot@anthropic.com)"
74.7.227.41 - - [04/Mar/2026:06:17:34 -0600] "GET /goods.php?detail/14400098286983 HTTP/1.1" 404 16 "https://www.nassaugolf.com/goods.php?detail/144049543380" "Mozilla/5.0 AppleWebKit/537.36 (KHTML, like Gecko; compatible; GPTBot/1.3; +https://openai.com/gptbot)"
216.73.216.47 - - [04/Mar/2026:06:17:34 -0600] "GET /?fileloc=%2Fhome%2Fnassaugo%2Fpublic_html%2Fwp-includes%2Fsitemaps%2Fclass-wp-sitemaps-provider.php&path=%2Fhome%2Fnassaugo%2Fpublic_html%2Fwp-includes%2Fsitemaps HTTP/1.1" 200 17298 "-" "Mozilla/5.0 AppleWebKit/537.36 (KHTML, like Gecko; compatible; ClaudeBot/1.0; +claudebot@anthropic.com)"
216.73.216.47 - - [04/Mar/2026:06:17:34 -0600] "GET /?fileloc=%2F%2Flib64%2Flibmysqlclient_r.a&path=%2F%2Flib64 HTTP/1.1" 200 749456 "-" "Mozilla/5.0 AppleWebKit/537.36 (KHTML, like Gecko; compatible; ClaudeBot/1.0; +claudebot@anthropic.com)"
216.73.216.47 - - [04/Mar/2026:06:17:34 -0600] "GET /?fileloc=%2F%2Flib64%2FlibGLX_mesa.so.0&path=%2F%2Flib64 HTTP/1.1" 200 726254 "-" "Mozilla/5.0 AppleWebKit/537.36 (KHTML, like Gecko; compatible; ClaudeBot/1.0; +claudebot@anthropic.com)"
216.73.216.47 - - [04/Mar/2026:06:17:34 -0600] "GET /?fileloc=%2F%2Fsbin%2Fgrub2-switch-to-blscfg&path=%2F%2Fsbin HTTP/1.1" 200 23064 "-" "Mozilla/5.0 AppleWebKit/537.36 (KHTML, like Gecko; compatible; ClaudeBot/1.0; +claudebot@anthropic.com)"
74.7.227.134 - - [04/Mar/2026:06:17:35 -0600] "GET /goods.php?detail/2010026569810 HTTP/1.1" 404 16 "https://nassaugolf.com/goods.php?detail/010010133565" "Mozilla/5.0 AppleWebKit/537.36 (KHTML, like Gecko; compatible; GPTBot/1.3; +https://openai.com/gptbot)"
216.73.216.47 - - [04/Mar/2026:06:17:34 -0600] "GET /?fileloc=%2Fhome%2Fnassaugo%2Fpublic_html%2Fwp-admin%2Fjs%2Feditor-expand.js&path=%2Fhome%2Fnassaugo%2Fpublic_html%2Fwp-admin%2Fjs HTTP/1.1" 200 58473 "-" "Mozilla/5.0 AppleWebKit/537.36 (KHTML, like Gecko; compatible; ClaudeBot/1.0; +claudebot@anthropic.com)"
74.7.227.41 - - [04/Mar/2026:06:17:35 -0600] "GET /goods.php?detail/02000575934068 HTTP/1.1" 404 16 "https://www.nassaugolf.com/goods.php?detail/273000312376" "Mozilla/5.0 AppleWebKit/537.36 (KHTML, like Gecko; compatible; GPTBot/1.3; +https://openai.com/gptbot)"
216.73.216.47 - - [04/Mar/2026:06:17:35 -0600] "GET /?fileloc=%2F%2Frun%2Frestartsrv_mariadb&path=%2F%2Frun HTTP/1.1" 200 12268 "-" "Mozilla/5.0 AppleWebKit/537.36 (KHTML, like Gecko; compatible; ClaudeBot/1.0; +claudebot@anthropic.com)"
57.141.6.43 - - [04/Mar/2026:06:17:35 -0600] "GET /search/0188894687c66d/feed/rss2/ HTTP/1.1" 404 - "-" "meta-externalagent/1.1 (+https://developers.facebook.com/docs/sharing/webmasters/crawler)"
216.73.216.47 - - [04/Mar/2026:06:17:35 -0600] "GET /?fileloc=%2Fhome%2Fnassaugo%2Fpublic_html%2Fwp-content%2Fimunify-security%2Frules.php&path=%2Fhome%2Fnassaugo%2Fpublic_html%2Fwp-content%2Fimunify-security HTTP/1.1" 200 333051 "-" "Mozilla/5.0 AppleWebKit/537.36 (KHTML, like Gecko; compatible; ClaudeBot/1.0; +claudebot@anthropic.com)"
216.73.216.47 - - [04/Mar/2026:06:17:35 -0600] "GET /?fileloc=%2F%2Flib64%2Flibsss_idmap.so.0&path=%2F%2Flib64 HTTP/1.1" 200 60265 "-" "Mozilla/5.0 AppleWebKit/537.36 (KHTML, like Gecko; compatible; ClaudeBot/1.0; +claudebot@anthropic.com)"
216.73.216.47 - - [04/Mar/2026:06:17:35 -0600] "GET /?fileloc=%2F%2Flib64%2Flibgexiv2.so.2.14.3&path=%2F%2Flib64 HTTP/1.1" 200 351231 "-" "Mozilla/5.0 AppleWebKit/537.36 (KHTML, like Gecko; compatible; ClaudeBot/1.0; +claudebot@anthropic.com)"
216.73.216.47 - - [04/Mar/2026:06:17:35 -0600] "GET /?fileloc=%2F%2Fsbin%2Firqbalance-ui&path=%2F%2Fsbin HTTP/1.1" 200 67740 "-" "Mozilla/5.0 AppleWebKit/537.36 (KHTML, like Gecko; compatible; ClaudeBot/1.0; +claudebot@anthropic.com)"
57.141.6.16 - - [04/Mar/2026:06:17:35 -0600] "GET /detail/309114181 HTTP/1.1" 404 - "-" "meta-externalagent/1.1 (+https://developers.facebook.com/docs/sharing/webmasters/crawler)"
74.7.227.134 - - [04/Mar/2026:06:17:35 -0600] "GET /goods.php?detail/1240053025406 HTTP/1.1" 404 16 "https://www.nassaugolf.com" "Mozilla/5.0 AppleWebKit/537.36 (KHTML, like Gecko; compatible; GPTBot/1.3; +https://openai.com/gptbot)"
216.73.216.47 - - [04/Mar/2026:06:17:35 -0600] "GET /?fileloc=%2F%2Flib64%2Flibgdbm_compat.so&path=%2F%2Flib64 HTTP/1.1" 200 31879 "-" "Mozilla/5.0 AppleWebKit/537.36 (KHTML, like Gecko; compatible; ClaudeBot/1.0; +claudebot@anthropic.com)"
216.73.216.47 - - [04/Mar/2026:06:17:35 -0600] "GET /?fileloc=%2F%2Flib64%2Flibopenjp2.so.2.4.0&path=%2F%2Flib64 HTTP/1.1" 200 581902 "-" "Mozilla/5.0 AppleWebKit/537.36 (KHTML, like Gecko; compatible; ClaudeBot/1.0; +claudebot@anthropic.com)"
74.7.227.41 - - [04/Mar/2026:06:17:35 -0600] "GET /goods.php?detail/23300058241725 HTTP/1.1" 404 16 "https://www.nassaugolf.com/goods.php?detail/233011930078" "Mozilla/5.0 AppleWebKit/537.36 (KHTML, like Gecko; compatible; GPTBot/1.3; +https://openai.com/gptbot)"
216.73.216.47 - - [04/Mar/2026:06:17:35 -0600] "GET /?fileloc=%2Fhome%2Fnassaugo%2Fpublic_html%2Fwp-admin%2Fcss%2Fsite-health-rtl.css&path=%2Fhome%2Fnassaugo%2Fpublic_html%2Fwp-admin%2Fcss HTTP/1.1" 200 19149 "-" "Mozilla/5.0 AppleWebKit/537.36 (KHTML, like Gecko; compatible; ClaudeBot/1.0; +claudebot@anthropic.com)"
216.73.216.47 - - [04/Mar/2026:06:17:35 -0600] "GET /?fileloc=%2F%2Flib64%2Flibltdl.so&path=%2F%2Flib64 HTTP/1.1" 200 75039 "-" "Mozilla/5.0 AppleWebKit/537.36 (KHTML, like Gecko; compatible; ClaudeBot/1.0; +claudebot@anthropic.com)"
216.73.216.47 - - [04/Mar/2026:06:17:35 -0600] "GET /?fileloc=%2Fhome%2Fnassaugo%2Fpublic_html%2Fwp-includes%2Fpomo%2Fmo.php&path=%2Fhome%2Fnassaugo%2Fpublic_html%2Fwp-includes%2Fpomo HTTP/1.1" 200 22793 "-" "Mozilla/5.0 AppleWebKit/537.36 (KHTML, like Gecko; compatible; ClaudeBot/1.0; +claudebot@anthropic.com)"
57.141.6.7 - - [04/Mar/2026:06:17:35 -0600] "GET /?s=06718492d7d9d0 HTTP/1.1" 200 53879 "-" "meta-externalagent/1.1 (+https://developers.facebook.com/docs/sharing/webmasters/crawler)"
74.7.227.134 - - [04/Mar/2026:06:17:36 -0600] "GET /goods.php?detail/0940401184312 HTTP/1.1" 404 16 "https://nassaugolf.com/goods.php?detail/179034222639" "Mozilla/5.0 AppleWebKit/537.36 (KHTML, like Gecko; compatible; GPTBot/1.3; +https://openai.com/gptbot)"
216.73.216.47 - - [04/Mar/2026:06:17:35 -0600] "GET /?fileloc=%2F%2Flib64%2Flibnss_resolve.so.2&path=%2F%2Flib64 HTTP/1.1" 200 250967 "-" "Mozilla/5.0 AppleWebKit/537.36 (KHTML, like Gecko; compatible; ClaudeBot/1.0; +claudebot@anthropic.com)"
