74.7.227.41 - - [04/Mar/2026:06:32:58 -0600] "GET /goods.php?detail/1170045058276 HTTP/1.1" 404 16 "https://www.nassaugolf.com/goods.php?detail/300030916663" "Mozilla/5.0 AppleWebKit/537.36 (KHTML, like Gecko; compatible; GPTBot/1.3; +https://openai.com/gptbot)"
74.7.227.134 - - [04/Mar/2026:06:32:58 -0600] "GET /goods.php?detail/0200278922394 HTTP/1.1" 404 16 "https://www.nassaugolf.com" "Mozilla/5.0 AppleWebKit/537.36 (KHTML, like Gecko; compatible; GPTBot/1.3; +https://openai.com/gptbot)"
102.210.25.157 - - [04/Mar/2026:06:32:59 -0600] "GET /shop/customer/entry.aspx?fileloc=%2Fhome%2Fnassaugo%2Fpublic_html%2Fwp-config-sample.php%3F%3Fy%3D2840597572 HTTP/1.1" 404 - "-" "Mozilla/5.0 (Windows NT 10.0; Win64; x64) AppleWebKit/537.36 (KHTML, like Gecko) Brave Chrome/84.0.4147.89 Safari/537.36"
74.7.227.41 - - [04/Mar/2026:06:32:59 -0600] "GET /goods.php?detail/0680334899781 HTTP/1.1" 404 16 "https://www.nassaugolf.com/goods.php?detail/205018923320" "Mozilla/5.0 AppleWebKit/537.36 (KHTML, like Gecko; compatible; GPTBot/1.3; +https://openai.com/gptbot)"
57.141.6.54 - - [04/Mar/2026:06:32:59 -0600] "GET /search/101990748b36d03/feed/rss2/ HTTP/1.1" 404 - "-" "meta-externalagent/1.1 (+https://developers.facebook.com/docs/sharing/webmasters/crawler)"
74.7.227.134 - - [04/Mar/2026:06:32:59 -0600] "GET /goods.php?detail/0940390346642 HTTP/1.1" 404 16 "https://www.nassaugolf.com" "Mozilla/5.0 AppleWebKit/537.36 (KHTML, like Gecko; compatible; GPTBot/1.3; +https://openai.com/gptbot)"
74.7.227.41 - - [04/Mar/2026:06:32:59 -0600] "GET /goods.php?detail/2710482806251 HTTP/1.1" 404 16 "https://www.nassaugolf.com/goods.php?detail/063002041857" "Mozilla/5.0 AppleWebKit/537.36 (KHTML, like Gecko; compatible; GPTBot/1.3; +https://openai.com/gptbot)"
74.7.227.134 - - [04/Mar/2026:06:32:59 -0600] "GET /goods.php?detail/2330015117933 HTTP/1.1" 404 16 "https://www.nassaugolf.com" "Mozilla/5.0 AppleWebKit/537.36 (KHTML, like Gecko; compatible; GPTBot/1.3; +https://openai.com/gptbot)"
57.141.6.21 - - [04/Mar/2026:06:33:00 -0600] "GET /search/12711916e7373b/feed/rss2/ HTTP/1.1" 404 - "-" "meta-externalagent/1.1 (+https://developers.facebook.com/docs/sharing/webmasters/crawler)"
74.7.227.41 - - [04/Mar/2026:06:33:00 -0600] "GET /goods.php?detail/1520266388981 HTTP/1.1" 404 16 "https://www.nassaugolf.com/goods.php?detail/0340074860488" "Mozilla/5.0 AppleWebKit/537.36 (KHTML, like Gecko; compatible; GPTBot/1.3; +https://openai.com/gptbot)"
74.7.227.134 - - [04/Mar/2026:06:33:00 -0600] "GET /goods.php?detail/0280447439437 HTTP/1.1" 404 16 "https://www.nassaugolf.com" "Mozilla/5.0 AppleWebKit/537.36 (KHTML, like Gecko; compatible; GPTBot/1.3; +https://openai.com/gptbot)"
57.141.6.14 - - [04/Mar/2026:06:33:00 -0600] "GET /detail/896069332 HTTP/1.1" 404 - "-" "meta-externalagent/1.1 (+https://developers.facebook.com/docs/sharing/webmasters/crawler)"
74.7.227.41 - - [04/Mar/2026:06:33:00 -0600] "GET /goods.php?detail/2150387929808 HTTP/1.1" 404 16 "https://www.nassaugolf.com/goods.php?detail/2130307701732" "Mozilla/5.0 AppleWebKit/537.36 (KHTML, like Gecko; compatible; GPTBot/1.3; +https://openai.com/gptbot)"
74.7.227.134 - - [04/Mar/2026:06:33:01 -0600] "GET /goods.php?detail/0030052242571 HTTP/1.1" 404 16 "https://nassaugolf.com/goods.php?detail/003044908644" "Mozilla/5.0 AppleWebKit/537.36 (KHTML, like Gecko; compatible; GPTBot/1.3; +https://openai.com/gptbot)"
57.141.6.60 - - [04/Mar/2026:06:33:01 -0600] "GET /detail/155441425 HTTP/1.1" 404 - "-" "meta-externalagent/1.1 (+https://developers.facebook.com/docs/sharing/webmasters/crawler)"
57.141.6.5 - - [04/Mar/2026:06:33:01 -0600] "GET /detail/804506686 HTTP/1.1" 404 - "-" "meta-externalagent/1.1 (+https://developers.facebook.com/docs/sharing/webmasters/crawler)"
74.7.227.41 - - [04/Mar/2026:06:33:01 -0600] "GET /goods.php?detail/0320011655979 HTTP/1.1" 404 16 "https://www.nassaugolf.com/goods.php?detail/032003071114" "Mozilla/5.0 AppleWebKit/537.36 (KHTML, like Gecko; compatible; GPTBot/1.3; +https://openai.com/gptbot)"
74.7.227.134 - - [04/Mar/2026:06:33:01 -0600] "GET /goods.php?detail/1150167092909 HTTP/1.1" 404 16 "https://nassaugolf.com/goods.php?detail/183010835529" "Mozilla/5.0 AppleWebKit/537.36 (KHTML, like Gecko; compatible; GPTBot/1.3; +https://openai.com/gptbot)"
57.141.6.12 - - [04/Mar/2026:06:33:01 -0600] "GET /search/092249079148a75/feed/rss2/ HTTP/1.1" 404 - "-" "meta-externalagent/1.1 (+https://developers.facebook.com/docs/sharing/webmasters/crawler)"
74.7.227.41 - - [04/Mar/2026:06:33:01 -0600] "GET /goods.php?detail/0410033688567 HTTP/1.1" 404 16 "https://www.nassaugolf.com/goods.php?detail/022049519540" "Mozilla/5.0 AppleWebKit/537.36 (KHTML, like Gecko; compatible; GPTBot/1.3; +https://openai.com/gptbot)"
74.7.227.134 - - [04/Mar/2026:06:33:01 -0600] "GET /goods.php?detail/0480110457706 HTTP/1.1" 404 16 "https://nassaugolf.com/goods.php?detail/156045220005" "Mozilla/5.0 AppleWebKit/537.36 (KHTML, like Gecko; compatible; GPTBot/1.3; +https://openai.com/gptbot)"
74.7.227.41 - - [04/Mar/2026:06:33:02 -0600] "GET /goods.php?detail/1080067223899 HTTP/1.1" 404 16 "https://www.nassaugolf.com/goods.php?detail/1080109400193" "Mozilla/5.0 AppleWebKit/537.36 (KHTML, like Gecko; compatible; GPTBot/1.3; +https://openai.com/gptbot)"
57.141.6.27 - - [04/Mar/2026:06:33:02 -0600] "GET /search/021460574dec43a/feed/rss2/ HTTP/1.1" 404 - "-" "meta-externalagent/1.1 (+https://developers.facebook.com/docs/sharing/webmasters/crawler)"
74.7.227.134 - - [04/Mar/2026:06:33:02 -0600] "GET /goods.php?detail/0720104241066 HTTP/1.1" 404 16 "https://nassaugolf.com/goods.php?detail/072002844428" "Mozilla/5.0 AppleWebKit/537.36 (KHTML, like Gecko; compatible; GPTBot/1.3; +https://openai.com/gptbot)"
74.7.227.41 - - [04/Mar/2026:06:33:02 -0600] "GET /goods.php?detail/0680421856483 HTTP/1.1" 404 16 "https://www.nassaugolf.com/goods.php?detail/054001646370" "Mozilla/5.0 AppleWebKit/537.36 (KHTML, like Gecko; compatible; GPTBot/1.3; +https://openai.com/gptbot)"
57.141.6.2 - - [04/Mar/2026:06:33:03 -0600] "GET /search/002049782f3b13e/feed/rss2/ HTTP/1.1" 404 - "-" "meta-externalagent/1.1 (+https://developers.facebook.com/docs/sharing/webmasters/crawler)"
74.7.227.134 - - [04/Mar/2026:06:33:03 -0600] "GET /goods.php?detail/2840328831335 HTTP/1.1" 404 16 "https://www.nassaugolf.com" "Mozilla/5.0 AppleWebKit/537.36 (KHTML, like Gecko; compatible; GPTBot/1.3; +https://openai.com/gptbot)"
57.141.6.38 - - [04/Mar/2026:06:33:03 -0600] "GET /prize/18930712 HTTP/1.1" 404 - "-" "meta-externalagent/1.1 (+https://developers.facebook.com/docs/sharing/webmasters/crawler)"
74.7.227.41 - - [04/Mar/2026:06:33:03 -0600] "GET /goods.php?detail/0390214717969 HTTP/1.1" 404 16 "https://www.nassaugolf.com/goods.php?detail/265001020429" "Mozilla/5.0 AppleWebKit/537.36 (KHTML, like Gecko; compatible; GPTBot/1.3; +https://openai.com/gptbot)"
74.7.227.134 - - [04/Mar/2026:06:33:03 -0600] "GET /goods.php?detail/0320030983354 HTTP/1.1" 404 16 "https://nassaugolf.com/goods.php?detail/032035102047" "Mozilla/5.0 AppleWebKit/537.36 (KHTML, like Gecko; compatible; GPTBot/1.3; +https://openai.com/gptbot)"
74.7.227.41 - - [04/Mar/2026:06:33:04 -0600] "GET /goods.php?detail/1390267092987 HTTP/1.1" 404 16 "https://www.nassaugolf.com/goods.php?detail/294010154889" "Mozilla/5.0 AppleWebKit/537.36 (KHTML, like Gecko; compatible; GPTBot/1.3; +https://openai.com/gptbot)"
74.7.227.134 - - [04/Mar/2026:06:33:04 -0600] "GET /goods.php?detail/1430180909121 HTTP/1.1" 404 16 "https://nassaugolf.com/goods.php?detail/294008757929" "Mozilla/5.0 AppleWebKit/537.36 (KHTML, like Gecko; compatible; GPTBot/1.3; +https://openai.com/gptbot)"
57.141.6.9 - - [04/Mar/2026:06:33:04 -0600] "GET /search/12159585265405a/feed/rss2/ HTTP/1.1" 404 - "-" "meta-externalagent/1.1 (+https://developers.facebook.com/docs/sharing/webmasters/crawler)"
57.141.6.71 - - [04/Mar/2026:06:33:04 -0600] "GET /search/041526813f3bce8/feed/rss2/ HTTP/1.1" 404 - "-" "meta-externalagent/1.1 (+https://developers.facebook.com/docs/sharing/webmasters/crawler)"
74.7.227.41 - - [04/Mar/2026:06:33:04 -0600] "GET /goods.php?detail/1730013290964 HTTP/1.1" 404 16 "https://www.nassaugolf.com/goods.php?detail/173001357512" "Mozilla/5.0 AppleWebKit/537.36 (KHTML, like Gecko; compatible; GPTBot/1.3; +https://openai.com/gptbot)"
74.7.227.134 - - [04/Mar/2026:06:33:04 -0600] "GET /goods.php?detail/2430035038542 HTTP/1.1" 404 16 "https://www.nassaugolf.com" "Mozilla/5.0 AppleWebKit/537.36 (KHTML, like Gecko; compatible; GPTBot/1.3; +https://openai.com/gptbot)"
57.141.6.28 - - [04/Mar/2026:06:33:04 -0600] "GET /search/022437124107e63/feed/rss2/ HTTP/1.1" 404 - "-" "meta-externalagent/1.1 (+https://developers.facebook.com/docs/sharing/webmasters/crawler)"
74.7.227.41 - - [04/Mar/2026:06:33:05 -0600] "GET /goods.php?detail/1090021852974 HTTP/1.1" 404 16 "https://www.nassaugolf.com/goods.php?jp/109046344.html" "Mozilla/5.0 AppleWebKit/537.36 (KHTML, like Gecko; compatible; GPTBot/1.3; +https://openai.com/gptbot)"
74.7.227.134 - - [04/Mar/2026:06:33:05 -0600] "GET /goods.php?detail/2980131830123 HTTP/1.1" 404 16 "https://www.nassaugolf.com" "Mozilla/5.0 AppleWebKit/537.36 (KHTML, like Gecko; compatible; GPTBot/1.3; +https://openai.com/gptbot)"
57.141.6.53 - - [04/Mar/2026:06:33:05 -0600] "GET /search/0419395097113fa/feed/rss2/ HTTP/1.1" 404 - "-" "meta-externalagent/1.1 (+https://developers.facebook.com/docs/sharing/webmasters/crawler)"
74.7.227.41 - - [04/Mar/2026:06:33:05 -0600] "GET /goods.php?detail/1760354781855 HTTP/1.1" 404 16 "https://www.nassaugolf.com/goods.php?detail/073034503877" "Mozilla/5.0 AppleWebKit/537.36 (KHTML, like Gecko; compatible; GPTBot/1.3; +https://openai.com/gptbot)"
74.7.227.134 - - [04/Mar/2026:06:33:05 -0600] "GET /goods.php?detail/1810203425201 HTTP/1.1" 404 16 "https://www.nassaugolf.com" "Mozilla/5.0 AppleWebKit/537.36 (KHTML, like Gecko; compatible; GPTBot/1.3; +https://openai.com/gptbot)"
57.141.6.4 - - [04/Mar/2026:06:33:05 -0600] "GET /search/121365667574e4a/feed/rss2/ HTTP/1.1" 404 - "-" "meta-externalagent/1.1 (+https://developers.facebook.com/docs/sharing/webmasters/crawler)"
74.7.227.41 - - [04/Mar/2026:06:33:06 -0600] "GET /goods.php?detail/0690078149437 HTTP/1.1" 404 16 "https://www.nassaugolf.com/goods.php?detail/069003779997" "Mozilla/5.0 AppleWebKit/537.36 (KHTML, like Gecko; compatible; GPTBot/1.3; +https://openai.com/gptbot)"
74.7.227.134 - - [04/Mar/2026:06:33:06 -0600] "GET /goods.php?detail/1080103869906 HTTP/1.1" 404 16 "https://nassaugolf.com/goods.php?detail/1130054484881" "Mozilla/5.0 AppleWebKit/537.36 (KHTML, like Gecko; compatible; GPTBot/1.3; +https://openai.com/gptbot)"
57.141.6.6 - - [04/Mar/2026:06:33:06 -0600] "GET /search/13840521b463df/feed/rss2/ HTTP/1.1" 404 - "-" "meta-externalagent/1.1 (+https://developers.facebook.com/docs/sharing/webmasters/crawler)"
74.7.227.41 - - [04/Mar/2026:06:33:06 -0600] "GET /goods.php?detail/2270086766143 HTTP/1.1" 404 16 "https://www.nassaugolf.com/goods.php?detail/227000046048" "Mozilla/5.0 AppleWebKit/537.36 (KHTML, like Gecko; compatible; GPTBot/1.3; +https://openai.com/gptbot)"
74.7.227.134 - - [04/Mar/2026:06:33:06 -0600] "GET /goods.php?detail/0680013698064 HTTP/1.1" 404 16 "https://www.nassaugolf.com" "Mozilla/5.0 AppleWebKit/537.36 (KHTML, like Gecko; compatible; GPTBot/1.3; +https://openai.com/gptbot)"
57.141.6.72 - - [04/Mar/2026:06:33:06 -0600] "GET /search/141420803438ec8/feed/rss2/ HTTP/1.1" 404 - "-" "meta-externalagent/1.1 (+https://developers.facebook.com/docs/sharing/webmasters/crawler)"
74.7.227.41 - - [04/Mar/2026:06:33:07 -0600] "GET /goods.php?detail/1300439715969 HTTP/1.1" 404 16 "https://www.nassaugolf.com/goods.php?detail/1970297438482" "Mozilla/5.0 AppleWebKit/537.36 (KHTML, like Gecko; compatible; GPTBot/1.3; +https://openai.com/gptbot)"
74.7.227.134 - - [04/Mar/2026:06:33:07 -0600] "GET /goods.php?detail/2760048187002 HTTP/1.1" 404 16 "https://nassaugolf.com/goods.php?detail/2310185632793" "Mozilla/5.0 AppleWebKit/537.36 (KHTML, like Gecko; compatible; GPTBot/1.3; +https://openai.com/gptbot)"
57.141.6.72 - - [04/Mar/2026:06:33:07 -0600] "GET /?s=04479968336cea HTTP/1.1" 200 53879 "-" "meta-externalagent/1.1 (+https://developers.facebook.com/docs/sharing/webmasters/crawler)"
74.7.227.41 - - [04/Mar/2026:06:33:07 -0600] "GET /goods.php?detail/2430144820955 HTTP/1.1" 404 16 "https://www.nassaugolf.com/goods.php?detail/054000513050" "Mozilla/5.0 AppleWebKit/537.36 (KHTML, like Gecko; compatible; GPTBot/1.3; +https://openai.com/gptbot)"
74.7.227.134 - - [04/Mar/2026:06:33:07 -0600] "GET /goods.php?detail/0720076910306 HTTP/1.1" 404 16 "https://www.nassaugolf.com" "Mozilla/5.0 AppleWebKit/537.36 (KHTML, like Gecko; compatible; GPTBot/1.3; +https://openai.com/gptbot)"
57.141.6.29 - - [04/Mar/2026:06:33:07 -0600] "GET /search/111366097845ca0/feed/rss2/ HTTP/1.1" 404 - "-" "meta-externalagent/1.1 (+https://developers.facebook.com/docs/sharing/webmasters/crawler)"
74.7.227.41 - - [04/Mar/2026:06:33:08 -0600] "GET /goods.php?detail/2850430731580 HTTP/1.1" 404 16 "https://www.nassaugolf.com/goods.php?detail/285001868330" "Mozilla/5.0 AppleWebKit/537.36 (KHTML, like Gecko; compatible; GPTBot/1.3; +https://openai.com/gptbot)"
74.7.227.134 - - [04/Mar/2026:06:33:08 -0600] "GET /goods.php?detail/2600366095282 HTTP/1.1" 404 16 "https://nassaugolf.com/goods.php?detail/1050010307123" "Mozilla/5.0 AppleWebKit/537.36 (KHTML, like Gecko; compatible; GPTBot/1.3; +https://openai.com/gptbot)"
57.141.6.17 - - [04/Mar/2026:06:33:08 -0600] "GET /?s=151309056c5b004 HTTP/1.1" 200 53879 "-" "meta-externalagent/1.1 (+https://developers.facebook.com/docs/sharing/webmasters/crawler)"
74.7.227.41 - - [04/Mar/2026:06:33:08 -0600] "GET /goods.php?detail/2540122878453 HTTP/1.1" 404 16 "https://www.nassaugolf.com/goods.php?detail/254026862222" "Mozilla/5.0 AppleWebKit/537.36 (KHTML, like Gecko; compatible; GPTBot/1.3; +https://openai.com/gptbot)"
74.7.227.134 - - [04/Mar/2026:06:33:08 -0600] "GET /goods.php?detail/0060017544351 HTTP/1.1" 404 16 "https://www.nassaugolf.com" "Mozilla/5.0 AppleWebKit/537.36 (KHTML, like Gecko; compatible; GPTBot/1.3; +https://openai.com/gptbot)"
57.141.6.16 - - [04/Mar/2026:06:33:08 -0600] "GET /prize/24128378 HTTP/1.1" 404 - "-" "meta-externalagent/1.1 (+https://developers.facebook.com/docs/sharing/webmasters/crawler)"
74.7.227.41 - - [04/Mar/2026:06:33:09 -0600] "GET /goods.php?detail/2970175744981 HTTP/1.1" 404 16 "https://www.nassaugolf.com/goods.php?detail/094008785288" "Mozilla/5.0 AppleWebKit/537.36 (KHTML, like Gecko; compatible; GPTBot/1.3; +https://openai.com/gptbot)"
74.7.227.134 - - [04/Mar/2026:06:33:09 -0600] "GET /goods.php?detail/2020039225651 HTTP/1.1" 404 16 "https://www.nassaugolf.com" "Mozilla/5.0 AppleWebKit/537.36 (KHTML, like Gecko; compatible; GPTBot/1.3; +https://openai.com/gptbot)"
52.167.144.147 - - [04/Mar/2026:06:33:09 -0600] "GET /?y=2755926483 HTTP/1.1" 200 53879 "-" "Mozilla/5.0 AppleWebKit/537.36 (KHTML, like Gecko; compatible; bingbot/2.0; +http://www.bing.com/bingbot.htm) Chrome/116.0.1938.76 Safari/537.36"
57.141.6.36 - - [04/Mar/2026:06:33:09 -0600] "GET /search/0112011120b63f6/feed/rss2/ HTTP/1.1" 404 - "-" "meta-externalagent/1.1 (+https://developers.facebook.com/docs/sharing/webmasters/crawler)"
57.141.6.29 - - [04/Mar/2026:06:33:09 -0600] "GET /search/022204998a40001/feed/rss2/ HTTP/1.1" 404 - "-" "meta-externalagent/1.1 (+https://developers.facebook.com/docs/sharing/webmasters/crawler)"
74.7.227.41 - - [04/Mar/2026:06:33:09 -0600] "GET /goods.php?detail/2790038501731 HTTP/1.1" 404 16 "https://www.nassaugolf.com/goods.php?jp/279048153.html" "Mozilla/5.0 AppleWebKit/537.36 (KHTML, like Gecko; compatible; GPTBot/1.3; +https://openai.com/gptbot)"
74.7.227.134 - - [04/Mar/2026:06:33:09 -0600] "GET /goods.php?detail/2770097780306 HTTP/1.1" 404 16 "https://nassaugolf.com/goods.php?detail/215012825257" "Mozilla/5.0 AppleWebKit/537.36 (KHTML, like Gecko; compatible; GPTBot/1.3; +https://openai.com/gptbot)"
74.7.227.41 - - [04/Mar/2026:06:33:10 -0600] "GET /goods.php?detail/2720344553683 HTTP/1.1" 404 16 "https://www.nassaugolf.com/goods.php?detail/205000540640" "Mozilla/5.0 AppleWebKit/537.36 (KHTML, like Gecko; compatible; GPTBot/1.3; +https://openai.com/gptbot)"
57.141.6.12 - - [04/Mar/2026:06:33:10 -0600] "GET /search/071967763b82c40/feed/rss2/ HTTP/1.1" 404 - "-" "meta-externalagent/1.1 (+https://developers.facebook.com/docs/sharing/webmasters/crawler)"
74.7.227.134 - - [04/Mar/2026:06:33:10 -0600] "GET /goods.php?detail/1830012828523 HTTP/1.1" 404 16 "https://nassaugolf.com/goods.php?detail/183004346840" "Mozilla/5.0 AppleWebKit/537.36 (KHTML, like Gecko; compatible; GPTBot/1.3; +https://openai.com/gptbot)"
57.141.6.4 - - [04/Mar/2026:06:33:10 -0600] "GET /prize/5614956 HTTP/1.1" 404 - "-" "meta-externalagent/1.1 (+https://developers.facebook.com/docs/sharing/webmasters/crawler)"
74.7.227.41 - - [04/Mar/2026:06:33:10 -0600] "GET /goods.php?detail/2790493836729 HTTP/1.1" 404 16 "https://www.nassaugolf.com/goods.php?detail/221010438277" "Mozilla/5.0 AppleWebKit/537.36 (KHTML, like Gecko; compatible; GPTBot/1.3; +https://openai.com/gptbot)"
74.7.227.134 - - [04/Mar/2026:06:33:10 -0600] "GET /goods.php?detail/1690017391174 HTTP/1.1" 404 16 "https://nassaugolf.com/goods.php?detail/169039358399" "Mozilla/5.0 AppleWebKit/537.36 (KHTML, like Gecko; compatible; GPTBot/1.3; +https://openai.com/gptbot)"
74.7.227.41 - - [04/Mar/2026:06:33:11 -0600] "GET /goods.php?detail/1070392842213 HTTP/1.1" 404 16 "https://www.nassaugolf.com/goods.php?detail/107004899916" "Mozilla/5.0 AppleWebKit/537.36 (KHTML, like Gecko; compatible; GPTBot/1.3; +https://openai.com/gptbot)"
74.7.227.134 - - [04/Mar/2026:06:33:11 -0600] "GET /goods.php?detail/1990026168266 HTTP/1.1" 404 16 "https://nassaugolf.com/goods.php?detail/259000208394" "Mozilla/5.0 AppleWebKit/537.36 (KHTML, like Gecko; compatible; GPTBot/1.3; +https://openai.com/gptbot)"
57.141.6.53 - - [04/Mar/2026:06:33:11 -0600] "GET /prize/24818278 HTTP/1.1" 404 - "-" "meta-externalagent/1.1 (+https://developers.facebook.com/docs/sharing/webmasters/crawler)"
74.7.227.41 - - [04/Mar/2026:06:33:11 -0600] "GET /goods.php?detail/0620421323748 HTTP/1.1" 404 16 "https://www.nassaugolf.com/goods.php?detail/009017192715" "Mozilla/5.0 AppleWebKit/537.36 (KHTML, like Gecko; compatible; GPTBot/1.3; +https://openai.com/gptbot)"
74.7.227.134 - - [04/Mar/2026:06:33:12 -0600] "GET /goods.php?detail/2280064686429 HTTP/1.1" 404 16 "https://nassaugolf.com/goods.php?detail/228030849086" "Mozilla/5.0 AppleWebKit/537.36 (KHTML, like Gecko; compatible; GPTBot/1.3; +https://openai.com/gptbot)"
57.141.6.69 - - [04/Mar/2026:06:33:12 -0600] "GET /search/051324374b2896d/feed/rss2/ HTTP/1.1" 404 - "-" "meta-externalagent/1.1 (+https://developers.facebook.com/docs/sharing/webmasters/crawler)"
74.7.227.41 - - [04/Mar/2026:06:33:12 -0600] "GET /goods.php?detail/2750191330741 HTTP/1.1" 404 16 "https://www.nassaugolf.com/goods.php?detail/139011300414" "Mozilla/5.0 AppleWebKit/537.36 (KHTML, like Gecko; compatible; GPTBot/1.3; +https://openai.com/gptbot)"
74.7.227.134 - - [04/Mar/2026:06:33:12 -0600] "GET /goods.php?detail/1850428158571 HTTP/1.1" 404 16 "https://www.nassaugolf.com" "Mozilla/5.0 AppleWebKit/537.36 (KHTML, like Gecko; compatible; GPTBot/1.3; +https://openai.com/gptbot)"
57.141.6.39 - - [04/Mar/2026:06:33:12 -0600] "GET /search/10675300f8b81a/feed/rss2/ HTTP/1.1" 404 - "-" "meta-externalagent/1.1 (+https://developers.facebook.com/docs/sharing/webmasters/crawler)"
74.7.227.41 - - [04/Mar/2026:06:33:12 -0600] "GET /goods.php?detail/1470221682834 HTTP/1.1" 404 16 "https://www.nassaugolf.com/goods.php?jp/270001374.html" "Mozilla/5.0 AppleWebKit/537.36 (KHTML, like Gecko; compatible; GPTBot/1.3; +https://openai.com/gptbot)"
74.7.227.134 - - [04/Mar/2026:06:33:13 -0600] "GET /goods.php?detail/0010095713756 HTTP/1.1" 404 16 "https://nassaugolf.com/goods.php?detail/138018971073" "Mozilla/5.0 AppleWebKit/537.36 (KHTML, like Gecko; compatible; GPTBot/1.3; +https://openai.com/gptbot)"
57.141.6.20 - - [04/Mar/2026:06:33:13 -0600] "GET /prize/12252456 HTTP/1.1" 404 - "-" "meta-externalagent/1.1 (+https://developers.facebook.com/docs/sharing/webmasters/crawler)"
57.141.6.10 - - [04/Mar/2026:06:33:13 -0600] "GET /?s=092182971197f91 HTTP/1.1" 200 53879 "-" "meta-externalagent/1.1 (+https://developers.facebook.com/docs/sharing/webmasters/crawler)"
74.7.227.41 - - [04/Mar/2026:06:33:13 -0600] "GET /goods.php?detail/1670143640208 HTTP/1.1" 404 16 "https://www.nassaugolf.com/goods.php?detail/167011564501" "Mozilla/5.0 AppleWebKit/537.36 (KHTML, like Gecko; compatible; GPTBot/1.3; +https://openai.com/gptbot)"
74.7.227.134 - - [04/Mar/2026:06:33:13 -0600] "GET /goods.php?detail/2780192047922 HTTP/1.1" 404 16 "https://nassaugolf.com/goods.php?detail/282045506232" "Mozilla/5.0 AppleWebKit/537.36 (KHTML, like Gecko; compatible; GPTBot/1.3; +https://openai.com/gptbot)"
74.7.227.41 - - [04/Mar/2026:06:33:13 -0600] "GET /goods.php?detail/0140453665097 HTTP/1.1" 404 16 "https://www.nassaugolf.com/goods.php?detail/0960302091963" "Mozilla/5.0 AppleWebKit/537.36 (KHTML, like Gecko; compatible; GPTBot/1.3; +https://openai.com/gptbot)"
74.7.227.134 - - [04/Mar/2026:06:33:14 -0600] "GET /goods.php?detail/2360109365335 HTTP/1.1" 404 16 "https://nassaugolf.com/goods.php?detail/236007075192" "Mozilla/5.0 AppleWebKit/537.36 (KHTML, like Gecko; compatible; GPTBot/1.3; +https://openai.com/gptbot)"
57.141.6.42 - - [04/Mar/2026:06:33:13 -0600] "GET /?s=062230171eaaf2b HTTP/1.1" 200 53879 "-" "meta-externalagent/1.1 (+https://developers.facebook.com/docs/sharing/webmasters/crawler)"
52.167.144.216 - - [04/Mar/2026:06:33:14 -0600] "GET /?y=2330916063 HTTP/1.1" 200 53879 "-" "Mozilla/5.0 AppleWebKit/537.36 (KHTML, like Gecko; compatible; bingbot/2.0; +http://www.bing.com/bingbot.htm) Chrome/116.0.1938.76 Safari/537.36"
57.141.6.22 - - [04/Mar/2026:06:33:14 -0600] "GET /?s=03245366597f14e HTTP/1.1" 200 53879 "-" "meta-externalagent/1.1 (+https://developers.facebook.com/docs/sharing/webmasters/crawler)"
74.7.227.41 - - [04/Mar/2026:06:33:14 -0600] "GET /goods.php?detail/2680433831067 HTTP/1.1" 404 16 "https://www.nassaugolf.com/goods.php?detail/193013507177" "Mozilla/5.0 AppleWebKit/537.36 (KHTML, like Gecko; compatible; GPTBot/1.3; +https://openai.com/gptbot)"
74.7.227.134 - - [04/Mar/2026:06:33:14 -0600] "GET /goods.php?detail/2020119133793 HTTP/1.1" 404 16 "https://nassaugolf.com/goods.php?detail/201031122604" "Mozilla/5.0 AppleWebKit/537.36 (KHTML, like Gecko; compatible; GPTBot/1.3; +https://openai.com/gptbot)"
74.7.227.41 - - [04/Mar/2026:06:33:14 -0600] "GET /goods.php?detail/1680072183204 HTTP/1.1" 404 16 "https://www.nassaugolf.com/goods.php?detail/167008575673" "Mozilla/5.0 AppleWebKit/537.36 (KHTML, like Gecko; compatible; GPTBot/1.3; +https://openai.com/gptbot)"
57.141.6.36 - - [04/Mar/2026:06:33:15 -0600] "GET /search/09226893118f9c/feed/rss2/ HTTP/1.1" 404 - "-" "meta-externalagent/1.1 (+https://developers.facebook.com/docs/sharing/webmasters/crawler)"
74.7.227.134 - - [04/Mar/2026:06:33:15 -0600] "GET /goods.php?detail/1120113517576 HTTP/1.1" 404 16 "https://nassaugolf.com/goods.php?jp/136002118.html" "Mozilla/5.0 AppleWebKit/537.36 (KHTML, like Gecko; compatible; GPTBot/1.3; +https://openai.com/gptbot)"
54.37.118.66 - - [04/Mar/2026:06:33:15 -0600] "GET /?fileloc=//lib64/liburcu-mb.so.6.1.0&path=//lib64 HTTP/1.1" 200 65494 "-" "Mozilla/5.0 (compatible; AhrefsBot/7.0; +http://ahrefs.com/robot/)"
74.7.227.41 - - [04/Mar/2026:06:33:15 -0600] "GET /goods.php?detail/0390472657597 HTTP/1.1" 404 16 "https://www.nassaugolf.com/goods.php?detail/127002042921" "Mozilla/5.0 AppleWebKit/537.36 (KHTML, like Gecko; compatible; GPTBot/1.3; +https://openai.com/gptbot)"
57.141.6.64 - - [04/Mar/2026:06:33:15 -0600] "GET /search/0919919115c71ec/feed/rss2/ HTTP/1.1" 404 - "-" "meta-externalagent/1.1 (+https://developers.facebook.com/docs/sharing/webmasters/crawler)"
74.7.227.134 - - [04/Mar/2026:06:33:15 -0600] "GET /goods.php?detail/0070017446208 HTTP/1.1" 404 16 "https://www.nassaugolf.com" "Mozilla/5.0 AppleWebKit/537.36 (KHTML, like Gecko; compatible; GPTBot/1.3; +https://openai.com/gptbot)"
74.7.227.41 - - [04/Mar/2026:06:33:16 -0600] "GET /goods.php?detail/1290368208599 HTTP/1.1" 404 16 "https://www.nassaugolf.com/goods.php?detail/252000319342" "Mozilla/5.0 AppleWebKit/537.36 (KHTML, like Gecko; compatible; GPTBot/1.3; +https://openai.com/gptbot)"
57.141.6.15 - - [04/Mar/2026:06:33:16 -0600] "GET /detail/742936582 HTTP/1.1" 404 - "-" "meta-externalagent/1.1 (+https://developers.facebook.com/docs/sharing/webmasters/crawler)"
74.7.227.134 - - [04/Mar/2026:06:33:16 -0600] "GET /goods.php?detail/0910234451005 HTTP/1.1" 404 16 "https://www.nassaugolf.com" "Mozilla/5.0 AppleWebKit/537.36 (KHTML, like Gecko; compatible; GPTBot/1.3; +https://openai.com/gptbot)"
57.141.6.1 - - [04/Mar/2026:06:33:16 -0600] "GET /?s=021704370fce3e3 HTTP/1.1" 200 53879 "-" "meta-externalagent/1.1 (+https://developers.facebook.com/docs/sharing/webmasters/crawler)"
74.7.227.41 - - [04/Mar/2026:06:33:16 -0600] "GET /goods.php?detail/0650051374818 HTTP/1.1" 404 16 "https://www.nassaugolf.com/goods.php?detail/065046234347" "Mozilla/5.0 AppleWebKit/537.36 (KHTML, like Gecko; compatible; GPTBot/1.3; +https://openai.com/gptbot)"
74.7.227.134 - - [04/Mar/2026:06:33:16 -0600] "GET /goods.php?detail/0580492750755 HTTP/1.1" 404 16 "https://www.nassaugolf.com" "Mozilla/5.0 AppleWebKit/537.36 (KHTML, like Gecko; compatible; GPTBot/1.3; +https://openai.com/gptbot)"
57.141.6.8 - - [04/Mar/2026:06:33:17 -0600] "GET /prize/15348356 HTTP/1.1" 404 - "-" "meta-externalagent/1.1 (+https://developers.facebook.com/docs/sharing/webmasters/crawler)"
74.7.227.41 - - [04/Mar/2026:06:33:17 -0600] "GET /goods.php?detail/2480160561199 HTTP/1.1" 404 16 "https://www.nassaugolf.com/goods.php?detail/248002554111" "Mozilla/5.0 AppleWebKit/537.36 (KHTML, like Gecko; compatible; GPTBot/1.3; +https://openai.com/gptbot)"
74.7.227.134 - - [04/Mar/2026:06:33:17 -0600] "GET /goods.php?detail/0950135121259 HTTP/1.1" 404 16 "https://www.nassaugolf.com" "Mozilla/5.0 AppleWebKit/537.36 (KHTML, like Gecko; compatible; GPTBot/1.3; +https://openai.com/gptbot)"
57.141.6.24 - - [04/Mar/2026:06:33:17 -0600] "GET /search/0823710747efe97/feed/rss2/ HTTP/1.1" 404 - "-" "meta-externalagent/1.1 (+https://developers.facebook.com/docs/sharing/webmasters/crawler)"
74.7.227.41 - - [04/Mar/2026:06:33:17 -0600] "GET /goods.php?detail/0230037456659 HTTP/1.1" 404 16 "https://www.nassaugolf.com/goods.php?detail/023048126177" "Mozilla/5.0 AppleWebKit/537.36 (KHTML, like Gecko; compatible; GPTBot/1.3; +https://openai.com/gptbot)"
74.7.227.134 - - [04/Mar/2026:06:33:17 -0600] "GET /goods.php?detail/0220344227631 HTTP/1.1" 404 16 "https://www.nassaugolf.com" "Mozilla/5.0 AppleWebKit/537.36 (KHTML, like Gecko; compatible; GPTBot/1.3; +https://openai.com/gptbot)"
57.141.6.2 - - [04/Mar/2026:06:33:17 -0600] "GET /?s=151026583bd62d HTTP/1.1" 200 53879 "-" "meta-externalagent/1.1 (+https://developers.facebook.com/docs/sharing/webmasters/crawler)"
74.7.227.41 - - [04/Mar/2026:06:33:18 -0600] "GET /goods.php?detail/1740342215548 HTTP/1.1" 404 16 "https://www.nassaugolf.com/goods.php?detail/211032029570" "Mozilla/5.0 AppleWebKit/537.36 (KHTML, like Gecko; compatible; GPTBot/1.3; +https://openai.com/gptbot)"
74.7.227.134 - - [04/Mar/2026:06:33:18 -0600] "GET /goods.php?detail/0760330911335 HTTP/1.1" 404 16 "https://nassaugolf.com/goods.php?detail/091018370962" "Mozilla/5.0 AppleWebKit/537.36 (KHTML, like Gecko; compatible; GPTBot/1.3; +https://openai.com/gptbot)"
74.7.227.41 - - [04/Mar/2026:06:33:18 -0600] "GET /goods.php?detail/2810149083307 HTTP/1.1" 404 16 "https://www.nassaugolf.com/goods.php?detail/088006829311" "Mozilla/5.0 AppleWebKit/537.36 (KHTML, like Gecko; compatible; GPTBot/1.3; +https://openai.com/gptbot)"
57.141.6.17 - - [04/Mar/2026:06:33:18 -0600] "GET /search/08191537388465/feed/rss2/ HTTP/1.1" 404 - "-" "meta-externalagent/1.1 (+https://developers.facebook.com/docs/sharing/webmasters/crawler)"
57.141.6.24 - - [04/Mar/2026:06:33:18 -0600] "GET /search/07246158ee89de/feed/rss2/ HTTP/1.1" 404 - "-" "meta-externalagent/1.1 (+https://developers.facebook.com/docs/sharing/webmasters/crawler)"
74.7.227.134 - - [04/Mar/2026:06:33:18 -0600] "GET /goods.php?detail/2310109297060 HTTP/1.1" 404 16 "https://nassaugolf.com/goods.php?jp/231004594.html" "Mozilla/5.0 AppleWebKit/537.36 (KHTML, like Gecko; compatible; GPTBot/1.3; +https://openai.com/gptbot)"
74.7.227.41 - - [04/Mar/2026:06:33:19 -0600] "GET /goods.php?detail/2350094079582 HTTP/1.1" 404 16 "https://www.nassaugolf.com/goods.php?detail/281023239705" "Mozilla/5.0 AppleWebKit/537.36 (KHTML, like Gecko; compatible; GPTBot/1.3; +https://openai.com/gptbot)"
74.7.227.134 - - [04/Mar/2026:06:33:19 -0600] "GET /goods.php?detail/0790116113897 HTTP/1.1" 404 16 "https://www.nassaugolf.com" "Mozilla/5.0 AppleWebKit/537.36 (KHTML, like Gecko; compatible; GPTBot/1.3; +https://openai.com/gptbot)"
57.141.6.8 - - [04/Mar/2026:06:33:19 -0600] "GET /search/021480685cd58e9/feed/rss2/ HTTP/1.1" 404 - "-" "meta-externalagent/1.1 (+https://developers.facebook.com/docs/sharing/webmasters/crawler)"
74.7.227.41 - - [04/Mar/2026:06:33:19 -0600] "GET /goods.php?detail/1990089853664 HTTP/1.1" 404 16 "https://www.nassaugolf.com/goods.php?detail/199040433348" "Mozilla/5.0 AppleWebKit/537.36 (KHTML, like Gecko; compatible; GPTBot/1.3; +https://openai.com/gptbot)"
57.141.6.31 - - [04/Mar/2026:06:33:19 -0600] "GET /search/041542781f59766/feed/rss2/ HTTP/1.1" 404 - "-" "meta-externalagent/1.1 (+https://developers.facebook.com/docs/sharing/webmasters/crawler)"
74.7.227.134 - - [04/Mar/2026:06:33:19 -0600] "GET /goods.php?detail/0080021335925 HTTP/1.1" 404 16 "https://www.nassaugolf.com" "Mozilla/5.0 AppleWebKit/537.36 (KHTML, like Gecko; compatible; GPTBot/1.3; +https://openai.com/gptbot)"
57.141.6.47 - - [04/Mar/2026:06:33:20 -0600] "GET /prize/17359745 HTTP/1.1" 404 - "-" "meta-externalagent/1.1 (+https://developers.facebook.com/docs/sharing/webmasters/crawler)"
74.7.227.41 - - [04/Mar/2026:06:33:20 -0600] "GET /goods.php?detail/2760391240996 HTTP/1.1" 404 16 "https://www.nassaugolf.com/goods.php?detail/067008759450" "Mozilla/5.0 AppleWebKit/537.36 (KHTML, like Gecko; compatible; GPTBot/1.3; +https://openai.com/gptbot)"
74.7.227.134 - - [04/Mar/2026:06:33:20 -0600] "GET /goods.php?detail/0170182762872 HTTP/1.1" 404 16 "https://nassaugolf.com/goods.php?detail/0960206223607" "Mozilla/5.0 AppleWebKit/537.36 (KHTML, like Gecko; compatible; GPTBot/1.3; +https://openai.com/gptbot)"
74.7.227.41 - - [04/Mar/2026:06:33:20 -0600] "GET /goods.php?detail/0210494536995 HTTP/1.1" 404 16 "https://www.nassaugolf.com/goods.php?detail/123022160015" "Mozilla/5.0 AppleWebKit/537.36 (KHTML, like Gecko; compatible; GPTBot/1.3; +https://openai.com/gptbot)"
74.7.227.134 - - [04/Mar/2026:06:33:21 -0600] "GET /goods.php?detail/1900104109325 HTTP/1.1" 404 16 "https://www.nassaugolf.com" "Mozilla/5.0 AppleWebKit/537.36 (KHTML, like Gecko; compatible; GPTBot/1.3; +https://openai.com/gptbot)"
74.7.227.41 - - [04/Mar/2026:06:33:21 -0600] "GET /goods.php?detail/0060492217945 HTTP/1.1" 404 16 "https://www.nassaugolf.com/goods.php?detail/086028237703" "Mozilla/5.0 AppleWebKit/537.36 (KHTML, like Gecko; compatible; GPTBot/1.3; +https://openai.com/gptbot)"
57.141.6.7 - - [04/Mar/2026:06:33:21 -0600] "GET /?s=139516758e4bba HTTP/1.1" 200 53879 "-" "meta-externalagent/1.1 (+https://developers.facebook.com/docs/sharing/webmasters/crawler)"
74.7.227.134 - - [04/Mar/2026:06:33:21 -0600] "GET /goods.php?detail/0170386738706 HTTP/1.1" 404 16 "https://www.nassaugolf.com" "Mozilla/5.0 AppleWebKit/537.36 (KHTML, like Gecko; compatible; GPTBot/1.3; +https://openai.com/gptbot)"
57.141.6.17 - - [04/Mar/2026:06:33:21 -0600] "GET /?s=034142042362 HTTP/1.1" 200 53879 "-" "meta-externalagent/1.1 (+https://developers.facebook.com/docs/sharing/webmasters/crawler)"
74.7.227.41 - - [04/Mar/2026:06:33:21 -0600] "GET /goods.php?detail/1430399485863 HTTP/1.1" 404 16 "https://www.nassaugolf.com/goods.php?detail/2930051152999" "Mozilla/5.0 AppleWebKit/537.36 (KHTML, like Gecko; compatible; GPTBot/1.3; +https://openai.com/gptbot)"
57.141.6.28 - - [04/Mar/2026:06:33:22 -0600] "GET /search/00107504cb592f/feed/rss2/ HTTP/1.1" 404 - "-" "meta-externalagent/1.1 (+https://developers.facebook.com/docs/sharing/webmasters/crawler)"
74.7.227.134 - - [04/Mar/2026:06:33:22 -0600] "GET /goods.php?detail/2960041643606 HTTP/1.1" 404 16 "https://www.nassaugolf.com" "Mozilla/5.0 AppleWebKit/537.36 (KHTML, like Gecko; compatible; GPTBot/1.3; +https://openai.com/gptbot)"
57.141.6.27 - - [04/Mar/2026:06:33:22 -0600] "GET /search/01141840507c56f/feed/rss2/ HTTP/1.1" 404 - "-" "meta-externalagent/1.1 (+https://developers.facebook.com/docs/sharing/webmasters/crawler)"
74.7.227.41 - - [04/Mar/2026:06:33:22 -0600] "GET /goods.php?detail/2010344351478 HTTP/1.1" 404 16 "https://www.nassaugolf.com/goods.php?detail/226012561341" "Mozilla/5.0 AppleWebKit/537.36 (KHTML, like Gecko; compatible; GPTBot/1.3; +https://openai.com/gptbot)"
74.7.228.32 - - [04/Mar/2026:06:33:22 -0600] "GET /robots.txt HTTP/1.1" 404 - "-" "Mozilla/5.0 (Macintosh; Intel Mac OS X 10_15_7) AppleWebKit/537.36 (KHTML, like Gecko) Chrome/131.0.0.0 Safari/537.36; compatible; OAI-SearchBot/1.3; robots.txt; +https://openai.com/searchbot"
74.7.227.134 - - [04/Mar/2026:06:33:22 -0600] "GET /goods.php?detail/0060095326980 HTTP/1.1" 404 16 "https://nassaugolf.com/goods.php?detail/006008712788" "Mozilla/5.0 AppleWebKit/537.36 (KHTML, like Gecko; compatible; GPTBot/1.3; +https://openai.com/gptbot)"
74.7.227.41 - - [04/Mar/2026:06:33:22 -0600] "GET /goods.php?detail/1840428833966 HTTP/1.1" 404 16 "https://www.nassaugolf.com/goods.php?detail/259046006676" "Mozilla/5.0 AppleWebKit/537.36 (KHTML, like Gecko; compatible; GPTBot/1.3; +https://openai.com/gptbot)"
74.7.227.134 - - [04/Mar/2026:06:33:23 -0600] "GET /goods.php?detail/0810428113914 HTTP/1.1" 404 16 "https://www.nassaugolf.com" "Mozilla/5.0 AppleWebKit/537.36 (KHTML, like Gecko; compatible; GPTBot/1.3; +https://openai.com/gptbot)"
74.7.227.41 - - [04/Mar/2026:06:33:23 -0600] "GET /goods.php?detail/0590476710658 HTTP/1.1" 404 16 "https://www.nassaugolf.com/goods.php?detail/073000619336" "Mozilla/5.0 AppleWebKit/537.36 (KHTML, like Gecko; compatible; GPTBot/1.3; +https://openai.com/gptbot)"
57.141.6.60 - - [04/Mar/2026:06:33:23 -0600] "GET /?s=06234172823bad7 HTTP/1.1" 200 53879 "-" "meta-externalagent/1.1 (+https://developers.facebook.com/docs/sharing/webmasters/crawler)"
74.7.227.134 - - [04/Mar/2026:06:33:23 -0600] "GET /goods.php?detail/1410250224335 HTTP/1.1" 404 16 "https://nassaugolf.com/goods.php?detail/055000964577" "Mozilla/5.0 AppleWebKit/537.36 (KHTML, like Gecko; compatible; GPTBot/1.3; +https://openai.com/gptbot)"
57.141.6.7 - - [04/Mar/2026:06:33:23 -0600] "GET /detail/166950004 HTTP/1.1" 404 - "-" "meta-externalagent/1.1 (+https://developers.facebook.com/docs/sharing/webmasters/crawler)"
74.7.227.41 - - [04/Mar/2026:06:33:23 -0600] "GET /goods.php?detail/2500359127345 HTTP/1.1" 404 16 "https://www.nassaugolf.com/goods.php?detail/250044389366" "Mozilla/5.0 AppleWebKit/537.36 (KHTML, like Gecko; compatible; GPTBot/1.3; +https://openai.com/gptbot)"
74.7.227.134 - - [04/Mar/2026:06:33:24 -0600] "GET /goods.php?detail/0110025880096 HTTP/1.1" 404 16 "https://nassaugolf.com/goods.php?detail/011006619467" "Mozilla/5.0 AppleWebKit/537.36 (KHTML, like Gecko; compatible; GPTBot/1.3; +https://openai.com/gptbot)"
57.141.6.26 - - [04/Mar/2026:06:33:24 -0600] "GET /detail/662542634 HTTP/1.1" 404 - "-" "meta-externalagent/1.1 (+https://developers.facebook.com/docs/sharing/webmasters/crawler)"
74.7.227.41 - - [04/Mar/2026:06:33:24 -0600] "GET /goods.php?detail/0250464213491 HTTP/1.1" 404 16 "https://www.nassaugolf.com/goods.php?detail/265002819684" "Mozilla/5.0 AppleWebKit/537.36 (KHTML, like Gecko; compatible; GPTBot/1.3; +https://openai.com/gptbot)"
57.141.6.48 - - [04/Mar/2026:06:33:24 -0600] "GET /?s=071443963ff652b HTTP/1.1" 200 53879 "-" "meta-externalagent/1.1 (+https://developers.facebook.com/docs/sharing/webmasters/crawler)"
74.7.227.134 - - [04/Mar/2026:06:33:24 -0600] "GET /goods.php?detail/0310367664976 HTTP/1.1" 404 16 "https://nassaugolf.com/goods.php?detail/178033861242" "Mozilla/5.0 AppleWebKit/537.36 (KHTML, like Gecko; compatible; GPTBot/1.3; +https://openai.com/gptbot)"
74.7.227.41 - - [04/Mar/2026:06:33:24 -0600] "GET /goods.php?detail/0240425131927 HTTP/1.1" 404 16 "https://www.nassaugolf.com/goods.php?detail/016009924390" "Mozilla/5.0 AppleWebKit/537.36 (KHTML, like Gecko; compatible; GPTBot/1.3; +https://openai.com/gptbot)"
57.141.6.3 - - [04/Mar/2026:06:33:24 -0600] "GET /search/06271259bda1c1/feed/rss2/ HTTP/1.1" 404 - "-" "meta-externalagent/1.1 (+https://developers.facebook.com/docs/sharing/webmasters/crawler)"
74.7.227.134 - - [04/Mar/2026:06:33:25 -0600] "GET /goods.php?detail/0330234752393 HTTP/1.1" 404 16 "https://nassaugolf.com/goods.php?detail/110016508658" "Mozilla/5.0 AppleWebKit/537.36 (KHTML, like Gecko; compatible; GPTBot/1.3; +https://openai.com/gptbot)"
57.141.6.6 - - [04/Mar/2026:06:33:25 -0600] "GET /prize/12422323 HTTP/1.1" 404 - "-" "meta-externalagent/1.1 (+https://developers.facebook.com/docs/sharing/webmasters/crawler)"
74.7.227.41 - - [04/Mar/2026:06:33:25 -0600] "GET /goods.php?detail/2150264013077 HTTP/1.1" 404 16 "https://www.nassaugolf.com/goods.php?detail/2120127133412" "Mozilla/5.0 AppleWebKit/537.36 (KHTML, like Gecko; compatible; GPTBot/1.3; +https://openai.com/gptbot)"
74.7.227.134 - - [04/Mar/2026:06:33:25 -0600] "GET /goods.php?detail/0220126208519 HTTP/1.1" 404 16 "https://nassaugolf.com/goods.php?pcmypage?callback=product%2Fdetail%2Fm61331674460" "Mozilla/5.0 AppleWebKit/537.36 (KHTML, like Gecko; compatible; GPTBot/1.3; +https://openai.com/gptbot)"
74.7.227.41 - - [04/Mar/2026:06:33:26 -0600] "GET /goods.php?detail/2090332647435 HTTP/1.1" 404 16 "https://www.nassaugolf.com/goods.php?detail/032017573505" "Mozilla/5.0 AppleWebKit/537.36 (KHTML, like Gecko; compatible; GPTBot/1.3; +https://openai.com/gptbot)"
57.141.6.4 - - [04/Mar/2026:06:33:26 -0600] "GET /detail/591565721 HTTP/1.1" 404 - "-" "meta-externalagent/1.1 (+https://developers.facebook.com/docs/sharing/webmasters/crawler)"
74.7.227.134 - - [04/Mar/2026:06:33:26 -0600] "GET /goods.php?detail/2260049044237 HTTP/1.1" 404 16 "https://nassaugolf.com/goods.php?detail/107037604220" "Mozilla/5.0 AppleWebKit/537.36 (KHTML, like Gecko; compatible; GPTBot/1.3; +https://openai.com/gptbot)"
57.141.6.50 - - [04/Mar/2026:06:33:26 -0600] "GET /detail/355423476 HTTP/1.1" 404 - "-" "meta-externalagent/1.1 (+https://developers.facebook.com/docs/sharing/webmasters/crawler)"
74.7.227.41 - - [04/Mar/2026:06:33:26 -0600] "GET /goods.php?detail/2650043857546 HTTP/1.1" 404 16 "https://www.nassaugolf.com/goods.php?detail/265021118071" "Mozilla/5.0 AppleWebKit/537.36 (KHTML, like Gecko; compatible; GPTBot/1.3; +https://openai.com/gptbot)"
74.7.227.134 - - [04/Mar/2026:06:33:26 -0600] "GET /goods.php?detail/1660160365753 HTTP/1.1" 404 16 "https://nassaugolf.com/goods.php?detail/072003049241" "Mozilla/5.0 AppleWebKit/537.36 (KHTML, like Gecko; compatible; GPTBot/1.3; +https://openai.com/gptbot)"
57.141.6.4 - - [04/Mar/2026:06:33:26 -0600] "GET /?s=002194623df4022 HTTP/1.1" 200 53879 "-" "meta-externalagent/1.1 (+https://developers.facebook.com/docs/sharing/webmasters/crawler)"
74.7.227.41 - - [04/Mar/2026:06:33:27 -0600] "GET /goods.php?detail/2880171460292 HTTP/1.1" 404 16 "https://www.nassaugolf.com/goods.php?detail/288019429081" "Mozilla/5.0 AppleWebKit/537.36 (KHTML, like Gecko; compatible; GPTBot/1.3; +https://openai.com/gptbot)"
74.7.227.134 - - [04/Mar/2026:06:33:27 -0600] "GET /goods.php?detail/2610022652589 HTTP/1.1" 404 16 "https://nassaugolf.com/goods.php?detail/166015177706" "Mozilla/5.0 AppleWebKit/537.36 (KHTML, like Gecko; compatible; GPTBot/1.3; +https://openai.com/gptbot)"
74.7.227.41 - - [04/Mar/2026:06:33:27 -0600] "GET /goods.php?detail/2810197038402 HTTP/1.1" 404 16 "https://www.nassaugolf.com/goods.php?detail/2810202550262" "Mozilla/5.0 AppleWebKit/537.36 (KHTML, like Gecko; compatible; GPTBot/1.3; +https://openai.com/gptbot)"
74.7.227.134 - - [04/Mar/2026:06:33:27 -0600] "GET /goods.php?detail/2510045290014 HTTP/1.1" 404 16 "https://www.nassaugolf.com" "Mozilla/5.0 AppleWebKit/537.36 (KHTML, like Gecko; compatible; GPTBot/1.3; +https://openai.com/gptbot)"
57.141.6.65 - - [04/Mar/2026:06:33:27 -0600] "GET /?s=0414054847c21aa HTTP/1.1" 200 53879 "-" "meta-externalagent/1.1 (+https://developers.facebook.com/docs/sharing/webmasters/crawler)"
74.7.227.41 - - [04/Mar/2026:06:33:28 -0600] "GET /goods.php?detail/2340075950139 HTTP/1.1" 404 16 "https://www.nassaugolf.com/goods.php?detail/255012210528" "Mozilla/5.0 AppleWebKit/537.36 (KHTML, like Gecko; compatible; GPTBot/1.3; +https://openai.com/gptbot)"
57.141.6.32 - - [04/Mar/2026:06:33:28 -0600] "GET /?s=0322167239c8820 HTTP/1.1" 200 53879 "-" "meta-externalagent/1.1 (+https://developers.facebook.com/docs/sharing/webmasters/crawler)"
74.7.227.134 - - [04/Mar/2026:06:33:28 -0600] "GET /goods.php?detail/1550293121821 HTTP/1.1" 404 16 "https://www.nassaugolf.com" "Mozilla/5.0 AppleWebKit/537.36 (KHTML, like Gecko; compatible; GPTBot/1.3; +https://openai.com/gptbot)"
57.141.6.39 - - [04/Mar/2026:06:33:28 -0600] "GET /search/0918404446c07d0/feed/rss2/ HTTP/1.1" 404 - "-" "meta-externalagent/1.1 (+https://developers.facebook.com/docs/sharing/webmasters/crawler)"
74.7.227.41 - - [04/Mar/2026:06:33:28 -0600] "GET /goods.php?detail/0950374471565 HTTP/1.1" 404 16 "https://www.nassaugolf.com/goods.php?detail/226003802585" "Mozilla/5.0 AppleWebKit/537.36 (KHTML, like Gecko; compatible; GPTBot/1.3; +https://openai.com/gptbot)"
74.7.227.134 - - [04/Mar/2026:06:33:28 -0600] "GET /goods.php?detail/2970082197701 HTTP/1.1" 404 16 "https://nassaugolf.com/goods.php?goods/297015926" "Mozilla/5.0 AppleWebKit/537.36 (KHTML, like Gecko; compatible; GPTBot/1.3; +https://openai.com/gptbot)"
57.141.6.29 - - [04/Mar/2026:06:33:29 -0600] "GET /search/0921975428b104/feed/rss2/ HTTP/1.1" 404 - "-" "meta-externalagent/1.1 (+https://developers.facebook.com/docs/sharing/webmasters/crawler)"
74.7.227.41 - - [04/Mar/2026:06:33:29 -0600] "GET /goods.php?detail/2790334915307 HTTP/1.1" 404 16 "https://www.nassaugolf.com/goods.php?detail/138009876714" "Mozilla/5.0 AppleWebKit/537.36 (KHTML, like Gecko; compatible; GPTBot/1.3; +https://openai.com/gptbot)"
57.141.6.43 - - [04/Mar/2026:06:33:29 -0600] "GET /detail/258237692 HTTP/1.1" 404 - "-" "meta-externalagent/1.1 (+https://developers.facebook.com/docs/sharing/webmasters/crawler)"
74.7.227.134 - - [04/Mar/2026:06:33:29 -0600] "GET /goods.php?detail/2030158362230 HTTP/1.1" 404 16 "https://nassaugolf.com/goods.php?detail/2030312238103" "Mozilla/5.0 AppleWebKit/537.36 (KHTML, like Gecko; compatible; GPTBot/1.3; +https://openai.com/gptbot)"
74.7.227.41 - - [04/Mar/2026:06:33:29 -0600] "GET /goods.php?detail/2980463302407 HTTP/1.1" 404 16 "https://www.nassaugolf.com/goods.php?detail/008007405119" "Mozilla/5.0 AppleWebKit/537.36 (KHTML, like Gecko; compatible; GPTBot/1.3; +https://openai.com/gptbot)"
74.7.227.134 - - [04/Mar/2026:06:33:29 -0600] "GET /goods.php?detail/2830040250904 HTTP/1.1" 404 16 "https://nassaugolf.com/goods.php?detail/283022846055" "Mozilla/5.0 AppleWebKit/537.36 (KHTML, like Gecko; compatible; GPTBot/1.3; +https://openai.com/gptbot)"
74.7.227.41 - - [04/Mar/2026:06:33:30 -0600] "GET /goods.php?detail/0390479928117 HTTP/1.1" 404 16 "https://www.nassaugolf.com/goods.php?detail/107008344017" "Mozilla/5.0 AppleWebKit/537.36 (KHTML, like Gecko; compatible; GPTBot/1.3; +https://openai.com/gptbot)"
57.141.6.22 - - [04/Mar/2026:06:33:30 -0600] "GET /?s=002598352da9e2 HTTP/1.1" 200 53879 "-" "meta-externalagent/1.1 (+https://developers.facebook.com/docs/sharing/webmasters/crawler)"
74.7.227.134 - - [04/Mar/2026:06:33:30 -0600] "GET /goods.php?detail/0530018203953 HTTP/1.1" 404 16 "https://nassaugolf.com/goods.php?detail/05303442117595" "Mozilla/5.0 AppleWebKit/537.36 (KHTML, like Gecko; compatible; GPTBot/1.3; +https://openai.com/gptbot)"
57.141.6.52 - - [04/Mar/2026:06:33:30 -0600] "GET /?s=03574662f522be HTTP/1.1" 200 53879 "-" "meta-externalagent/1.1 (+https://developers.facebook.com/docs/sharing/webmasters/crawler)"
74.7.227.41 - - [04/Mar/2026:06:33:30 -0600] "GET /goods.php?detail/2750356021079 HTTP/1.1" 404 16 "https://www.nassaugolf.com/goods.php?detail/288039109190" "Mozilla/5.0 AppleWebKit/537.36 (KHTML, like Gecko; compatible; GPTBot/1.3; +https://openai.com/gptbot)"
57.141.6.13 - - [04/Mar/2026:06:33:30 -0600] "GET /search/121905263a8351f/feed/rss2/ HTTP/1.1" 404 - "-" "meta-externalagent/1.1 (+https://developers.facebook.com/docs/sharing/webmasters/crawler)"
74.7.227.134 - - [04/Mar/2026:06:33:31 -0600] "GET /goods.php?detail/0480046349548 HTTP/1.1" 404 16 "https://www.nassaugolf.com" "Mozilla/5.0 AppleWebKit/537.36 (KHTML, like Gecko; compatible; GPTBot/1.3; +https://openai.com/gptbot)"
74.7.227.41 - - [04/Mar/2026:06:33:31 -0600] "GET /goods.php?detail/1390047899554 HTTP/1.1" 404 16 "https://www.nassaugolf.com/goods.php?detail/139021073099" "Mozilla/5.0 AppleWebKit/537.36 (KHTML, like Gecko; compatible; GPTBot/1.3; +https://openai.com/gptbot)"
74.7.227.134 - - [04/Mar/2026:06:33:31 -0600] "GET /goods.php?detail/2010183761162 HTTP/1.1" 404 16 "https://www.nassaugolf.com" "Mozilla/5.0 AppleWebKit/537.36 (KHTML, like Gecko; compatible; GPTBot/1.3; +https://openai.com/gptbot)"
74.7.227.41 - - [04/Mar/2026:06:33:31 -0600] "GET /goods.php?detail/2060314502767 HTTP/1.1" 404 16 "https://www.nassaugolf.com/goods.php?detail/2060122546252" "Mozilla/5.0 AppleWebKit/537.36 (KHTML, like Gecko; compatible; GPTBot/1.3; +https://openai.com/gptbot)"
57.141.6.22 - - [04/Mar/2026:06:33:31 -0600] "GET /search/0817514298631ec/feed/rss2/ HTTP/1.1" 404 - "-" "meta-externalagent/1.1 (+https://developers.facebook.com/docs/sharing/webmasters/crawler)"
74.7.227.134 - - [04/Mar/2026:06:33:32 -0600] "GET /goods.php?detail/2230074325740 HTTP/1.1" 404 16 "https://nassaugolf.com/goods.php?detail/223008743032" "Mozilla/5.0 AppleWebKit/537.36 (KHTML, like Gecko; compatible; GPTBot/1.3; +https://openai.com/gptbot)"
57.141.6.41 - - [04/Mar/2026:06:33:32 -0600] "GET /search/0198528e0a860/feed/rss2/ HTTP/1.1" 404 - "-" "meta-externalagent/1.1 (+https://developers.facebook.com/docs/sharing/webmasters/crawler)"
74.7.227.41 - - [04/Mar/2026:06:33:32 -0600] "GET /goods.php?detail/0720119739678 HTTP/1.1" 404 16 "https://www.nassaugolf.com/goods.php?detail/166036211229" "Mozilla/5.0 AppleWebKit/537.36 (KHTML, like Gecko; compatible; GPTBot/1.3; +https://openai.com/gptbot)"
57.141.6.16 - - [04/Mar/2026:06:33:32 -0600] "GET /search/034342091b736/feed/rss2/ HTTP/1.1" 404 - "-" "meta-externalagent/1.1 (+https://developers.facebook.com/docs/sharing/webmasters/crawler)"
66.249.68.71 - - [04/Mar/2026:06:33:32 -0600] "GET /?detail/726340298 HTTP/1.1" 200 53879 "-" "Mozilla/5.0 (Linux; Android 6.0.1; Nexus 5X Build/MMB29P) AppleWebKit/537.36 (KHTML, like Gecko) Chrome/144.0.7559.132 Mobile Safari/537.36 (compatible; Googlebot/2.1; +http://www.google.com/bot.html)"
74.7.227.134 - - [04/Mar/2026:06:33:32 -0600] "GET /goods.php?detail/1700300651121 HTTP/1.1" 404 16 "https://www.nassaugolf.com" "Mozilla/5.0 AppleWebKit/537.36 (KHTML, like Gecko; compatible; GPTBot/1.3; +https://openai.com/gptbot)"
74.7.227.41 - - [04/Mar/2026:06:33:32 -0600] "GET /goods.php?detail/1510314047927 HTTP/1.1" 404 16 "https://www.nassaugolf.com/goods.php?detail/151005166303" "Mozilla/5.0 AppleWebKit/537.36 (KHTML, like Gecko; compatible; GPTBot/1.3; +https://openai.com/gptbot)"
5.39.1.229 - - [04/Mar/2026:06:33:32 -0600] "GET /?fileloc=//lib64/liburcu-common.so.6.1.0&path=//lib64 HTTP/1.1" 200 42675 "-" "Mozilla/5.0 (compatible; AhrefsBot/7.0; +http://ahrefs.com/robot/)"
57.141.6.21 - - [04/Mar/2026:06:33:33 -0600] "GET /search/0310097990ce251/feed/rss2/ HTTP/1.1" 404 - "-" "meta-externalagent/1.1 (+https://developers.facebook.com/docs/sharing/webmasters/crawler)"
74.7.227.134 - - [04/Mar/2026:06:33:33 -0600] "GET /goods.php?detail/2100252581782 HTTP/1.1" 404 16 "https://www.nassaugolf.com" "Mozilla/5.0 AppleWebKit/537.36 (KHTML, like Gecko; compatible; GPTBot/1.3; +https://openai.com/gptbot)"
74.7.227.41 - - [04/Mar/2026:06:33:33 -0600] "GET /goods.php?detail/2640496370176 HTTP/1.1" 404 16 "https://www.nassaugolf.com/goods.php?detail/109000955689" "Mozilla/5.0 AppleWebKit/537.36 (KHTML, like Gecko; compatible; GPTBot/1.3; +https://openai.com/gptbot)"
57.141.6.9 - - [04/Mar/2026:06:33:33 -0600] "GET /?s=002409178ae03b2 HTTP/1.1" 200 53879 "-" "meta-externalagent/1.1 (+https://developers.facebook.com/docs/sharing/webmasters/crawler)"
74.7.227.134 - - [04/Mar/2026:06:33:33 -0600] "GET /goods.php?detail/1580360800983 HTTP/1.1" 404 16 "https://nassaugolf.com/goods.php?detail/158038585577" "Mozilla/5.0 AppleWebKit/537.36 (KHTML, like Gecko; compatible; GPTBot/1.3; +https://openai.com/gptbot)"
74.7.227.41 - - [04/Mar/2026:06:33:33 -0600] "GET /goods.php?detail/1830271192940 HTTP/1.1" 404 16 "https://www.nassaugolf.com/goods.php?detail/179006002367" "Mozilla/5.0 AppleWebKit/537.36 (KHTML, like Gecko; compatible; GPTBot/1.3; +https://openai.com/gptbot)"
74.7.227.134 - - [04/Mar/2026:06:33:34 -0600] "GET /goods.php?detail/1800202700366 HTTP/1.1" 404 16 "https://nassaugolf.com/goods.php?detail/1800323200107" "Mozilla/5.0 AppleWebKit/537.36 (KHTML, like Gecko; compatible; GPTBot/1.3; +https://openai.com/gptbot)"
57.141.6.10 - - [04/Mar/2026:06:33:33 -0600] "GET /?s=081440361eea12c HTTP/1.1" 200 53879 "-" "meta-externalagent/1.1 (+https://developers.facebook.com/docs/sharing/webmasters/crawler)"
