74.7.227.134 - - [04/Mar/2026:06:24:02 -0600] "GET /goods.php?detail/0450404486572 HTTP/1.1" 404 16 "https://www.nassaugolf.com" "Mozilla/5.0 AppleWebKit/537.36 (KHTML, like Gecko; compatible; GPTBot/1.3; +https://openai.com/gptbot)"
74.7.227.41 - - [04/Mar/2026:06:24:02 -0600] "GET /goods.php?detail/20801177498072 HTTP/1.1" 404 16 "https://www.nassaugolf.com/goods.php?detail/208007802525" "Mozilla/5.0 AppleWebKit/537.36 (KHTML, like Gecko; compatible; GPTBot/1.3; +https://openai.com/gptbot)"
92.222.108.126 - - [04/Mar/2026:06:24:02 -0600] "GET /?fileloc=//lib64/libwayland-client.so.0&path=//lib64 HTTP/1.1" 200 105179 "-" "Mozilla/5.0 (compatible; AhrefsBot/7.0; +http://ahrefs.com/robot/)"
57.141.6.47 - - [04/Mar/2026:06:24:03 -0600] "GET /search/06309930bc11ea/feed/rss2/ HTTP/1.1" 404 - "-" "meta-externalagent/1.1 (+https://developers.facebook.com/docs/sharing/webmasters/crawler)"
74.7.227.134 - - [04/Mar/2026:06:24:03 -0600] "GET /goods.php?detail/2550195093656 HTTP/1.1" 404 16 "https://www.nassaugolf.com" "Mozilla/5.0 AppleWebKit/537.36 (KHTML, like Gecko; compatible; GPTBot/1.3; +https://openai.com/gptbot)"
57.141.6.36 - - [04/Mar/2026:06:24:03 -0600] "GET /prize/7787967 HTTP/1.1" 404 - "-" "meta-externalagent/1.1 (+https://developers.facebook.com/docs/sharing/webmasters/crawler)"
74.7.227.41 - - [04/Mar/2026:06:24:03 -0600] "GET /goods.php?detail/17802822857059 HTTP/1.1" 404 16 "https://www.nassaugolf.com/goods.php?detail/209009156906" "Mozilla/5.0 AppleWebKit/537.36 (KHTML, like Gecko; compatible; GPTBot/1.3; +https://openai.com/gptbot)"
57.141.6.47 - - [04/Mar/2026:06:24:03 -0600] "GET /detail/16338667 HTTP/1.1" 404 - "-" "meta-externalagent/1.1 (+https://developers.facebook.com/docs/sharing/webmasters/crawler)"
74.7.227.134 - - [04/Mar/2026:06:24:03 -0600] "GET /goods.php?detail/2500220219769 HTTP/1.1" 404 16 "https://nassaugolf.com/goods.php?detail/250040828352" "Mozilla/5.0 AppleWebKit/537.36 (KHTML, like Gecko; compatible; GPTBot/1.3; +https://openai.com/gptbot)"
74.7.227.41 - - [04/Mar/2026:06:24:03 -0600] "GET /goods.php?detail/12900215153037 HTTP/1.1" 404 16 "https://www.nassaugolf.com/goods.php?detail/129043909843" "Mozilla/5.0 AppleWebKit/537.36 (KHTML, like Gecko; compatible; GPTBot/1.3; +https://openai.com/gptbot)"
74.7.227.134 - - [04/Mar/2026:06:24:04 -0600] "GET /goods.php?detail/1230365655334 HTTP/1.1" 404 16 "https://nassaugolf.com/goods.php?detail/165024250166" "Mozilla/5.0 AppleWebKit/537.36 (KHTML, like Gecko; compatible; GPTBot/1.3; +https://openai.com/gptbot)"
74.7.227.41 - - [04/Mar/2026:06:24:04 -0600] "GET /goods.php?detail/29802804378342 HTTP/1.1" 404 16 "https://www.nassaugolf.com/goods.php?detail/095036758196" "Mozilla/5.0 AppleWebKit/537.36 (KHTML, like Gecko; compatible; GPTBot/1.3; +https://openai.com/gptbot)"
57.141.6.26 - - [04/Mar/2026:06:24:04 -0600] "GET /search/05164849ae9dae/feed/rss2/ HTTP/1.1" 404 - "-" "meta-externalagent/1.1 (+https://developers.facebook.com/docs/sharing/webmasters/crawler)"
57.141.6.41 - - [04/Mar/2026:06:24:04 -0600] "GET /?s=121565162b25382 HTTP/1.1" 200 53879 "-" "meta-externalagent/1.1 (+https://developers.facebook.com/docs/sharing/webmasters/crawler)"
74.7.227.134 - - [04/Mar/2026:06:24:04 -0600] "GET /goods.php?detail/0770048331277 HTTP/1.1" 404 16 "https://www.nassaugolf.com" "Mozilla/5.0 AppleWebKit/537.36 (KHTML, like Gecko; compatible; GPTBot/1.3; +https://openai.com/gptbot)"
74.7.227.41 - - [04/Mar/2026:06:24:04 -0600] "GET /goods.php?detail/21403099514415 HTTP/1.1" 404 16 "https://www.nassaugolf.com/goods.php?detail/214040517181" "Mozilla/5.0 AppleWebKit/537.36 (KHTML, like Gecko; compatible; GPTBot/1.3; +https://openai.com/gptbot)"
74.7.227.134 - - [04/Mar/2026:06:24:05 -0600] "GET /goods.php?detail/2230130869303 HTTP/1.1" 404 16 "https://nassaugolf.com/goods.php?detail/163044478449" "Mozilla/5.0 AppleWebKit/537.36 (KHTML, like Gecko; compatible; GPTBot/1.3; +https://openai.com/gptbot)"
74.7.227.41 - - [04/Mar/2026:06:24:05 -0600] "GET /goods.php?detail/21102988700529 HTTP/1.1" 404 16 "https://www.nassaugolf.com/goods.php?detail/211000337415" "Mozilla/5.0 AppleWebKit/537.36 (KHTML, like Gecko; compatible; GPTBot/1.3; +https://openai.com/gptbot)"
57.141.6.67 - - [04/Mar/2026:06:24:05 -0600] "GET /detail/820259640 HTTP/1.1" 404 - "-" "meta-externalagent/1.1 (+https://developers.facebook.com/docs/sharing/webmasters/crawler)"
74.7.227.134 - - [04/Mar/2026:06:24:05 -0600] "GET /goods.php?detail/0070202794481 HTTP/1.1" 404 16 "https://nassaugolf.com/goods.php?detail/191012585868" "Mozilla/5.0 AppleWebKit/537.36 (KHTML, like Gecko; compatible; GPTBot/1.3; +https://openai.com/gptbot)"
57.141.6.30 - - [04/Mar/2026:06:24:05 -0600] "GET /search/051822219481c9c/feed/rss2/ HTTP/1.1" 404 - "-" "meta-externalagent/1.1 (+https://developers.facebook.com/docs/sharing/webmasters/crawler)"
74.7.227.41 - - [04/Mar/2026:06:24:05 -0600] "GET /goods.php?detail/07304675463369 HTTP/1.1" 404 16 "https://www.nassaugolf.com/goods.php?detail/236019339803" "Mozilla/5.0 AppleWebKit/537.36 (KHTML, like Gecko; compatible; GPTBot/1.3; +https://openai.com/gptbot)"
74.7.227.134 - - [04/Mar/2026:06:24:06 -0600] "GET /goods.php?detail/2520289594195 HTTP/1.1" 404 16 "https://nassaugolf.com/goods.php?detail/294008424788" "Mozilla/5.0 AppleWebKit/537.36 (KHTML, like Gecko; compatible; GPTBot/1.3; +https://openai.com/gptbot)"
57.141.6.29 - - [04/Mar/2026:06:24:06 -0600] "GET /search/08134654430a537/feed/rss2/ HTTP/1.1" 404 - "-" "meta-externalagent/1.1 (+https://developers.facebook.com/docs/sharing/webmasters/crawler)"
74.7.227.41 - - [04/Mar/2026:06:24:06 -0600] "GET /goods.php?detail/09102565959441 HTTP/1.1" 404 16 "https://www.nassaugolf.com/goods.php?detail/242037779355" "Mozilla/5.0 AppleWebKit/537.36 (KHTML, like Gecko; compatible; GPTBot/1.3; +https://openai.com/gptbot)"
74.7.227.134 - - [04/Mar/2026:06:24:06 -0600] "GET /goods.php?detail/2350249151911 HTTP/1.1" 404 16 "https://www.nassaugolf.com" "Mozilla/5.0 AppleWebKit/537.36 (KHTML, like Gecko; compatible; GPTBot/1.3; +https://openai.com/gptbot)"
57.141.6.15 - - [04/Mar/2026:06:24:06 -0600] "GET /search/091912599a14ec/feed/rss2/ HTTP/1.1" 404 - "-" "meta-externalagent/1.1 (+https://developers.facebook.com/docs/sharing/webmasters/crawler)"
74.7.227.41 - - [04/Mar/2026:06:24:06 -0600] "GET /goods.php?detail/13901223798898 HTTP/1.1" 404 16 "https://www.nassaugolf.com/goods.php?detail/1390303945593" "Mozilla/5.0 AppleWebKit/537.36 (KHTML, like Gecko; compatible; GPTBot/1.3; +https://openai.com/gptbot)"
40.77.167.75 - - [04/Mar/2026:06:24:06 -0600] "GET /?y=1878157938 HTTP/1.1" 200 53879 "-" "Mozilla/5.0 AppleWebKit/537.36 (KHTML, like Gecko; compatible; bingbot/2.0; +http://www.bing.com/bingbot.htm) Chrome/116.0.1938.76 Safari/537.36"
74.7.227.134 - - [04/Mar/2026:06:24:07 -0600] "GET /goods.php?detail/0180168043903 HTTP/1.1" 404 16 "https://nassaugolf.com/goods.php?detail/0180386218313" "Mozilla/5.0 AppleWebKit/537.36 (KHTML, like Gecko; compatible; GPTBot/1.3; +https://openai.com/gptbot)"
74.7.227.41 - - [04/Mar/2026:06:24:07 -0600] "GET /goods.php?detail/02003876979768 HTTP/1.1" 404 16 "https://www.nassaugolf.com/goods.php?detail/2440114412384" "Mozilla/5.0 AppleWebKit/537.36 (KHTML, like Gecko; compatible; GPTBot/1.3; +https://openai.com/gptbot)"
57.141.6.51 - - [04/Mar/2026:06:24:07 -0600] "GET /search/1224498608f08e0/feed/rss2/ HTTP/1.1" 404 - "-" "meta-externalagent/1.1 (+https://developers.facebook.com/docs/sharing/webmasters/crawler)"
74.7.227.134 - - [04/Mar/2026:06:24:07 -0600] "GET /goods.php?detail/1100337675336 HTTP/1.1" 404 16 "https://www.nassaugolf.com" "Mozilla/5.0 AppleWebKit/537.36 (KHTML, like Gecko; compatible; GPTBot/1.3; +https://openai.com/gptbot)"
74.7.227.41 - - [04/Mar/2026:06:24:08 -0600] "GET /goods.php?detail/21802246263027 HTTP/1.1" 404 16 "https://www.nassaugolf.com/goods.php?detail/299013083218" "Mozilla/5.0 AppleWebKit/537.36 (KHTML, like Gecko; compatible; GPTBot/1.3; +https://openai.com/gptbot)"
114.119.147.0 - - [04/Mar/2026:06:24:08 -0600] "GET /dear/w158?pid=43174 HTTP/1.1" 404 - "https://nassaugolf.com/sitemap637.xml" "Mozilla/5.0 (Linux; Android 7.0;) AppleWebKit/537.36 (KHTML, like Gecko) Mobile Safari/537.36 (compatible; PetalBot;+https://webmaster.petalsearch.com/site/petalbot)"
57.141.6.54 - - [04/Mar/2026:06:24:08 -0600] "GET /search/091277314588bbd/feed/rss2/ HTTP/1.1" 404 - "-" "meta-externalagent/1.1 (+https://developers.facebook.com/docs/sharing/webmasters/crawler)"
57.141.6.38 - - [04/Mar/2026:06:24:08 -0600] "GET /search/0613055090847a4/feed/rss2/ HTTP/1.1" 404 - "-" "meta-externalagent/1.1 (+https://developers.facebook.com/docs/sharing/webmasters/crawler)"
74.7.227.134 - - [04/Mar/2026:06:24:08 -0600] "GET /goods.php?detail/2380050418484 HTTP/1.1" 404 16 "https://nassaugolf.com/goods.php?detail/238018882428" "Mozilla/5.0 AppleWebKit/537.36 (KHTML, like Gecko; compatible; GPTBot/1.3; +https://openai.com/gptbot)"
74.7.227.41 - - [04/Mar/2026:06:24:08 -0600] "GET /goods.php?detail/12603327751551 HTTP/1.1" 404 16 "https://www.nassaugolf.com/goods.php?detail/134046709345" "Mozilla/5.0 AppleWebKit/537.36 (KHTML, like Gecko; compatible; GPTBot/1.3; +https://openai.com/gptbot)"
57.141.6.18 - - [04/Mar/2026:06:24:08 -0600] "GET /search/0022539632f4ef2/feed/rss2/ HTTP/1.1" 404 - "-" "meta-externalagent/1.1 (+https://developers.facebook.com/docs/sharing/webmasters/crawler)"
74.7.227.134 - - [04/Mar/2026:06:24:08 -0600] "GET /goods.php?detail/1450451101998 HTTP/1.1" 404 16 "https://www.nassaugolf.com" "Mozilla/5.0 AppleWebKit/537.36 (KHTML, like Gecko; compatible; GPTBot/1.3; +https://openai.com/gptbot)"
74.7.227.41 - - [04/Mar/2026:06:24:09 -0600] "GET /goods.php?detail/19301915027230 HTTP/1.1" 404 16 "https://www.nassaugolf.com/goods.php?jp/193044117.html" "Mozilla/5.0 AppleWebKit/537.36 (KHTML, like Gecko; compatible; GPTBot/1.3; +https://openai.com/gptbot)"
57.141.6.39 - - [04/Mar/2026:06:24:09 -0600] "GET /search/03196154180100d/feed/rss2/ HTTP/1.1" 404 - "-" "meta-externalagent/1.1 (+https://developers.facebook.com/docs/sharing/webmasters/crawler)"
74.7.227.134 - - [04/Mar/2026:06:24:09 -0600] "GET /goods.php?detail/0750021414090 HTTP/1.1" 404 16 "https://www.nassaugolf.com" "Mozilla/5.0 AppleWebKit/537.36 (KHTML, like Gecko; compatible; GPTBot/1.3; +https://openai.com/gptbot)"
57.141.6.16 - - [04/Mar/2026:06:24:09 -0600] "GET /search/0819000153080dc/feed/rss2/ HTTP/1.1" 404 - "-" "meta-externalagent/1.1 (+https://developers.facebook.com/docs/sharing/webmasters/crawler)"
74.7.227.41 - - [04/Mar/2026:06:24:09 -0600] "GET /goods.php?detail/06303080625740 HTTP/1.1" 404 16 "https://www.nassaugolf.com/goods.php?detail/085006746488" "Mozilla/5.0 AppleWebKit/537.36 (KHTML, like Gecko; compatible; GPTBot/1.3; +https://openai.com/gptbot)"
74.7.227.134 - - [04/Mar/2026:06:24:09 -0600] "GET /goods.php?detail/1920149949053 HTTP/1.1" 404 16 "https://nassaugolf.com/goods.php?detail/280001191034" "Mozilla/5.0 AppleWebKit/537.36 (KHTML, like Gecko; compatible; GPTBot/1.3; +https://openai.com/gptbot)"
74.7.227.41 - - [04/Mar/2026:06:24:10 -0600] "GET /goods.php?detail/07902733968738 HTTP/1.1" 404 16 "https://www.nassaugolf.com/goods.php?detail/079044701451" "Mozilla/5.0 AppleWebKit/537.36 (KHTML, like Gecko; compatible; GPTBot/1.3; +https://openai.com/gptbot)"
57.141.6.46 - - [04/Mar/2026:06:24:09 -0600] "GET /?s=13387368a84cd7 HTTP/1.1" 200 53879 "-" "meta-externalagent/1.1 (+https://developers.facebook.com/docs/sharing/webmasters/crawler)"
57.141.6.1 - - [04/Mar/2026:06:24:10 -0600] "GET /search/111910163286912/feed/rss2/ HTTP/1.1" 404 - "-" "meta-externalagent/1.1 (+https://developers.facebook.com/docs/sharing/webmasters/crawler)"
74.7.227.134 - - [04/Mar/2026:06:24:10 -0600] "GET /goods.php?detail/1930320247323 HTTP/1.1" 404 16 "https://www.nassaugolf.com" "Mozilla/5.0 AppleWebKit/537.36 (KHTML, like Gecko; compatible; GPTBot/1.3; +https://openai.com/gptbot)"
74.7.227.41 - - [04/Mar/2026:06:24:10 -0600] "GET /goods.php?detail/22302961360964 HTTP/1.1" 404 16 "https://www.nassaugolf.com/goods.php?detail/172002918566" "Mozilla/5.0 AppleWebKit/537.36 (KHTML, like Gecko; compatible; GPTBot/1.3; +https://openai.com/gptbot)"
74.7.227.134 - - [04/Mar/2026:06:24:10 -0600] "GET /goods.php?detail/1150368828808 HTTP/1.1" 404 16 "https://nassaugolf.com/goods.php?detail/078008337554" "Mozilla/5.0 AppleWebKit/537.36 (KHTML, like Gecko; compatible; GPTBot/1.3; +https://openai.com/gptbot)"
57.141.6.23 - - [04/Mar/2026:06:24:11 -0600] "GET /search/111762226ee23a9/feed/rss2/ HTTP/1.1" 404 - "-" "meta-externalagent/1.1 (+https://developers.facebook.com/docs/sharing/webmasters/crawler)"
74.7.227.41 - - [04/Mar/2026:06:24:11 -0600] "GET /goods.php?detail/29403711029312 HTTP/1.1" 404 16 "https://www.nassaugolf.com/goods.php?detail/294019814783" "Mozilla/5.0 AppleWebKit/537.36 (KHTML, like Gecko; compatible; GPTBot/1.3; +https://openai.com/gptbot)"
74.7.227.134 - - [04/Mar/2026:06:24:11 -0600] "GET /goods.php?detail/2920053538903 HTTP/1.1" 404 16 "https://www.nassaugolf.com" "Mozilla/5.0 AppleWebKit/537.36 (KHTML, like Gecko; compatible; GPTBot/1.3; +https://openai.com/gptbot)"
74.7.227.41 - - [04/Mar/2026:06:24:11 -0600] "GET /goods.php?detail/01900141794732 HTTP/1.1" 404 16 "https://www.nassaugolf.com/goods.php?detail/019000650193" "Mozilla/5.0 AppleWebKit/537.36 (KHTML, like Gecko; compatible; GPTBot/1.3; +https://openai.com/gptbot)"
57.141.6.23 - - [04/Mar/2026:06:24:11 -0600] "GET /search/022292485894d45/feed/rss2/ HTTP/1.1" 404 - "-" "meta-externalagent/1.1 (+https://developers.facebook.com/docs/sharing/webmasters/crawler)"
74.7.227.134 - - [04/Mar/2026:06:24:12 -0600] "GET /goods.php?detail/1860162124716 HTTP/1.1" 404 16 "https://www.nassaugolf.com" "Mozilla/5.0 AppleWebKit/537.36 (KHTML, like Gecko; compatible; GPTBot/1.3; +https://openai.com/gptbot)"
74.7.227.41 - - [04/Mar/2026:06:24:12 -0600] "GET /goods.php?detail/10900260459075 HTTP/1.1" 404 16 "https://www.nassaugolf.com/goods.php?detail/109003646943" "Mozilla/5.0 AppleWebKit/537.36 (KHTML, like Gecko; compatible; GPTBot/1.3; +https://openai.com/gptbot)"
57.141.6.22 - - [04/Mar/2026:06:24:12 -0600] "GET /search/0915443690ff1b7/feed/rss2/ HTTP/1.1" 404 - "-" "meta-externalagent/1.1 (+https://developers.facebook.com/docs/sharing/webmasters/crawler)"
74.7.227.134 - - [04/Mar/2026:06:24:12 -0600] "GET /goods.php?detail/2710201902258 HTTP/1.1" 404 16 "https://nassaugolf.com/goods.php?detail/003004829918" "Mozilla/5.0 AppleWebKit/537.36 (KHTML, like Gecko; compatible; GPTBot/1.3; +https://openai.com/gptbot)"
74.7.227.41 - - [04/Mar/2026:06:24:12 -0600] "GET /goods.php?detail/12200942554093 HTTP/1.1" 404 16 "https://www.nassaugolf.com/goods.php?detail/122006265460" "Mozilla/5.0 AppleWebKit/537.36 (KHTML, like Gecko; compatible; GPTBot/1.3; +https://openai.com/gptbot)"
57.141.6.47 - - [04/Mar/2026:06:24:12 -0600] "GET /search/11964923c4af54/feed/rss2/ HTTP/1.1" 404 - "-" "meta-externalagent/1.1 (+https://developers.facebook.com/docs/sharing/webmasters/crawler)"
74.7.227.134 - - [04/Mar/2026:06:24:13 -0600] "GET /goods.php?detail/2640104626911 HTTP/1.1" 404 16 "https://www.nassaugolf.com" "Mozilla/5.0 AppleWebKit/537.36 (KHTML, like Gecko; compatible; GPTBot/1.3; +https://openai.com/gptbot)"
57.141.6.9 - - [04/Mar/2026:06:24:12 -0600] "GET /?s=122210296cfd5db HTTP/1.1" 200 53879 "-" "meta-externalagent/1.1 (+https://developers.facebook.com/docs/sharing/webmasters/crawler)"
74.7.227.41 - - [04/Mar/2026:06:24:13 -0600] "GET /goods.php?detail/12903259425409 HTTP/1.1" 404 16 "https://www.nassaugolf.com/goods.php?detail/2110342185916" "Mozilla/5.0 AppleWebKit/537.36 (KHTML, like Gecko; compatible; GPTBot/1.3; +https://openai.com/gptbot)"
57.141.6.35 - - [04/Mar/2026:06:24:13 -0600] "GET /search/1324136267a18a2/feed/rss2/ HTTP/1.1" 404 - "-" "meta-externalagent/1.1 (+https://developers.facebook.com/docs/sharing/webmasters/crawler)"
74.7.227.134 - - [04/Mar/2026:06:24:13 -0600] "GET /goods.php?detail/2660101215315 HTTP/1.1" 404 16 "https://www.nassaugolf.com" "Mozilla/5.0 AppleWebKit/537.36 (KHTML, like Gecko; compatible; GPTBot/1.3; +https://openai.com/gptbot)"
74.7.227.41 - - [04/Mar/2026:06:24:13 -0600] "GET /goods.php?detail/21301259931459 HTTP/1.1" 404 16 "https://www.nassaugolf.com/goods.php?detail/016030179066" "Mozilla/5.0 AppleWebKit/537.36 (KHTML, like Gecko; compatible; GPTBot/1.3; +https://openai.com/gptbot)"
74.7.227.134 - - [04/Mar/2026:06:24:14 -0600] "GET /goods.php?detail/2980074622424 HTTP/1.1" 404 16 "https://www.nassaugolf.com" "Mozilla/5.0 AppleWebKit/537.36 (KHTML, like Gecko; compatible; GPTBot/1.3; +https://openai.com/gptbot)"
74.7.227.41 - - [04/Mar/2026:06:24:14 -0600] "GET /goods.php?detail/22703311605016 HTTP/1.1" 404 16 "https://www.nassaugolf.com/goods.php?detail/012008413807" "Mozilla/5.0 AppleWebKit/537.36 (KHTML, like Gecko; compatible; GPTBot/1.3; +https://openai.com/gptbot)"
57.141.6.6 - - [04/Mar/2026:06:24:14 -0600] "GET /search/061606352cc75db/feed/rss2/ HTTP/1.1" 404 - "-" "meta-externalagent/1.1 (+https://developers.facebook.com/docs/sharing/webmasters/crawler)"
57.141.6.61 - - [04/Mar/2026:06:24:14 -0600] "GET /search/0199744385d8b2/feed/rss2/ HTTP/1.1" 404 - "-" "meta-externalagent/1.1 (+https://developers.facebook.com/docs/sharing/webmasters/crawler)"
74.7.227.134 - - [04/Mar/2026:06:24:14 -0600] "GET /goods.php?detail/1410280880615 HTTP/1.1" 404 16 "https://nassaugolf.com/goods.php?detail/215036032069" "Mozilla/5.0 AppleWebKit/537.36 (KHTML, like Gecko; compatible; GPTBot/1.3; +https://openai.com/gptbot)"
74.7.227.41 - - [04/Mar/2026:06:24:14 -0600] "GET /goods.php?detail/07100524050384 HTTP/1.1" 404 16 "https://www.nassaugolf.com/goods.php?detail/071042240026" "Mozilla/5.0 AppleWebKit/537.36 (KHTML, like Gecko; compatible; GPTBot/1.3; +https://openai.com/gptbot)"
74.7.227.134 - - [04/Mar/2026:06:24:15 -0600] "GET /goods.php?detail/1580189718750 HTTP/1.1" 404 16 "https://nassaugolf.com/goods.php?detail/158026992356" "Mozilla/5.0 AppleWebKit/537.36 (KHTML, like Gecko; compatible; GPTBot/1.3; +https://openai.com/gptbot)"
57.141.6.45 - - [04/Mar/2026:06:24:15 -0600] "GET /search/012304819c1f68b/feed/rss2/ HTTP/1.1" 404 - "-" "meta-externalagent/1.1 (+https://developers.facebook.com/docs/sharing/webmasters/crawler)"
74.7.227.41 - - [04/Mar/2026:06:24:15 -0600] "GET /goods.php?detail/08100389684496 HTTP/1.1" 404 16 "https://www.nassaugolf.com/goods.php?detail/0810088951781" "Mozilla/5.0 AppleWebKit/537.36 (KHTML, like Gecko; compatible; GPTBot/1.3; +https://openai.com/gptbot)"
57.141.6.1 - - [04/Mar/2026:06:24:15 -0600] "GET /search/08478317e61255/feed/rss2/ HTTP/1.1" 404 - "-" "meta-externalagent/1.1 (+https://developers.facebook.com/docs/sharing/webmasters/crawler)"
74.7.227.134 - - [04/Mar/2026:06:24:15 -0600] "GET /goods.php?detail/0010186482407 HTTP/1.1" 404 16 "https://nassaugolf.com/goods.php?detail/27000220677221" "Mozilla/5.0 AppleWebKit/537.36 (KHTML, like Gecko; compatible; GPTBot/1.3; +https://openai.com/gptbot)"
74.7.227.41 - - [04/Mar/2026:06:24:15 -0600] "GET /goods.php?detail/01400836052009 HTTP/1.1" 404 16 "https://www.nassaugolf.com/goods.php?goods/014017142" "Mozilla/5.0 AppleWebKit/537.36 (KHTML, like Gecko; compatible; GPTBot/1.3; +https://openai.com/gptbot)"
57.141.6.65 - - [04/Mar/2026:06:24:16 -0600] "GET /search/08153395763e075/feed/rss2/ HTTP/1.1" 404 - "-" "meta-externalagent/1.1 (+https://developers.facebook.com/docs/sharing/webmasters/crawler)"
74.7.227.134 - - [04/Mar/2026:06:24:16 -0600] "GET /goods.php?detail/0880027108959 HTTP/1.1" 404 16 "https://nassaugolf.com/goods.php?detail/088006093367" "Mozilla/5.0 AppleWebKit/537.36 (KHTML, like Gecko; compatible; GPTBot/1.3; +https://openai.com/gptbot)"
74.7.227.41 - - [04/Mar/2026:06:24:16 -0600] "GET /goods.php?detail/14602169128608 HTTP/1.1" 404 16 "https://www.nassaugolf.com/goods.php?jp/092007416.html" "Mozilla/5.0 AppleWebKit/537.36 (KHTML, like Gecko; compatible; GPTBot/1.3; +https://openai.com/gptbot)"
57.141.6.24 - - [04/Mar/2026:06:24:16 -0600] "GET /search/001555424721ddd/feed/rss2/ HTTP/1.1" 404 - "-" "meta-externalagent/1.1 (+https://developers.facebook.com/docs/sharing/webmasters/crawler)"
74.7.227.134 - - [04/Mar/2026:06:24:16 -0600] "GET /goods.php?detail/0060077189138 HTTP/1.1" 404 16 "https://www.nassaugolf.com" "Mozilla/5.0 AppleWebKit/537.36 (KHTML, like Gecko; compatible; GPTBot/1.3; +https://openai.com/gptbot)"
74.7.227.41 - - [04/Mar/2026:06:24:16 -0600] "GET /goods.php?detail/03304694961942 HTTP/1.1" 404 16 "https://www.nassaugolf.com/goods.php?detail/114020295818" "Mozilla/5.0 AppleWebKit/537.36 (KHTML, like Gecko; compatible; GPTBot/1.3; +https://openai.com/gptbot)"
74.7.227.134 - - [04/Mar/2026:06:24:17 -0600] "GET /goods.php?detail/2140211947094 HTTP/1.1" 404 16 "https://www.nassaugolf.com" "Mozilla/5.0 AppleWebKit/537.36 (KHTML, like Gecko; compatible; GPTBot/1.3; +https://openai.com/gptbot)"
57.141.6.21 - - [04/Mar/2026:06:24:17 -0600] "GET /search/0817961629a42e3/feed/rss2/ HTTP/1.1" 404 - "-" "meta-externalagent/1.1 (+https://developers.facebook.com/docs/sharing/webmasters/crawler)"
74.7.227.41 - - [04/Mar/2026:06:24:17 -0600] "GET /goods.php?detail/03500186506240 HTTP/1.1" 404 16 "https://www.nassaugolf.com/goods.php?detail/035002474435" "Mozilla/5.0 AppleWebKit/537.36 (KHTML, like Gecko; compatible; GPTBot/1.3; +https://openai.com/gptbot)"
57.141.6.51 - - [04/Mar/2026:06:24:17 -0600] "GET /search/09669569a60cb8/feed/rss2/ HTTP/1.1" 404 - "-" "meta-externalagent/1.1 (+https://developers.facebook.com/docs/sharing/webmasters/crawler)"
74.7.227.134 - - [04/Mar/2026:06:24:17 -0600] "GET /goods.php?detail/1040293308440 HTTP/1.1" 404 16 "https://www.nassaugolf.com" "Mozilla/5.0 AppleWebKit/537.36 (KHTML, like Gecko; compatible; GPTBot/1.3; +https://openai.com/gptbot)"
57.141.6.50 - - [04/Mar/2026:06:24:17 -0600] "GET /search/009190741ef46d/feed/rss2/ HTTP/1.1" 404 - "-" "meta-externalagent/1.1 (+https://developers.facebook.com/docs/sharing/webmasters/crawler)"
74.7.227.41 - - [04/Mar/2026:06:24:18 -0600] "GET /goods.php?detail/26600594635593 HTTP/1.1" 404 16 "https://www.nassaugolf.com/goods.php?detail/266011322657" "Mozilla/5.0 AppleWebKit/537.36 (KHTML, like Gecko; compatible; GPTBot/1.3; +https://openai.com/gptbot)"
74.7.227.134 - - [04/Mar/2026:06:24:18 -0600] "GET /goods.php?detail/1710141021688 HTTP/1.1" 404 16 "https://nassaugolf.com/goods.php?detail/235033994314" "Mozilla/5.0 AppleWebKit/537.36 (KHTML, like Gecko; compatible; GPTBot/1.3; +https://openai.com/gptbot)"
74.7.227.41 - - [04/Mar/2026:06:24:18 -0600] "GET /goods.php?detail/22504467068047 HTTP/1.1" 404 16 "https://www.nassaugolf.com/goods.php?detail/169003029204" "Mozilla/5.0 AppleWebKit/537.36 (KHTML, like Gecko; compatible; GPTBot/1.3; +https://openai.com/gptbot)"
74.7.227.134 - - [04/Mar/2026:06:24:18 -0600] "GET /goods.php?detail/0510161621391 HTTP/1.1" 404 16 "https://www.nassaugolf.com" "Mozilla/5.0 AppleWebKit/537.36 (KHTML, like Gecko; compatible; GPTBot/1.3; +https://openai.com/gptbot)"
57.141.6.45 - - [04/Mar/2026:06:24:18 -0600] "GET /search/01171068629a862/feed/rss2/ HTTP/1.1" 404 - "-" "meta-externalagent/1.1 (+https://developers.facebook.com/docs/sharing/webmasters/crawler)"
74.7.227.41 - - [04/Mar/2026:06:24:19 -0600] "GET /goods.php?detail/16702070689172 HTTP/1.1" 404 16 "https://www.nassaugolf.com/goods.php?detail/167020937881" "Mozilla/5.0 AppleWebKit/537.36 (KHTML, like Gecko; compatible; GPTBot/1.3; +https://openai.com/gptbot)"
57.141.6.70 - - [04/Mar/2026:06:24:18 -0600] "GET /?s=00373222946673 HTTP/1.1" 200 53879 "-" "meta-externalagent/1.1 (+https://developers.facebook.com/docs/sharing/webmasters/crawler)"
74.7.227.134 - - [04/Mar/2026:06:24:19 -0600] "GET /goods.php?detail/1850481867058 HTTP/1.1" 404 16 "https://www.nassaugolf.com" "Mozilla/5.0 AppleWebKit/537.36 (KHTML, like Gecko; compatible; GPTBot/1.3; +https://openai.com/gptbot)"
74.7.227.41 - - [04/Mar/2026:06:24:19 -0600] "GET /goods.php?detail/18503512412240 HTTP/1.1" 404 16 "https://www.nassaugolf.com/goods.php?detail/185044318689" "Mozilla/5.0 AppleWebKit/537.36 (KHTML, like Gecko; compatible; GPTBot/1.3; +https://openai.com/gptbot)"
57.141.6.65 - - [04/Mar/2026:06:24:19 -0600] "GET /search/05111537102d1ee/feed/rss2/ HTTP/1.1" 404 - "-" "meta-externalagent/1.1 (+https://developers.facebook.com/docs/sharing/webmasters/crawler)"
74.7.227.134 - - [04/Mar/2026:06:24:19 -0600] "GET /goods.php?detail/0550498703054 HTTP/1.1" 404 16 "https://nassaugolf.com/goods.php?detail/1040411243303" "Mozilla/5.0 AppleWebKit/537.36 (KHTML, like Gecko; compatible; GPTBot/1.3; +https://openai.com/gptbot)"
57.141.6.67 - - [04/Mar/2026:06:24:20 -0600] "GET /search/051537732e2cc80/feed/rss2/ HTTP/1.1" 404 - "-" "meta-externalagent/1.1 (+https://developers.facebook.com/docs/sharing/webmasters/crawler)"
74.7.227.41 - - [04/Mar/2026:06:24:20 -0600] "GET /goods.php?detail/18602380258213 HTTP/1.1" 404 16 "https://www.nassaugolf.com/goods.php?detail/186041465463" "Mozilla/5.0 AppleWebKit/537.36 (KHTML, like Gecko; compatible; GPTBot/1.3; +https://openai.com/gptbot)"
74.7.227.134 - - [04/Mar/2026:06:24:20 -0600] "GET /goods.php?detail/1370131453931 HTTP/1.1" 404 16 "https://nassaugolf.com/goods.php?detail/1370321202062" "Mozilla/5.0 AppleWebKit/537.36 (KHTML, like Gecko; compatible; GPTBot/1.3; +https://openai.com/gptbot)"
74.7.227.41 - - [04/Mar/2026:06:24:20 -0600] "GET /goods.php?detail/25001176914119 HTTP/1.1" 404 16 "https://www.nassaugolf.com/goods.php?detail/250016057220" "Mozilla/5.0 AppleWebKit/537.36 (KHTML, like Gecko; compatible; GPTBot/1.3; +https://openai.com/gptbot)"
57.141.6.7 - - [04/Mar/2026:06:24:20 -0600] "GET /detail/407166322 HTTP/1.1" 404 - "-" "meta-externalagent/1.1 (+https://developers.facebook.com/docs/sharing/webmasters/crawler)"
74.7.227.134 - - [04/Mar/2026:06:24:20 -0600] "GET /goods.php?detail/1740181701560 HTTP/1.1" 404 16 "https://www.nassaugolf.com" "Mozilla/5.0 AppleWebKit/537.36 (KHTML, like Gecko; compatible; GPTBot/1.3; +https://openai.com/gptbot)"
74.7.227.41 - - [04/Mar/2026:06:24:21 -0600] "GET /goods.php?detail/21902824284276 HTTP/1.1" 404 16 "https://www.nassaugolf.com/goods.php?detail/085030241412" "Mozilla/5.0 AppleWebKit/537.36 (KHTML, like Gecko; compatible; GPTBot/1.3; +https://openai.com/gptbot)"
74.7.227.134 - - [04/Mar/2026:06:24:21 -0600] "GET /goods.php?detail/1870013141391 HTTP/1.1" 404 16 "https://www.nassaugolf.com" "Mozilla/5.0 AppleWebKit/537.36 (KHTML, like Gecko; compatible; GPTBot/1.3; +https://openai.com/gptbot)"
57.141.6.36 - - [04/Mar/2026:06:24:21 -0600] "GET /search/141836025c1b520/feed/rss2/ HTTP/1.1" 404 - "-" "meta-externalagent/1.1 (+https://developers.facebook.com/docs/sharing/webmasters/crawler)"
57.141.6.31 - - [04/Mar/2026:06:24:21 -0600] "GET /search/122204933cead21/feed/rss2/ HTTP/1.1" 404 - "-" "meta-externalagent/1.1 (+https://developers.facebook.com/docs/sharing/webmasters/crawler)"
74.7.227.41 - - [04/Mar/2026:06:24:21 -0600] "GET /goods.php?detail/11402564627024 HTTP/1.1" 404 16 "https://www.nassaugolf.com/goods.php?detail/030002177262" "Mozilla/5.0 AppleWebKit/537.36 (KHTML, like Gecko; compatible; GPTBot/1.3; +https://openai.com/gptbot)"
74.7.227.134 - - [04/Mar/2026:06:24:21 -0600] "GET /goods.php?detail/1140263993633 HTTP/1.1" 404 16 "https://www.nassaugolf.com" "Mozilla/5.0 AppleWebKit/537.36 (KHTML, like Gecko; compatible; GPTBot/1.3; +https://openai.com/gptbot)"
213.230.93.66 - - [04/Mar/2026:06:24:22 -0600] "GET /shop/page/3/?fileloc=%2Fhome%2Fnassaugo%2Fpublic_html%2Fwp-load.php%3Fprize%2F5499034 HTTP/1.1" 404 - "-" "Mozilla/5.0 (Macintosh; Intel Mac OS X 10_13_6) AppleWebKit/537.36 (KHTML, like Gecko) Chrome/89.0.4389.90 Safari/537.36"
74.7.227.41 - - [04/Mar/2026:06:24:22 -0600] "GET /goods.php?detail/24700430684268 HTTP/1.1" 404 16 "https://www.nassaugolf.com/goods.php?detail/247003174585" "Mozilla/5.0 AppleWebKit/537.36 (KHTML, like Gecko; compatible; GPTBot/1.3; +https://openai.com/gptbot)"
114.119.141.4 - - [04/Mar/2026:06:24:22 -0600] "GET /crucial/z95?pid=9025 HTTP/1.1" 404 - "https://nassaugolf.com/sitemap649.xml" "Mozilla/5.0 (Linux; Android 7.0;) AppleWebKit/537.36 (KHTML, like Gecko) Mobile Safari/537.36 (compatible; PetalBot;+https://webmaster.petalsearch.com/site/petalbot)"
74.7.227.134 - - [04/Mar/2026:06:24:22 -0600] "GET /goods.php?detail/0670068713183 HTTP/1.1" 404 16 "https://nassaugolf.com/goods.php?detail/067009093603" "Mozilla/5.0 AppleWebKit/537.36 (KHTML, like Gecko; compatible; GPTBot/1.3; +https://openai.com/gptbot)"
57.141.6.34 - - [04/Mar/2026:06:24:22 -0600] "GET /?s=04126047c14dcb HTTP/1.1" 200 53879 "-" "meta-externalagent/1.1 (+https://developers.facebook.com/docs/sharing/webmasters/crawler)"
57.141.6.24 - - [04/Mar/2026:06:24:22 -0600] "GET /detail/951894134 HTTP/1.1" 404 - "-" "meta-externalagent/1.1 (+https://developers.facebook.com/docs/sharing/webmasters/crawler)"
74.7.227.41 - - [04/Mar/2026:06:24:22 -0600] "GET /goods.php?detail/28202682154427 HTTP/1.1" 404 16 "https://www.nassaugolf.com/goods.php?detail/181006008107" "Mozilla/5.0 AppleWebKit/537.36 (KHTML, like Gecko; compatible; GPTBot/1.3; +https://openai.com/gptbot)"
74.7.227.134 - - [04/Mar/2026:06:24:23 -0600] "GET /goods.php?detail/2070434452057 HTTP/1.1" 404 16 "https://www.nassaugolf.com" "Mozilla/5.0 AppleWebKit/537.36 (KHTML, like Gecko; compatible; GPTBot/1.3; +https://openai.com/gptbot)"
57.141.6.13 - - [04/Mar/2026:06:24:23 -0600] "GET /detail/157395634 HTTP/1.1" 404 - "-" "meta-externalagent/1.1 (+https://developers.facebook.com/docs/sharing/webmasters/crawler)"
74.7.227.41 - - [04/Mar/2026:06:24:23 -0600] "GET /goods.php?detail/14504933810415 HTTP/1.1" 404 16 "https://www.nassaugolf.com/goods.php?detail/079009949988" "Mozilla/5.0 AppleWebKit/537.36 (KHTML, like Gecko; compatible; GPTBot/1.3; +https://openai.com/gptbot)"
74.7.227.134 - - [04/Mar/2026:06:24:23 -0600] "GET /goods.php?detail/0690340703577 HTTP/1.1" 404 16 "https://www.nassaugolf.com" "Mozilla/5.0 AppleWebKit/537.36 (KHTML, like Gecko; compatible; GPTBot/1.3; +https://openai.com/gptbot)"
57.141.6.41 - - [04/Mar/2026:06:24:23 -0600] "GET /search/14423658b213d0/feed/rss2/ HTTP/1.1" 404 - "-" "meta-externalagent/1.1 (+https://developers.facebook.com/docs/sharing/webmasters/crawler)"
74.7.227.41 - - [04/Mar/2026:06:24:23 -0600] "GET /goods.php?detail/25304343705925 HTTP/1.1" 404 16 "https://www.nassaugolf.com/goods.php?detail/01700658388637" "Mozilla/5.0 AppleWebKit/537.36 (KHTML, like Gecko; compatible; GPTBot/1.3; +https://openai.com/gptbot)"
57.141.6.44 - - [04/Mar/2026:06:24:24 -0600] "GET /search/071912742fdbc41/feed/rss2/ HTTP/1.1" 404 - "-" "meta-externalagent/1.1 (+https://developers.facebook.com/docs/sharing/webmasters/crawler)"
74.7.227.134 - - [04/Mar/2026:06:24:24 -0600] "GET /goods.php?detail/1640071226124 HTTP/1.1" 404 16 "https://nassaugolf.com/goods.php?detail/187002123278" "Mozilla/5.0 AppleWebKit/537.36 (KHTML, like Gecko; compatible; GPTBot/1.3; +https://openai.com/gptbot)"
74.7.227.41 - - [04/Mar/2026:06:24:24 -0600] "GET /goods.php?detail/21703052035912 HTTP/1.1" 404 16 "https://www.nassaugolf.com/goods.php?detail/164009200818" "Mozilla/5.0 AppleWebKit/537.36 (KHTML, like Gecko; compatible; GPTBot/1.3; +https://openai.com/gptbot)"
74.7.227.134 - - [04/Mar/2026:06:24:24 -0600] "GET /goods.php?detail/1790416969746 HTTP/1.1" 404 16 "https://www.nassaugolf.com" "Mozilla/5.0 AppleWebKit/537.36 (KHTML, like Gecko; compatible; GPTBot/1.3; +https://openai.com/gptbot)"
5.39.1.252 - - [04/Mar/2026:06:24:23 -0600] "GET /?fileloc=//lib64/libvorbisenc.so.2&path=//lib64 HTTP/1.1" 200 752857 "-" "Mozilla/5.0 (compatible; AhrefsBot/7.0; +http://ahrefs.com/robot/)"
57.141.6.51 - - [04/Mar/2026:06:24:24 -0600] "GET /search/05340175a2433f/feed/rss2/ HTTP/1.1" 404 - "-" "meta-externalagent/1.1 (+https://developers.facebook.com/docs/sharing/webmasters/crawler)"
74.7.227.41 - - [04/Mar/2026:06:24:24 -0600] "GET /goods.php?detail/10202652719560 HTTP/1.1" 404 16 "https://www.nassaugolf.com/goods.php?detail/139001860699" "Mozilla/5.0 AppleWebKit/537.36 (KHTML, like Gecko; compatible; GPTBot/1.3; +https://openai.com/gptbot)"
74.7.227.134 - - [04/Mar/2026:06:24:25 -0600] "GET /goods.php?detail/2120035121641 HTTP/1.1" 404 16 "https://nassaugolf.com/goods.php?detail/212010260420" "Mozilla/5.0 AppleWebKit/537.36 (KHTML, like Gecko; compatible; GPTBot/1.3; +https://openai.com/gptbot)"
74.7.227.41 - - [04/Mar/2026:06:24:25 -0600] "GET /goods.php?detail/17502140947142 HTTP/1.1" 404 16 "https://www.nassaugolf.com/goods.php?detail/227038394933" "Mozilla/5.0 AppleWebKit/537.36 (KHTML, like Gecko; compatible; GPTBot/1.3; +https://openai.com/gptbot)"
57.141.6.2 - - [04/Mar/2026:06:24:25 -0600] "GET /?s=0818173052b109 HTTP/1.1" 200 53879 "-" "meta-externalagent/1.1 (+https://developers.facebook.com/docs/sharing/webmasters/crawler)"
74.7.227.134 - - [04/Mar/2026:06:24:25 -0600] "GET /goods.php?detail/2030064741403 HTTP/1.1" 404 16 "https://www.nassaugolf.com" "Mozilla/5.0 AppleWebKit/537.36 (KHTML, like Gecko; compatible; GPTBot/1.3; +https://openai.com/gptbot)"
74.7.227.41 - - [04/Mar/2026:06:24:25 -0600] "GET /goods.php?detail/18203506236505 HTTP/1.1" 404 16 "https://www.nassaugolf.com/goods.php?detail/182023161212" "Mozilla/5.0 AppleWebKit/537.36 (KHTML, like Gecko; compatible; GPTBot/1.3; +https://openai.com/gptbot)"
57.141.6.31 - - [04/Mar/2026:06:24:26 -0600] "GET /prize/6856012 HTTP/1.1" 404 - "-" "meta-externalagent/1.1 (+https://developers.facebook.com/docs/sharing/webmasters/crawler)"
57.141.6.13 - - [04/Mar/2026:06:24:26 -0600] "GET /search/011888139933bb1/feed/rss2/ HTTP/1.1" 404 - "-" "meta-externalagent/1.1 (+https://developers.facebook.com/docs/sharing/webmasters/crawler)"
74.7.227.134 - - [04/Mar/2026:06:24:26 -0600] "GET /goods.php?detail/0510165169677 HTTP/1.1" 404 16 "https://nassaugolf.com/goods.php?jp/051013125.html" "Mozilla/5.0 AppleWebKit/537.36 (KHTML, like Gecko; compatible; GPTBot/1.3; +https://openai.com/gptbot)"
74.7.227.41 - - [04/Mar/2026:06:24:26 -0600] "GET /goods.php?detail/10504609637004 HTTP/1.1" 404 16 "https://www.nassaugolf.com/goods.php?detail/1940376501983" "Mozilla/5.0 AppleWebKit/537.36 (KHTML, like Gecko; compatible; GPTBot/1.3; +https://openai.com/gptbot)"
74.7.227.134 - - [04/Mar/2026:06:24:26 -0600] "GET /goods.php?detail/0220320427791 HTTP/1.1" 404 16 "https://www.nassaugolf.com" "Mozilla/5.0 AppleWebKit/537.36 (KHTML, like Gecko; compatible; GPTBot/1.3; +https://openai.com/gptbot)"
57.141.6.59 - - [04/Mar/2026:06:24:26 -0600] "GET /?s=0512594449aded3 HTTP/1.1" 200 53879 "-" "meta-externalagent/1.1 (+https://developers.facebook.com/docs/sharing/webmasters/crawler)"
74.7.227.41 - - [04/Mar/2026:06:24:26 -0600] "GET /goods.php?detail/21900669210479 HTTP/1.1" 404 16 "https://www.nassaugolf.com/goods.php?detail/2190221107760" "Mozilla/5.0 AppleWebKit/537.36 (KHTML, like Gecko; compatible; GPTBot/1.3; +https://openai.com/gptbot)"
74.7.227.134 - - [04/Mar/2026:06:24:27 -0600] "GET /goods.php?detail/2140161277160 HTTP/1.1" 404 16 "https://nassaugolf.com/goods.php?detail/028038680711" "Mozilla/5.0 AppleWebKit/537.36 (KHTML, like Gecko; compatible; GPTBot/1.3; +https://openai.com/gptbot)"
57.141.6.49 - - [04/Mar/2026:06:24:27 -0600] "GET /search/0221833468c8a17/feed/rss2/ HTTP/1.1" 404 - "-" "meta-externalagent/1.1 (+https://developers.facebook.com/docs/sharing/webmasters/crawler)"
74.7.227.41 - - [04/Mar/2026:06:24:27 -0600] "GET /goods.php?detail/00700293054258 HTTP/1.1" 404 16 "https://www.nassaugolf.com/goods.php?detail/007002101625" "Mozilla/5.0 AppleWebKit/537.36 (KHTML, like Gecko; compatible; GPTBot/1.3; +https://openai.com/gptbot)"
74.7.227.134 - - [04/Mar/2026:06:24:27 -0600] "GET /goods.php?detail/2270286281244 HTTP/1.1" 404 16 "https://www.nassaugolf.com" "Mozilla/5.0 AppleWebKit/537.36 (KHTML, like Gecko; compatible; GPTBot/1.3; +https://openai.com/gptbot)"
74.7.227.41 - - [04/Mar/2026:06:24:28 -0600] "GET /goods.php?detail/07100942971621 HTTP/1.1" 404 16 "https://www.nassaugolf.com/goods.php?detail/071021311710" "Mozilla/5.0 AppleWebKit/537.36 (KHTML, like Gecko; compatible; GPTBot/1.3; +https://openai.com/gptbot)"
57.141.6.12 - - [04/Mar/2026:06:24:27 -0600] "GET /?s=051248280d1a13a HTTP/1.1" 200 53879 "-" "meta-externalagent/1.1 (+https://developers.facebook.com/docs/sharing/webmasters/crawler)"
74.7.227.134 - - [04/Mar/2026:06:24:28 -0600] "GET /goods.php?detail/1800491480955 HTTP/1.1" 404 16 "https://nassaugolf.com/goods.php?detail/202004137931" "Mozilla/5.0 AppleWebKit/537.36 (KHTML, like Gecko; compatible; GPTBot/1.3; +https://openai.com/gptbot)"
74.7.227.41 - - [04/Mar/2026:06:24:28 -0600] "GET /goods.php?detail/00101587217295 HTTP/1.1" 404 16 "https://www.nassaugolf.com/goods.php?detail/164004044123" "Mozilla/5.0 AppleWebKit/537.36 (KHTML, like Gecko; compatible; GPTBot/1.3; +https://openai.com/gptbot)"
57.141.6.16 - - [04/Mar/2026:06:24:28 -0600] "GET /detail/226104876 HTTP/1.1" 404 - "-" "meta-externalagent/1.1 (+https://developers.facebook.com/docs/sharing/webmasters/crawler)"
57.141.6.64 - - [04/Mar/2026:06:24:28 -0600] "GET /?s=0213522342f1e4f HTTP/1.1" 200 53879 "-" "meta-externalagent/1.1 (+https://developers.facebook.com/docs/sharing/webmasters/crawler)"
74.7.227.134 - - [04/Mar/2026:06:24:28 -0600] "GET /goods.php?detail/1010031780697 HTTP/1.1" 404 16 "https://www.nassaugolf.com" "Mozilla/5.0 AppleWebKit/537.36 (KHTML, like Gecko; compatible; GPTBot/1.3; +https://openai.com/gptbot)"
74.7.227.41 - - [04/Mar/2026:06:24:29 -0600] "GET /goods.php?detail/23802372061763 HTTP/1.1" 404 16 "https://www.nassaugolf.com/goods.php?detail/238006380721" "Mozilla/5.0 AppleWebKit/537.36 (KHTML, like Gecko; compatible; GPTBot/1.3; +https://openai.com/gptbot)"
74.7.227.134 - - [04/Mar/2026:06:24:29 -0600] "GET /goods.php?detail/0240235753354 HTTP/1.1" 404 16 "https://www.nassaugolf.com" "Mozilla/5.0 AppleWebKit/537.36 (KHTML, like Gecko; compatible; GPTBot/1.3; +https://openai.com/gptbot)"
57.141.6.72 - - [04/Mar/2026:06:24:29 -0600] "GET /?s=08337569e50056 HTTP/1.1" 200 53879 "-" "meta-externalagent/1.1 (+https://developers.facebook.com/docs/sharing/webmasters/crawler)"
74.7.227.41 - - [04/Mar/2026:06:24:29 -0600] "GET /goods.php?detail/10800609741028 HTTP/1.1" 404 16 "https://www.nassaugolf.com/goods.php?detail/028025405251" "Mozilla/5.0 AppleWebKit/537.36 (KHTML, like Gecko; compatible; GPTBot/1.3; +https://openai.com/gptbot)"
74.7.227.134 - - [04/Mar/2026:06:24:29 -0600] "GET /goods.php?detail/1930175505081 HTTP/1.1" 404 16 "https://www.nassaugolf.com" "Mozilla/5.0 AppleWebKit/537.36 (KHTML, like Gecko; compatible; GPTBot/1.3; +https://openai.com/gptbot)"
74.7.227.41 - - [04/Mar/2026:06:24:30 -0600] "GET /goods.php?detail/28904715455255 HTTP/1.1" 404 16 "https://www.nassaugolf.com/goods.php?detail/048034014004" "Mozilla/5.0 AppleWebKit/537.36 (KHTML, like Gecko; compatible; GPTBot/1.3; +https://openai.com/gptbot)"
57.141.6.49 - - [04/Mar/2026:06:24:29 -0600] "GET /?s=1191195430de62 HTTP/1.1" 200 53879 "-" "meta-externalagent/1.1 (+https://developers.facebook.com/docs/sharing/webmasters/crawler)"
57.141.6.51 - - [04/Mar/2026:06:24:30 -0600] "GET /prize/22301745 HTTP/1.1" 404 - "-" "meta-externalagent/1.1 (+https://developers.facebook.com/docs/sharing/webmasters/crawler)"
74.7.227.134 - - [04/Mar/2026:06:24:30 -0600] "GET /goods.php?detail/1160376206768 HTTP/1.1" 404 16 "https://nassaugolf.com/goods.php?detail/224034210012" "Mozilla/5.0 AppleWebKit/537.36 (KHTML, like Gecko; compatible; GPTBot/1.3; +https://openai.com/gptbot)"
74.7.227.41 - - [04/Mar/2026:06:24:30 -0600] "GET /goods.php?detail/14300680673164 HTTP/1.1" 404 16 "https://www.nassaugolf.com/goods.php?detail/143007840345" "Mozilla/5.0 AppleWebKit/537.36 (KHTML, like Gecko; compatible; GPTBot/1.3; +https://openai.com/gptbot)"
57.141.6.26 - - [04/Mar/2026:06:24:30 -0600] "GET /detail/666489218 HTTP/1.1" 404 - "-" "meta-externalagent/1.1 (+https://developers.facebook.com/docs/sharing/webmasters/crawler)"
74.7.227.134 - - [04/Mar/2026:06:24:30 -0600] "GET /goods.php?detail/0350457088034 HTTP/1.1" 404 16 "https://www.nassaugolf.com" "Mozilla/5.0 AppleWebKit/537.36 (KHTML, like Gecko; compatible; GPTBot/1.3; +https://openai.com/gptbot)"
57.141.6.18 - - [04/Mar/2026:06:24:31 -0600] "GET /prize/25961401 HTTP/1.1" 404 - "-" "meta-externalagent/1.1 (+https://developers.facebook.com/docs/sharing/webmasters/crawler)"
74.7.227.41 - - [04/Mar/2026:06:24:31 -0600] "GET /goods.php?detail/11702529294500 HTTP/1.1" 404 16 "https://www.nassaugolf.com/goods.php?detail/0790039477913" "Mozilla/5.0 AppleWebKit/537.36 (KHTML, like Gecko; compatible; GPTBot/1.3; +https://openai.com/gptbot)"
74.7.227.134 - - [04/Mar/2026:06:24:31 -0600] "GET /goods.php?detail/1050361631818 HTTP/1.1" 404 16 "https://nassaugolf.com/goods.php?detail/300042002116" "Mozilla/5.0 AppleWebKit/537.36 (KHTML, like Gecko; compatible; GPTBot/1.3; +https://openai.com/gptbot)"
57.141.6.13 - - [04/Mar/2026:06:24:31 -0600] "GET /detail/323324170 HTTP/1.1" 404 - "-" "meta-externalagent/1.1 (+https://developers.facebook.com/docs/sharing/webmasters/crawler)"
74.7.227.41 - - [04/Mar/2026:06:24:31 -0600] "GET /goods.php?detail/07800174374186 HTTP/1.1" 404 16 "https://www.nassaugolf.com/goods.php?detail/0780029828279" "Mozilla/5.0 AppleWebKit/537.36 (KHTML, like Gecko; compatible; GPTBot/1.3; +https://openai.com/gptbot)"
74.7.227.134 - - [04/Mar/2026:06:24:32 -0600] "GET /goods.php?detail/2440017010506 HTTP/1.1" 404 16 "https://nassaugolf.com/goods.php?detail/244008925867" "Mozilla/5.0 AppleWebKit/537.36 (KHTML, like Gecko; compatible; GPTBot/1.3; +https://openai.com/gptbot)"
57.141.6.37 - - [04/Mar/2026:06:24:32 -0600] "GET /search/083879617b0df8/feed/rss2/ HTTP/1.1" 404 - "-" "meta-externalagent/1.1 (+https://developers.facebook.com/docs/sharing/webmasters/crawler)"
74.7.227.41 - - [04/Mar/2026:06:24:32 -0600] "GET /goods.php?detail/12800283755728 HTTP/1.1" 404 16 "https://www.nassaugolf.com/goods.php?detail/128005982908" "Mozilla/5.0 AppleWebKit/537.36 (KHTML, like Gecko; compatible; GPTBot/1.3; +https://openai.com/gptbot)"
74.7.227.134 - - [04/Mar/2026:06:24:32 -0600] "GET /goods.php?detail/2230042366278 HTTP/1.1" 404 16 "https://www.nassaugolf.com" "Mozilla/5.0 AppleWebKit/537.36 (KHTML, like Gecko; compatible; GPTBot/1.3; +https://openai.com/gptbot)"
74.7.227.41 - - [04/Mar/2026:06:24:32 -0600] "GET /goods.php?detail/17303491417788 HTTP/1.1" 404 16 "https://www.nassaugolf.com/goods.php?detail/193008834483" "Mozilla/5.0 AppleWebKit/537.36 (KHTML, like Gecko; compatible; GPTBot/1.3; +https://openai.com/gptbot)"
57.141.6.59 - - [04/Mar/2026:06:24:32 -0600] "GET /search/001099288c724bd/feed/rss2/ HTTP/1.1" 404 - "-" "meta-externalagent/1.1 (+https://developers.facebook.com/docs/sharing/webmasters/crawler)"
74.7.227.134 - - [04/Mar/2026:06:24:33 -0600] "GET /goods.php?detail/0630442636658 HTTP/1.1" 404 16 "https://www.nassaugolf.com" "Mozilla/5.0 AppleWebKit/537.36 (KHTML, like Gecko; compatible; GPTBot/1.3; +https://openai.com/gptbot)"
57.141.6.60 - - [04/Mar/2026:06:24:33 -0600] "GET /search/1878029883a1ff/feed/rss2/ HTTP/1.1" 404 - "-" "meta-externalagent/1.1 (+https://developers.facebook.com/docs/sharing/webmasters/crawler)"
74.7.227.41 - - [04/Mar/2026:06:24:33 -0600] "GET /goods.php?detail/00500296357106 HTTP/1.1" 404 16 "https://www.nassaugolf.com/goods.php?detail/151046646541" "Mozilla/5.0 AppleWebKit/537.36 (KHTML, like Gecko; compatible; GPTBot/1.3; +https://openai.com/gptbot)"
74.7.227.134 - - [04/Mar/2026:06:24:33 -0600] "GET /goods.php?detail/2110131094488 HTTP/1.1" 404 16 "https://www.nassaugolf.com" "Mozilla/5.0 AppleWebKit/537.36 (KHTML, like Gecko; compatible; GPTBot/1.3; +https://openai.com/gptbot)"
57.141.6.26 - - [04/Mar/2026:06:24:33 -0600] "GET /prize/18051801 HTTP/1.1" 404 - "-" "meta-externalagent/1.1 (+https://developers.facebook.com/docs/sharing/webmasters/crawler)"
74.7.227.41 - - [04/Mar/2026:06:24:33 -0600] "GET /goods.php?detail/17501729816211 HTTP/1.1" 404 16 "https://www.nassaugolf.com/goods.php?jp/234028095.html" "Mozilla/5.0 AppleWebKit/537.36 (KHTML, like Gecko; compatible; GPTBot/1.3; +https://openai.com/gptbot)"
74.7.227.134 - - [04/Mar/2026:06:24:34 -0600] "GET /goods.php?detail/1920119177561 HTTP/1.1" 404 16 "https://www.nassaugolf.com" "Mozilla/5.0 AppleWebKit/537.36 (KHTML, like Gecko; compatible; GPTBot/1.3; +https://openai.com/gptbot)"
57.141.6.26 - - [04/Mar/2026:06:24:34 -0600] "GET /search/018591169eb034/feed/rss2/ HTTP/1.1" 404 - "-" "meta-externalagent/1.1 (+https://developers.facebook.com/docs/sharing/webmasters/crawler)"
74.7.227.41 - - [04/Mar/2026:06:24:34 -0600] "GET /goods.php?detail/08100571300742 HTTP/1.1" 404 16 "https://www.nassaugolf.com/goods.php?detail/081001850815" "Mozilla/5.0 AppleWebKit/537.36 (KHTML, like Gecko; compatible; GPTBot/1.3; +https://openai.com/gptbot)"
74.7.227.134 - - [04/Mar/2026:06:24:34 -0600] "GET /goods.php?detail/1760093808013 HTTP/1.1" 404 16 "https://nassaugolf.com/goods.php?detail/183010862557" "Mozilla/5.0 AppleWebKit/537.36 (KHTML, like Gecko; compatible; GPTBot/1.3; +https://openai.com/gptbot)"
57.141.6.23 - - [04/Mar/2026:06:24:34 -0600] "GET /detail/890350760 HTTP/1.1" 404 - "-" "meta-externalagent/1.1 (+https://developers.facebook.com/docs/sharing/webmasters/crawler)"
74.7.227.41 - - [04/Mar/2026:06:24:34 -0600] "GET /goods.php?detail/28202349525236 HTTP/1.1" 404 16 "https://www.nassaugolf.com/goods.php?detail/179001232424" "Mozilla/5.0 AppleWebKit/537.36 (KHTML, like Gecko; compatible; GPTBot/1.3; +https://openai.com/gptbot)"
74.7.227.134 - - [04/Mar/2026:06:24:35 -0600] "GET /goods.php?detail/0180076512760 HTTP/1.1" 404 16 "https://www.nassaugolf.com" "Mozilla/5.0 AppleWebKit/537.36 (KHTML, like Gecko; compatible; GPTBot/1.3; +https://openai.com/gptbot)"
57.141.6.18 - - [04/Mar/2026:06:24:35 -0600] "GET /prize/15764901 HTTP/1.1" 404 - "-" "meta-externalagent/1.1 (+https://developers.facebook.com/docs/sharing/webmasters/crawler)"
74.7.227.41 - - [04/Mar/2026:06:24:35 -0600] "GET /goods.php?detail/22604618614704 HTTP/1.1" 404 16 "https://www.nassaugolf.com/goods.php?detail/166011062209" "Mozilla/5.0 AppleWebKit/537.36 (KHTML, like Gecko; compatible; GPTBot/1.3; +https://openai.com/gptbot)"
74.7.227.134 - - [04/Mar/2026:06:24:35 -0600] "GET /goods.php?detail/1620027248802 HTTP/1.1" 404 16 "https://www.nassaugolf.com" "Mozilla/5.0 AppleWebKit/537.36 (KHTML, like Gecko; compatible; GPTBot/1.3; +https://openai.com/gptbot)"
74.7.227.41 - - [04/Mar/2026:06:24:35 -0600] "GET /goods.php?detail/15703556170990 HTTP/1.1" 404 16 "https://www.nassaugolf.com/goods.php?detail/157038756043" "Mozilla/5.0 AppleWebKit/537.36 (KHTML, like Gecko; compatible; GPTBot/1.3; +https://openai.com/gptbot)"
57.141.6.62 - - [04/Mar/2026:06:24:35 -0600] "GET /prize/20398056 HTTP/1.1" 404 - "-" "meta-externalagent/1.1 (+https://developers.facebook.com/docs/sharing/webmasters/crawler)"
74.7.227.134 - - [04/Mar/2026:06:24:36 -0600] "GET /goods.php?detail/0080026681748 HTTP/1.1" 404 16 "https://nassaugolf.com/goods.php?detail/008006686021" "Mozilla/5.0 AppleWebKit/537.36 (KHTML, like Gecko; compatible; GPTBot/1.3; +https://openai.com/gptbot)"
57.141.6.36 - - [04/Mar/2026:06:24:36 -0600] "GET /prize/26605056 HTTP/1.1" 404 - "-" "meta-externalagent/1.1 (+https://developers.facebook.com/docs/sharing/webmasters/crawler)"
74.7.227.41 - - [04/Mar/2026:06:24:36 -0600] "GET /goods.php?detail/13001278872016 HTTP/1.1" 404 16 "https://www.nassaugolf.com/goods.php?detail/275021107710" "Mozilla/5.0 AppleWebKit/537.36 (KHTML, like Gecko; compatible; GPTBot/1.3; +https://openai.com/gptbot)"
57.141.6.17 - - [04/Mar/2026:06:24:36 -0600] "GET /search/132268236e5be9b/feed/rss2/ HTTP/1.1" 404 - "-" "meta-externalagent/1.1 (+https://developers.facebook.com/docs/sharing/webmasters/crawler)"
74.7.227.134 - - [04/Mar/2026:06:24:36 -0600] "GET /goods.php?detail/2820076676875 HTTP/1.1" 404 16 "https://www.nassaugolf.com" "Mozilla/5.0 AppleWebKit/537.36 (KHTML, like Gecko; compatible; GPTBot/1.3; +https://openai.com/gptbot)"
74.7.227.41 - - [04/Mar/2026:06:24:37 -0600] "GET /goods.php?detail/29700760149300 HTTP/1.1" 404 16 "https://www.nassaugolf.com/goods.php?detail/202025819599" "Mozilla/5.0 AppleWebKit/537.36 (KHTML, like Gecko; compatible; GPTBot/1.3; +https://openai.com/gptbot)"
74.7.227.134 - - [04/Mar/2026:06:24:37 -0600] "GET /goods.php?detail/1480048608457 HTTP/1.1" 404 16 "https://www.nassaugolf.com" "Mozilla/5.0 AppleWebKit/537.36 (KHTML, like Gecko; compatible; GPTBot/1.3; +https://openai.com/gptbot)"
57.141.6.22 - - [04/Mar/2026:06:24:37 -0600] "GET /prize/19594778 HTTP/1.1" 404 - "-" "meta-externalagent/1.1 (+https://developers.facebook.com/docs/sharing/webmasters/crawler)"
74.7.227.41 - - [04/Mar/2026:06:24:37 -0600] "GET /goods.php?detail/02100395284500 HTTP/1.1" 404 16 "https://www.nassaugolf.com/goods.php?detail/080008510823" "Mozilla/5.0 AppleWebKit/537.36 (KHTML, like Gecko; compatible; GPTBot/1.3; +https://openai.com/gptbot)"
74.7.227.134 - - [04/Mar/2026:06:24:37 -0600] "GET /goods.php?detail/2770121759218 HTTP/1.1" 404 16 "https://nassaugolf.com/goods.php?detail/117032320958" "Mozilla/5.0 AppleWebKit/537.36 (KHTML, like Gecko; compatible; GPTBot/1.3; +https://openai.com/gptbot)"
74.7.227.41 - - [04/Mar/2026:06:24:38 -0600] "GET /goods.php?detail/11703380350728 HTTP/1.1" 404 16 "https://www.nassaugolf.com/goods.php?detail/115010863864" "Mozilla/5.0 AppleWebKit/537.36 (KHTML, like Gecko; compatible; GPTBot/1.3; +https://openai.com/gptbot)"
57.141.6.69 - - [04/Mar/2026:06:24:38 -0600] "GET /prize/1995078 HTTP/1.1" 404 - "-" "meta-externalagent/1.1 (+https://developers.facebook.com/docs/sharing/webmasters/crawler)"
74.7.227.134 - - [04/Mar/2026:06:24:38 -0600] "GET /goods.php?detail/2470479252500 HTTP/1.1" 404 16 "https://www.nassaugolf.com" "Mozilla/5.0 AppleWebKit/537.36 (KHTML, like Gecko; compatible; GPTBot/1.3; +https://openai.com/gptbot)"
