74.7.227.134 - - [04/Mar/2026:06:21:39 -0600] "GET /goods.php?detail/1230126198911 HTTP/1.1" 404 16 "https://nassaugolf.com/goods.php?detail/1230202928012" "Mozilla/5.0 AppleWebKit/537.36 (KHTML, like Gecko; compatible; GPTBot/1.3; +https://openai.com/gptbot)"
74.7.227.41 - - [04/Mar/2026:06:21:39 -0600] "GET /goods.php?detail/10204689988942 HTTP/1.1" 404 16 "https://www.nassaugolf.com/goods.php?detail/1650417984750" "Mozilla/5.0 AppleWebKit/537.36 (KHTML, like Gecko; compatible; GPTBot/1.3; +https://openai.com/gptbot)"
74.7.227.134 - - [04/Mar/2026:06:21:40 -0600] "GET /goods.php?detail/2350132390435 HTTP/1.1" 404 16 "https://www.nassaugolf.com" "Mozilla/5.0 AppleWebKit/537.36 (KHTML, like Gecko; compatible; GPTBot/1.3; +https://openai.com/gptbot)"
74.7.227.41 - - [04/Mar/2026:06:21:40 -0600] "GET /goods.php?detail/28902886047729 HTTP/1.1" 404 16 "https://www.nassaugolf.com/goods.php?detail/147004306570" "Mozilla/5.0 AppleWebKit/537.36 (KHTML, like Gecko; compatible; GPTBot/1.3; +https://openai.com/gptbot)"
57.141.6.15 - - [04/Mar/2026:06:21:40 -0600] "GET /search/0735201521ed59/feed/rss2/ HTTP/1.1" 404 - "-" "meta-externalagent/1.1 (+https://developers.facebook.com/docs/sharing/webmasters/crawler)"
74.7.227.134 - - [04/Mar/2026:06:21:40 -0600] "GET /goods.php?detail/2020081462067 HTTP/1.1" 404 16 "https://www.nassaugolf.com" "Mozilla/5.0 AppleWebKit/537.36 (KHTML, like Gecko; compatible; GPTBot/1.3; +https://openai.com/gptbot)"
74.7.227.41 - - [04/Mar/2026:06:21:40 -0600] "GET /goods.php?detail/04700131362747 HTTP/1.1" 404 16 "https://www.nassaugolf.com/goods.php?jp/047005783.html" "Mozilla/5.0 AppleWebKit/537.36 (KHTML, like Gecko; compatible; GPTBot/1.3; +https://openai.com/gptbot)"
57.141.6.48 - - [04/Mar/2026:06:21:40 -0600] "GET /search/151748002fd8b96/feed/rss2/ HTTP/1.1" 404 - "-" "meta-externalagent/1.1 (+https://developers.facebook.com/docs/sharing/webmasters/crawler)"
74.7.227.134 - - [04/Mar/2026:06:21:41 -0600] "GET /goods.php?detail/2140316001960 HTTP/1.1" 404 16 "https://nassaugolf.com/goods.php?detail/2490010140910" "Mozilla/5.0 AppleWebKit/537.36 (KHTML, like Gecko; compatible; GPTBot/1.3; +https://openai.com/gptbot)"
74.7.227.41 - - [04/Mar/2026:06:21:41 -0600] "GET /goods.php?detail/06700658588372 HTTP/1.1" 404 16 "https://www.nassaugolf.com/goods.php?detail/067004953853" "Mozilla/5.0 AppleWebKit/537.36 (KHTML, like Gecko; compatible; GPTBot/1.3; +https://openai.com/gptbot)"
57.141.6.15 - - [04/Mar/2026:06:21:41 -0600] "GET /search/1249795784d62c/feed/rss2/ HTTP/1.1" 404 - "-" "meta-externalagent/1.1 (+https://developers.facebook.com/docs/sharing/webmasters/crawler)"
74.7.227.134 - - [04/Mar/2026:06:21:41 -0600] "GET /goods.php?detail/2280273376285 HTTP/1.1" 404 16 "https://nassaugolf.com/goods.php?detail/244011195414" "Mozilla/5.0 AppleWebKit/537.36 (KHTML, like Gecko; compatible; GPTBot/1.3; +https://openai.com/gptbot)"
74.7.227.41 - - [04/Mar/2026:06:21:41 -0600] "GET /goods.php?detail/17902601908269 HTTP/1.1" 404 16 "https://www.nassaugolf.com/goods.php?detail/179024147362" "Mozilla/5.0 AppleWebKit/537.36 (KHTML, like Gecko; compatible; GPTBot/1.3; +https://openai.com/gptbot)"
57.141.6.44 - - [04/Mar/2026:06:21:41 -0600] "GET /search/0419704dfe107/feed/rss2/ HTTP/1.1" 404 - "-" "meta-externalagent/1.1 (+https://developers.facebook.com/docs/sharing/webmasters/crawler)"
74.7.227.134 - - [04/Mar/2026:06:21:42 -0600] "GET /goods.php?detail/1220016501767 HTTP/1.1" 404 16 "https://nassaugolf.com/goods.php?detail/023013280235" "Mozilla/5.0 AppleWebKit/537.36 (KHTML, like Gecko; compatible; GPTBot/1.3; +https://openai.com/gptbot)"
74.7.227.41 - - [04/Mar/2026:06:21:42 -0600] "GET /goods.php?detail/01202960775969 HTTP/1.1" 404 16 "https://www.nassaugolf.com/goods.php?detail/1760206759593" "Mozilla/5.0 AppleWebKit/537.36 (KHTML, like Gecko; compatible; GPTBot/1.3; +https://openai.com/gptbot)"
57.141.6.20 - - [04/Mar/2026:06:21:42 -0600] "GET /search/062161477351774/feed/rss2/ HTTP/1.1" 404 - "-" "meta-externalagent/1.1 (+https://developers.facebook.com/docs/sharing/webmasters/crawler)"
14.243.133.193 - - [04/Mar/2026:06:21:42 -0600] "GET /shop/page/5/?fileloc=%2Fhome%2Fnassaugo%2Fpublic_html%2Fwp-load.php%3Fprize%2F14968812 HTTP/1.1" 404 - "-" "Mozilla/5.0 (Macintosh; Intel Mac OS X 10_13_6) AppleWebKit/537.36 (KHTML, like Gecko) Chrome/95.0.4638.54 Safari/537.36"
74.7.227.134 - - [04/Mar/2026:06:21:42 -0600] "GET /goods.php?detail/1570197201421 HTTP/1.1" 404 16 "https://nassaugolf.com/goods.php?detail/238002092711" "Mozilla/5.0 AppleWebKit/537.36 (KHTML, like Gecko; compatible; GPTBot/1.3; +https://openai.com/gptbot)"
74.7.227.41 - - [04/Mar/2026:06:21:42 -0600] "GET /goods.php?detail/04300732782643 HTTP/1.1" 404 16 "https://www.nassaugolf.com/goods.php?detail/043004419590" "Mozilla/5.0 AppleWebKit/537.36 (KHTML, like Gecko; compatible; GPTBot/1.3; +https://openai.com/gptbot)"
57.141.6.53 - - [04/Mar/2026:06:21:42 -0600] "GET /search/0314248840a9351/feed/rss2/ HTTP/1.1" 404 - "-" "meta-externalagent/1.1 (+https://developers.facebook.com/docs/sharing/webmasters/crawler)"
57.141.6.23 - - [04/Mar/2026:06:21:42 -0600] "GET /search/042316312ca3f8a/feed/rss2/ HTTP/1.1" 404 - "-" "meta-externalagent/1.1 (+https://developers.facebook.com/docs/sharing/webmasters/crawler)"
66.249.68.70 - - [04/Mar/2026:06:21:43 -0600] "GET /freely/y81?pid=937 HTTP/1.1" 404 - "-" "Mozilla/5.0 (Linux; Android 6.0.1; Nexus 5X Build/MMB29P) AppleWebKit/537.36 (KHTML, like Gecko) Chrome/144.0.7559.132 Mobile Safari/537.36 (compatible; Googlebot/2.1; +http://www.google.com/bot.html)"
74.7.227.134 - - [04/Mar/2026:06:21:43 -0600] "GET /goods.php?detail/2820490682216 HTTP/1.1" 404 16 "https://www.nassaugolf.com" "Mozilla/5.0 AppleWebKit/537.36 (KHTML, like Gecko; compatible; GPTBot/1.3; +https://openai.com/gptbot)"
74.7.227.41 - - [04/Mar/2026:06:21:43 -0600] "GET /goods.php?detail/06900236991238 HTTP/1.1" 404 16 "https://www.nassaugolf.com/goods.php?detail/017005818159" "Mozilla/5.0 AppleWebKit/537.36 (KHTML, like Gecko; compatible; GPTBot/1.3; +https://openai.com/gptbot)"
57.141.6.48 - - [04/Mar/2026:06:21:43 -0600] "GET /search/057476198de67e/feed/rss2/ HTTP/1.1" 404 - "-" "meta-externalagent/1.1 (+https://developers.facebook.com/docs/sharing/webmasters/crawler)"
74.7.227.134 - - [04/Mar/2026:06:21:43 -0600] "GET /goods.php?detail/1040493483363 HTTP/1.1" 404 16 "https://www.nassaugolf.com" "Mozilla/5.0 AppleWebKit/537.36 (KHTML, like Gecko; compatible; GPTBot/1.3; +https://openai.com/gptbot)"
74.7.227.41 - - [04/Mar/2026:06:21:43 -0600] "GET /goods.php?detail/29704828790179 HTTP/1.1" 404 16 "https://www.nassaugolf.com/goods.php?detail/297009505170" "Mozilla/5.0 AppleWebKit/537.36 (KHTML, like Gecko; compatible; GPTBot/1.3; +https://openai.com/gptbot)"
57.141.6.39 - - [04/Mar/2026:06:21:44 -0600] "GET /detail/983819651 HTTP/1.1" 404 - "-" "meta-externalagent/1.1 (+https://developers.facebook.com/docs/sharing/webmasters/crawler)"
74.7.227.134 - - [04/Mar/2026:06:21:44 -0600] "GET /goods.php?detail/2820357579595 HTTP/1.1" 404 16 "https://nassaugolf.com/goods.php?detail/202003887674" "Mozilla/5.0 AppleWebKit/537.36 (KHTML, like Gecko; compatible; GPTBot/1.3; +https://openai.com/gptbot)"
74.7.227.41 - - [04/Mar/2026:06:21:44 -0600] "GET /goods.php?detail/16201462484032 HTTP/1.1" 404 16 "https://www.nassaugolf.com/goods.php?detail/143015345008" "Mozilla/5.0 AppleWebKit/537.36 (KHTML, like Gecko; compatible; GPTBot/1.3; +https://openai.com/gptbot)"
57.141.6.52 - - [04/Mar/2026:06:21:44 -0600] "GET /detail/643288570 HTTP/1.1" 404 - "-" "meta-externalagent/1.1 (+https://developers.facebook.com/docs/sharing/webmasters/crawler)"
74.7.227.134 - - [04/Mar/2026:06:21:44 -0600] "GET /goods.php?detail/2980285449883 HTTP/1.1" 404 16 "https://www.nassaugolf.com" "Mozilla/5.0 AppleWebKit/537.36 (KHTML, like Gecko; compatible; GPTBot/1.3; +https://openai.com/gptbot)"
74.7.227.41 - - [04/Mar/2026:06:21:44 -0600] "GET /goods.php?detail/09501171730388 HTTP/1.1" 404 16 "https://www.nassaugolf.com/goods.php?detail/288037271308" "Mozilla/5.0 AppleWebKit/537.36 (KHTML, like Gecko; compatible; GPTBot/1.3; +https://openai.com/gptbot)"
74.7.227.134 - - [04/Mar/2026:06:21:45 -0600] "GET /goods.php?detail/0030021068315 HTTP/1.1" 404 16 "https://nassaugolf.com/goods.php?detail/003006951743" "Mozilla/5.0 AppleWebKit/537.36 (KHTML, like Gecko; compatible; GPTBot/1.3; +https://openai.com/gptbot)"
74.7.227.41 - - [04/Mar/2026:06:21:45 -0600] "GET /goods.php?detail/04502384823602 HTTP/1.1" 404 16 "https://www.nassaugolf.com/goods.php?detail/1680047921628" "Mozilla/5.0 AppleWebKit/537.36 (KHTML, like Gecko; compatible; GPTBot/1.3; +https://openai.com/gptbot)"
57.141.6.31 - - [04/Mar/2026:06:21:45 -0600] "GET /?s=0449160157d22c HTTP/1.1" 200 53879 "-" "meta-externalagent/1.1 (+https://developers.facebook.com/docs/sharing/webmasters/crawler)"
74.7.227.41 - - [04/Mar/2026:06:21:45 -0600] "GET /goods.php?detail/06501903940620 HTTP/1.1" 404 16 "https://www.nassaugolf.com/goods.php?detail/031028197272" "Mozilla/5.0 AppleWebKit/537.36 (KHTML, like Gecko; compatible; GPTBot/1.3; +https://openai.com/gptbot)"
57.141.6.53 - - [04/Mar/2026:06:21:45 -0600] "GET /?s=082065111ed5fd0 HTTP/1.1" 200 53879 "-" "meta-externalagent/1.1 (+https://developers.facebook.com/docs/sharing/webmasters/crawler)"
74.7.227.134 - - [04/Mar/2026:06:21:45 -0600] "GET /goods.php?detail/0830337375242 HTTP/1.1" 404 16 "https://www.nassaugolf.com" "Mozilla/5.0 AppleWebKit/537.36 (KHTML, like Gecko; compatible; GPTBot/1.3; +https://openai.com/gptbot)"
57.141.6.70 - - [04/Mar/2026:06:21:46 -0600] "GET /search/0829303507d486/feed/rss2/ HTTP/1.1" 404 - "-" "meta-externalagent/1.1 (+https://developers.facebook.com/docs/sharing/webmasters/crawler)"
74.7.227.134 - - [04/Mar/2026:06:21:46 -0600] "GET /goods.php?detail/0290484818987 HTTP/1.1" 404 16 "https://www.nassaugolf.com" "Mozilla/5.0 AppleWebKit/537.36 (KHTML, like Gecko; compatible; GPTBot/1.3; +https://openai.com/gptbot)"
57.141.6.10 - - [04/Mar/2026:06:21:46 -0600] "GET /detail/115051931 HTTP/1.1" 404 - "-" "meta-externalagent/1.1 (+https://developers.facebook.com/docs/sharing/webmasters/crawler)"
74.7.227.41 - - [04/Mar/2026:06:21:46 -0600] "GET /goods.php?detail/08803041537375 HTTP/1.1" 404 16 "https://www.nassaugolf.com/goods.php?detail/165011580515" "Mozilla/5.0 AppleWebKit/537.36 (KHTML, like Gecko; compatible; GPTBot/1.3; +https://openai.com/gptbot)"
74.7.227.134 - - [04/Mar/2026:06:21:46 -0600] "GET /goods.php?detail/0070016238863 HTTP/1.1" 404 16 "https://www.nassaugolf.com" "Mozilla/5.0 AppleWebKit/537.36 (KHTML, like Gecko; compatible; GPTBot/1.3; +https://openai.com/gptbot)"
74.7.227.41 - - [04/Mar/2026:06:21:47 -0600] "GET /goods.php?detail/02702125587140 HTTP/1.1" 404 16 "https://www.nassaugolf.com/goods.php?detail/038046240303" "Mozilla/5.0 AppleWebKit/537.36 (KHTML, like Gecko; compatible; GPTBot/1.3; +https://openai.com/gptbot)"
57.141.6.31 - - [04/Mar/2026:06:21:47 -0600] "GET /search/021407472522eec/feed/rss2/ HTTP/1.1" 404 - "-" "meta-externalagent/1.1 (+https://developers.facebook.com/docs/sharing/webmasters/crawler)"
74.7.227.134 - - [04/Mar/2026:06:21:47 -0600] "GET /goods.php?detail/2850188570605 HTTP/1.1" 404 16 "https://www.nassaugolf.com" "Mozilla/5.0 AppleWebKit/537.36 (KHTML, like Gecko; compatible; GPTBot/1.3; +https://openai.com/gptbot)"
74.7.227.41 - - [04/Mar/2026:06:21:47 -0600] "GET /goods.php?detail/20801394904938 HTTP/1.1" 404 16 "https://www.nassaugolf.com/goods.php?detail/208007508724" "Mozilla/5.0 AppleWebKit/537.36 (KHTML, like Gecko; compatible; GPTBot/1.3; +https://openai.com/gptbot)"
57.141.6.68 - - [04/Mar/2026:06:21:47 -0600] "GET /?s=0916595267c4fc5 HTTP/1.1" 200 53879 "-" "meta-externalagent/1.1 (+https://developers.facebook.com/docs/sharing/webmasters/crawler)"
74.7.227.134 - - [04/Mar/2026:06:21:47 -0600] "GET /goods.php?detail/2830285603305 HTTP/1.1" 404 16 "https://www.nassaugolf.com" "Mozilla/5.0 AppleWebKit/537.36 (KHTML, like Gecko; compatible; GPTBot/1.3; +https://openai.com/gptbot)"
74.7.227.41 - - [04/Mar/2026:06:21:48 -0600] "GET /goods.php?detail/00200497615605 HTTP/1.1" 404 16 "https://www.nassaugolf.com/goods.php?detail/002034451445" "Mozilla/5.0 AppleWebKit/537.36 (KHTML, like Gecko; compatible; GPTBot/1.3; +https://openai.com/gptbot)"
57.141.6.7 - - [04/Mar/2026:06:21:48 -0600] "GET /?s=0050025198b775 HTTP/1.1" 200 53879 "-" "meta-externalagent/1.1 (+https://developers.facebook.com/docs/sharing/webmasters/crawler)"
74.7.227.134 - - [04/Mar/2026:06:21:48 -0600] "GET /goods.php?detail/1060202480809 HTTP/1.1" 404 16 "https://nassaugolf.com/goods.php?detail/106022510731" "Mozilla/5.0 AppleWebKit/537.36 (KHTML, like Gecko; compatible; GPTBot/1.3; +https://openai.com/gptbot)"
40.77.167.247 - - [04/Mar/2026:06:21:48 -0600] "GET /?y=3561231157 HTTP/1.1" 200 53879 "-" "Mozilla/5.0 AppleWebKit/537.36 (KHTML, like Gecko; compatible; bingbot/2.0; +http://www.bing.com/bingbot.htm) Chrome/116.0.1938.76 Safari/537.36"
74.7.227.41 - - [04/Mar/2026:06:21:48 -0600] "GET /goods.php?detail/13701306809791 HTTP/1.1" 404 16 "https://www.nassaugolf.com/goods.php?detail/137007372974" "Mozilla/5.0 AppleWebKit/537.36 (KHTML, like Gecko; compatible; GPTBot/1.3; +https://openai.com/gptbot)"
74.7.227.134 - - [04/Mar/2026:06:21:48 -0600] "GET /goods.php?detail/2710228927867 HTTP/1.1" 404 16 "https://nassaugolf.com/goods.php?detail/283049701938" "Mozilla/5.0 AppleWebKit/537.36 (KHTML, like Gecko; compatible; GPTBot/1.3; +https://openai.com/gptbot)"
57.141.6.45 - - [04/Mar/2026:06:21:48 -0600] "GET /?s=1822753418dd770 HTTP/1.1" 200 53879 "-" "meta-externalagent/1.1 (+https://developers.facebook.com/docs/sharing/webmasters/crawler)"
74.7.227.41 - - [04/Mar/2026:06:21:49 -0600] "GET /goods.php?detail/24200243639095 HTTP/1.1" 404 16 "https://www.nassaugolf.com/goods.php?detail/242026036828" "Mozilla/5.0 AppleWebKit/537.36 (KHTML, like Gecko; compatible; GPTBot/1.3; +https://openai.com/gptbot)"
74.7.227.134 - - [04/Mar/2026:06:21:49 -0600] "GET /goods.php?detail/0060107342422 HTTP/1.1" 404 16 "https://www.nassaugolf.com" "Mozilla/5.0 AppleWebKit/537.36 (KHTML, like Gecko; compatible; GPTBot/1.3; +https://openai.com/gptbot)"
57.141.6.26 - - [04/Mar/2026:06:21:49 -0600] "GET /detail/646009009 HTTP/1.1" 404 - "-" "meta-externalagent/1.1 (+https://developers.facebook.com/docs/sharing/webmasters/crawler)"
74.7.227.41 - - [04/Mar/2026:06:21:49 -0600] "GET /goods.php?detail/25101573345712 HTTP/1.1" 404 16 "https://www.nassaugolf.com/goods.php?jp/162000829.html" "Mozilla/5.0 AppleWebKit/537.36 (KHTML, like Gecko; compatible; GPTBot/1.3; +https://openai.com/gptbot)"
74.7.227.134 - - [04/Mar/2026:06:21:49 -0600] "GET /goods.php?detail/0080022945972 HTTP/1.1" 404 16 "https://nassaugolf.com/goods.php?detail/008004440397" "Mozilla/5.0 AppleWebKit/537.36 (KHTML, like Gecko; compatible; GPTBot/1.3; +https://openai.com/gptbot)"
57.141.6.49 - - [04/Mar/2026:06:21:49 -0600] "GET /?s=0217836728900a9 HTTP/1.1" 200 53879 "-" "meta-externalagent/1.1 (+https://developers.facebook.com/docs/sharing/webmasters/crawler)"
74.7.227.41 - - [04/Mar/2026:06:21:50 -0600] "GET /goods.php?detail/01501357023661 HTTP/1.1" 404 16 "https://www.nassaugolf.com/goods.php?detail/115009654040" "Mozilla/5.0 AppleWebKit/537.36 (KHTML, like Gecko; compatible; GPTBot/1.3; +https://openai.com/gptbot)"
57.141.6.6 - - [04/Mar/2026:06:21:50 -0600] "GET /detail/852881350 HTTP/1.1" 404 - "-" "meta-externalagent/1.1 (+https://developers.facebook.com/docs/sharing/webmasters/crawler)"
74.7.227.134 - - [04/Mar/2026:06:21:50 -0600] "GET /goods.php?detail/0480245293002 HTTP/1.1" 404 16 "https://nassaugolf.com/goods.php?detail/125002495249" "Mozilla/5.0 AppleWebKit/537.36 (KHTML, like Gecko; compatible; GPTBot/1.3; +https://openai.com/gptbot)"
74.7.227.41 - - [04/Mar/2026:06:21:50 -0600] "GET /goods.php?detail/00700374418209 HTTP/1.1" 404 16 "https://www.nassaugolf.com/goods.php?detail/007047545544" "Mozilla/5.0 AppleWebKit/537.36 (KHTML, like Gecko; compatible; GPTBot/1.3; +https://openai.com/gptbot)"
57.141.6.34 - - [04/Mar/2026:06:21:50 -0600] "GET /search/16447804b070a7/feed/rss2/ HTTP/1.1" 404 - "-" "meta-externalagent/1.1 (+https://developers.facebook.com/docs/sharing/webmasters/crawler)"
57.141.6.11 - - [04/Mar/2026:06:21:50 -0600] "GET /search/086538355695ee/feed/rss2/ HTTP/1.1" 404 - "-" "meta-externalagent/1.1 (+https://developers.facebook.com/docs/sharing/webmasters/crawler)"
74.7.227.134 - - [04/Mar/2026:06:21:51 -0600] "GET /goods.php?detail/2440197110445 HTTP/1.1" 404 16 "https://www.nassaugolf.com" "Mozilla/5.0 AppleWebKit/537.36 (KHTML, like Gecko; compatible; GPTBot/1.3; +https://openai.com/gptbot)"
74.7.227.41 - - [04/Mar/2026:06:21:51 -0600] "GET /goods.php?detail/25800324720345 HTTP/1.1" 404 16 "https://www.nassaugolf.com/goods.php?detail/2580379987603" "Mozilla/5.0 AppleWebKit/537.36 (KHTML, like Gecko; compatible; GPTBot/1.3; +https://openai.com/gptbot)"
57.141.6.37 - - [04/Mar/2026:06:21:51 -0600] "GET /search/11211937915ac77/feed/rss2/ HTTP/1.1" 404 - "-" "meta-externalagent/1.1 (+https://developers.facebook.com/docs/sharing/webmasters/crawler)"
74.7.227.134 - - [04/Mar/2026:06:21:51 -0600] "GET /goods.php?detail/2030095033884 HTTP/1.1" 404 16 "https://nassaugolf.com/goods.php?goods/203010580" "Mozilla/5.0 AppleWebKit/537.36 (KHTML, like Gecko; compatible; GPTBot/1.3; +https://openai.com/gptbot)"
74.7.227.41 - - [04/Mar/2026:06:21:51 -0600] "GET /goods.php?detail/19701480489402 HTTP/1.1" 404 16 "https://www.nassaugolf.com/goods.php?detail/0960081935900" "Mozilla/5.0 AppleWebKit/537.36 (KHTML, like Gecko; compatible; GPTBot/1.3; +https://openai.com/gptbot)"
74.7.227.134 - - [04/Mar/2026:06:21:52 -0600] "GET /goods.php?detail/0320060671802 HTTP/1.1" 404 16 "https://nassaugolf.com/goods.php?detail/250030503118" "Mozilla/5.0 AppleWebKit/537.36 (KHTML, like Gecko; compatible; GPTBot/1.3; +https://openai.com/gptbot)"
74.7.227.41 - - [04/Mar/2026:06:21:52 -0600] "GET /goods.php?detail/07300857387112 HTTP/1.1" 404 16 "https://www.nassaugolf.com/goods.php?detail/0730032702024" "Mozilla/5.0 AppleWebKit/537.36 (KHTML, like Gecko; compatible; GPTBot/1.3; +https://openai.com/gptbot)"
57.141.6.30 - - [04/Mar/2026:06:21:52 -0600] "GET /detail/857642580 HTTP/1.1" 404 - "-" "meta-externalagent/1.1 (+https://developers.facebook.com/docs/sharing/webmasters/crawler)"
57.141.6.9 - - [04/Mar/2026:06:21:52 -0600] "GET /detail/607681958 HTTP/1.1" 404 - "-" "meta-externalagent/1.1 (+https://developers.facebook.com/docs/sharing/webmasters/crawler)"
74.7.227.134 - - [04/Mar/2026:06:21:52 -0600] "GET /goods.php?detail/2840038964080 HTTP/1.1" 404 16 "https://nassaugolf.com/goods.php?detail/284006285862" "Mozilla/5.0 AppleWebKit/537.36 (KHTML, like Gecko; compatible; GPTBot/1.3; +https://openai.com/gptbot)"
74.7.227.41 - - [04/Mar/2026:06:21:52 -0600] "GET /goods.php?detail/09200769876487 HTTP/1.1" 404 16 "https://www.nassaugolf.com/goods.php?detail/240011201896" "Mozilla/5.0 AppleWebKit/537.36 (KHTML, like Gecko; compatible; GPTBot/1.3; +https://openai.com/gptbot)"
57.141.6.35 - - [04/Mar/2026:06:21:53 -0600] "GET /search/0814868146b6575/feed/rss2/ HTTP/1.1" 404 - "-" "meta-externalagent/1.1 (+https://developers.facebook.com/docs/sharing/webmasters/crawler)"
74.7.227.134 - - [04/Mar/2026:06:21:53 -0600] "GET /goods.php?detail/0790070379685 HTTP/1.1" 404 16 "https://nassaugolf.com/goods.php?goods/117045883" "Mozilla/5.0 AppleWebKit/537.36 (KHTML, like Gecko; compatible; GPTBot/1.3; +https://openai.com/gptbot)"
74.7.227.41 - - [04/Mar/2026:06:21:53 -0600] "GET /goods.php?detail/20300286973287 HTTP/1.1" 404 16 "https://www.nassaugolf.com/goods.php?detail/203000307703" "Mozilla/5.0 AppleWebKit/537.36 (KHTML, like Gecko; compatible; GPTBot/1.3; +https://openai.com/gptbot)"
74.7.227.134 - - [04/Mar/2026:06:21:53 -0600] "GET /goods.php?detail/2010161974716 HTTP/1.1" 404 16 "https://nassaugolf.com/goods.php?detail/2010162582808" "Mozilla/5.0 AppleWebKit/537.36 (KHTML, like Gecko; compatible; GPTBot/1.3; +https://openai.com/gptbot)"
74.7.227.41 - - [04/Mar/2026:06:21:53 -0600] "GET /goods.php?detail/03604316349749 HTTP/1.1" 404 16 "https://www.nassaugolf.com/goods.php?detail/125024260862" "Mozilla/5.0 AppleWebKit/537.36 (KHTML, like Gecko; compatible; GPTBot/1.3; +https://openai.com/gptbot)"
57.141.6.71 - - [04/Mar/2026:06:21:53 -0600] "GET /search/13193359979651d/feed/rss2/ HTTP/1.1" 404 - "-" "meta-externalagent/1.1 (+https://developers.facebook.com/docs/sharing/webmasters/crawler)"
57.141.6.27 - - [04/Mar/2026:06:21:54 -0600] "GET /detail/100485478 HTTP/1.1" 404 - "-" "meta-externalagent/1.1 (+https://developers.facebook.com/docs/sharing/webmasters/crawler)"
74.7.227.134 - - [04/Mar/2026:06:21:54 -0600] "GET /goods.php?detail/2500144170057 HTTP/1.1" 404 16 "https://www.nassaugolf.com" "Mozilla/5.0 AppleWebKit/537.36 (KHTML, like Gecko; compatible; GPTBot/1.3; +https://openai.com/gptbot)"
74.7.227.41 - - [04/Mar/2026:06:21:54 -0600] "GET /goods.php?detail/10801895227980 HTTP/1.1" 404 16 "https://www.nassaugolf.com/goods.php?detail/108018467101" "Mozilla/5.0 AppleWebKit/537.36 (KHTML, like Gecko; compatible; GPTBot/1.3; +https://openai.com/gptbot)"
74.7.227.134 - - [04/Mar/2026:06:21:54 -0600] "GET /goods.php?detail/1380014767477 HTTP/1.1" 404 16 "https://www.nassaugolf.com" "Mozilla/5.0 AppleWebKit/537.36 (KHTML, like Gecko; compatible; GPTBot/1.3; +https://openai.com/gptbot)"
57.141.6.31 - - [04/Mar/2026:06:21:54 -0600] "GET /?s=0456530686d941 HTTP/1.1" 200 53879 "-" "meta-externalagent/1.1 (+https://developers.facebook.com/docs/sharing/webmasters/crawler)"
74.7.227.41 - - [04/Mar/2026:06:21:54 -0600] "GET /goods.php?detail/19104804519503 HTTP/1.1" 404 16 "https://www.nassaugolf.com/goods.php?detail/105003910799" "Mozilla/5.0 AppleWebKit/537.36 (KHTML, like Gecko; compatible; GPTBot/1.3; +https://openai.com/gptbot)"
57.141.6.6 - - [04/Mar/2026:06:21:54 -0600] "GET /search/04109460715b50f/feed/rss2/ HTTP/1.1" 404 - "-" "meta-externalagent/1.1 (+https://developers.facebook.com/docs/sharing/webmasters/crawler)"
114.119.133.120 - - [04/Mar/2026:06:21:55 -0600] "GET /dessert/q19?pid=9685 HTTP/1.1" 404 - "https://nassaugolf.com/sitemap498.xml" "Mozilla/5.0 (Linux; Android 7.0;) AppleWebKit/537.36 (KHTML, like Gecko) Mobile Safari/537.36 (compatible; PetalBot;+https://webmaster.petalsearch.com/site/petalbot)"
74.7.227.134 - - [04/Mar/2026:06:21:55 -0600] "GET /goods.php?detail/0380180434607 HTTP/1.1" 404 16 "https://nassaugolf.com/goods.php?detail/038015057070" "Mozilla/5.0 AppleWebKit/537.36 (KHTML, like Gecko; compatible; GPTBot/1.3; +https://openai.com/gptbot)"
74.7.227.41 - - [04/Mar/2026:06:21:55 -0600] "GET /goods.php?detail/09103432088943 HTTP/1.1" 404 16 "https://www.nassaugolf.com/goods.php?detail/273000447846" "Mozilla/5.0 AppleWebKit/537.36 (KHTML, like Gecko; compatible; GPTBot/1.3; +https://openai.com/gptbot)"
74.7.227.134 - - [04/Mar/2026:06:21:55 -0600] "GET /goods.php?detail/0720103075065 HTTP/1.1" 404 16 "https://www.nassaugolf.com" "Mozilla/5.0 AppleWebKit/537.36 (KHTML, like Gecko; compatible; GPTBot/1.3; +https://openai.com/gptbot)"
51.75.236.155 - - [04/Mar/2026:06:21:55 -0600] "GET /?fileloc=//lib64/libwebpdecoder.so&path=//lib64 HTTP/1.1" 200 383426 "-" "Mozilla/5.0 (compatible; AhrefsBot/7.0; +http://ahrefs.com/robot/)"
57.141.6.69 - - [04/Mar/2026:06:21:56 -0600] "GET /search/091402977854ae6/feed/rss2/ HTTP/1.1" 404 - "-" "meta-externalagent/1.1 (+https://developers.facebook.com/docs/sharing/webmasters/crawler)"
74.7.227.41 - - [04/Mar/2026:06:21:56 -0600] "GET /goods.php?detail/07401750674691 HTTP/1.1" 404 16 "https://www.nassaugolf.com/goods.php?detail/074018008405" "Mozilla/5.0 AppleWebKit/537.36 (KHTML, like Gecko; compatible; GPTBot/1.3; +https://openai.com/gptbot)"
57.141.6.47 - - [04/Mar/2026:06:21:56 -0600] "GET /prize/8858712 HTTP/1.1" 404 - "-" "meta-externalagent/1.1 (+https://developers.facebook.com/docs/sharing/webmasters/crawler)"
74.7.227.134 - - [04/Mar/2026:06:21:56 -0600] "GET /goods.php?detail/1880027724824 HTTP/1.1" 404 16 "https://nassaugolf.com/goods.php?detail/188022167787" "Mozilla/5.0 AppleWebKit/537.36 (KHTML, like Gecko; compatible; GPTBot/1.3; +https://openai.com/gptbot)"
74.7.227.41 - - [04/Mar/2026:06:21:56 -0600] "GET /goods.php?detail/02800208936401 HTTP/1.1" 404 16 "https://www.nassaugolf.com/goods.php?detail/072002251150" "Mozilla/5.0 AppleWebKit/537.36 (KHTML, like Gecko; compatible; GPTBot/1.3; +https://openai.com/gptbot)"
57.141.6.49 - - [04/Mar/2026:06:21:56 -0600] "GET /detail/816696594 HTTP/1.1" 404 - "-" "meta-externalagent/1.1 (+https://developers.facebook.com/docs/sharing/webmasters/crawler)"
74.7.227.134 - - [04/Mar/2026:06:21:56 -0600] "GET /goods.php?detail/0010033148632 HTTP/1.1" 404 16 "https://nassaugolf.com/goods.php?detail/0010031878500" "Mozilla/5.0 AppleWebKit/537.36 (KHTML, like Gecko; compatible; GPTBot/1.3; +https://openai.com/gptbot)"
74.7.227.41 - - [04/Mar/2026:06:21:57 -0600] "GET /goods.php?detail/02102380113684 HTTP/1.1" 404 16 "https://www.nassaugolf.com/goods.php?detail/135026188788" "Mozilla/5.0 AppleWebKit/537.36 (KHTML, like Gecko; compatible; GPTBot/1.3; +https://openai.com/gptbot)"
74.7.227.134 - - [04/Mar/2026:06:21:57 -0600] "GET /goods.php?detail/1160467064242 HTTP/1.1" 404 16 "https://www.nassaugolf.com" "Mozilla/5.0 AppleWebKit/537.36 (KHTML, like Gecko; compatible; GPTBot/1.3; +https://openai.com/gptbot)"
74.7.227.41 - - [04/Mar/2026:06:21:57 -0600] "GET /goods.php?detail/06800277168283 HTTP/1.1" 404 16 "https://www.nassaugolf.com/goods.php?detail/068029785763" "Mozilla/5.0 AppleWebKit/537.36 (KHTML, like Gecko; compatible; GPTBot/1.3; +https://openai.com/gptbot)"
57.141.6.12 - - [04/Mar/2026:06:21:57 -0600] "GET /?s=09205797514df89 HTTP/1.1" 200 53879 "-" "meta-externalagent/1.1 (+https://developers.facebook.com/docs/sharing/webmasters/crawler)"
57.141.6.32 - - [04/Mar/2026:06:21:57 -0600] "GET /search/042451157463162/feed/rss2/ HTTP/1.1" 404 - "-" "meta-externalagent/1.1 (+https://developers.facebook.com/docs/sharing/webmasters/crawler)"
74.7.227.134 - - [04/Mar/2026:06:21:57 -0600] "GET /goods.php?detail/0480402992606 HTTP/1.1" 404 16 "https://nassaugolf.com/goods.php?detail/023000537702" "Mozilla/5.0 AppleWebKit/537.36 (KHTML, like Gecko; compatible; GPTBot/1.3; +https://openai.com/gptbot)"
74.7.227.41 - - [04/Mar/2026:06:21:58 -0600] "GET /goods.php?detail/09800456645975 HTTP/1.1" 404 16 "https://www.nassaugolf.com/goods.php?detail/098008925505" "Mozilla/5.0 AppleWebKit/537.36 (KHTML, like Gecko; compatible; GPTBot/1.3; +https://openai.com/gptbot)"
57.141.6.32 - - [04/Mar/2026:06:21:58 -0600] "GET /?s=04290575265af0 HTTP/1.1" 200 53879 "-" "meta-externalagent/1.1 (+https://developers.facebook.com/docs/sharing/webmasters/crawler)"
74.7.227.134 - - [04/Mar/2026:06:21:58 -0600] "GET /goods.php?detail/1080117173502 HTTP/1.1" 404 16 "https://nassaugolf.com/goods.php?detail/108016651051" "Mozilla/5.0 AppleWebKit/537.36 (KHTML, like Gecko; compatible; GPTBot/1.3; +https://openai.com/gptbot)"
74.7.227.41 - - [04/Mar/2026:06:21:58 -0600] "GET /goods.php?detail/17902347177574 HTTP/1.1" 404 16 "https://www.nassaugolf.com/goods.php?detail/179038293579" "Mozilla/5.0 AppleWebKit/537.36 (KHTML, like Gecko; compatible; GPTBot/1.3; +https://openai.com/gptbot)"
57.141.6.65 - - [04/Mar/2026:06:21:58 -0600] "GET /?s=04201102007e880 HTTP/1.1" 200 53879 "-" "meta-externalagent/1.1 (+https://developers.facebook.com/docs/sharing/webmasters/crawler)"
74.7.227.134 - - [04/Mar/2026:06:21:59 -0600] "GET /goods.php?detail/1490291297947 HTTP/1.1" 404 16 "https://nassaugolf.com/goods.php?detail/066000345884" "Mozilla/5.0 AppleWebKit/537.36 (KHTML, like Gecko; compatible; GPTBot/1.3; +https://openai.com/gptbot)"
57.141.6.53 - - [04/Mar/2026:06:21:59 -0600] "GET /search/1124176507945fc/feed/rss2/ HTTP/1.1" 404 - "-" "meta-externalagent/1.1 (+https://developers.facebook.com/docs/sharing/webmasters/crawler)"
114.119.158.157 - - [04/Mar/2026:06:21:59 -0600] "GET /demographic/z177?pid=45299 HTTP/1.1" 404 - "https://nassaugolf.com/sitemap530.xml" "Mozilla/5.0 (Linux; Android 7.0;) AppleWebKit/537.36 (KHTML, like Gecko) Mobile Safari/537.36 (compatible; PetalBot;+https://webmaster.petalsearch.com/site/petalbot)"
74.7.227.41 - - [04/Mar/2026:06:21:59 -0600] "GET /goods.php?detail/20500182323891 HTTP/1.1" 404 16 "https://www.nassaugolf.com/goods.php?detail/205007521711" "Mozilla/5.0 AppleWebKit/537.36 (KHTML, like Gecko; compatible; GPTBot/1.3; +https://openai.com/gptbot)"
74.7.227.134 - - [04/Mar/2026:06:21:59 -0600] "GET /goods.php?detail/0210042948006 HTTP/1.1" 404 16 "https://www.nassaugolf.com" "Mozilla/5.0 AppleWebKit/537.36 (KHTML, like Gecko; compatible; GPTBot/1.3; +https://openai.com/gptbot)"
74.7.227.41 - - [04/Mar/2026:06:21:59 -0600] "GET /goods.php?detail/29701649011072 HTTP/1.1" 404 16 "https://www.nassaugolf.com/goods.php?detail/297023791987" "Mozilla/5.0 AppleWebKit/537.36 (KHTML, like Gecko; compatible; GPTBot/1.3; +https://openai.com/gptbot)"
57.141.6.8 - - [04/Mar/2026:06:21:59 -0600] "GET /search/1213575415bcf47/feed/rss2/ HTTP/1.1" 404 - "-" "meta-externalagent/1.1 (+https://developers.facebook.com/docs/sharing/webmasters/crawler)"
74.7.227.134 - - [04/Mar/2026:06:22:00 -0600] "GET /goods.php?detail/0590370331470 HTTP/1.1" 404 16 "https://www.nassaugolf.com" "Mozilla/5.0 AppleWebKit/537.36 (KHTML, like Gecko; compatible; GPTBot/1.3; +https://openai.com/gptbot)"
57.141.6.3 - - [04/Mar/2026:06:22:00 -0600] "GET /prize/18450512 HTTP/1.1" 404 - "-" "meta-externalagent/1.1 (+https://developers.facebook.com/docs/sharing/webmasters/crawler)"
74.7.227.41 - - [04/Mar/2026:06:22:00 -0600] "GET /goods.php?detail/04703473683854 HTTP/1.1" 404 16 "https://www.nassaugolf.com/goods.php?detail/127011922766" "Mozilla/5.0 AppleWebKit/537.36 (KHTML, like Gecko; compatible; GPTBot/1.3; +https://openai.com/gptbot)"
74.7.227.134 - - [04/Mar/2026:06:22:00 -0600] "GET /goods.php?detail/2020331820097 HTTP/1.1" 404 16 "https://nassaugolf.com/goods.php?detail/257024543191" "Mozilla/5.0 AppleWebKit/537.36 (KHTML, like Gecko; compatible; GPTBot/1.3; +https://openai.com/gptbot)"
74.7.227.41 - - [04/Mar/2026:06:22:00 -0600] "GET /goods.php?detail/25501176414119 HTTP/1.1" 404 16 "https://www.nassaugolf.com/goods.php?detail/255042216705" "Mozilla/5.0 AppleWebKit/537.36 (KHTML, like Gecko; compatible; GPTBot/1.3; +https://openai.com/gptbot)"
57.141.6.63 - - [04/Mar/2026:06:22:00 -0600] "GET /?y=636470480 HTTP/1.1" 200 53879 "-" "meta-externalagent/1.1 (+https://developers.facebook.com/docs/sharing/webmasters/crawler)"
74.7.227.134 - - [04/Mar/2026:06:22:01 -0600] "GET /goods.php?detail/0540013024601 HTTP/1.1" 404 16 "https://nassaugolf.com/goods.php?detail/054028355075" "Mozilla/5.0 AppleWebKit/537.36 (KHTML, like Gecko; compatible; GPTBot/1.3; +https://openai.com/gptbot)"
57.141.6.37 - - [04/Mar/2026:06:22:01 -0600] "GET /search/051726178594310/feed/rss2/ HTTP/1.1" 404 - "-" "meta-externalagent/1.1 (+https://developers.facebook.com/docs/sharing/webmasters/crawler)"
74.7.227.41 - - [04/Mar/2026:06:22:01 -0600] "GET /goods.php?detail/27200670883834 HTTP/1.1" 404 16 "https://www.nassaugolf.com/goods.php?detail/2970137044973" "Mozilla/5.0 AppleWebKit/537.36 (KHTML, like Gecko; compatible; GPTBot/1.3; +https://openai.com/gptbot)"
74.7.227.134 - - [04/Mar/2026:06:22:01 -0600] "GET /goods.php?detail/1800171176598 HTTP/1.1" 404 16 "https://www.nassaugolf.com" "Mozilla/5.0 AppleWebKit/537.36 (KHTML, like Gecko; compatible; GPTBot/1.3; +https://openai.com/gptbot)"
57.141.6.21 - - [04/Mar/2026:06:22:01 -0600] "GET /search/082162699fbe575/feed/rss2/ HTTP/1.1" 404 - "-" "meta-externalagent/1.1 (+https://developers.facebook.com/docs/sharing/webmasters/crawler)"
74.7.227.41 - - [04/Mar/2026:06:22:01 -0600] "GET /goods.php?detail/26804741944124 HTTP/1.1" 404 16 "https://www.nassaugolf.com/goods.php?detail/259045438994" "Mozilla/5.0 AppleWebKit/537.36 (KHTML, like Gecko; compatible; GPTBot/1.3; +https://openai.com/gptbot)"
57.141.6.36 - - [04/Mar/2026:06:22:01 -0600] "GET /search/012412426c4fb4f/feed/rss2/ HTTP/1.1" 404 - "-" "meta-externalagent/1.1 (+https://developers.facebook.com/docs/sharing/webmasters/crawler)"
74.7.227.134 - - [04/Mar/2026:06:22:02 -0600] "GET /goods.php?detail/0750109028095 HTTP/1.1" 404 16 "https://nassaugolf.com/goods.php?detail/075028585638" "Mozilla/5.0 AppleWebKit/537.36 (KHTML, like Gecko; compatible; GPTBot/1.3; +https://openai.com/gptbot)"
74.7.227.41 - - [04/Mar/2026:06:22:02 -0600] "GET /goods.php?detail/15603966166875 HTTP/1.1" 404 16 "https://www.nassaugolf.com/goods.php?detail/156029871690" "Mozilla/5.0 AppleWebKit/537.36 (KHTML, like Gecko; compatible; GPTBot/1.3; +https://openai.com/gptbot)"
74.7.227.134 - - [04/Mar/2026:06:22:02 -0600] "GET /goods.php?detail/0040261430065 HTTP/1.1" 404 16 "https://nassaugolf.com/goods.php?detail/152029392302" "Mozilla/5.0 AppleWebKit/537.36 (KHTML, like Gecko; compatible; GPTBot/1.3; +https://openai.com/gptbot)"
57.141.6.8 - - [04/Mar/2026:06:22:02 -0600] "GET /search/03228947918fe93/feed/rss2/ HTTP/1.1" 404 - "-" "meta-externalagent/1.1 (+https://developers.facebook.com/docs/sharing/webmasters/crawler)"
74.7.227.41 - - [04/Mar/2026:06:22:02 -0600] "GET /goods.php?detail/14400524752621 HTTP/1.1" 404 16 "https://www.nassaugolf.com/goods.php?jp/144007583.html" "Mozilla/5.0 AppleWebKit/537.36 (KHTML, like Gecko; compatible; GPTBot/1.3; +https://openai.com/gptbot)"
74.7.227.134 - - [04/Mar/2026:06:22:03 -0600] "GET /goods.php?detail/2720204601205 HTTP/1.1" 404 16 "https://www.nassaugolf.com" "Mozilla/5.0 AppleWebKit/537.36 (KHTML, like Gecko; compatible; GPTBot/1.3; +https://openai.com/gptbot)"
74.7.227.41 - - [04/Mar/2026:06:22:03 -0600] "GET /goods.php?detail/10601923727230 HTTP/1.1" 404 16 "https://www.nassaugolf.com/goods.php?detail/012008656613" "Mozilla/5.0 AppleWebKit/537.36 (KHTML, like Gecko; compatible; GPTBot/1.3; +https://openai.com/gptbot)"
57.141.6.5 - - [04/Mar/2026:06:22:03 -0600] "GET /search/016961587b0ff1/feed/rss2/ HTTP/1.1" 404 - "-" "meta-externalagent/1.1 (+https://developers.facebook.com/docs/sharing/webmasters/crawler)"
74.7.227.134 - - [04/Mar/2026:06:22:03 -0600] "GET /goods.php?detail/2760147104614 HTTP/1.1" 404 16 "https://www.nassaugolf.com" "Mozilla/5.0 AppleWebKit/537.36 (KHTML, like Gecko; compatible; GPTBot/1.3; +https://openai.com/gptbot)"
74.7.227.41 - - [04/Mar/2026:06:22:03 -0600] "GET /goods.php?detail/15300881097797 HTTP/1.1" 404 16 "https://www.nassaugolf.com/goods.php?detail/171018835913" "Mozilla/5.0 AppleWebKit/537.36 (KHTML, like Gecko; compatible; GPTBot/1.3; +https://openai.com/gptbot)"
57.141.6.28 - - [04/Mar/2026:06:22:03 -0600] "GET /search/01194223f9300/feed/rss2/ HTTP/1.1" 404 - "-" "meta-externalagent/1.1 (+https://developers.facebook.com/docs/sharing/webmasters/crawler)"
57.141.6.44 - - [04/Mar/2026:06:22:04 -0600] "GET /search/01228814a0518/feed/rss2/ HTTP/1.1" 404 - "-" "meta-externalagent/1.1 (+https://developers.facebook.com/docs/sharing/webmasters/crawler)"
74.7.227.134 - - [04/Mar/2026:06:22:04 -0600] "GET /goods.php?detail/1160343135916 HTTP/1.1" 404 16 "https://nassaugolf.com/goods.php?detail/207000114284" "Mozilla/5.0 AppleWebKit/537.36 (KHTML, like Gecko; compatible; GPTBot/1.3; +https://openai.com/gptbot)"
74.7.227.41 - - [04/Mar/2026:06:22:04 -0600] "GET /goods.php?detail/16700615679409 HTTP/1.1" 404 16 "https://www.nassaugolf.com/goods.php?detail/176000272360" "Mozilla/5.0 AppleWebKit/537.36 (KHTML, like Gecko; compatible; GPTBot/1.3; +https://openai.com/gptbot)"
57.141.6.35 - - [04/Mar/2026:06:22:04 -0600] "GET /search/00500542fa0f93/feed/rss2/ HTTP/1.1" 404 - "-" "meta-externalagent/1.1 (+https://developers.facebook.com/docs/sharing/webmasters/crawler)"
74.7.227.134 - - [04/Mar/2026:06:22:04 -0600] "GET /goods.php?detail/0320076367132 HTTP/1.1" 404 16 "https://www.nassaugolf.com" "Mozilla/5.0 AppleWebKit/537.36 (KHTML, like Gecko; compatible; GPTBot/1.3; +https://openai.com/gptbot)"
74.7.227.41 - - [04/Mar/2026:06:22:04 -0600] "GET /goods.php?detail/16601241184159 HTTP/1.1" 404 16 "https://www.nassaugolf.com/goods.php?detail/166003166038" "Mozilla/5.0 AppleWebKit/537.36 (KHTML, like Gecko; compatible; GPTBot/1.3; +https://openai.com/gptbot)"
57.141.6.7 - - [04/Mar/2026:06:22:05 -0600] "GET /search/041415673f8ea77/feed/rss2/ HTTP/1.1" 404 - "-" "meta-externalagent/1.1 (+https://developers.facebook.com/docs/sharing/webmasters/crawler)"
74.7.227.134 - - [04/Mar/2026:06:22:05 -0600] "GET /goods.php?detail/1970170086208 HTTP/1.1" 404 16 "https://www.nassaugolf.com" "Mozilla/5.0 AppleWebKit/537.36 (KHTML, like Gecko; compatible; GPTBot/1.3; +https://openai.com/gptbot)"
74.7.227.41 - - [04/Mar/2026:06:22:05 -0600] "GET /goods.php?detail/11402875244051 HTTP/1.1" 404 16 "https://www.nassaugolf.com/goods.php?detail/114026919702" "Mozilla/5.0 AppleWebKit/537.36 (KHTML, like Gecko; compatible; GPTBot/1.3; +https://openai.com/gptbot)"
57.141.6.28 - - [04/Mar/2026:06:22:05 -0600] "GET /search/071556253bab27/feed/rss2/ HTTP/1.1" 404 - "-" "meta-externalagent/1.1 (+https://developers.facebook.com/docs/sharing/webmasters/crawler)"
74.7.227.134 - - [04/Mar/2026:06:22:05 -0600] "GET /goods.php?detail/0690163709737 HTTP/1.1" 404 16 "https://nassaugolf.com/goods.php?detail/2990180720902" "Mozilla/5.0 AppleWebKit/537.36 (KHTML, like Gecko; compatible; GPTBot/1.3; +https://openai.com/gptbot)"
74.7.227.41 - - [04/Mar/2026:06:22:05 -0600] "GET /goods.php?detail/02002596941300 HTTP/1.1" 404 16 "https://www.nassaugolf.com/goods.php?detail/020048116046" "Mozilla/5.0 AppleWebKit/537.36 (KHTML, like Gecko; compatible; GPTBot/1.3; +https://openai.com/gptbot)"
57.141.6.54 - - [04/Mar/2026:06:22:06 -0600] "GET /search/09115973816d1e5/feed/rss2/ HTTP/1.1" 404 - "-" "meta-externalagent/1.1 (+https://developers.facebook.com/docs/sharing/webmasters/crawler)"
74.7.227.134 - - [04/Mar/2026:06:22:06 -0600] "GET /goods.php?detail/2680021426684 HTTP/1.1" 404 16 "https://nassaugolf.com/goods.php?detail/268015619886" "Mozilla/5.0 AppleWebKit/537.36 (KHTML, like Gecko; compatible; GPTBot/1.3; +https://openai.com/gptbot)"
74.7.227.41 - - [04/Mar/2026:06:22:06 -0600] "GET /goods.php?detail/12204524638622 HTTP/1.1" 404 16 "https://www.nassaugolf.com/goods.php?detail/010013047939" "Mozilla/5.0 AppleWebKit/537.36 (KHTML, like Gecko; compatible; GPTBot/1.3; +https://openai.com/gptbot)"
74.7.227.134 - - [04/Mar/2026:06:22:06 -0600] "GET /goods.php?detail/1820181330325 HTTP/1.1" 404 16 "https://www.nassaugolf.com" "Mozilla/5.0 AppleWebKit/537.36 (KHTML, like Gecko; compatible; GPTBot/1.3; +https://openai.com/gptbot)"
74.7.227.41 - - [04/Mar/2026:06:22:07 -0600] "GET /goods.php?detail/22404388986904 HTTP/1.1" 404 16 "https://www.nassaugolf.com/goods.php?goods/014026340" "Mozilla/5.0 AppleWebKit/537.36 (KHTML, like Gecko; compatible; GPTBot/1.3; +https://openai.com/gptbot)"
57.141.6.38 - - [04/Mar/2026:06:22:07 -0600] "GET /search/001940615247d49/feed/rss2/ HTTP/1.1" 404 - "-" "meta-externalagent/1.1 (+https://developers.facebook.com/docs/sharing/webmasters/crawler)"
57.141.6.14 - - [04/Mar/2026:06:22:07 -0600] "GET /?s=181489451c0ccd2 HTTP/1.1" 200 53879 "-" "meta-externalagent/1.1 (+https://developers.facebook.com/docs/sharing/webmasters/crawler)"
74.7.227.134 - - [04/Mar/2026:06:22:07 -0600] "GET /goods.php?detail/1070013101852 HTTP/1.1" 404 16 "https://nassaugolf.com/goods.php?detail/107027156584" "Mozilla/5.0 AppleWebKit/537.36 (KHTML, like Gecko; compatible; GPTBot/1.3; +https://openai.com/gptbot)"
57.141.6.11 - - [04/Mar/2026:06:22:07 -0600] "GET /search/1862833967dab8/feed/rss2/ HTTP/1.1" 404 - "-" "meta-externalagent/1.1 (+https://developers.facebook.com/docs/sharing/webmasters/crawler)"
74.7.227.41 - - [04/Mar/2026:06:22:07 -0600] "GET /goods.php?detail/14402862891194 HTTP/1.1" 404 16 "https://www.nassaugolf.com/goods.php?detail/070007335638" "Mozilla/5.0 AppleWebKit/537.36 (KHTML, like Gecko; compatible; GPTBot/1.3; +https://openai.com/gptbot)"
74.7.227.134 - - [04/Mar/2026:06:22:08 -0600] "GET /goods.php?detail/2500411661003 HTTP/1.1" 404 16 "https://www.nassaugolf.com" "Mozilla/5.0 AppleWebKit/537.36 (KHTML, like Gecko; compatible; GPTBot/1.3; +https://openai.com/gptbot)"
74.7.227.41 - - [04/Mar/2026:06:22:08 -0600] "GET /goods.php?detail/10701436438730 HTTP/1.1" 404 16 "https://www.nassaugolf.com/goods.php?detail/100048300154" "Mozilla/5.0 AppleWebKit/537.36 (KHTML, like Gecko; compatible; GPTBot/1.3; +https://openai.com/gptbot)"
57.141.6.23 - - [04/Mar/2026:06:22:08 -0600] "GET /detail/185551570 HTTP/1.1" 404 - "-" "meta-externalagent/1.1 (+https://developers.facebook.com/docs/sharing/webmasters/crawler)"
74.7.227.134 - - [04/Mar/2026:06:22:08 -0600] "GET /goods.php?detail/0120113395412 HTTP/1.1" 404 16 "https://nassaugolf.com/goods.php?detail/012011668346" "Mozilla/5.0 AppleWebKit/537.36 (KHTML, like Gecko; compatible; GPTBot/1.3; +https://openai.com/gptbot)"
57.141.6.67 - - [04/Mar/2026:06:22:08 -0600] "GET /search/128955078d630c/feed/rss2/ HTTP/1.1" 404 - "-" "meta-externalagent/1.1 (+https://developers.facebook.com/docs/sharing/webmasters/crawler)"
74.7.227.41 - - [04/Mar/2026:06:22:08 -0600] "GET /goods.php?detail/21904013832204 HTTP/1.1" 404 16 "https://www.nassaugolf.com/goods.php?detail/106016108584" "Mozilla/5.0 AppleWebKit/537.36 (KHTML, like Gecko; compatible; GPTBot/1.3; +https://openai.com/gptbot)"
40.77.167.247 - - [04/Mar/2026:06:22:08 -0600] "GET /?y=2266959457 HTTP/1.1" 200 53879 "-" "Mozilla/5.0 AppleWebKit/537.36 (KHTML, like Gecko; compatible; bingbot/2.0; +http://www.bing.com/bingbot.htm) Chrome/116.0.1938.76 Safari/537.36"
74.7.227.134 - - [04/Mar/2026:06:22:09 -0600] "GET /goods.php?detail/1950397399809 HTTP/1.1" 404 16 "https://nassaugolf.com/goods.php?detail/069007572790" "Mozilla/5.0 AppleWebKit/537.36 (KHTML, like Gecko; compatible; GPTBot/1.3; +https://openai.com/gptbot)"
74.7.227.41 - - [04/Mar/2026:06:22:09 -0600] "GET /goods.php?detail/07901757595216 HTTP/1.1" 404 16 "https://www.nassaugolf.com/goods.php?detail/155021911406" "Mozilla/5.0 AppleWebKit/537.36 (KHTML, like Gecko; compatible; GPTBot/1.3; +https://openai.com/gptbot)"
57.141.6.36 - - [04/Mar/2026:06:22:09 -0600] "GET /search/14990398c5f7d1/feed/rss2/ HTTP/1.1" 404 - "-" "meta-externalagent/1.1 (+https://developers.facebook.com/docs/sharing/webmasters/crawler)"
57.141.6.63 - - [04/Mar/2026:06:22:09 -0600] "GET /search/092156509227770/feed/rss2/ HTTP/1.1" 404 - "-" "meta-externalagent/1.1 (+https://developers.facebook.com/docs/sharing/webmasters/crawler)"
74.7.227.134 - - [04/Mar/2026:06:22:09 -0600] "GET /goods.php?detail/0710013106325 HTTP/1.1" 404 16 "https://nassaugolf.com/goods.php?detail/106031419819" "Mozilla/5.0 AppleWebKit/537.36 (KHTML, like Gecko; compatible; GPTBot/1.3; +https://openai.com/gptbot)"
74.7.227.41 - - [04/Mar/2026:06:22:09 -0600] "GET /goods.php?detail/00802681237368 HTTP/1.1" 404 16 "https://www.nassaugolf.com/goods.php?detail/225039272949" "Mozilla/5.0 AppleWebKit/537.36 (KHTML, like Gecko; compatible; GPTBot/1.3; +https://openai.com/gptbot)"
74.7.227.41 - - [04/Mar/2026:06:22:10 -0600] "GET /goods.php?detail/21302495202283 HTTP/1.1" 404 16 "https://www.nassaugolf.com/goods.php?detail/080013913905" "Mozilla/5.0 AppleWebKit/537.36 (KHTML, like Gecko; compatible; GPTBot/1.3; +https://openai.com/gptbot)"
74.7.227.134 - - [04/Mar/2026:06:22:10 -0600] "GET /goods.php?detail/0680028099017 HTTP/1.1" 404 16 "https://nassaugolf.com/goods.php?detail/068002584260" "Mozilla/5.0 AppleWebKit/537.36 (KHTML, like Gecko; compatible; GPTBot/1.3; +https://openai.com/gptbot)"
57.141.6.11 - - [04/Mar/2026:06:22:10 -0600] "GET /search/101578182bc515b/feed/rss2/ HTTP/1.1" 404 - "-" "meta-externalagent/1.1 (+https://developers.facebook.com/docs/sharing/webmasters/crawler)"
57.141.6.66 - - [04/Mar/2026:06:22:10 -0600] "GET /search/051069491e37232/feed/rss2/ HTTP/1.1" 404 - "-" "meta-externalagent/1.1 (+https://developers.facebook.com/docs/sharing/webmasters/crawler)"
74.7.227.41 - - [04/Mar/2026:06:22:10 -0600] "GET /goods.php?detail/02704480294895 HTTP/1.1" 404 16 "https://www.nassaugolf.com/goods.php?detail/0790171851775" "Mozilla/5.0 AppleWebKit/537.36 (KHTML, like Gecko; compatible; GPTBot/1.3; +https://openai.com/gptbot)"
74.7.227.134 - - [04/Mar/2026:06:22:10 -0600] "GET /goods.php?detail/2620056295039 HTTP/1.1" 404 16 "https://nassaugolf.com/goods.php?detail/129011920766" "Mozilla/5.0 AppleWebKit/537.36 (KHTML, like Gecko; compatible; GPTBot/1.3; +https://openai.com/gptbot)"
57.141.6.65 - - [04/Mar/2026:06:22:11 -0600] "GET /detail/432022832 HTTP/1.1" 404 - "-" "meta-externalagent/1.1 (+https://developers.facebook.com/docs/sharing/webmasters/crawler)"
74.7.227.41 - - [04/Mar/2026:06:22:11 -0600] "GET /goods.php?detail/24202073417357 HTTP/1.1" 404 16 "https://www.nassaugolf.com/goods.php?jp/242013551.html" "Mozilla/5.0 AppleWebKit/537.36 (KHTML, like Gecko; compatible; GPTBot/1.3; +https://openai.com/gptbot)"
74.7.227.134 - - [04/Mar/2026:06:22:11 -0600] "GET /goods.php?detail/0350264364650 HTTP/1.1" 404 16 "https://www.nassaugolf.com" "Mozilla/5.0 AppleWebKit/537.36 (KHTML, like Gecko; compatible; GPTBot/1.3; +https://openai.com/gptbot)"
57.141.6.63 - - [04/Mar/2026:06:22:11 -0600] "GET /detail/235696764 HTTP/1.1" 404 - "-" "meta-externalagent/1.1 (+https://developers.facebook.com/docs/sharing/webmasters/crawler)"
74.7.227.41 - - [04/Mar/2026:06:22:11 -0600] "GET /goods.php?detail/24500427695942 HTTP/1.1" 404 16 "https://www.nassaugolf.com/goods.php?detail/190046686119" "Mozilla/5.0 AppleWebKit/537.36 (KHTML, like Gecko; compatible; GPTBot/1.3; +https://openai.com/gptbot)"
74.7.227.134 - - [04/Mar/2026:06:22:11 -0600] "GET /goods.php?detail/0950301057210 HTTP/1.1" 404 16 "https://www.nassaugolf.com" "Mozilla/5.0 AppleWebKit/537.36 (KHTML, like Gecko; compatible; GPTBot/1.3; +https://openai.com/gptbot)"
74.7.227.41 - - [04/Mar/2026:06:22:12 -0600] "GET /goods.php?detail/08004953847100 HTTP/1.1" 404 16 "https://www.nassaugolf.com/goods.php?detail/181023451074" "Mozilla/5.0 AppleWebKit/537.36 (KHTML, like Gecko; compatible; GPTBot/1.3; +https://openai.com/gptbot)"
74.7.227.134 - - [04/Mar/2026:06:22:12 -0600] "GET /goods.php?detail/1720123401081 HTTP/1.1" 404 16 "https://nassaugolf.com/goods.php?detail/172006508866" "Mozilla/5.0 AppleWebKit/537.36 (KHTML, like Gecko; compatible; GPTBot/1.3; +https://openai.com/gptbot)"
57.141.6.52 - - [04/Mar/2026:06:22:12 -0600] "GET /?s=0723703176bb99e HTTP/1.1" 200 53879 "-" "meta-externalagent/1.1 (+https://developers.facebook.com/docs/sharing/webmasters/crawler)"
74.7.227.41 - - [04/Mar/2026:06:22:12 -0600] "GET /goods.php?detail/11301165958187 HTTP/1.1" 404 16 "https://www.nassaugolf.com/goods.php?detail/113002691390" "Mozilla/5.0 AppleWebKit/537.36 (KHTML, like Gecko; compatible; GPTBot/1.3; +https://openai.com/gptbot)"
74.7.227.134 - - [04/Mar/2026:06:22:12 -0600] "GET /goods.php?detail/2150138219198 HTTP/1.1" 404 16 "https://nassaugolf.com/goods.php?detail/215040427655" "Mozilla/5.0 AppleWebKit/537.36 (KHTML, like Gecko; compatible; GPTBot/1.3; +https://openai.com/gptbot)"
57.141.6.1 - - [04/Mar/2026:06:22:12 -0600] "GET /?s=061044554ed91f3 HTTP/1.1" 200 53879 "-" "meta-externalagent/1.1 (+https://developers.facebook.com/docs/sharing/webmasters/crawler)"
74.7.227.41 - - [04/Mar/2026:06:22:13 -0600] "GET /goods.php?detail/01401813577478 HTTP/1.1" 404 16 "https://www.nassaugolf.com/goods.php?detail/146009055067" "Mozilla/5.0 AppleWebKit/537.36 (KHTML, like Gecko; compatible; GPTBot/1.3; +https://openai.com/gptbot)"
57.141.6.74 - - [04/Mar/2026:06:22:13 -0600] "GET /prize/23790612 HTTP/1.1" 404 - "-" "meta-externalagent/1.1 (+https://developers.facebook.com/docs/sharing/webmasters/crawler)"
74.7.227.134 - - [04/Mar/2026:06:22:13 -0600] "GET /goods.php?detail/1090235602120 HTTP/1.1" 404 16 "https://nassaugolf.com/goods.php?detail/296033232574" "Mozilla/5.0 AppleWebKit/537.36 (KHTML, like Gecko; compatible; GPTBot/1.3; +https://openai.com/gptbot)"
57.141.6.53 - - [04/Mar/2026:06:22:13 -0600] "GET /?s=102512570d1eff9 HTTP/1.1" 200 53879 "-" "meta-externalagent/1.1 (+https://developers.facebook.com/docs/sharing/webmasters/crawler)"
74.7.227.41 - - [04/Mar/2026:06:22:13 -0600] "GET /goods.php?detail/25100310325419 HTTP/1.1" 404 16 "https://www.nassaugolf.com/goods.php?detail/251025484691" "Mozilla/5.0 AppleWebKit/537.36 (KHTML, like Gecko; compatible; GPTBot/1.3; +https://openai.com/gptbot)"
74.7.227.134 - - [04/Mar/2026:06:22:13 -0600] "GET /goods.php?detail/0100121053793 HTTP/1.1" 404 16 "https://nassaugolf.com/goods.php?detail/010010133565" "Mozilla/5.0 AppleWebKit/537.36 (KHTML, like Gecko; compatible; GPTBot/1.3; +https://openai.com/gptbot)"
74.7.227.41 - - [04/Mar/2026:06:22:14 -0600] "GET /goods.php?detail/13700529231170 HTTP/1.1" 404 16 "https://www.nassaugolf.com/goods.php?detail/137000895187" "Mozilla/5.0 AppleWebKit/537.36 (KHTML, like Gecko; compatible; GPTBot/1.3; +https://openai.com/gptbot)"
74.7.227.134 - - [04/Mar/2026:06:22:14 -0600] "GET /goods.php?detail/1390290119976 HTTP/1.1" 404 16 "https://nassaugolf.com/goods.php?detail/006047260552" "Mozilla/5.0 AppleWebKit/537.36 (KHTML, like Gecko; compatible; GPTBot/1.3; +https://openai.com/gptbot)"
57.141.6.35 - - [04/Mar/2026:06:22:14 -0600] "GET /?s=1185500592973 HTTP/1.1" 200 53879 "-" "meta-externalagent/1.1 (+https://developers.facebook.com/docs/sharing/webmasters/crawler)"
57.141.6.22 - - [04/Mar/2026:06:22:14 -0600] "GET /search/044627982366f4/feed/rss2/ HTTP/1.1" 404 - "-" "meta-externalagent/1.1 (+https://developers.facebook.com/docs/sharing/webmasters/crawler)"
74.7.227.41 - - [04/Mar/2026:06:22:14 -0600] "GET /goods.php?detail/10701597241472 HTTP/1.1" 404 16 "https://www.nassaugolf.com/goods.php?detail/252009076901" "Mozilla/5.0 AppleWebKit/537.36 (KHTML, like Gecko; compatible; GPTBot/1.3; +https://openai.com/gptbot)"
