74.7.227.134 - - [04/Mar/2026:06:27:38 -0600] "GET /goods.php?detail/0210383183357 HTTP/1.1" 404 16 "https://www.nassaugolf.com" "Mozilla/5.0 AppleWebKit/537.36 (KHTML, like Gecko; compatible; GPTBot/1.3; +https://openai.com/gptbot)"
57.141.6.11 - - [04/Mar/2026:06:27:38 -0600] "GET /search/08247391502af5d/feed/rss2/ HTTP/1.1" 404 - "-" "meta-externalagent/1.1 (+https://developers.facebook.com/docs/sharing/webmasters/crawler)"
40.77.167.75 - - [04/Mar/2026:06:27:38 -0600] "GET /?y=188256498 HTTP/1.1" 200 53879 "-" "Mozilla/5.0 AppleWebKit/537.36 (KHTML, like Gecko; compatible; bingbot/2.0; +http://www.bing.com/bingbot.htm) Chrome/116.0.1938.76 Safari/537.36"
57.141.6.48 - - [04/Mar/2026:06:27:39 -0600] "GET /prize/15879078 HTTP/1.1" 404 - "-" "meta-externalagent/1.1 (+https://developers.facebook.com/docs/sharing/webmasters/crawler)"
74.7.227.41 - - [04/Mar/2026:06:27:39 -0600] "GET /goods.php?detail/02300364861484 HTTP/1.1" 404 16 "https://www.nassaugolf.com/goods.php?detail/101018529153" "Mozilla/5.0 AppleWebKit/537.36 (KHTML, like Gecko; compatible; GPTBot/1.3; +https://openai.com/gptbot)"
74.7.227.134 - - [04/Mar/2026:06:27:39 -0600] "GET /goods.php?detail/2400184970089 HTTP/1.1" 404 16 "https://nassaugolf.com/goods.php?detail/0940240460114" "Mozilla/5.0 AppleWebKit/537.36 (KHTML, like Gecko; compatible; GPTBot/1.3; +https://openai.com/gptbot)"
57.141.6.13 - - [04/Mar/2026:06:27:39 -0600] "GET /search/042514499e98d88/feed/rss2/ HTTP/1.1" 404 - "-" "meta-externalagent/1.1 (+https://developers.facebook.com/docs/sharing/webmasters/crawler)"
74.7.227.41 - - [04/Mar/2026:06:27:39 -0600] "GET /goods.php?detail/05102967025657 HTTP/1.1" 404 16 "https://www.nassaugolf.com/goods.php?detail/139011300414" "Mozilla/5.0 AppleWebKit/537.36 (KHTML, like Gecko; compatible; GPTBot/1.3; +https://openai.com/gptbot)"
74.7.227.134 - - [04/Mar/2026:06:27:39 -0600] "GET /goods.php?detail/1960021903602 HTTP/1.1" 404 16 "https://nassaugolf.com/goods.php?goods/053029144" "Mozilla/5.0 AppleWebKit/537.36 (KHTML, like Gecko; compatible; GPTBot/1.3; +https://openai.com/gptbot)"
5.39.1.245 - - [04/Mar/2026:06:27:39 -0600] "GET /?fileloc=//lib64/libuuid.so.1.3.0&path=//lib64 HTTP/1.1" 200 62692 "-" "Mozilla/5.0 (compatible; AhrefsBot/7.0; +http://ahrefs.com/robot/)"
74.7.227.41 - - [04/Mar/2026:06:27:40 -0600] "GET /goods.php?detail/16301656099052 HTTP/1.1" 404 16 "https://www.nassaugolf.com/goods.php?detail/163010656908" "Mozilla/5.0 AppleWebKit/537.36 (KHTML, like Gecko; compatible; GPTBot/1.3; +https://openai.com/gptbot)"
57.141.6.48 - - [04/Mar/2026:06:27:40 -0600] "GET /search/04505006f5a7db/feed/rss2/ HTTP/1.1" 404 - "-" "meta-externalagent/1.1 (+https://developers.facebook.com/docs/sharing/webmasters/crawler)"
74.7.227.134 - - [04/Mar/2026:06:27:40 -0600] "GET /goods.php?detail/2910122846210 HTTP/1.1" 404 16 "https://nassaugolf.com/goods.php?detail/291010661760" "Mozilla/5.0 AppleWebKit/537.36 (KHTML, like Gecko; compatible; GPTBot/1.3; +https://openai.com/gptbot)"
57.141.6.2 - - [04/Mar/2026:06:27:40 -0600] "GET /search/06158560630ff98/feed/rss2/ HTTP/1.1" 404 - "-" "meta-externalagent/1.1 (+https://developers.facebook.com/docs/sharing/webmasters/crawler)"
74.7.227.41 - - [04/Mar/2026:06:27:40 -0600] "GET /goods.php?detail/19504150178779 HTTP/1.1" 404 16 "https://www.nassaugolf.com/goods.php?detail/261044721114" "Mozilla/5.0 AppleWebKit/537.36 (KHTML, like Gecko; compatible; GPTBot/1.3; +https://openai.com/gptbot)"
74.7.227.134 - - [04/Mar/2026:06:27:40 -0600] "GET /goods.php?detail/2960332943231 HTTP/1.1" 404 16 "https://nassaugolf.com/goods.php?detail/198039416685" "Mozilla/5.0 AppleWebKit/537.36 (KHTML, like Gecko; compatible; GPTBot/1.3; +https://openai.com/gptbot)"
57.141.6.51 - - [04/Mar/2026:06:27:41 -0600] "GET /prize/14342456 HTTP/1.1" 404 - "-" "meta-externalagent/1.1 (+https://developers.facebook.com/docs/sharing/webmasters/crawler)"
74.7.227.41 - - [04/Mar/2026:06:27:41 -0600] "GET /goods.php?detail/18202390066007 HTTP/1.1" 404 16 "https://www.nassaugolf.com/goods.php?detail/182027788823" "Mozilla/5.0 AppleWebKit/537.36 (KHTML, like Gecko; compatible; GPTBot/1.3; +https://openai.com/gptbot)"
74.7.227.134 - - [04/Mar/2026:06:27:41 -0600] "GET /goods.php?detail/2070077226185 HTTP/1.1" 404 16 "https://www.nassaugolf.com" "Mozilla/5.0 AppleWebKit/537.36 (KHTML, like Gecko; compatible; GPTBot/1.3; +https://openai.com/gptbot)"
57.141.6.44 - - [04/Mar/2026:06:27:41 -0600] "GET /prize/10706934 HTTP/1.1" 404 - "-" "meta-externalagent/1.1 (+https://developers.facebook.com/docs/sharing/webmasters/crawler)"
74.7.227.41 - - [04/Mar/2026:06:27:41 -0600] "GET /goods.php?detail/22603118663185 HTTP/1.1" 404 16 "https://www.nassaugolf.com/goods.php?detail/030025975599" "Mozilla/5.0 AppleWebKit/537.36 (KHTML, like Gecko; compatible; GPTBot/1.3; +https://openai.com/gptbot)"
57.141.6.74 - - [04/Mar/2026:06:27:42 -0600] "GET /search/06141771d0d644/feed/rss2/ HTTP/1.1" 404 - "-" "meta-externalagent/1.1 (+https://developers.facebook.com/docs/sharing/webmasters/crawler)"
74.7.227.134 - - [04/Mar/2026:06:27:42 -0600] "GET /goods.php?detail/1910035900612 HTTP/1.1" 404 16 "https://www.nassaugolf.com" "Mozilla/5.0 AppleWebKit/537.36 (KHTML, like Gecko; compatible; GPTBot/1.3; +https://openai.com/gptbot)"
74.7.227.41 - - [04/Mar/2026:06:27:42 -0600] "GET /goods.php?detail/24100672408147 HTTP/1.1" 404 16 "https://www.nassaugolf.com/goods.php?detail/029025033910" "Mozilla/5.0 AppleWebKit/537.36 (KHTML, like Gecko; compatible; GPTBot/1.3; +https://openai.com/gptbot)"
74.7.227.134 - - [04/Mar/2026:06:27:42 -0600] "GET /goods.php?detail/1280420447718 HTTP/1.1" 404 16 "https://nassaugolf.com/goods.php?detail/115010805811" "Mozilla/5.0 AppleWebKit/537.36 (KHTML, like Gecko; compatible; GPTBot/1.3; +https://openai.com/gptbot)"
40.77.167.247 - - [04/Mar/2026:06:27:42 -0600] "GET /?s=041607788d61a1e HTTP/1.1" 200 53879 "-" "Mozilla/5.0 AppleWebKit/537.36 (KHTML, like Gecko; compatible; bingbot/2.0; +http://www.bing.com/bingbot.htm) Chrome/116.0.1938.76 Safari/537.36"
37.239.8.144 - - [04/Mar/2026:06:27:42 -0600] "GET /shop/page/3/?fileloc=%2Fhome%2Fnassaugo%2Fpublic_html%2Findex.php%3F%3Fy%3D3963280399 HTTP/1.1" 404 - "-" "Mozilla/5.0 (Macintosh; Intel Mac OS X 10_15_7) AppleWebKit/537.36 (KHTML, like Gecko) Chrome/96.0.4664.110 Safari/537.36"
74.7.227.41 - - [04/Mar/2026:06:27:42 -0600] "GET /goods.php?detail/28200128784134 HTTP/1.1" 404 16 "https://www.nassaugolf.com/goods.php?detail/282003294472" "Mozilla/5.0 AppleWebKit/537.36 (KHTML, like Gecko; compatible; GPTBot/1.3; +https://openai.com/gptbot)"
57.141.6.35 - - [04/Mar/2026:06:27:42 -0600] "GET /search/18195483613fd28/feed/rss2/ HTTP/1.1" 404 - "-" "meta-externalagent/1.1 (+https://developers.facebook.com/docs/sharing/webmasters/crawler)"
74.7.227.134 - - [04/Mar/2026:06:27:43 -0600] "GET /goods.php?detail/1360303975593 HTTP/1.1" 404 16 "https://nassaugolf.com/goods.php?detail/136002480334" "Mozilla/5.0 AppleWebKit/537.36 (KHTML, like Gecko; compatible; GPTBot/1.3; +https://openai.com/gptbot)"
74.7.227.41 - - [04/Mar/2026:06:27:43 -0600] "GET /goods.php?detail/00904139137469 HTTP/1.1" 404 16 "https://www.nassaugolf.com/goods.php?detail/22703555673506" "Mozilla/5.0 AppleWebKit/537.36 (KHTML, like Gecko; compatible; GPTBot/1.3; +https://openai.com/gptbot)"
57.141.6.50 - - [04/Mar/2026:06:27:43 -0600] "GET /?s=011422997f8ecc0 HTTP/1.1" 200 53879 "-" "meta-externalagent/1.1 (+https://developers.facebook.com/docs/sharing/webmasters/crawler)"
74.7.227.134 - - [04/Mar/2026:06:27:43 -0600] "GET /goods.php?detail/1710366736878 HTTP/1.1" 404 16 "https://www.nassaugolf.com" "Mozilla/5.0 AppleWebKit/537.36 (KHTML, like Gecko; compatible; GPTBot/1.3; +https://openai.com/gptbot)"
40.77.167.247 - - [04/Mar/2026:06:27:43 -0600] "GET /?y=1649085877 HTTP/1.1" 200 53879 "-" "Mozilla/5.0 AppleWebKit/537.36 (KHTML, like Gecko; compatible; bingbot/2.0; +http://www.bing.com/bingbot.htm) Chrome/116.0.1938.76 Safari/537.36"
74.7.227.41 - - [04/Mar/2026:06:27:43 -0600] "GET /goods.php?detail/13702780308139 HTTP/1.1" 404 16 "https://www.nassaugolf.com/goods.php?detail/123044058588" "Mozilla/5.0 AppleWebKit/537.36 (KHTML, like Gecko; compatible; GPTBot/1.3; +https://openai.com/gptbot)"
74.7.227.134 - - [04/Mar/2026:06:27:44 -0600] "GET /goods.php?detail/2080326274226 HTTP/1.1" 404 16 "https://nassaugolf.com/goods.php?detail/040006986373" "Mozilla/5.0 AppleWebKit/537.36 (KHTML, like Gecko; compatible; GPTBot/1.3; +https://openai.com/gptbot)"
57.141.6.13 - - [04/Mar/2026:06:27:44 -0600] "GET /?s=012507583ad3ee HTTP/1.1" 200 53879 "-" "meta-externalagent/1.1 (+https://developers.facebook.com/docs/sharing/webmasters/crawler)"
57.141.6.53 - - [04/Mar/2026:06:27:44 -0600] "GET /search/002055350698122/feed/rss2/ HTTP/1.1" 404 - "-" "meta-externalagent/1.1 (+https://developers.facebook.com/docs/sharing/webmasters/crawler)"
74.7.227.41 - - [04/Mar/2026:06:27:44 -0600] "GET /goods.php?detail/25200351925449 HTTP/1.1" 404 16 "https://www.nassaugolf.com/goods.php?jp/252004680.html" "Mozilla/5.0 AppleWebKit/537.36 (KHTML, like Gecko; compatible; GPTBot/1.3; +https://openai.com/gptbot)"
74.7.227.134 - - [04/Mar/2026:06:27:44 -0600] "GET /goods.php?detail/2290143049314 HTTP/1.1" 404 16 "https://www.nassaugolf.com" "Mozilla/5.0 AppleWebKit/537.36 (KHTML, like Gecko; compatible; GPTBot/1.3; +https://openai.com/gptbot)"
74.7.227.41 - - [04/Mar/2026:06:27:45 -0600] "GET /goods.php?detail/10900528382893 HTTP/1.1" 404 16 "https://www.nassaugolf.com/goods.php?detail/008004835316" "Mozilla/5.0 AppleWebKit/537.36 (KHTML, like Gecko; compatible; GPTBot/1.3; +https://openai.com/gptbot)"
57.141.6.4 - - [04/Mar/2026:06:27:45 -0600] "GET /prize/13604401 HTTP/1.1" 404 - "-" "meta-externalagent/1.1 (+https://developers.facebook.com/docs/sharing/webmasters/crawler)"
74.7.227.134 - - [04/Mar/2026:06:27:45 -0600] "GET /goods.php?detail/2160349669164 HTTP/1.1" 404 16 "https://www.nassaugolf.com" "Mozilla/5.0 AppleWebKit/537.36 (KHTML, like Gecko; compatible; GPTBot/1.3; +https://openai.com/gptbot)"
57.141.6.12 - - [04/Mar/2026:06:27:45 -0600] "GET /search/02235671075a3b/feed/rss2/ HTTP/1.1" 404 - "-" "meta-externalagent/1.1 (+https://developers.facebook.com/docs/sharing/webmasters/crawler)"
74.7.227.41 - - [04/Mar/2026:06:27:45 -0600] "GET /goods.php?detail/23403450109254 HTTP/1.1" 404 16 "https://www.nassaugolf.com/goods.php?detail/282010355503" "Mozilla/5.0 AppleWebKit/537.36 (KHTML, like Gecko; compatible; GPTBot/1.3; +https://openai.com/gptbot)"
74.7.227.134 - - [04/Mar/2026:06:27:45 -0600] "GET /goods.php?detail/1670069550030 HTTP/1.1" 404 16 "https://www.nassaugolf.com" "Mozilla/5.0 AppleWebKit/537.36 (KHTML, like Gecko; compatible; GPTBot/1.3; +https://openai.com/gptbot)"
57.141.6.50 - - [04/Mar/2026:06:27:45 -0600] "GET /search/141117852c2d283/feed/rss2/ HTTP/1.1" 404 - "-" "meta-externalagent/1.1 (+https://developers.facebook.com/docs/sharing/webmasters/crawler)"
74.7.227.41 - - [04/Mar/2026:06:27:46 -0600] "GET /goods.php?detail/13803471211291 HTTP/1.1" 404 16 "https://www.nassaugolf.com/goods.php?detail/034001993962" "Mozilla/5.0 AppleWebKit/537.36 (KHTML, like Gecko; compatible; GPTBot/1.3; +https://openai.com/gptbot)"
57.141.6.46 - - [04/Mar/2026:06:27:46 -0600] "GET /search/017025106feb0c/feed/rss2/ HTTP/1.1" 404 - "-" "meta-externalagent/1.1 (+https://developers.facebook.com/docs/sharing/webmasters/crawler)"
74.7.227.134 - - [04/Mar/2026:06:27:46 -0600] "GET /goods.php?detail/0400475562099 HTTP/1.1" 404 16 "https://www.nassaugolf.com" "Mozilla/5.0 AppleWebKit/537.36 (KHTML, like Gecko; compatible; GPTBot/1.3; +https://openai.com/gptbot)"
74.7.227.41 - - [04/Mar/2026:06:27:46 -0600] "GET /goods.php?detail/28901062276761 HTTP/1.1" 404 16 "https://www.nassaugolf.com/goods.php?detail/289038711133" "Mozilla/5.0 AppleWebKit/537.36 (KHTML, like Gecko; compatible; GPTBot/1.3; +https://openai.com/gptbot)"
74.7.227.134 - - [04/Mar/2026:06:27:46 -0600] "GET /goods.php?detail/2100386600931 HTTP/1.1" 404 16 "https://www.nassaugolf.com" "Mozilla/5.0 AppleWebKit/537.36 (KHTML, like Gecko; compatible; GPTBot/1.3; +https://openai.com/gptbot)"
57.141.6.48 - - [04/Mar/2026:06:27:47 -0600] "GET /search/101218396b2f290/feed/rss2/ HTTP/1.1" 404 - "-" "meta-externalagent/1.1 (+https://developers.facebook.com/docs/sharing/webmasters/crawler)"
14.179.233.99 - - [04/Mar/2026:06:27:47 -0600] "GET /reference/c221?pid=19977 HTTP/1.1" 404 - "-" "Mozilla/5.0 (Windows; U; Windows NT 5.1; sl; rv:1.9.2.17) Gecko/20110420 Firefox/3.6.17 ( .NET CLR 3.5.30729)"
74.7.227.41 - - [04/Mar/2026:06:27:47 -0600] "GET /goods.php?detail/13402131295920 HTTP/1.1" 404 16 "https://www.nassaugolf.com/goods.php?detail/134034337492" "Mozilla/5.0 AppleWebKit/537.36 (KHTML, like Gecko; compatible; GPTBot/1.3; +https://openai.com/gptbot)"
74.7.227.134 - - [04/Mar/2026:06:27:47 -0600] "GET /goods.php?detail/1610287001163 HTTP/1.1" 404 16 "https://nassaugolf.com/goods.php?goods/049013064" "Mozilla/5.0 AppleWebKit/537.36 (KHTML, like Gecko; compatible; GPTBot/1.3; +https://openai.com/gptbot)"
57.141.6.24 - - [04/Mar/2026:06:27:47 -0600] "GET /?s=02119549436d1dd HTTP/1.1" 200 53879 "-" "meta-externalagent/1.1 (+https://developers.facebook.com/docs/sharing/webmasters/crawler)"
57.141.6.33 - - [04/Mar/2026:06:27:47 -0600] "GET /prize/5639012 HTTP/1.1" 404 - "-" "meta-externalagent/1.1 (+https://developers.facebook.com/docs/sharing/webmasters/crawler)"
74.7.227.41 - - [04/Mar/2026:06:27:47 -0600] "GET /goods.php?detail/06102109699328 HTTP/1.1" 404 16 "https://www.nassaugolf.com/goods.php?detail/077008196109" "Mozilla/5.0 AppleWebKit/537.36 (KHTML, like Gecko; compatible; GPTBot/1.3; +https://openai.com/gptbot)"
74.7.227.134 - - [04/Mar/2026:06:27:47 -0600] "GET /goods.php?detail/1990022558993 HTTP/1.1" 404 16 "https://www.nassaugolf.com" "Mozilla/5.0 AppleWebKit/537.36 (KHTML, like Gecko; compatible; GPTBot/1.3; +https://openai.com/gptbot)"
74.7.227.41 - - [04/Mar/2026:06:27:48 -0600] "GET /goods.php?detail/04004572728529 HTTP/1.1" 404 16 "https://www.nassaugolf.com/goods.php?detail/282005347776" "Mozilla/5.0 AppleWebKit/537.36 (KHTML, like Gecko; compatible; GPTBot/1.3; +https://openai.com/gptbot)"
74.7.227.134 - - [04/Mar/2026:06:27:48 -0600] "GET /goods.php?detail/1760332121061 HTTP/1.1" 404 16 "https://www.nassaugolf.com" "Mozilla/5.0 AppleWebKit/537.36 (KHTML, like Gecko; compatible; GPTBot/1.3; +https://openai.com/gptbot)"
40.77.167.75 - - [04/Mar/2026:06:27:48 -0600] "GET /?y=1290988819 HTTP/1.1" 200 53879 "-" "Mozilla/5.0 AppleWebKit/537.36 (KHTML, like Gecko; compatible; bingbot/2.0; +http://www.bing.com/bingbot.htm) Chrome/116.0.1938.76 Safari/537.36"
74.7.227.41 - - [04/Mar/2026:06:27:48 -0600] "GET /goods.php?detail/13503646365190 HTTP/1.1" 404 16 "https://www.nassaugolf.com/goods.php?detail/139000845588" "Mozilla/5.0 AppleWebKit/537.36 (KHTML, like Gecko; compatible; GPTBot/1.3; +https://openai.com/gptbot)"
57.141.6.20 - - [04/Mar/2026:06:27:48 -0600] "GET /?s=06321196c4e028 HTTP/1.1" 200 53879 "-" "meta-externalagent/1.1 (+https://developers.facebook.com/docs/sharing/webmasters/crawler)"
74.7.227.134 - - [04/Mar/2026:06:27:48 -0600] "GET /goods.php?detail/0350135235408 HTTP/1.1" 404 16 "https://www.nassaugolf.com" "Mozilla/5.0 AppleWebKit/537.36 (KHTML, like Gecko; compatible; GPTBot/1.3; +https://openai.com/gptbot)"
57.141.6.42 - - [04/Mar/2026:06:27:48 -0600] "GET /?s=082439301ead96b HTTP/1.1" 200 53879 "-" "meta-externalagent/1.1 (+https://developers.facebook.com/docs/sharing/webmasters/crawler)"
74.7.227.41 - - [04/Mar/2026:06:27:49 -0600] "GET /goods.php?detail/27100285568728 HTTP/1.1" 404 16 "https://www.nassaugolf.com/goods.php?detail/271044008290" "Mozilla/5.0 AppleWebKit/537.36 (KHTML, like Gecko; compatible; GPTBot/1.3; +https://openai.com/gptbot)"
74.7.227.134 - - [04/Mar/2026:06:27:49 -0600] "GET /goods.php?detail/2720201438012 HTTP/1.1" 404 16 "https://www.nassaugolf.com" "Mozilla/5.0 AppleWebKit/537.36 (KHTML, like Gecko; compatible; GPTBot/1.3; +https://openai.com/gptbot)"
57.141.6.30 - - [04/Mar/2026:06:27:49 -0600] "GET /search/082442770c2c22e/feed/rss2/ HTTP/1.1" 404 - "-" "meta-externalagent/1.1 (+https://developers.facebook.com/docs/sharing/webmasters/crawler)"
57.141.6.29 - - [04/Mar/2026:06:27:49 -0600] "GET /search/11732601a2b997/feed/rss2/ HTTP/1.1" 404 - "-" "meta-externalagent/1.1 (+https://developers.facebook.com/docs/sharing/webmasters/crawler)"
74.7.227.41 - - [04/Mar/2026:06:27:49 -0600] "GET /goods.php?detail/12004607807605 HTTP/1.1" 404 16 "https://www.nassaugolf.com/goods.php?detail/230025285581" "Mozilla/5.0 AppleWebKit/537.36 (KHTML, like Gecko; compatible; GPTBot/1.3; +https://openai.com/gptbot)"
74.7.227.134 - - [04/Mar/2026:06:27:50 -0600] "GET /goods.php?detail/0060034356107 HTTP/1.1" 404 16 "https://nassaugolf.com/goods.php?detail/043003253552" "Mozilla/5.0 AppleWebKit/537.36 (KHTML, like Gecko; compatible; GPTBot/1.3; +https://openai.com/gptbot)"
74.7.227.41 - - [04/Mar/2026:06:27:50 -0600] "GET /goods.php?detail/23504294213282 HTTP/1.1" 404 16 "https://www.nassaugolf.com/goods.php?detail/235019012414" "Mozilla/5.0 AppleWebKit/537.36 (KHTML, like Gecko; compatible; GPTBot/1.3; +https://openai.com/gptbot)"
57.141.6.60 - - [04/Mar/2026:06:27:50 -0600] "GET /prize/21792523 HTTP/1.1" 404 - "-" "meta-externalagent/1.1 (+https://developers.facebook.com/docs/sharing/webmasters/crawler)"
74.7.227.134 - - [04/Mar/2026:06:27:50 -0600] "GET /goods.php?detail/2110057255732 HTTP/1.1" 404 16 "https://www.nassaugolf.com" "Mozilla/5.0 AppleWebKit/537.36 (KHTML, like Gecko; compatible; GPTBot/1.3; +https://openai.com/gptbot)"
57.141.6.64 - - [04/Mar/2026:06:27:50 -0600] "GET /prize/7671045 HTTP/1.1" 404 - "-" "meta-externalagent/1.1 (+https://developers.facebook.com/docs/sharing/webmasters/crawler)"
74.7.227.41 - - [04/Mar/2026:06:27:50 -0600] "GET /goods.php?detail/25401456125177 HTTP/1.1" 404 16 "https://www.nassaugolf.com/goods.php?detail/254026862222" "Mozilla/5.0 AppleWebKit/537.36 (KHTML, like Gecko; compatible; GPTBot/1.3; +https://openai.com/gptbot)"
74.7.227.134 - - [04/Mar/2026:06:27:51 -0600] "GET /goods.php?detail/0080042508696 HTTP/1.1" 404 16 "https://nassaugolf.com/goods.php?detail/0080035821133" "Mozilla/5.0 AppleWebKit/537.36 (KHTML, like Gecko; compatible; GPTBot/1.3; +https://openai.com/gptbot)"
74.7.227.41 - - [04/Mar/2026:06:27:51 -0600] "GET /goods.php?detail/11400653650881 HTTP/1.1" 404 16 "https://www.nassaugolf.com/goods.php?detail/114029414483" "Mozilla/5.0 AppleWebKit/537.36 (KHTML, like Gecko; compatible; GPTBot/1.3; +https://openai.com/gptbot)"
74.7.227.134 - - [04/Mar/2026:06:27:51 -0600] "GET /goods.php?detail/0130301583326 HTTP/1.1" 404 16 "https://www.nassaugolf.com" "Mozilla/5.0 AppleWebKit/537.36 (KHTML, like Gecko; compatible; GPTBot/1.3; +https://openai.com/gptbot)"
57.141.6.4 - - [04/Mar/2026:06:27:51 -0600] "GET /search/001606924dbd827/feed/rss2/ HTTP/1.1" 404 - "-" "meta-externalagent/1.1 (+https://developers.facebook.com/docs/sharing/webmasters/crawler)"
74.7.227.41 - - [04/Mar/2026:06:27:51 -0600] "GET /goods.php?detail/18500550248299 HTTP/1.1" 404 16 "https://www.nassaugolf.com/goods.php?detail/135001779368" "Mozilla/5.0 AppleWebKit/537.36 (KHTML, like Gecko; compatible; GPTBot/1.3; +https://openai.com/gptbot)"
57.141.6.22 - - [04/Mar/2026:06:27:52 -0600] "GET /search/0481097235ecc5/feed/rss2/ HTTP/1.1" 404 - "-" "meta-externalagent/1.1 (+https://developers.facebook.com/docs/sharing/webmasters/crawler)"
74.7.227.134 - - [04/Mar/2026:06:27:52 -0600] "GET /goods.php?detail/2020076150716 HTTP/1.1" 404 16 "https://www.nassaugolf.com" "Mozilla/5.0 AppleWebKit/537.36 (KHTML, like Gecko; compatible; GPTBot/1.3; +https://openai.com/gptbot)"
74.7.227.41 - - [04/Mar/2026:06:27:52 -0600] "GET /goods.php?detail/09400221217439 HTTP/1.1" 404 16 "https://www.nassaugolf.com/goods.php?detail/046029715557" "Mozilla/5.0 AppleWebKit/537.36 (KHTML, like Gecko; compatible; GPTBot/1.3; +https://openai.com/gptbot)"
57.141.6.32 - - [04/Mar/2026:06:27:52 -0600] "GET /?s=061259355b7dd36 HTTP/1.1" 200 53879 "-" "meta-externalagent/1.1 (+https://developers.facebook.com/docs/sharing/webmasters/crawler)"
74.7.227.134 - - [04/Mar/2026:06:27:52 -0600] "GET /goods.php?detail/2540096805450 HTTP/1.1" 404 16 "https://www.nassaugolf.com" "Mozilla/5.0 AppleWebKit/537.36 (KHTML, like Gecko; compatible; GPTBot/1.3; +https://openai.com/gptbot)"
57.141.6.43 - - [04/Mar/2026:06:27:52 -0600] "GET /search/151710941eb9988/feed/rss2/ HTTP/1.1" 404 - "-" "meta-externalagent/1.1 (+https://developers.facebook.com/docs/sharing/webmasters/crawler)"
74.7.227.41 - - [04/Mar/2026:06:27:53 -0600] "GET /goods.php?detail/10202384700907 HTTP/1.1" 404 16 "https://www.nassaugolf.com/goods.php?detail/213031312819" "Mozilla/5.0 AppleWebKit/537.36 (KHTML, like Gecko; compatible; GPTBot/1.3; +https://openai.com/gptbot)"
52.167.144.169 - - [04/Mar/2026:06:27:52 -0600] "GET /?y=1198656659 HTTP/1.1" 200 53879 "-" "Mozilla/5.0 AppleWebKit/537.36 (KHTML, like Gecko; compatible; bingbot/2.0; +http://www.bing.com/bingbot.htm) Chrome/116.0.1938.76 Safari/537.36"
74.7.227.134 - - [04/Mar/2026:06:27:53 -0600] "GET /goods.php?detail/0020012395094 HTTP/1.1" 404 16 "https://nassaugolf.com/goods.php?detail/002012883484" "Mozilla/5.0 AppleWebKit/537.36 (KHTML, like Gecko; compatible; GPTBot/1.3; +https://openai.com/gptbot)"
57.141.6.59 - - [04/Mar/2026:06:27:53 -0600] "GET /detail/378840086 HTTP/1.1" 404 - "-" "meta-externalagent/1.1 (+https://developers.facebook.com/docs/sharing/webmasters/crawler)"
74.7.227.41 - - [04/Mar/2026:06:27:53 -0600] "GET /goods.php?detail/17100497684490 HTTP/1.1" 404 16 "https://www.nassaugolf.com/goods.php?detail/053000289972" "Mozilla/5.0 AppleWebKit/537.36 (KHTML, like Gecko; compatible; GPTBot/1.3; +https://openai.com/gptbot)"
52.167.144.169 - - [04/Mar/2026:06:27:53 -0600] "GET /?y=4214763978 HTTP/1.1" 200 53879 "-" "Mozilla/5.0 AppleWebKit/537.36 (KHTML, like Gecko; compatible; bingbot/2.0; +http://www.bing.com/bingbot.htm) Chrome/116.0.1938.76 Safari/537.36"
74.7.227.134 - - [04/Mar/2026:06:27:53 -0600] "GET /goods.php?detail/0900254059083 HTTP/1.1" 404 16 "https://nassaugolf.com/goods.php?detail/200025849707" "Mozilla/5.0 AppleWebKit/537.36 (KHTML, like Gecko; compatible; GPTBot/1.3; +https://openai.com/gptbot)"
57.141.6.47 - - [04/Mar/2026:06:27:53 -0600] "GET /search/088130331dbe18/feed/rss2/ HTTP/1.1" 404 - "-" "meta-externalagent/1.1 (+https://developers.facebook.com/docs/sharing/webmasters/crawler)"
74.7.228.56 - - [04/Mar/2026:06:27:53 -0600] "GET /robots.txt HTTP/1.1" 404 - "-" "Mozilla/5.0 (Macintosh; Intel Mac OS X 10_15_7) AppleWebKit/537.36 (KHTML, like Gecko) Chrome/131.0.0.0 Safari/537.36; compatible; OAI-SearchBot/1.3; robots.txt; +https://openai.com/searchbot"
74.7.227.41 - - [04/Mar/2026:06:27:54 -0600] "GET /goods.php?detail/18203150185248 HTTP/1.1" 404 16 "https://www.nassaugolf.com/goods.php?detail/040008048555" "Mozilla/5.0 AppleWebKit/537.36 (KHTML, like Gecko; compatible; GPTBot/1.3; +https://openai.com/gptbot)"
74.7.227.134 - - [04/Mar/2026:06:27:54 -0600] "GET /goods.php?detail/2030145201254 HTTP/1.1" 404 16 "https://www.nassaugolf.com" "Mozilla/5.0 AppleWebKit/537.36 (KHTML, like Gecko; compatible; GPTBot/1.3; +https://openai.com/gptbot)"
52.167.144.169 - - [04/Mar/2026:06:27:54 -0600] "GET /nassau-precision-putter/ HTTP/1.1" 404 - "-" "Mozilla/5.0 AppleWebKit/537.36 (KHTML, like Gecko; compatible; bingbot/2.0; +http://www.bing.com/bingbot.htm) Chrome/116.0.1938.76 Safari/537.36"
57.141.6.9 - - [04/Mar/2026:06:27:54 -0600] "GET /search/144373896467ea/feed/rss2/ HTTP/1.1" 404 - "-" "meta-externalagent/1.1 (+https://developers.facebook.com/docs/sharing/webmasters/crawler)"
74.7.227.41 - - [04/Mar/2026:06:27:54 -0600] "GET /goods.php?detail/18500121292869 HTTP/1.1" 404 16 "https://www.nassaugolf.com/goods.php?detail/151001912133" "Mozilla/5.0 AppleWebKit/537.36 (KHTML, like Gecko; compatible; GPTBot/1.3; +https://openai.com/gptbot)"
74.7.227.134 - - [04/Mar/2026:06:27:54 -0600] "GET /goods.php?detail/0650153384343 HTTP/1.1" 404 16 "https://www.nassaugolf.com" "Mozilla/5.0 AppleWebKit/537.36 (KHTML, like Gecko; compatible; GPTBot/1.3; +https://openai.com/gptbot)"
57.141.6.53 - - [04/Mar/2026:06:27:54 -0600] "GET /?s=09164222836b742 HTTP/1.1" 200 53879 "-" "meta-externalagent/1.1 (+https://developers.facebook.com/docs/sharing/webmasters/crawler)"
74.7.227.41 - - [04/Mar/2026:06:27:55 -0600] "GET /goods.php?detail/02402011344585 HTTP/1.1" 404 16 "https://www.nassaugolf.com/goods.php?detail/204047523052" "Mozilla/5.0 AppleWebKit/537.36 (KHTML, like Gecko; compatible; GPTBot/1.3; +https://openai.com/gptbot)"
57.141.6.74 - - [04/Mar/2026:06:27:55 -0600] "GET /search/061507923c2eba7/feed/rss2/ HTTP/1.1" 404 - "-" "meta-externalagent/1.1 (+https://developers.facebook.com/docs/sharing/webmasters/crawler)"
74.7.227.134 - - [04/Mar/2026:06:27:55 -0600] "GET /goods.php?detail/1760317796073 HTTP/1.1" 404 16 "https://www.nassaugolf.com" "Mozilla/5.0 AppleWebKit/537.36 (KHTML, like Gecko; compatible; GPTBot/1.3; +https://openai.com/gptbot)"
74.7.227.41 - - [04/Mar/2026:06:27:55 -0600] "GET /goods.php?detail/16401324402991 HTTP/1.1" 404 16 "https://www.nassaugolf.com/goods.php?detail/1640054148105" "Mozilla/5.0 AppleWebKit/537.36 (KHTML, like Gecko; compatible; GPTBot/1.3; +https://openai.com/gptbot)"
74.7.227.134 - - [04/Mar/2026:06:27:55 -0600] "GET /goods.php?detail/1530030270172 HTTP/1.1" 404 16 "https://www.nassaugolf.com" "Mozilla/5.0 AppleWebKit/537.36 (KHTML, like Gecko; compatible; GPTBot/1.3; +https://openai.com/gptbot)"
57.141.6.43 - - [04/Mar/2026:06:27:55 -0600] "GET /search/042005430453d9d/feed/rss2/ HTTP/1.1" 404 - "-" "meta-externalagent/1.1 (+https://developers.facebook.com/docs/sharing/webmasters/crawler)"
74.7.227.41 - - [04/Mar/2026:06:27:56 -0600] "GET /goods.php?detail/07301223474762 HTTP/1.1" 404 16 "https://www.nassaugolf.com/goods.php?jp/073012234.html" "Mozilla/5.0 AppleWebKit/537.36 (KHTML, like Gecko; compatible; GPTBot/1.3; +https://openai.com/gptbot)"
74.7.227.134 - - [04/Mar/2026:06:27:56 -0600] "GET /goods.php?detail/2290300483037 HTTP/1.1" 404 16 "https://nassaugolf.com/goods.php?detail/025000045372" "Mozilla/5.0 AppleWebKit/537.36 (KHTML, like Gecko; compatible; GPTBot/1.3; +https://openai.com/gptbot)"
57.141.6.67 - - [04/Mar/2026:06:27:56 -0600] "GET /search/0222681026bc935/feed/rss2/ HTTP/1.1" 404 - "-" "meta-externalagent/1.1 (+https://developers.facebook.com/docs/sharing/webmasters/crawler)"
74.7.227.41 - - [04/Mar/2026:06:27:56 -0600] "GET /goods.php?detail/07102008671405 HTTP/1.1" 404 16 "https://www.nassaugolf.com/goods.php?detail/071036909931" "Mozilla/5.0 AppleWebKit/537.36 (KHTML, like Gecko; compatible; GPTBot/1.3; +https://openai.com/gptbot)"
74.7.227.134 - - [04/Mar/2026:06:27:56 -0600] "GET /goods.php?detail/1950395171581 HTTP/1.1" 404 16 "https://www.nassaugolf.com" "Mozilla/5.0 AppleWebKit/537.36 (KHTML, like Gecko; compatible; GPTBot/1.3; +https://openai.com/gptbot)"
74.7.227.41 - - [04/Mar/2026:06:27:57 -0600] "GET /goods.php?detail/27200105009848 HTTP/1.1" 404 16 "https://www.nassaugolf.com/goods.php?detail/272008092148" "Mozilla/5.0 AppleWebKit/537.36 (KHTML, like Gecko; compatible; GPTBot/1.3; +https://openai.com/gptbot)"
74.7.227.134 - - [04/Mar/2026:06:27:57 -0600] "GET /goods.php?detail/1740062155150 HTTP/1.1" 404 16 "https://www.nassaugolf.com" "Mozilla/5.0 AppleWebKit/537.36 (KHTML, like Gecko; compatible; GPTBot/1.3; +https://openai.com/gptbot)"
57.141.6.3 - - [04/Mar/2026:06:27:57 -0600] "GET /?s=0324843757a478f HTTP/1.1" 200 53879 "-" "meta-externalagent/1.1 (+https://developers.facebook.com/docs/sharing/webmasters/crawler)"
57.141.6.66 - - [04/Mar/2026:06:27:57 -0600] "GET /?s=01681966333c94 HTTP/1.1" 200 53879 "-" "meta-externalagent/1.1 (+https://developers.facebook.com/docs/sharing/webmasters/crawler)"
74.7.227.41 - - [04/Mar/2026:06:27:57 -0600] "GET /goods.php?detail/25004615465330 HTTP/1.1" 404 16 "https://www.nassaugolf.com/goods.php?detail/250024612031" "Mozilla/5.0 AppleWebKit/537.36 (KHTML, like Gecko; compatible; GPTBot/1.3; +https://openai.com/gptbot)"
74.7.227.134 - - [04/Mar/2026:06:27:58 -0600] "GET /goods.php?detail/2120145328200 HTTP/1.1" 404 16 "https://nassaugolf.com/goods.php?detail/1310132345410" "Mozilla/5.0 AppleWebKit/537.36 (KHTML, like Gecko; compatible; GPTBot/1.3; +https://openai.com/gptbot)"
57.141.6.21 - - [04/Mar/2026:06:27:58 -0600] "GET /?s=121627068567db7 HTTP/1.1" 200 53879 "-" "meta-externalagent/1.1 (+https://developers.facebook.com/docs/sharing/webmasters/crawler)"
57.141.6.13 - - [04/Mar/2026:06:27:58 -0600] "GET /search/07506601c3ca89/feed/rss2/ HTTP/1.1" 404 - "-" "meta-externalagent/1.1 (+https://developers.facebook.com/docs/sharing/webmasters/crawler)"
74.7.227.41 - - [04/Mar/2026:06:27:58 -0600] "GET /goods.php?detail/28102243439140 HTTP/1.1" 404 16 "https://www.nassaugolf.com/goods.php?detail/295010624621" "Mozilla/5.0 AppleWebKit/537.36 (KHTML, like Gecko; compatible; GPTBot/1.3; +https://openai.com/gptbot)"
74.7.227.134 - - [04/Mar/2026:06:27:58 -0600] "GET /goods.php?detail/0130305188599 HTTP/1.1" 404 16 "https://www.nassaugolf.com" "Mozilla/5.0 AppleWebKit/537.36 (KHTML, like Gecko; compatible; GPTBot/1.3; +https://openai.com/gptbot)"
57.141.6.29 - - [04/Mar/2026:06:27:58 -0600] "GET /prize/7531390 HTTP/1.1" 404 - "-" "meta-externalagent/1.1 (+https://developers.facebook.com/docs/sharing/webmasters/crawler)"
74.7.227.41 - - [04/Mar/2026:06:27:58 -0600] "GET /goods.php?detail/07001032801674 HTTP/1.1" 404 16 "https://www.nassaugolf.com/goods.php?detail/070015458779" "Mozilla/5.0 AppleWebKit/537.36 (KHTML, like Gecko; compatible; GPTBot/1.3; +https://openai.com/gptbot)"
74.7.227.134 - - [04/Mar/2026:06:27:58 -0600] "GET /goods.php?detail/1640068668741 HTTP/1.1" 404 16 "https://nassaugolf.com/goods.php?detail/011002442308" "Mozilla/5.0 AppleWebKit/537.36 (KHTML, like Gecko; compatible; GPTBot/1.3; +https://openai.com/gptbot)"
74.7.227.41 - - [04/Mar/2026:06:27:59 -0600] "GET /goods.php?detail/16602335538933 HTTP/1.1" 404 16 "https://www.nassaugolf.com/goods.php?detail/172001651743" "Mozilla/5.0 AppleWebKit/537.36 (KHTML, like Gecko; compatible; GPTBot/1.3; +https://openai.com/gptbot)"
74.7.227.134 - - [04/Mar/2026:06:27:59 -0600] "GET /goods.php?detail/1550157037447 HTTP/1.1" 404 16 "https://nassaugolf.com/goods.php?detail/170047260011" "Mozilla/5.0 AppleWebKit/537.36 (KHTML, like Gecko; compatible; GPTBot/1.3; +https://openai.com/gptbot)"
57.141.6.27 - - [04/Mar/2026:06:27:59 -0600] "GET /?y=2199925122 HTTP/1.1" 200 53879 "-" "meta-externalagent/1.1 (+https://developers.facebook.com/docs/sharing/webmasters/crawler)"
57.141.6.29 - - [04/Mar/2026:06:27:59 -0600] "GET /search/001964174d3d46f/feed/rss2/ HTTP/1.1" 404 - "-" "meta-externalagent/1.1 (+https://developers.facebook.com/docs/sharing/webmasters/crawler)"
74.7.227.41 - - [04/Mar/2026:06:27:59 -0600] "GET /goods.php?detail/02700391252795 HTTP/1.1" 404 16 "https://www.nassaugolf.com/goods.php?detail/0270191536532" "Mozilla/5.0 AppleWebKit/537.36 (KHTML, like Gecko; compatible; GPTBot/1.3; +https://openai.com/gptbot)"
57.141.6.24 - - [04/Mar/2026:06:28:00 -0600] "GET /search/06353200c0eb68/feed/rss2/ HTTP/1.1" 404 - "-" "meta-externalagent/1.1 (+https://developers.facebook.com/docs/sharing/webmasters/crawler)"
74.7.227.134 - - [04/Mar/2026:06:28:00 -0600] "GET /goods.php?detail/2820048626767 HTTP/1.1" 404 16 "https://www.nassaugolf.com" "Mozilla/5.0 AppleWebKit/537.36 (KHTML, like Gecko; compatible; GPTBot/1.3; +https://openai.com/gptbot)"
74.7.227.41 - - [04/Mar/2026:06:28:00 -0600] "GET /goods.php?detail/26504792507024 HTTP/1.1" 404 16 "https://www.nassaugolf.com/goods.php?detail/014013724682" "Mozilla/5.0 AppleWebKit/537.36 (KHTML, like Gecko; compatible; GPTBot/1.3; +https://openai.com/gptbot)"
74.7.227.134 - - [04/Mar/2026:06:28:00 -0600] "GET /goods.php?detail/0720024734799 HTTP/1.1" 404 16 "https://www.nassaugolf.com" "Mozilla/5.0 AppleWebKit/537.36 (KHTML, like Gecko; compatible; GPTBot/1.3; +https://openai.com/gptbot)"
74.7.227.41 - - [04/Mar/2026:06:28:01 -0600] "GET /goods.php?detail/28900326611323 HTTP/1.1" 404 16 "https://www.nassaugolf.com/goods.php?detail/289022349139" "Mozilla/5.0 AppleWebKit/537.36 (KHTML, like Gecko; compatible; GPTBot/1.3; +https://openai.com/gptbot)"
57.141.6.12 - - [04/Mar/2026:06:28:00 -0600] "GET /?s=042192132b5a8b2 HTTP/1.1" 200 53879 "-" "meta-externalagent/1.1 (+https://developers.facebook.com/docs/sharing/webmasters/crawler)"
74.7.227.134 - - [04/Mar/2026:06:28:01 -0600] "GET /goods.php?detail/2470201882520 HTTP/1.1" 404 16 "https://nassaugolf.com/goods.php?detail/199010821110" "Mozilla/5.0 AppleWebKit/537.36 (KHTML, like Gecko; compatible; GPTBot/1.3; +https://openai.com/gptbot)"
74.7.227.41 - - [04/Mar/2026:06:28:01 -0600] "GET /goods.php?detail/12703309227969 HTTP/1.1" 404 16 "https://www.nassaugolf.com/goods.php?detail/249005235058" "Mozilla/5.0 AppleWebKit/537.36 (KHTML, like Gecko; compatible; GPTBot/1.3; +https://openai.com/gptbot)"
74.7.227.134 - - [04/Mar/2026:06:28:01 -0600] "GET /goods.php?detail/2530104830223 HTTP/1.1" 404 16 "https://www.nassaugolf.com" "Mozilla/5.0 AppleWebKit/537.36 (KHTML, like Gecko; compatible; GPTBot/1.3; +https://openai.com/gptbot)"
57.141.6.24 - - [04/Mar/2026:06:28:01 -0600] "GET /search/111862834c8b81a/feed/rss2/ HTTP/1.1" 404 - "-" "meta-externalagent/1.1 (+https://developers.facebook.com/docs/sharing/webmasters/crawler)"
57.141.6.62 - - [04/Mar/2026:06:28:01 -0600] "GET /search/0245683d01aa2/feed/rss2/ HTTP/1.1" 404 - "-" "meta-externalagent/1.1 (+https://developers.facebook.com/docs/sharing/webmasters/crawler)"
74.7.227.41 - - [04/Mar/2026:06:28:02 -0600] "GET /goods.php?detail/15601301887075 HTTP/1.1" 404 16 "https://www.nassaugolf.com/goods.php?detail/003011202987" "Mozilla/5.0 AppleWebKit/537.36 (KHTML, like Gecko; compatible; GPTBot/1.3; +https://openai.com/gptbot)"
74.7.227.134 - - [04/Mar/2026:06:28:02 -0600] "GET /goods.php?detail/2580117998990 HTTP/1.1" 404 16 "https://nassaugolf.com/goods.php?detail/258005668851" "Mozilla/5.0 AppleWebKit/537.36 (KHTML, like Gecko; compatible; GPTBot/1.3; +https://openai.com/gptbot)"
57.141.6.62 - - [04/Mar/2026:06:28:02 -0600] "GET /search/091314758f893ad/feed/rss2/ HTTP/1.1" 404 - "-" "meta-externalagent/1.1 (+https://developers.facebook.com/docs/sharing/webmasters/crawler)"
57.141.6.13 - - [04/Mar/2026:06:28:02 -0600] "GET /search/1021678907a8f4c/feed/rss2/ HTTP/1.1" 404 - "-" "meta-externalagent/1.1 (+https://developers.facebook.com/docs/sharing/webmasters/crawler)"
74.7.227.41 - - [04/Mar/2026:06:28:02 -0600] "GET /goods.php?detail/25501134038032 HTTP/1.1" 404 16 "https://www.nassaugolf.com/goods.php?detail/255028067725" "Mozilla/5.0 AppleWebKit/537.36 (KHTML, like Gecko; compatible; GPTBot/1.3; +https://openai.com/gptbot)"
74.7.227.134 - - [04/Mar/2026:06:28:02 -0600] "GET /goods.php?detail/2280310345050 HTTP/1.1" 404 16 "https://www.nassaugolf.com" "Mozilla/5.0 AppleWebKit/537.36 (KHTML, like Gecko; compatible; GPTBot/1.3; +https://openai.com/gptbot)"
74.7.227.41 - - [04/Mar/2026:06:28:03 -0600] "GET /goods.php?detail/09903647929954 HTTP/1.1" 404 16 "https://www.nassaugolf.com/goods.php?detail/1670040677176" "Mozilla/5.0 AppleWebKit/537.36 (KHTML, like Gecko; compatible; GPTBot/1.3; +https://openai.com/gptbot)"
74.7.227.134 - - [04/Mar/2026:06:28:03 -0600] "GET /goods.php?detail/0680201591091 HTTP/1.1" 404 16 "https://nassaugolf.com/goods.php?detail/039012303790" "Mozilla/5.0 AppleWebKit/537.36 (KHTML, like Gecko; compatible; GPTBot/1.3; +https://openai.com/gptbot)"
74.7.227.41 - - [04/Mar/2026:06:28:03 -0600] "GET /goods.php?detail/27004788901300 HTTP/1.1" 404 16 "https://www.nassaugolf.com/goods.php?detail/035001590663" "Mozilla/5.0 AppleWebKit/537.36 (KHTML, like Gecko; compatible; GPTBot/1.3; +https://openai.com/gptbot)"
57.141.6.32 - - [04/Mar/2026:06:28:03 -0600] "GET /prize/15293856 HTTP/1.1" 404 - "-" "meta-externalagent/1.1 (+https://developers.facebook.com/docs/sharing/webmasters/crawler)"
74.7.227.134 - - [04/Mar/2026:06:28:03 -0600] "GET /goods.php?detail/1450014203023 HTTP/1.1" 404 16 "https://www.nassaugolf.com" "Mozilla/5.0 AppleWebKit/537.36 (KHTML, like Gecko; compatible; GPTBot/1.3; +https://openai.com/gptbot)"
57.141.6.17 - - [04/Mar/2026:06:28:04 -0600] "GET /prize/15256856 HTTP/1.1" 404 - "-" "meta-externalagent/1.1 (+https://developers.facebook.com/docs/sharing/webmasters/crawler)"
74.7.227.41 - - [04/Mar/2026:06:28:04 -0600] "GET /goods.php?detail/23502398357208 HTTP/1.1" 404 16 "https://www.nassaugolf.com/goods.php?detail/207017088745" "Mozilla/5.0 AppleWebKit/537.36 (KHTML, like Gecko; compatible; GPTBot/1.3; +https://openai.com/gptbot)"
57.141.6.18 - - [04/Mar/2026:06:28:03 -0600] "GET /?s=0721921069052f2 HTTP/1.1" 200 53879 "-" "meta-externalagent/1.1 (+https://developers.facebook.com/docs/sharing/webmasters/crawler)"
74.7.227.134 - - [04/Mar/2026:06:28:04 -0600] "GET /goods.php?detail/1520220814203 HTTP/1.1" 404 16 "https://www.nassaugolf.com" "Mozilla/5.0 AppleWebKit/537.36 (KHTML, like Gecko; compatible; GPTBot/1.3; +https://openai.com/gptbot)"
57.141.6.60 - - [04/Mar/2026:06:28:04 -0600] "GET /detail/620388320 HTTP/1.1" 404 - "-" "meta-externalagent/1.1 (+https://developers.facebook.com/docs/sharing/webmasters/crawler)"
74.7.227.41 - - [04/Mar/2026:06:28:04 -0600] "GET /goods.php?detail/15604851051748 HTTP/1.1" 404 16 "https://www.nassaugolf.com/goods.php?detail/081000382626" "Mozilla/5.0 AppleWebKit/537.36 (KHTML, like Gecko; compatible; GPTBot/1.3; +https://openai.com/gptbot)"
51.68.247.210 - - [04/Mar/2026:06:28:04 -0600] "GET /?fileloc=//lib64/libuuid.so.1&path=//lib64 HTTP/1.1" 200 62688 "-" "Mozilla/5.0 (compatible; AhrefsBot/7.0; +http://ahrefs.com/robot/)"
74.7.227.134 - - [04/Mar/2026:06:28:04 -0600] "GET /goods.php?detail/1960065066203 HTTP/1.1" 404 16 "https://nassaugolf.com/goods.php?detail/1960419117174" "Mozilla/5.0 AppleWebKit/537.36 (KHTML, like Gecko; compatible; GPTBot/1.3; +https://openai.com/gptbot)"
74.7.227.41 - - [04/Mar/2026:06:28:05 -0600] "GET /goods.php?detail/21901949550174 HTTP/1.1" 404 16 "https://www.nassaugolf.com/goods.php?detail/081008513686" "Mozilla/5.0 AppleWebKit/537.36 (KHTML, like Gecko; compatible; GPTBot/1.3; +https://openai.com/gptbot)"
74.7.227.134 - - [04/Mar/2026:06:28:05 -0600] "GET /goods.php?detail/1300278602060 HTTP/1.1" 404 16 "https://nassaugolf.com/goods.php?detail/187028561873" "Mozilla/5.0 AppleWebKit/537.36 (KHTML, like Gecko; compatible; GPTBot/1.3; +https://openai.com/gptbot)"
57.141.6.31 - - [04/Mar/2026:06:28:05 -0600] "GET /search/0817512584f7ea3/feed/rss2/ HTTP/1.1" 404 - "-" "meta-externalagent/1.1 (+https://developers.facebook.com/docs/sharing/webmasters/crawler)"
74.7.227.41 - - [04/Mar/2026:06:28:05 -0600] "GET /goods.php?detail/00700162490342 HTTP/1.1" 404 16 "https://www.nassaugolf.com/goods.php?detail/007001902659" "Mozilla/5.0 AppleWebKit/537.36 (KHTML, like Gecko; compatible; GPTBot/1.3; +https://openai.com/gptbot)"
74.7.227.134 - - [04/Mar/2026:06:28:05 -0600] "GET /goods.php?detail/1820044910031 HTTP/1.1" 404 16 "https://www.nassaugolf.com" "Mozilla/5.0 AppleWebKit/537.36 (KHTML, like Gecko; compatible; GPTBot/1.3; +https://openai.com/gptbot)"
57.141.6.18 - - [04/Mar/2026:06:28:05 -0600] "GET /?s=041756095ef1480 HTTP/1.1" 200 53879 "-" "meta-externalagent/1.1 (+https://developers.facebook.com/docs/sharing/webmasters/crawler)"
74.7.227.41 - - [04/Mar/2026:06:28:06 -0600] "GET /goods.php?detail/19903623116228 HTTP/1.1" 404 16 "https://www.nassaugolf.com/goods.php?detail/145002126132" "Mozilla/5.0 AppleWebKit/537.36 (KHTML, like Gecko; compatible; GPTBot/1.3; +https://openai.com/gptbot)"
74.7.227.134 - - [04/Mar/2026:06:28:06 -0600] "GET /goods.php?detail/2670109044900 HTTP/1.1" 404 16 "https://www.nassaugolf.com" "Mozilla/5.0 AppleWebKit/537.36 (KHTML, like Gecko; compatible; GPTBot/1.3; +https://openai.com/gptbot)"
57.141.6.4 - - [04/Mar/2026:06:28:06 -0600] "GET /prize/27194689 HTTP/1.1" 404 - "-" "meta-externalagent/1.1 (+https://developers.facebook.com/docs/sharing/webmasters/crawler)"
74.7.227.41 - - [04/Mar/2026:06:28:06 -0600] "GET /goods.php?detail/14900523144032 HTTP/1.1" 404 16 "https://www.nassaugolf.com/goods.php?detail/149030507002" "Mozilla/5.0 AppleWebKit/537.36 (KHTML, like Gecko; compatible; GPTBot/1.3; +https://openai.com/gptbot)"
74.7.227.134 - - [04/Mar/2026:06:28:06 -0600] "GET /goods.php?detail/0810084869682 HTTP/1.1" 404 16 "https://nassaugolf.com/goods.php?detail/081003081178" "Mozilla/5.0 AppleWebKit/537.36 (KHTML, like Gecko; compatible; GPTBot/1.3; +https://openai.com/gptbot)"
57.141.6.17 - - [04/Mar/2026:06:28:07 -0600] "GET /prize/6720856 HTTP/1.1" 404 - "-" "meta-externalagent/1.1 (+https://developers.facebook.com/docs/sharing/webmasters/crawler)"
74.7.227.41 - - [04/Mar/2026:06:28:07 -0600] "GET /goods.php?detail/20600927501508 HTTP/1.1" 404 16 "https://www.nassaugolf.com/goods.php?detail/206021927872" "Mozilla/5.0 AppleWebKit/537.36 (KHTML, like Gecko; compatible; GPTBot/1.3; +https://openai.com/gptbot)"
74.7.227.134 - - [04/Mar/2026:06:28:07 -0600] "GET /goods.php?detail/0430473711032 HTTP/1.1" 404 16 "https://nassaugolf.com/goods.php?detail/092001237705" "Mozilla/5.0 AppleWebKit/537.36 (KHTML, like Gecko; compatible; GPTBot/1.3; +https://openai.com/gptbot)"
57.141.6.28 - - [04/Mar/2026:06:28:07 -0600] "GET /search/11597954127401/feed/rss2/ HTTP/1.1" 404 - "-" "meta-externalagent/1.1 (+https://developers.facebook.com/docs/sharing/webmasters/crawler)"
74.7.227.41 - - [04/Mar/2026:06:28:07 -0600] "GET /goods.php?detail/10100379739745 HTTP/1.1" 404 16 "https://www.nassaugolf.com/goods.php?detail/1010012937584" "Mozilla/5.0 AppleWebKit/537.36 (KHTML, like Gecko; compatible; GPTBot/1.3; +https://openai.com/gptbot)"
74.7.227.134 - - [04/Mar/2026:06:28:07 -0600] "GET /goods.php?detail/2020011787059 HTTP/1.1" 404 16 "https://www.nassaugolf.com" "Mozilla/5.0 AppleWebKit/537.36 (KHTML, like Gecko; compatible; GPTBot/1.3; +https://openai.com/gptbot)"
57.141.6.51 - - [04/Mar/2026:06:28:08 -0600] "GET /detail/91672244 HTTP/1.1" 404 - "-" "meta-externalagent/1.1 (+https://developers.facebook.com/docs/sharing/webmasters/crawler)"
57.141.6.50 - - [04/Mar/2026:06:28:08 -0600] "GET /search/091295858368add/feed/rss2/ HTTP/1.1" 404 - "-" "meta-externalagent/1.1 (+https://developers.facebook.com/docs/sharing/webmasters/crawler)"
74.7.227.41 - - [04/Mar/2026:06:28:08 -0600] "GET /goods.php?detail/05200482900619 HTTP/1.1" 404 16 "https://www.nassaugolf.com/goods.php?detail/258020680992" "Mozilla/5.0 AppleWebKit/537.36 (KHTML, like Gecko; compatible; GPTBot/1.3; +https://openai.com/gptbot)"
74.7.227.134 - - [04/Mar/2026:06:28:08 -0600] "GET /goods.php?detail/1120211748510 HTTP/1.1" 404 16 "https://nassaugolf.com/goods.php?detail/108039594685" "Mozilla/5.0 AppleWebKit/537.36 (KHTML, like Gecko; compatible; GPTBot/1.3; +https://openai.com/gptbot)"
74.7.227.41 - - [04/Mar/2026:06:28:08 -0600] "GET /goods.php?detail/02403469023631 HTTP/1.1" 404 16 "https://www.nassaugolf.com/goods.php?jp/135001194.html" "Mozilla/5.0 AppleWebKit/537.36 (KHTML, like Gecko; compatible; GPTBot/1.3; +https://openai.com/gptbot)"
57.141.6.41 - - [04/Mar/2026:06:28:08 -0600] "GET /prize/7444112 HTTP/1.1" 404 - "-" "meta-externalagent/1.1 (+https://developers.facebook.com/docs/sharing/webmasters/crawler)"
74.7.227.134 - - [04/Mar/2026:06:28:09 -0600] "GET /goods.php?detail/0480410451903 HTTP/1.1" 404 16 "https://www.nassaugolf.com" "Mozilla/5.0 AppleWebKit/537.36 (KHTML, like Gecko; compatible; GPTBot/1.3; +https://openai.com/gptbot)"
57.141.6.46 - - [04/Mar/2026:06:28:09 -0600] "GET /?s=0012187898f94fb HTTP/1.1" 200 53879 "-" "meta-externalagent/1.1 (+https://developers.facebook.com/docs/sharing/webmasters/crawler)"
74.7.227.41 - - [04/Mar/2026:06:28:09 -0600] "GET /goods.php?detail/13502208191932 HTTP/1.1" 404 16 "https://www.nassaugolf.com/goods.php?detail/278001083128" "Mozilla/5.0 AppleWebKit/537.36 (KHTML, like Gecko; compatible; GPTBot/1.3; +https://openai.com/gptbot)"
74.7.227.134 - - [04/Mar/2026:06:28:09 -0600] "GET /goods.php?detail/0220291585260 HTTP/1.1" 404 16 "https://nassaugolf.com/goods.php?detail/022026063730" "Mozilla/5.0 AppleWebKit/537.36 (KHTML, like Gecko; compatible; GPTBot/1.3; +https://openai.com/gptbot)"
57.141.6.45 - - [04/Mar/2026:06:28:09 -0600] "GET /search/012228154f1645f/feed/rss2/ HTTP/1.1" 404 - "-" "meta-externalagent/1.1 (+https://developers.facebook.com/docs/sharing/webmasters/crawler)"
40.77.167.75 - - [04/Mar/2026:06:28:09 -0600] "GET /?y=2646310595 HTTP/1.1" 200 53879 "-" "Mozilla/5.0 AppleWebKit/537.36 (KHTML, like Gecko; compatible; bingbot/2.0; +http://www.bing.com/bingbot.htm) Chrome/116.0.1938.76 Safari/537.36"
74.7.227.41 - - [04/Mar/2026:06:28:09 -0600] "GET /goods.php?detail/13104748946446 HTTP/1.1" 404 16 "https://www.nassaugolf.com/goods.php?detail/030018853189" "Mozilla/5.0 AppleWebKit/537.36 (KHTML, like Gecko; compatible; GPTBot/1.3; +https://openai.com/gptbot)"
74.7.227.134 - - [04/Mar/2026:06:28:10 -0600] "GET /goods.php?detail/0060138067282 HTTP/1.1" 404 16 "https://www.nassaugolf.com" "Mozilla/5.0 AppleWebKit/537.36 (KHTML, like Gecko; compatible; GPTBot/1.3; +https://openai.com/gptbot)"
40.77.167.11 - - [04/Mar/2026:06:28:10 -0600] "GET /detail/521392353 HTTP/1.1" 404 - "-" "Mozilla/5.0 AppleWebKit/537.36 (KHTML, like Gecko; compatible; bingbot/2.0; +http://www.bing.com/bingbot.htm) Chrome/116.0.1938.76 Safari/537.36"
74.7.227.41 - - [04/Mar/2026:06:28:10 -0600] "GET /goods.php?detail/27601880109722 HTTP/1.1" 404 16 "https://www.nassaugolf.com/goods.php?detail/1050195002521" "Mozilla/5.0 AppleWebKit/537.36 (KHTML, like Gecko; compatible; GPTBot/1.3; +https://openai.com/gptbot)"
57.141.6.29 - - [04/Mar/2026:06:28:10 -0600] "GET /?s=0859717681903f HTTP/1.1" 200 53879 "-" "meta-externalagent/1.1 (+https://developers.facebook.com/docs/sharing/webmasters/crawler)"
74.7.227.134 - - [04/Mar/2026:06:28:10 -0600] "GET /goods.php?detail/0240102807924 HTTP/1.1" 404 16 "https://nassaugolf.com/goods.php?detail/061002783076" "Mozilla/5.0 AppleWebKit/537.36 (KHTML, like Gecko; compatible; GPTBot/1.3; +https://openai.com/gptbot)"
57.141.6.27 - - [04/Mar/2026:06:28:10 -0600] "GET /?s=041819614ae7674 HTTP/1.1" 200 53879 "-" "meta-externalagent/1.1 (+https://developers.facebook.com/docs/sharing/webmasters/crawler)"
74.7.227.41 - - [04/Mar/2026:06:28:11 -0600] "GET /goods.php?detail/25802169825108 HTTP/1.1" 404 16 "https://www.nassaugolf.com/goods.php?detail/010021569409" "Mozilla/5.0 AppleWebKit/537.36 (KHTML, like Gecko; compatible; GPTBot/1.3; +https://openai.com/gptbot)"
74.7.227.134 - - [04/Mar/2026:06:28:11 -0600] "GET /goods.php?detail/0350183017357 HTTP/1.1" 404 16 "https://www.nassaugolf.com" "Mozilla/5.0 AppleWebKit/537.36 (KHTML, like Gecko; compatible; GPTBot/1.3; +https://openai.com/gptbot)"
57.141.6.65 - - [04/Mar/2026:06:28:11 -0600] "GET /search/1423304340356b1/feed/rss2/ HTTP/1.1" 404 - "-" "meta-externalagent/1.1 (+https://developers.facebook.com/docs/sharing/webmasters/crawler)"
74.7.227.41 - - [04/Mar/2026:06:28:11 -0600] "GET /goods.php?detail/21101218953715 HTTP/1.1" 404 16 "https://www.nassaugolf.com/goods.php?detail/236032921766" "Mozilla/5.0 AppleWebKit/537.36 (KHTML, like Gecko; compatible; GPTBot/1.3; +https://openai.com/gptbot)"
74.7.227.134 - - [04/Mar/2026:06:28:11 -0600] "GET /goods.php?detail/2340345505429 HTTP/1.1" 404 16 "https://www.nassaugolf.com" "Mozilla/5.0 AppleWebKit/537.36 (KHTML, like Gecko; compatible; GPTBot/1.3; +https://openai.com/gptbot)"
74.7.227.41 - - [04/Mar/2026:06:28:12 -0600] "GET /goods.php?detail/20703217704636 HTTP/1.1" 404 16 "https://www.nassaugolf.com/goods.php?detail/2070273790402" "Mozilla/5.0 AppleWebKit/537.36 (KHTML, like Gecko; compatible; GPTBot/1.3; +https://openai.com/gptbot)"
57.141.6.5 - - [04/Mar/2026:06:28:12 -0600] "GET /search/09190198594884a/feed/rss2/ HTTP/1.1" 404 - "-" "meta-externalagent/1.1 (+https://developers.facebook.com/docs/sharing/webmasters/crawler)"
57.141.6.21 - - [04/Mar/2026:06:28:12 -0600] "GET /search/10232868601b49d/feed/rss2/ HTTP/1.1" 404 - "-" "meta-externalagent/1.1 (+https://developers.facebook.com/docs/sharing/webmasters/crawler)"
74.7.227.134 - - [04/Mar/2026:06:28:12 -0600] "GET /goods.php?detail/1730110149830 HTTP/1.1" 404 16 "https://www.nassaugolf.com" "Mozilla/5.0 AppleWebKit/537.36 (KHTML, like Gecko; compatible; GPTBot/1.3; +https://openai.com/gptbot)"
74.7.227.41 - - [04/Mar/2026:06:28:12 -0600] "GET /goods.php?detail/07501589289081 HTTP/1.1" 404 16 "https://www.nassaugolf.com/goods.php?detail/075009998329" "Mozilla/5.0 AppleWebKit/537.36 (KHTML, like Gecko; compatible; GPTBot/1.3; +https://openai.com/gptbot)"
74.7.227.134 - - [04/Mar/2026:06:28:12 -0600] "GET /goods.php?detail/0590246940226 HTTP/1.1" 404 16 "https://www.nassaugolf.com" "Mozilla/5.0 AppleWebKit/537.36 (KHTML, like Gecko; compatible; GPTBot/1.3; +https://openai.com/gptbot)"
57.141.6.70 - - [04/Mar/2026:06:28:12 -0600] "GET /search/181960802717fc/feed/rss2/ HTTP/1.1" 404 - "-" "meta-externalagent/1.1 (+https://developers.facebook.com/docs/sharing/webmasters/crawler)"
74.7.227.41 - - [04/Mar/2026:06:28:13 -0600] "GET /goods.php?detail/2380346882119 HTTP/1.1" 404 16 "https://www.nassaugolf.com/goods.php?goods/057010754" "Mozilla/5.0 AppleWebKit/537.36 (KHTML, like Gecko; compatible; GPTBot/1.3; +https://openai.com/gptbot)"
74.7.227.134 - - [04/Mar/2026:06:28:13 -0600] "GET /goods.php?detail/1830101125836 HTTP/1.1" 404 16 "https://nassaugolf.com/goods.php?detail/183008237576" "Mozilla/5.0 AppleWebKit/537.36 (KHTML, like Gecko; compatible; GPTBot/1.3; +https://openai.com/gptbot)"
74.7.227.41 - - [04/Mar/2026:06:28:13 -0600] "GET /goods.php?detail/1270191057649 HTTP/1.1" 404 16 "https://www.nassaugolf.com/goods.php?detail/147002655111" "Mozilla/5.0 AppleWebKit/537.36 (KHTML, like Gecko; compatible; GPTBot/1.3; +https://openai.com/gptbot)"
