216.73.216.47 - - [04/Mar/2026:06:18:31 -0600] "GET /?fileloc=%2Fhome%2Fnassaugo%2Fpublic_html%2Fwp-content%2Fmaintenance%2Fphofgxjp.php&path=%2Fhome%2Fnassaugo%2Fpublic_html%2Fwp-content%2Fmaintenance HTTP/1.1" 200 12561 "-" "Mozilla/5.0 AppleWebKit/537.36 (KHTML, like Gecko; compatible; ClaudeBot/1.0; +claudebot@anthropic.com)"
74.7.227.41 - - [04/Mar/2026:06:18:31 -0600] "GET /goods.php?detail/06101221999583 HTTP/1.1" 404 16 "https://www.nassaugolf.com/goods.php?detail/154047928484" "Mozilla/5.0 AppleWebKit/537.36 (KHTML, like Gecko; compatible; GPTBot/1.3; +https://openai.com/gptbot)"
216.73.216.47 - - [04/Mar/2026:06:18:31 -0600] "GET /?fileloc=%2Fhome%2Fnassaugo%2Fpublic_html%2Fwp-admin%2Fjs%2Fsvg-painter.min.js&path=%2Fhome%2Fnassaugo%2Fpublic_html%2Fwp-admin%2Fjs HTTP/1.1" 200 14527 "-" "Mozilla/5.0 AppleWebKit/537.36 (KHTML, like Gecko; compatible; ClaudeBot/1.0; +claudebot@anthropic.com)"
216.73.216.47 - - [04/Mar/2026:06:18:31 -0600] "GET /?fileloc=%2Fhome%2Fnassaugo%2Fpublic_html%2Fwp-includes%2Fblock-supports%2Fblock-style-variations.php&path=%2Fhome%2Fnassaugo%2Fpublic_html%2Fwp-includes%2Fblock-supports HTTP/1.1" 200 22827 "-" "Mozilla/5.0 AppleWebKit/537.36 (KHTML, like Gecko; compatible; ClaudeBot/1.0; +claudebot@anthropic.com)"
57.141.6.29 - - [04/Mar/2026:06:18:31 -0600] "GET /search/101547730415599/feed/rss2/ HTTP/1.1" 404 - "-" "meta-externalagent/1.1 (+https://developers.facebook.com/docs/sharing/webmasters/crawler)"
216.73.216.47 - - [04/Mar/2026:06:18:31 -0600] "GET /?fileloc=%2F%2Flib64%2Flibfontconfig.so.1&path=%2F%2Flib64 HTTP/1.1" 200 513817 "-" "Mozilla/5.0 AppleWebKit/537.36 (KHTML, like Gecko; compatible; ClaudeBot/1.0; +claudebot@anthropic.com)"
216.73.216.47 - - [04/Mar/2026:06:18:31 -0600] "GET /?fileloc=%2Fhome%2Fnassaugo%2Fpublic_html%2Fwp-includes%2Fjs%2Fcustomize-preview-nav-menus.min.js&path=%2Fhome%2Fnassaugo%2Fpublic_html%2Fwp-includes%2Fjs HTTP/1.1" 200 18237 "-" "Mozilla/5.0 AppleWebKit/537.36 (KHTML, like Gecko; compatible; ClaudeBot/1.0; +claudebot@anthropic.com)"
74.7.227.134 - - [04/Mar/2026:06:18:31 -0600] "GET /goods.php?detail/2920207151128 HTTP/1.1" 404 16 "https://www.nassaugolf.com" "Mozilla/5.0 AppleWebKit/537.36 (KHTML, like Gecko; compatible; GPTBot/1.3; +https://openai.com/gptbot)"
216.73.216.47 - - [04/Mar/2026:06:18:31 -0600] "GET /?fileloc=%2F%2Flib64%2Flibxcb-xtest.so.0&path=%2F%2Flib64 HTTP/1.1" 200 30249 "-" "Mozilla/5.0 AppleWebKit/537.36 (KHTML, like Gecko; compatible; ClaudeBot/1.0; +claudebot@anthropic.com)"
216.73.216.47 - - [04/Mar/2026:06:18:31 -0600] "GET /?fileloc=%2F%2Flib64%2Flibdconf.so.1.0.0&path=%2F%2Flib64 HTTP/1.1" 200 111411 "-" "Mozilla/5.0 AppleWebKit/537.36 (KHTML, like Gecko; compatible; ClaudeBot/1.0; +claudebot@anthropic.com)"
57.141.6.60 - - [04/Mar/2026:06:18:32 -0600] "GET /search/081478852c5556/feed/rss2/ HTTP/1.1" 404 - "-" "meta-externalagent/1.1 (+https://developers.facebook.com/docs/sharing/webmasters/crawler)"
216.73.216.47 - - [04/Mar/2026:06:18:31 -0600] "GET /?fileloc=%2F%2Flib64%2Flibpwquality.so.1.0.2&path=%2F%2Flib64 HTTP/1.1" 200 54317 "-" "Mozilla/5.0 AppleWebKit/537.36 (KHTML, like Gecko; compatible; ClaudeBot/1.0; +claudebot@anthropic.com)"
74.7.227.41 - - [04/Mar/2026:06:18:32 -0600] "GET /goods.php?detail/11102973033986 HTTP/1.1" 404 16 "https://www.nassaugolf.com/goods.php?detail/111035647723" "Mozilla/5.0 AppleWebKit/537.36 (KHTML, like Gecko; compatible; GPTBot/1.3; +https://openai.com/gptbot)"
216.73.216.47 - - [04/Mar/2026:06:18:31 -0600] "GET /?fileloc=%2F%2Flib64%2Flibnsl.so.1&path=%2F%2Flib64 HTTP/1.1" 200 163788 "-" "Mozilla/5.0 AppleWebKit/537.36 (KHTML, like Gecko; compatible; ClaudeBot/1.0; +claudebot@anthropic.com)"
216.73.216.47 - - [04/Mar/2026:06:18:32 -0600] "GET /?fileloc=%2F%2Flib64%2Flibjbig2dec.so.0.0.0&path=%2F%2Flib64 HTTP/1.1" 200 197218 "-" "Mozilla/5.0 AppleWebKit/537.36 (KHTML, like Gecko; compatible; ClaudeBot/1.0; +claudebot@anthropic.com)"
216.73.216.47 - - [04/Mar/2026:06:18:32 -0600] "GET /?fileloc=%2F%2Flib64%2Flibgpm.so.2.1.0&path=%2F%2Flib64 HTTP/1.1" 200 50569 "-" "Mozilla/5.0 AppleWebKit/537.36 (KHTML, like Gecko; compatible; ClaudeBot/1.0; +claudebot@anthropic.com)"
74.7.227.134 - - [04/Mar/2026:06:18:32 -0600] "GET /goods.php?detail/1940024616192 HTTP/1.1" 404 16 "https://nassaugolf.com/goods.php?goods/287006885" "Mozilla/5.0 AppleWebKit/537.36 (KHTML, like Gecko; compatible; GPTBot/1.3; +https://openai.com/gptbot)"
216.73.216.47 - - [04/Mar/2026:06:18:32 -0600] "GET /?fileloc=%2F%2Flib64%2Flibevent_pthreads-2.1.so.7.0.1&path=%2F%2Flib64 HTTP/1.1" 200 30011 "-" "Mozilla/5.0 AppleWebKit/537.36 (KHTML, like Gecko; compatible; ClaudeBot/1.0; +claudebot@anthropic.com)"
216.73.216.47 - - [04/Mar/2026:06:18:32 -0600] "GET /?fileloc=%2F%2Flib64%2Flibtinfo.so.6&path=%2F%2Flib64 HTTP/1.1" 200 290423 "-" "Mozilla/5.0 AppleWebKit/537.36 (KHTML, like Gecko; compatible; ClaudeBot/1.0; +claudebot@anthropic.com)"
216.73.216.47 - - [04/Mar/2026:06:18:32 -0600] "GET /?fileloc=%2F%2Flib64%2Flibjbig85.so.2.1&path=%2F%2Flib64 HTTP/1.1" 200 45044 "-" "Mozilla/5.0 AppleWebKit/537.36 (KHTML, like Gecko; compatible; ClaudeBot/1.0; +claudebot@anthropic.com)"
74.7.227.41 - - [04/Mar/2026:06:18:32 -0600] "GET /goods.php?detail/15300027257965 HTTP/1.1" 404 16 "https://www.nassaugolf.com/goods.php?detail/153011927148" "Mozilla/5.0 AppleWebKit/537.36 (KHTML, like Gecko; compatible; GPTBot/1.3; +https://openai.com/gptbot)"
216.73.216.47 - - [04/Mar/2026:06:18:32 -0600] "GET /?fileloc=%2F%2Flib64%2Flibaspell.so.15.3.1&path=%2F%2Flib64 HTTP/1.1" 200 1013773 "-" "Mozilla/5.0 AppleWebKit/537.36 (KHTML, like Gecko; compatible; ClaudeBot/1.0; +claudebot@anthropic.com)"
57.141.6.28 - - [04/Mar/2026:06:18:32 -0600] "GET /?s=082434036ac6bc6 HTTP/1.1" 200 53879 "-" "meta-externalagent/1.1 (+https://developers.facebook.com/docs/sharing/webmasters/crawler)"
216.73.216.47 - - [04/Mar/2026:06:18:32 -0600] "GET /?fileloc=%2F%2Flib64%2Flibevent_extra-2.1.so.7.0.1&path=%2F%2Flib64 HTTP/1.1" 200 245209 "-" "Mozilla/5.0 AppleWebKit/537.36 (KHTML, like Gecko; compatible; ClaudeBot/1.0; +claudebot@anthropic.com)"
216.73.216.47 - - [04/Mar/2026:06:18:32 -0600] "GET /?fileloc=%2F%2Fetc%2Fgreylist_common_mail_providers&path=%2F%2Fetc HTTP/1.1" 200 12280 "-" "Mozilla/5.0 AppleWebKit/537.36 (KHTML, like Gecko; compatible; ClaudeBot/1.0; +claudebot@anthropic.com)"
74.7.227.134 - - [04/Mar/2026:06:18:32 -0600] "GET /goods.php?detail/2250480142526 HTTP/1.1" 404 16 "https://nassaugolf.com/goods.php?detail/021035011548" "Mozilla/5.0 AppleWebKit/537.36 (KHTML, like Gecko; compatible; GPTBot/1.3; +https://openai.com/gptbot)"
216.73.216.47 - - [04/Mar/2026:06:18:32 -0600] "GET /?fileloc=%2F%2Flib64%2Flibprotobuf-c.so.1&path=%2F%2Flib64 HTTP/1.1" 200 73182 "-" "Mozilla/5.0 AppleWebKit/537.36 (KHTML, like Gecko; compatible; ClaudeBot/1.0; +claudebot@anthropic.com)"
216.73.216.47 - - [04/Mar/2026:06:18:32 -0600] "GET /?fileloc=%2F%2Flib64%2Flibsss_idmap.so.0.5.1&path=%2F%2Flib64 HTTP/1.1" 200 60269 "-" "Mozilla/5.0 AppleWebKit/537.36 (KHTML, like Gecko; compatible; ClaudeBot/1.0; +claudebot@anthropic.com)"
74.7.227.41 - - [04/Mar/2026:06:18:33 -0600] "GET /goods.php?detail/06700085419310 HTTP/1.1" 404 16 "https://www.nassaugolf.com/goods.php?detail/067004193919" "Mozilla/5.0 AppleWebKit/537.36 (KHTML, like Gecko; compatible; GPTBot/1.3; +https://openai.com/gptbot)"
216.73.216.47 - - [04/Mar/2026:06:18:32 -0600] "GET /?fileloc=%2F%2Fetc%2Fblocked_incoming_email_countries&path=%2F%2Fetc HTTP/1.1" 200 12282 "-" "Mozilla/5.0 AppleWebKit/537.36 (KHTML, like Gecko; compatible; ClaudeBot/1.0; +claudebot@anthropic.com)"
216.73.216.47 - - [04/Mar/2026:06:18:33 -0600] "GET /?fileloc=%2F%2Flib64%2Flibgmp.so.10&path=%2F%2Flib64 HTTP/1.1" 200 1141836 "-" "Mozilla/5.0 AppleWebKit/537.36 (KHTML, like Gecko; compatible; ClaudeBot/1.0; +claudebot@anthropic.com)"
216.73.216.47 - - [04/Mar/2026:06:18:33 -0600] "GET /?fileloc=%2F%2Flib64%2FlibXt.so.6&path=%2F%2Flib64 HTTP/1.1" 200 677440 "-" "Mozilla/5.0 AppleWebKit/537.36 (KHTML, like Gecko; compatible; ClaudeBot/1.0; +claudebot@anthropic.com)"
216.73.216.47 - - [04/Mar/2026:06:18:33 -0600] "GET /?fileloc=%2F%2Flib64%2Flibuv.so.1.0.0&path=%2F%2Flib64 HTTP/1.1" 200 329795 "-" "Mozilla/5.0 AppleWebKit/537.36 (KHTML, like Gecko; compatible; ClaudeBot/1.0; +claudebot@anthropic.com)"
74.7.227.134 - - [04/Mar/2026:06:18:33 -0600] "GET /goods.php?detail/2720115373119 HTTP/1.1" 404 16 "https://www.nassaugolf.com" "Mozilla/5.0 AppleWebKit/537.36 (KHTML, like Gecko; compatible; GPTBot/1.3; +https://openai.com/gptbot)"
216.73.216.47 - - [04/Mar/2026:06:18:33 -0600] "GET /?fileloc=%2F%2Flib64%2Flibrpmio.so.9.1.3&path=%2F%2Flib64 HTTP/1.1" 200 356781 "-" "Mozilla/5.0 AppleWebKit/537.36 (KHTML, like Gecko; compatible; ClaudeBot/1.0; +claudebot@anthropic.com)"
216.73.216.47 - - [04/Mar/2026:06:18:33 -0600] "GET /?fileloc=%2Fhome%2Fnassaugo%2Fpublic_html%2Fwp-includes%2FPHPMailer%2FPHPMailer.php&path=%2Fhome%2Fnassaugo%2Fpublic_html%2Fwp-includes%2FPHPMailer HTTP/1.1" 200 221508 "-" "Mozilla/5.0 AppleWebKit/537.36 (KHTML, like Gecko; compatible; ClaudeBot/1.0; +claudebot@anthropic.com)"
57.141.6.74 - - [04/Mar/2026:06:18:33 -0600] "GET /?s=09920793b562d3 HTTP/1.1" 200 53879 "-" "meta-externalagent/1.1 (+https://developers.facebook.com/docs/sharing/webmasters/crawler)"
74.7.227.41 - - [04/Mar/2026:06:18:33 -0600] "GET /goods.php?detail/06902770641115 HTTP/1.1" 404 16 "https://www.nassaugolf.com/goods.php?detail/147003121019" "Mozilla/5.0 AppleWebKit/537.36 (KHTML, like Gecko; compatible; GPTBot/1.3; +https://openai.com/gptbot)"
216.73.216.47 - - [04/Mar/2026:06:18:33 -0600] "GET /?fileloc=%2F%2Flib64%2Flibjxl_threads.so.0.7&path=%2F%2Flib64 HTTP/1.1" 200 39101 "-" "Mozilla/5.0 AppleWebKit/537.36 (KHTML, like Gecko; compatible; ClaudeBot/1.0; +claudebot@anthropic.com)"
216.73.216.47 - - [04/Mar/2026:06:18:33 -0600] "GET /?fileloc=%2F%2Flib64%2Flibatspi.so.0&path=%2F%2Flib64 HTTP/1.1" 200 359593 "-" "Mozilla/5.0 AppleWebKit/537.36 (KHTML, like Gecko; compatible; ClaudeBot/1.0; +claudebot@anthropic.com)"
216.73.216.47 - - [04/Mar/2026:06:18:33 -0600] "GET /?fileloc=%2F%2Flib64%2Flibestr.so.0&path=%2F%2Flib64 HTTP/1.1" 200 33261 "-" "Mozilla/5.0 AppleWebKit/537.36 (KHTML, like Gecko; compatible; ClaudeBot/1.0; +claudebot@anthropic.com)"
57.141.6.23 - - [04/Mar/2026:06:18:33 -0600] "GET /?s=046480525e6d2f HTTP/1.1" 200 53879 "-" "meta-externalagent/1.1 (+https://developers.facebook.com/docs/sharing/webmasters/crawler)"
216.73.216.47 - - [04/Mar/2026:06:18:33 -0600] "GET /?fileloc=%2Fhome%2Fnassaugo%2Fpublic_html%2Fwp-content%2Fmaintenance%2Fbznroswe.php&path=%2Fhome%2Fnassaugo%2Fpublic_html%2Fwp-content%2Fmaintenance HTTP/1.1" 200 12561 "-" "Mozilla/5.0 AppleWebKit/537.36 (KHTML, like Gecko; compatible; ClaudeBot/1.0; +claudebot@anthropic.com)"
74.7.227.134 - - [04/Mar/2026:06:18:34 -0600] "GET /goods.php?detail/2820206773806 HTTP/1.1" 404 16 "https://nassaugolf.com/goods.php?goods/288010760" "Mozilla/5.0 AppleWebKit/537.36 (KHTML, like Gecko; compatible; GPTBot/1.3; +https://openai.com/gptbot)"
57.141.6.10 - - [04/Mar/2026:06:18:34 -0600] "GET /detail/440275641 HTTP/1.1" 404 - "-" "meta-externalagent/1.1 (+https://developers.facebook.com/docs/sharing/webmasters/crawler)"
94.23.188.196 - - [04/Mar/2026:06:18:33 -0600] "GET /?fileloc=//lib64/libwmf-0.2.so.7.1.4&path=//lib64 HTTP/1.1" 200 408159 "-" "Mozilla/5.0 (compatible; AhrefsBot/7.0; +http://ahrefs.com/robot/)"
216.73.216.47 - - [04/Mar/2026:06:18:33 -0600] "GET /?fileloc=%2Fhome%2Fnassaugo%2Fpublic_html%2Fwp-includes%2Fblock-supports%2Flayout.php&path=%2Fhome%2Fnassaugo%2Fpublic_html%2Fwp-includes%2Fblock-supports HTTP/1.1" 200 60194 "-" "Mozilla/5.0 AppleWebKit/537.36 (KHTML, like Gecko; compatible; ClaudeBot/1.0; +claudebot@anthropic.com)"
216.73.216.47 - - [04/Mar/2026:06:18:33 -0600] "GET /?fileloc=%2F%2Flib64%2Flibpcap.so.1.10.0&path=%2F%2Flib64 HTTP/1.1" 200 504613 "-" "Mozilla/5.0 AppleWebKit/537.36 (KHTML, like Gecko; compatible; ClaudeBot/1.0; +claudebot@anthropic.com)"
74.7.227.41 - - [04/Mar/2026:06:18:34 -0600] "GET /goods.php?detail/22000312437699 HTTP/1.1" 404 16 "https://www.nassaugolf.com/goods.php?detail/220009382515" "Mozilla/5.0 AppleWebKit/537.36 (KHTML, like Gecko; compatible; GPTBot/1.3; +https://openai.com/gptbot)"
216.73.216.47 - - [04/Mar/2026:06:18:34 -0600] "GET /?fileloc=%2F%2Flib64%2FlibXi.so.6.1.0&path=%2F%2Flib64 HTTP/1.1" 200 120080 "-" "Mozilla/5.0 AppleWebKit/537.36 (KHTML, like Gecko; compatible; ClaudeBot/1.0; +claudebot@anthropic.com)"
216.73.216.47 - - [04/Mar/2026:06:18:34 -0600] "GET /?fileloc=%2F%2Flib64%2Flibidn2.so.0.3.7&path=%2F%2Flib64 HTTP/1.1" 200 198449 "-" "Mozilla/5.0 AppleWebKit/537.36 (KHTML, like Gecko; compatible; ClaudeBot/1.0; +claudebot@anthropic.com)"
216.73.216.47 - - [04/Mar/2026:06:18:34 -0600] "GET /?fileloc=%2F%2Flib64%2Flibperl.so.5.32&path=%2F%2Flib64 HTTP/1.1" 200 5311785 "-" "Mozilla/5.0 AppleWebKit/537.36 (KHTML, like Gecko; compatible; ClaudeBot/1.0; +claudebot@anthropic.com)"
74.7.227.134 - - [04/Mar/2026:06:18:34 -0600] "GET /goods.php?detail/2830309361900 HTTP/1.1" 404 16 "https://nassaugolf.com/goods.php?detail/045046278363" "Mozilla/5.0 AppleWebKit/537.36 (KHTML, like Gecko; compatible; GPTBot/1.3; +https://openai.com/gptbot)"
216.73.216.47 - - [04/Mar/2026:06:18:34 -0600] "GET /?fileloc=%2F%2Flib64%2Flibpanelw.so.6.2&path=%2F%2Flib64 HTTP/1.1" 200 37315 "-" "Mozilla/5.0 AppleWebKit/537.36 (KHTML, like Gecko; compatible; ClaudeBot/1.0; +claudebot@anthropic.com)"
216.73.216.47 - - [04/Mar/2026:06:18:34 -0600] "GET /?fileloc=%2F%2Flib64%2Flibgvpr.so.2.0.0&path=%2F%2Flib64 HTTP/1.1" 200 766831 "-" "Mozilla/5.0 AppleWebKit/537.36 (KHTML, like Gecko; compatible; ClaudeBot/1.0; +claudebot@anthropic.com)"
216.73.216.47 - - [04/Mar/2026:06:18:34 -0600] "GET /?fileloc=%2F%2Flib64%2Flibgpgme.so.11&path=%2F%2Flib64 HTTP/1.1" 200 562710 "-" "Mozilla/5.0 AppleWebKit/537.36 (KHTML, like Gecko; compatible; ClaudeBot/1.0; +claudebot@anthropic.com)"
74.7.227.41 - - [04/Mar/2026:06:18:34 -0600] "GET /goods.php?detail/28400095953733 HTTP/1.1" 404 16 "https://www.nassaugolf.com/goods.php?detail/284010552409" "Mozilla/5.0 AppleWebKit/537.36 (KHTML, like Gecko; compatible; GPTBot/1.3; +https://openai.com/gptbot)"
57.141.6.9 - - [04/Mar/2026:06:18:34 -0600] "GET /search/061646334119306/feed/rss2/ HTTP/1.1" 404 - "-" "meta-externalagent/1.1 (+https://developers.facebook.com/docs/sharing/webmasters/crawler)"
216.73.216.47 - - [04/Mar/2026:06:18:34 -0600] "GET /?fileloc=%2F%2Flib64%2Flibpanel.so.6&path=%2F%2Flib64 HTTP/1.1" 200 37325 "-" "Mozilla/5.0 AppleWebKit/537.36 (KHTML, like Gecko; compatible; ClaudeBot/1.0; +claudebot@anthropic.com)"
216.73.216.47 - - [04/Mar/2026:06:18:34 -0600] "GET /?fileloc=%2F%2Fetc%2Fexim.conf.mailman2.exiscan.dist&path=%2F%2Fetc HTTP/1.1" 200 42920 "-" "Mozilla/5.0 AppleWebKit/537.36 (KHTML, like Gecko; compatible; ClaudeBot/1.0; +claudebot@anthropic.com)"
216.73.216.47 - - [04/Mar/2026:06:18:34 -0600] "GET /?fileloc=%2F%2Flib64%2Flibkrb5support.so.0.1&path=%2F%2Flib64 HTTP/1.1" 200 106488 "-" "Mozilla/5.0 AppleWebKit/537.36 (KHTML, like Gecko; compatible; ClaudeBot/1.0; +claudebot@anthropic.com)"
74.7.227.134 - - [04/Mar/2026:06:18:35 -0600] "GET /goods.php?detail/1820270582428 HTTP/1.1" 404 16 "https://www.nassaugolf.com" "Mozilla/5.0 AppleWebKit/537.36 (KHTML, like Gecko; compatible; GPTBot/1.3; +https://openai.com/gptbot)"
216.73.216.47 - - [04/Mar/2026:06:18:34 -0600] "GET /?fileloc=%2F%2Flib64%2Flibgd.so.3.0.10&path=%2F%2Flib64 HTTP/1.1" 200 574599 "-" "Mozilla/5.0 AppleWebKit/537.36 (KHTML, like Gecko; compatible; ClaudeBot/1.0; +claudebot@anthropic.com)"
57.141.6.48 - - [04/Mar/2026:06:18:35 -0600] "GET /search/012041540f7fcbd/feed/rss2/ HTTP/1.1" 404 - "-" "meta-externalagent/1.1 (+https://developers.facebook.com/docs/sharing/webmasters/crawler)"
216.73.216.47 - - [04/Mar/2026:06:18:34 -0600] "GET /?fileloc=%2F%2Flib64%2Flibulockmgr.so.1&path=%2F%2Flib64 HTTP/1.1" 200 31737 "-" "Mozilla/5.0 AppleWebKit/537.36 (KHTML, like Gecko; compatible; ClaudeBot/1.0; +claudebot@anthropic.com)"
216.73.216.47 - - [04/Mar/2026:06:18:35 -0600] "GET /?fileloc=%2Fhome%2Fnassaugo%2Fwww%2Fwp-login.php&path=%2Fhome%2Fnassaugo%2Fwww HTTP/1.1" 200 74917 "-" "Mozilla/5.0 AppleWebKit/537.36 (KHTML, like Gecko; compatible; ClaudeBot/1.0; +claudebot@anthropic.com)"
74.7.227.41 - - [04/Mar/2026:06:18:35 -0600] "GET /goods.php?detail/04900317222761 HTTP/1.1" 404 16 "https://www.nassaugolf.com/goods.php?detail/049015125904" "Mozilla/5.0 AppleWebKit/537.36 (KHTML, like Gecko; compatible; GPTBot/1.3; +https://openai.com/gptbot)"
216.73.216.47 - - [04/Mar/2026:06:18:35 -0600] "GET /?fileloc=%2F%2Flib64%2Flibharfbuzz.so.0.20704.0&path=%2F%2Flib64 HTTP/1.1" 200 1366723 "-" "Mozilla/5.0 AppleWebKit/537.36 (KHTML, like Gecko; compatible; ClaudeBot/1.0; +claudebot@anthropic.com)"
216.73.216.47 - - [04/Mar/2026:06:18:35 -0600] "GET /?fileloc=%2F%2Flib64%2Flibcanberra.so.0.2.5&path=%2F%2Flib64 HTTP/1.1" 200 129329 "-" "Mozilla/5.0 AppleWebKit/537.36 (KHTML, like Gecko; compatible; ClaudeBot/1.0; +claudebot@anthropic.com)"
216.73.216.47 - - [04/Mar/2026:06:18:35 -0600] "GET /?fileloc=%2F%2Flib64%2Flibidn.so.12&path=%2F%2Flib64 HTTP/1.1" 200 295836 "-" "Mozilla/5.0 AppleWebKit/537.36 (KHTML, like Gecko; compatible; ClaudeBot/1.0; +claudebot@anthropic.com)"
57.141.6.46 - - [04/Mar/2026:06:18:35 -0600] "GET /?s=042112669698aca HTTP/1.1" 200 53879 "-" "meta-externalagent/1.1 (+https://developers.facebook.com/docs/sharing/webmasters/crawler)"
74.7.227.134 - - [04/Mar/2026:06:18:35 -0600] "GET /goods.php?detail/2720448505527 HTTP/1.1" 404 16 "https://www.nassaugolf.com" "Mozilla/5.0 AppleWebKit/537.36 (KHTML, like Gecko; compatible; GPTBot/1.3; +https://openai.com/gptbot)"
216.73.216.47 - - [04/Mar/2026:06:18:35 -0600] "GET /?fileloc=%2F%2Flib64%2Flibfribidi.so.0.4.0&path=%2F%2Flib64 HTTP/1.1" 200 156215 "-" "Mozilla/5.0 AppleWebKit/537.36 (KHTML, like Gecko; compatible; ClaudeBot/1.0; +claudebot@anthropic.com)"
216.73.216.47 - - [04/Mar/2026:06:18:35 -0600] "GET /?fileloc=%2F%2Flib64%2Flibdrm.so.2.123.0&path=%2F%2Flib64 HTTP/1.1" 200 147971 "-" "Mozilla/5.0 AppleWebKit/537.36 (KHTML, like Gecko; compatible; ClaudeBot/1.0; +claudebot@anthropic.com)"
216.73.216.47 - - [04/Mar/2026:06:18:35 -0600] "GET /?fileloc=%2F%2Flib64%2Flibelf-0.193.so&path=%2F%2Flib64 HTTP/1.1" 200 182836 "-" "Mozilla/5.0 AppleWebKit/537.36 (KHTML, like Gecko; compatible; ClaudeBot/1.0; +claudebot@anthropic.com)"
74.7.227.41 - - [04/Mar/2026:06:18:35 -0600] "GET /goods.php?detail/28400999636556 HTTP/1.1" 404 16 "https://www.nassaugolf.com/goods.php?detail/284004835302" "Mozilla/5.0 AppleWebKit/537.36 (KHTML, like Gecko; compatible; GPTBot/1.3; +https://openai.com/gptbot)"
216.73.216.47 - - [04/Mar/2026:06:18:35 -0600] "GET /?fileloc=%2F%2Flib64%2Flibjxl_threads.so.0.7.2&path=%2F%2Flib64 HTTP/1.1" 200 39103 "-" "Mozilla/5.0 AppleWebKit/537.36 (KHTML, like Gecko; compatible; ClaudeBot/1.0; +claudebot@anthropic.com)"
216.73.216.47 - - [04/Mar/2026:06:18:35 -0600] "GET /?fileloc=%2F%2Fboot%2Finitramfs-0-rescue-06bd4e573b214dc89757d3022fe608ec.img&path=%2F%2Fboot HTTP/1.1" 200 12308 "-" "Mozilla/5.0 AppleWebKit/537.36 (KHTML, like Gecko; compatible; ClaudeBot/1.0; +claudebot@anthropic.com)"
74.7.227.134 - - [04/Mar/2026:06:18:36 -0600] "GET /goods.php?detail/1370396913683 HTTP/1.1" 404 16 "https://nassaugolf.com/goods.php?detail/069003195831" "Mozilla/5.0 AppleWebKit/537.36 (KHTML, like Gecko; compatible; GPTBot/1.3; +https://openai.com/gptbot)"
216.73.216.47 - - [04/Mar/2026:06:18:35 -0600] "GET /?fileloc=%2F%2Flib64%2Flibuuid.so.1&path=%2F%2Flib64 HTTP/1.1" 200 62688 "-" "Mozilla/5.0 AppleWebKit/537.36 (KHTML, like Gecko; compatible; ClaudeBot/1.0; +claudebot@anthropic.com)"
216.73.216.47 - - [04/Mar/2026:06:18:36 -0600] "GET /?fileloc=%2F%2Flib64%2Flibjq.so.1&path=%2F%2Flib64 HTTP/1.1" 200 549223 "-" "Mozilla/5.0 AppleWebKit/537.36 (KHTML, like Gecko; compatible; ClaudeBot/1.0; +claudebot@anthropic.com)"
216.73.216.47 - - [04/Mar/2026:06:18:36 -0600] "GET /?fileloc=%2F%2Flib64%2Flibtinfo.so.6.2&path=%2F%2Flib64 HTTP/1.1" 200 290425 "-" "Mozilla/5.0 AppleWebKit/537.36 (KHTML, like Gecko; compatible; ClaudeBot/1.0; +claudebot@anthropic.com)"
74.7.227.41 - - [04/Mar/2026:06:18:36 -0600] "GET /goods.php?detail/11400804657999 HTTP/1.1" 404 16 "https://www.nassaugolf.com/goods.php?detail/114019917182" "Mozilla/5.0 AppleWebKit/537.36 (KHTML, like Gecko; compatible; GPTBot/1.3; +https://openai.com/gptbot)"
57.141.6.15 - - [04/Mar/2026:06:18:36 -0600] "GET /detail/555316106 HTTP/1.1" 404 - "-" "meta-externalagent/1.1 (+https://developers.facebook.com/docs/sharing/webmasters/crawler)"
216.73.216.47 - - [04/Mar/2026:06:18:36 -0600] "GET /?fileloc=%2F%2Flib64%2Flibgbm.so.1&path=%2F%2Flib64 HTTP/1.1" 200 41075 "-" "Mozilla/5.0 AppleWebKit/537.36 (KHTML, like Gecko; compatible; ClaudeBot/1.0; +claudebot@anthropic.com)"
57.141.6.46 - - [04/Mar/2026:06:18:36 -0600] "GET /?s=06121098149ccfc HTTP/1.1" 200 53879 "-" "meta-externalagent/1.1 (+https://developers.facebook.com/docs/sharing/webmasters/crawler)"
216.73.216.47 - - [04/Mar/2026:06:18:36 -0600] "GET /?fileloc=%2F%2Flib64%2Flibini_config.so.5&path=%2F%2Flib64 HTTP/1.1" 200 188974 "-" "Mozilla/5.0 AppleWebKit/537.36 (KHTML, like Gecko; compatible; ClaudeBot/1.0; +claudebot@anthropic.com)"
216.73.216.47 - - [04/Mar/2026:06:18:36 -0600] "GET /?fileloc=%2Fhome%2Fnassaugo%2Fpublic_html%2Fwp-content%2Fmaintenance%2Fozlvrnfc.php&path=%2Fhome%2Fnassaugo%2Fpublic_html%2Fwp-content%2Fmaintenance HTTP/1.1" 200 12561 "-" "Mozilla/5.0 AppleWebKit/537.36 (KHTML, like Gecko; compatible; ClaudeBot/1.0; +claudebot@anthropic.com)"
74.7.227.134 - - [04/Mar/2026:06:18:36 -0600] "GET /goods.php?detail/2610063372833 HTTP/1.1" 404 16 "https://www.nassaugolf.com" "Mozilla/5.0 AppleWebKit/537.36 (KHTML, like Gecko; compatible; GPTBot/1.3; +https://openai.com/gptbot)"
216.73.216.47 - - [04/Mar/2026:06:18:36 -0600] "GET /?fileloc=%2Fhome%2Fnassaugo%2Fpublic_html%2Fwp-includes%2Fjs%2Fmedia-views.js&path=%2Fhome%2Fnassaugo%2Fpublic_html%2Fwp-includes%2Fjs HTTP/1.1" 200 303907 "-" "Mozilla/5.0 AppleWebKit/537.36 (KHTML, like Gecko; compatible; ClaudeBot/1.0; +claudebot@anthropic.com)"
216.73.216.47 - - [04/Mar/2026:06:18:36 -0600] "GET /?fileloc=%2F%2Flib64%2Flibtdsodbc.so&path=%2F%2Flib64 HTTP/1.1" 200 784911 "-" "Mozilla/5.0 AppleWebKit/537.36 (KHTML, like Gecko; compatible; ClaudeBot/1.0; +claudebot@anthropic.com)"
74.7.227.41 - - [04/Mar/2026:06:18:36 -0600] "GET /goods.php?detail/17900128887560 HTTP/1.1" 404 16 "https://www.nassaugolf.com/goods.php?detail/035040400808" "Mozilla/5.0 AppleWebKit/537.36 (KHTML, like Gecko; compatible; GPTBot/1.3; +https://openai.com/gptbot)"
216.73.216.47 - - [04/Mar/2026:06:18:36 -0600] "GET /?fileloc=%2F%2Flib64%2Flibpcp_import.so.1&path=%2F%2Flib64 HTTP/1.1" 200 67979 "-" "Mozilla/5.0 AppleWebKit/537.36 (KHTML, like Gecko; compatible; ClaudeBot/1.0; +claudebot@anthropic.com)"
57.141.6.26 - - [04/Mar/2026:06:18:37 -0600] "GET /search/1318468554569b2/feed/rss2/ HTTP/1.1" 404 - "-" "meta-externalagent/1.1 (+https://developers.facebook.com/docs/sharing/webmasters/crawler)"
216.73.216.47 - - [04/Mar/2026:06:18:36 -0600] "GET /?fileloc=%2Fhome%2Fnassaugo%2Fpublic_html%2Fwp-includes%2Fjs%2Fwp-ajax-response.js&path=%2Fhome%2Fnassaugo%2Fpublic_html%2Fwp-includes%2Fjs HTTP/1.1" 200 17226 "-" "Mozilla/5.0 AppleWebKit/537.36 (KHTML, like Gecko; compatible; ClaudeBot/1.0; +claudebot@anthropic.com)"
216.73.216.47 - - [04/Mar/2026:06:18:36 -0600] "GET /?fileloc=%2Fhome%2Fnassaugo%2Fpublic_html%2Fwp-admin%2Fjs%2Fpassword-strength-meter.min.js&path=%2Fhome%2Fnassaugo%2Fpublic_html%2Fwp-admin%2Fjs HTTP/1.1" 200 13899 "-" "Mozilla/5.0 AppleWebKit/537.36 (KHTML, like Gecko; compatible; ClaudeBot/1.0; +claudebot@anthropic.com)"
216.73.216.47 - - [04/Mar/2026:06:18:36 -0600] "GET /?fileloc=%2F%2Flib64%2Flibgailutil-3.so.0&path=%2F%2Flib64 HTTP/1.1" 200 67067 "-" "Mozilla/5.0 AppleWebKit/537.36 (KHTML, like Gecko; compatible; ClaudeBot/1.0; +claudebot@anthropic.com)"
74.7.227.134 - - [04/Mar/2026:06:18:37 -0600] "GET /goods.php?detail/2440328546406 HTTP/1.1" 404 16 "https://www.nassaugolf.com" "Mozilla/5.0 AppleWebKit/537.36 (KHTML, like Gecko; compatible; GPTBot/1.3; +https://openai.com/gptbot)"
216.73.216.47 - - [04/Mar/2026:06:18:37 -0600] "GET /?fileloc=%2F%2Flib64%2Flibgvc.so.6&path=%2F%2Flib64 HTTP/1.1" 200 1014246 "-" "Mozilla/5.0 AppleWebKit/537.36 (KHTML, like Gecko; compatible; ClaudeBot/1.0; +claudebot@anthropic.com)"
74.7.227.41 - - [04/Mar/2026:06:18:37 -0600] "GET /goods.php?detail/21000997962864 HTTP/1.1" 404 16 "https://www.nassaugolf.com/goods.php?detail/210018180663" "Mozilla/5.0 AppleWebKit/537.36 (KHTML, like Gecko; compatible; GPTBot/1.3; +https://openai.com/gptbot)"
216.73.216.47 - - [04/Mar/2026:06:18:37 -0600] "GET /?fileloc=%2F%2Flib64%2FlibXrandr.so.2.2.0&path=%2F%2Flib64 HTTP/1.1" 200 86238 "-" "Mozilla/5.0 AppleWebKit/537.36 (KHTML, like Gecko; compatible; ClaudeBot/1.0; +claudebot@anthropic.com)"
216.73.216.47 - - [04/Mar/2026:06:18:37 -0600] "GET /?fileloc=%2Fhome%2Fnassaugo%2Fwww%2Fhidden-404.php&path=%2Fhome%2Fnassaugo%2Fwww HTTP/1.1" 200 12890 "-" "Mozilla/5.0 AppleWebKit/537.36 (KHTML, like Gecko; compatible; ClaudeBot/1.0; +claudebot@anthropic.com)"
216.73.216.47 - - [04/Mar/2026:06:18:37 -0600] "GET /?fileloc=%2Fhome%2Fnassaugo%2Fpublic_html%2Fwp-content%2Fmaintenance%2Filvswhuq.php&path=%2Fhome%2Fnassaugo%2Fpublic_html%2Fwp-content%2Fmaintenance HTTP/1.1" 200 12561 "-" "Mozilla/5.0 AppleWebKit/537.36 (KHTML, like Gecko; compatible; ClaudeBot/1.0; +claudebot@anthropic.com)"
57.141.6.37 - - [04/Mar/2026:06:18:37 -0600] "GET /?s=0016388619cd195 HTTP/1.1" 200 53879 "-" "meta-externalagent/1.1 (+https://developers.facebook.com/docs/sharing/webmasters/crawler)"
216.73.216.47 - - [04/Mar/2026:06:18:37 -0600] "GET /?fileloc=%2F%2Flib64%2Flibkrad.so.0.0&path=%2F%2Flib64 HTTP/1.1" 200 74902 "-" "Mozilla/5.0 AppleWebKit/537.36 (KHTML, like Gecko; compatible; ClaudeBot/1.0; +claudebot@anthropic.com)"
74.7.227.134 - - [04/Mar/2026:06:18:37 -0600] "GET /goods.php?detail/2130104640017 HTTP/1.1" 404 16 "https://www.nassaugolf.com" "Mozilla/5.0 AppleWebKit/537.36 (KHTML, like Gecko; compatible; GPTBot/1.3; +https://openai.com/gptbot)"
216.73.216.47 - - [04/Mar/2026:06:18:35 -0600] "GET /?fileloc=%2F%2Fboot%2Fvmlinuz-0-rescue-06bd4e573b214dc89757d3022fe608ec&path=%2F%2Fboot HTTP/1.1" 200 29157994 "-" "Mozilla/5.0 AppleWebKit/537.36 (KHTML, like Gecko; compatible; ClaudeBot/1.0; +claudebot@anthropic.com)"
216.73.216.47 - - [04/Mar/2026:06:18:37 -0600] "GET /?fileloc=%2F%2Flib64%2Flibavahi-client.so.3&path=%2F%2Flib64 HTTP/1.1" 200 128532 "-" "Mozilla/5.0 AppleWebKit/537.36 (KHTML, like Gecko; compatible; ClaudeBot/1.0; +claudebot@anthropic.com)"
216.73.216.47 - - [04/Mar/2026:06:18:37 -0600] "GET /?fileloc=%2Fhome%2Fnassaugo%2Fpublic_html%2Fwp-admin%2Fjs%2Fmedia-gallery.js&path=%2Fhome%2Fnassaugo%2Fpublic_html%2Fwp-admin%2Fjs HTTP/1.1" 200 13971 "-" "Mozilla/5.0 AppleWebKit/537.36 (KHTML, like Gecko; compatible; ClaudeBot/1.0; +claudebot@anthropic.com)"
74.7.227.41 - - [04/Mar/2026:06:18:37 -0600] "GET /goods.php?detail/21801064302777 HTTP/1.1" 404 16 "https://www.nassaugolf.com/goods.php?detail/1200229212491" "Mozilla/5.0 AppleWebKit/537.36 (KHTML, like Gecko; compatible; GPTBot/1.3; +https://openai.com/gptbot)"
216.73.216.47 - - [04/Mar/2026:06:18:37 -0600] "GET /?fileloc=%2F%2Flib64%2Flibfreeblpriv3.so&path=%2F%2Flib64 HTTP/1.1" 200 1802964 "-" "Mozilla/5.0 AppleWebKit/537.36 (KHTML, like Gecko; compatible; ClaudeBot/1.0; +claudebot@anthropic.com)"
57.141.6.41 - - [04/Mar/2026:06:18:38 -0600] "GET /detail/906180835 HTTP/1.1" 404 - "-" "meta-externalagent/1.1 (+https://developers.facebook.com/docs/sharing/webmasters/crawler)"
216.73.216.47 - - [04/Mar/2026:06:18:37 -0600] "GET /?fileloc=%2F%2Flib64%2Flibmnl.so.0.2.0&path=%2F%2Flib64 HTTP/1.1" 200 48091 "-" "Mozilla/5.0 AppleWebKit/537.36 (KHTML, like Gecko; compatible; ClaudeBot/1.0; +claudebot@anthropic.com)"
216.73.216.47 - - [04/Mar/2026:06:18:37 -0600] "GET /?fileloc=%2F%2Fsbin%2Fip6tables-restore-translate&path=%2F%2Fsbin HTTP/1.1" 200 366766 "-" "Mozilla/5.0 AppleWebKit/537.36 (KHTML, like Gecko; compatible; ClaudeBot/1.0; +claudebot@anthropic.com)"
216.73.216.47 - - [04/Mar/2026:06:18:37 -0600] "GET /?fileloc=%2Fhome%2Fnassaugo%2Fpublic_html%2Fwp-includes%2Fjs%2Fautosave.min.js&path=%2Fhome%2Fnassaugo%2Fpublic_html%2Fwp-includes%2Fjs HTTP/1.1" 200 20120 "-" "Mozilla/5.0 AppleWebKit/537.36 (KHTML, like Gecko; compatible; ClaudeBot/1.0; +claudebot@anthropic.com)"
74.7.227.134 - - [04/Mar/2026:06:18:38 -0600] "GET /goods.php?detail/2580322434634 HTTP/1.1" 404 16 "https://www.nassaugolf.com" "Mozilla/5.0 AppleWebKit/537.36 (KHTML, like Gecko; compatible; GPTBot/1.3; +https://openai.com/gptbot)"
216.73.216.47 - - [04/Mar/2026:06:18:38 -0600] "GET /?fileloc=%2F%2Flib64%2Flibkadm5srv_mit.so&path=%2F%2Flib64 HTTP/1.1" 200 196304 "-" "Mozilla/5.0 AppleWebKit/537.36 (KHTML, like Gecko; compatible; ClaudeBot/1.0; +claudebot@anthropic.com)"
216.73.216.47 - - [04/Mar/2026:06:18:38 -0600] "GET /?fileloc=%2Fhome%2Fnassaugo%2Ftmp%2Fsess_ddf537a78274bb5dcf54b8d6216df47e&path=%2Fhome%2Fnassaugo%2Ftmp HTTP/1.1" 200 19999 "-" "Mozilla/5.0 AppleWebKit/537.36 (KHTML, like Gecko; compatible; ClaudeBot/1.0; +claudebot@anthropic.com)"
74.7.227.41 - - [04/Mar/2026:06:18:38 -0600] "GET /goods.php?detail/12000669324896 HTTP/1.1" 404 16 "https://www.nassaugolf.com/goods.php?detail/120011633372" "Mozilla/5.0 AppleWebKit/537.36 (KHTML, like Gecko; compatible; GPTBot/1.3; +https://openai.com/gptbot)"
216.73.216.47 - - [04/Mar/2026:06:18:38 -0600] "GET /?fileloc=%2Fhome%2Fnassaugo%2Fpublic_html%2Fwp-admin%2Fjs%2Fxfn.min.js&path=%2Fhome%2Fnassaugo%2Fpublic_html%2Fwp-admin%2Fjs HTTP/1.1" 200 13168 "-" "Mozilla/5.0 AppleWebKit/537.36 (KHTML, like Gecko; compatible; ClaudeBot/1.0; +claudebot@anthropic.com)"
216.73.216.47 - - [04/Mar/2026:06:18:38 -0600] "GET /?fileloc=%2F%2Flib64%2FlibXdamage.so.1.1.0&path=%2F%2Flib64 HTTP/1.1" 200 31452 "-" "Mozilla/5.0 AppleWebKit/537.36 (KHTML, like Gecko; compatible; ClaudeBot/1.0; +claudebot@anthropic.com)"
40.77.167.247 - - [04/Mar/2026:06:18:38 -0600] "GET /?y=4156411770 HTTP/1.1" 200 53879 "-" "Mozilla/5.0 AppleWebKit/537.36 (KHTML, like Gecko; compatible; bingbot/2.0; +http://www.bing.com/bingbot.htm) Chrome/116.0.1938.76 Safari/537.36"
57.141.6.53 - - [04/Mar/2026:06:18:38 -0600] "GET /search/15135851469ed9d/feed/rss2/ HTTP/1.1" 404 - "-" "meta-externalagent/1.1 (+https://developers.facebook.com/docs/sharing/webmasters/crawler)"
216.73.216.47 - - [04/Mar/2026:06:18:38 -0600] "GET /?fileloc=%2F%2Flib64%2Flibsasl2.so.3&path=%2F%2Flib64 HTTP/1.1" 200 205698 "-" "Mozilla/5.0 AppleWebKit/537.36 (KHTML, like Gecko; compatible; ClaudeBot/1.0; +claudebot@anthropic.com)"
216.73.216.47 - - [04/Mar/2026:06:18:38 -0600] "GET /?fileloc=%2Fhome%2Fnassaugo%2Fpublic_html%2Fwp-includes%2Fcertificates%2Fca-bundle.crt&path=%2Fhome%2Fnassaugo%2Fpublic_html%2Fwp-includes%2Fcertificates HTTP/1.1" 200 246734 "-" "Mozilla/5.0 AppleWebKit/537.36 (KHTML, like Gecko; compatible; ClaudeBot/1.0; +claudebot@anthropic.com)"
74.7.227.134 - - [04/Mar/2026:06:18:38 -0600] "GET /goods.php?detail/1500371032721 HTTP/1.1" 404 16 "https://www.nassaugolf.com" "Mozilla/5.0 AppleWebKit/537.36 (KHTML, like Gecko; compatible; GPTBot/1.3; +https://openai.com/gptbot)"
216.73.216.47 - - [04/Mar/2026:06:18:38 -0600] "GET /?fileloc=%2Fhome%2Fnassaugo%2Fpublic_html%2Fwp-admin%2Fjs%2Faccordion.js&path=%2Fhome%2Fnassaugo%2Fpublic_html%2Fwp-admin%2Fjs HTTP/1.1" 200 16055 "-" "Mozilla/5.0 AppleWebKit/537.36 (KHTML, like Gecko; compatible; ClaudeBot/1.0; +claudebot@anthropic.com)"
216.73.216.47 - - [04/Mar/2026:06:18:38 -0600] "GET /?fileloc=%2F%2Fsbin%2Fmkhomedir_helper&path=%2F%2Fsbin HTTP/1.1" 200 39699 "-" "Mozilla/5.0 AppleWebKit/537.36 (KHTML, like Gecko; compatible; ClaudeBot/1.0; +claudebot@anthropic.com)"
74.7.227.41 - - [04/Mar/2026:06:18:38 -0600] "GET /goods.php?detail/22200078358943 HTTP/1.1" 404 16 "https://www.nassaugolf.com/goods.php?detail/22200060640884" "Mozilla/5.0 AppleWebKit/537.36 (KHTML, like Gecko; compatible; GPTBot/1.3; +https://openai.com/gptbot)"
216.73.216.47 - - [04/Mar/2026:06:18:38 -0600] "GET /?fileloc=%2F%2Flib64%2Flibsoftokn3.chk&path=%2F%2Flib64 HTTP/1.1" 200 12426 "-" "Mozilla/5.0 AppleWebKit/537.36 (KHTML, like Gecko; compatible; ClaudeBot/1.0; +claudebot@anthropic.com)"
216.73.216.47 - - [04/Mar/2026:06:18:38 -0600] "GET /?fileloc=%2F%2Flib64%2Flibkdb5.so.10.0&path=%2F%2Flib64 HTTP/1.1" 200 141238 "-" "Mozilla/5.0 AppleWebKit/537.36 (KHTML, like Gecko; compatible; ClaudeBot/1.0; +claudebot@anthropic.com)"
216.73.216.47 - - [04/Mar/2026:06:18:38 -0600] "GET /?fileloc=%2F%2Flib64%2Flibhogweed.so.6&path=%2F%2Flib64 HTTP/1.1" 200 1083544 "-" "Mozilla/5.0 AppleWebKit/537.36 (KHTML, like Gecko; compatible; ClaudeBot/1.0; +claudebot@anthropic.com)"
216.73.216.47 - - [04/Mar/2026:06:18:39 -0600] "GET /?fileloc=%2F%2Flib64%2FlibXmu.so.6&path=%2F%2Flib64 HTTP/1.1" 200 182515 "-" "Mozilla/5.0 AppleWebKit/537.36 (KHTML, like Gecko; compatible; ClaudeBot/1.0; +claudebot@anthropic.com)"
216.73.216.47 - - [04/Mar/2026:06:18:39 -0600] "GET /?fileloc=%2Fhome%2Fnassaugo%2Fpublic_html%2Fwp-includes%2Fjs%2Fwplink.min.js&path=%2Fhome%2Fnassaugo%2Fpublic_html%2Fwp-includes%2Fjs HTTP/1.1" 200 26058 "-" "Mozilla/5.0 AppleWebKit/537.36 (KHTML, like Gecko; compatible; ClaudeBot/1.0; +claudebot@anthropic.com)"
74.7.227.134 - - [04/Mar/2026:06:18:39 -0600] "GET /goods.php?detail/0100428204168 HTTP/1.1" 404 16 "https://www.nassaugolf.com" "Mozilla/5.0 AppleWebKit/537.36 (KHTML, like Gecko; compatible; GPTBot/1.3; +https://openai.com/gptbot)"
216.73.216.47 - - [04/Mar/2026:06:18:39 -0600] "GET /?fileloc=%2F%2Flib64%2Flibxcb-sync.so.1.0.0&path=%2F%2Flib64 HTTP/1.1" 200 56387 "-" "Mozilla/5.0 AppleWebKit/537.36 (KHTML, like Gecko; compatible; ClaudeBot/1.0; +claudebot@anthropic.com)"
74.7.227.41 - - [04/Mar/2026:06:18:39 -0600] "GET /goods.php?detail/19000972382539 HTTP/1.1" 404 16 "https://www.nassaugolf.com/goods.php?detail/190010730811" "Mozilla/5.0 AppleWebKit/537.36 (KHTML, like Gecko; compatible; GPTBot/1.3; +https://openai.com/gptbot)"
57.141.6.70 - - [04/Mar/2026:06:18:39 -0600] "GET /search/016067556cab31/feed/rss2/ HTTP/1.1" 404 - "-" "meta-externalagent/1.1 (+https://developers.facebook.com/docs/sharing/webmasters/crawler)"
216.73.216.47 - - [04/Mar/2026:06:18:39 -0600] "GET /?fileloc=%2Fhome%2Fnassaugo%2Fpublic_html%2Fwp-includes%2Fjs%2Funderscore.min.js&path=%2Fhome%2Fnassaugo%2Fpublic_html%2Fwp-includes%2Fjs HTTP/1.1" 200 34158 "-" "Mozilla/5.0 AppleWebKit/537.36 (KHTML, like Gecko; compatible; ClaudeBot/1.0; +claudebot@anthropic.com)"
216.73.216.47 - - [04/Mar/2026:06:18:39 -0600] "GET /?fileloc=%2F%2Flib64%2FlibEGL_mesa.so.0&path=%2F%2Flib64 HTTP/1.1" 200 571388 "-" "Mozilla/5.0 AppleWebKit/537.36 (KHTML, like Gecko; compatible; ClaudeBot/1.0; +claudebot@anthropic.com)"
216.73.216.47 - - [04/Mar/2026:06:18:39 -0600] "GET /?fileloc=%2F%2Flib64%2Flibharfbuzz-gobject.so.0.20704.0&path=%2F%2Flib64 HTTP/1.1" 200 141705 "-" "Mozilla/5.0 AppleWebKit/537.36 (KHTML, like Gecko; compatible; ClaudeBot/1.0; +claudebot@anthropic.com)"
216.73.216.47 - - [04/Mar/2026:06:18:39 -0600] "GET /?fileloc=%2F%2Flib64%2Flibanl.so.1&path=%2F%2Flib64 HTTP/1.1" 200 28994 "-" "Mozilla/5.0 AppleWebKit/537.36 (KHTML, like Gecko; compatible; ClaudeBot/1.0; +claudebot@anthropic.com)"
57.141.6.19 - - [04/Mar/2026:06:18:39 -0600] "GET /search/081283855f2fbf/feed/rss2/ HTTP/1.1" 404 - "-" "meta-externalagent/1.1 (+https://developers.facebook.com/docs/sharing/webmasters/crawler)"
74.7.227.134 - - [04/Mar/2026:06:18:39 -0600] "GET /goods.php?detail/1250177335505 HTTP/1.1" 404 16 "https://nassaugolf.com/goods.php?detail/125014501424" "Mozilla/5.0 AppleWebKit/537.36 (KHTML, like Gecko; compatible; GPTBot/1.3; +https://openai.com/gptbot)"
216.73.216.47 - - [04/Mar/2026:06:18:39 -0600] "GET /?fileloc=%2F%2Flib64%2Flibsamba-passdb.so.0&path=%2F%2Flib64 HTTP/1.1" 200 359507 "-" "Mozilla/5.0 AppleWebKit/537.36 (KHTML, like Gecko; compatible; ClaudeBot/1.0; +claudebot@anthropic.com)"
74.7.227.41 - - [04/Mar/2026:06:18:39 -0600] "GET /goods.php?detail/17900055984611 HTTP/1.1" 404 16 "https://www.nassaugolf.com/goods.php?detail/179018457092" "Mozilla/5.0 AppleWebKit/537.36 (KHTML, like Gecko; compatible; GPTBot/1.3; +https://openai.com/gptbot)"
216.73.216.47 - - [04/Mar/2026:06:18:39 -0600] "GET /?fileloc=%2F%2Flib64%2Flibffi.so.8.1.0&path=%2F%2Flib64 HTTP/1.1" 200 78262 "-" "Mozilla/5.0 AppleWebKit/537.36 (KHTML, like Gecko; compatible; ClaudeBot/1.0; +claudebot@anthropic.com)"
216.73.216.47 - - [04/Mar/2026:06:18:39 -0600] "GET /?fileloc=%2F%2Flib64%2Flibbrotlidec.so&path=%2F%2Flib64 HTTP/1.1" 200 89216 "-" "Mozilla/5.0 AppleWebKit/537.36 (KHTML, like Gecko; compatible; ClaudeBot/1.0; +claudebot@anthropic.com)"
216.73.216.47 - - [04/Mar/2026:06:18:39 -0600] "GET /?fileloc=%2F%2Flib64%2Flibpanel.so.6.2&path=%2F%2Flib64 HTTP/1.1" 200 37327 "-" "Mozilla/5.0 AppleWebKit/537.36 (KHTML, like Gecko; compatible; ClaudeBot/1.0; +claudebot@anthropic.com)"
216.73.216.47 - - [04/Mar/2026:06:18:40 -0600] "GET /?fileloc=%2F%2Flib64%2Flibpciaccess.so.0&path=%2F%2Flib64 HTTP/1.1" 200 73301 "-" "Mozilla/5.0 AppleWebKit/537.36 (KHTML, like Gecko; compatible; ClaudeBot/1.0; +claudebot@anthropic.com)"
57.141.6.52 - - [04/Mar/2026:06:18:40 -0600] "GET /detail/28722975 HTTP/1.1" 404 - "-" "meta-externalagent/1.1 (+https://developers.facebook.com/docs/sharing/webmasters/crawler)"
216.73.216.47 - - [04/Mar/2026:06:18:40 -0600] "GET /?fileloc=%2F%2Flib64%2Flibavahi-common.so.3&path=%2F%2Flib64 HTTP/1.1" 200 87442 "-" "Mozilla/5.0 AppleWebKit/537.36 (KHTML, like Gecko; compatible; ClaudeBot/1.0; +claudebot@anthropic.com)"
74.7.227.134 - - [04/Mar/2026:06:18:40 -0600] "GET /goods.php?detail/0140137737257 HTTP/1.1" 404 16 "https://www.nassaugolf.com" "Mozilla/5.0 AppleWebKit/537.36 (KHTML, like Gecko; compatible; GPTBot/1.3; +https://openai.com/gptbot)"
57.141.6.60 - - [04/Mar/2026:06:18:40 -0600] "GET /search/01238096367d6d8/feed/rss2/ HTTP/1.1" 404 - "-" "meta-externalagent/1.1 (+https://developers.facebook.com/docs/sharing/webmasters/crawler)"
216.73.216.47 - - [04/Mar/2026:06:18:40 -0600] "GET /?fileloc=%2F%2Flib64%2Flibmariadb.so.3&path=%2F%2Flib64 HTTP/1.1" 200 560643 "-" "Mozilla/5.0 AppleWebKit/537.36 (KHTML, like Gecko; compatible; ClaudeBot/1.0; +claudebot@anthropic.com)"
74.7.227.41 - - [04/Mar/2026:06:18:40 -0600] "GET /goods.php?detail/16400695502333 HTTP/1.1" 404 16 "https://www.nassaugolf.com/goods.php?detail/164009200818" "Mozilla/5.0 AppleWebKit/537.36 (KHTML, like Gecko; compatible; GPTBot/1.3; +https://openai.com/gptbot)"
216.73.216.47 - - [04/Mar/2026:06:18:40 -0600] "GET /?fileloc=%2F%2Flib64%2FlibXau.so.6&path=%2F%2Flib64 HTTP/1.1" 200 37084 "-" "Mozilla/5.0 AppleWebKit/537.36 (KHTML, like Gecko; compatible; ClaudeBot/1.0; +claudebot@anthropic.com)"
216.73.216.47 - - [04/Mar/2026:06:18:40 -0600] "GET /?fileloc=%2Fhome%2Fnassaugo%2Fpublic_html%2Fwp-content%2Fmaintenance%2Fwp-login.php&path=%2Fhome%2Fnassaugo%2Fpublic_html%2Fwp-content%2Fmaintenance HTTP/1.1" 200 12561 "-" "Mozilla/5.0 AppleWebKit/537.36 (KHTML, like Gecko; compatible; ClaudeBot/1.0; +claudebot@anthropic.com)"
216.73.216.47 - - [04/Mar/2026:06:18:40 -0600] "GET /?fileloc=%2F%2Flib64%2Flibbind9-9.16.23-RH.so&path=%2F%2Flib64 HTTP/1.1" 200 144790 "-" "Mozilla/5.0 AppleWebKit/537.36 (KHTML, like Gecko; compatible; ClaudeBot/1.0; +claudebot@anthropic.com)"
216.73.216.47 - - [04/Mar/2026:06:18:40 -0600] "GET /?fileloc=%2Fhome%2Fnassaugo%2Fpublic_html%2Fwp-admin%2Fjs%2Fmedia-upload.min.js&path=%2Fhome%2Fnassaugo%2Fpublic_html%2Fwp-admin%2Fjs HTTP/1.1" 200 13980 "-" "Mozilla/5.0 AppleWebKit/537.36 (KHTML, like Gecko; compatible; ClaudeBot/1.0; +claudebot@anthropic.com)"
74.7.227.134 - - [04/Mar/2026:06:18:40 -0600] "GET /goods.php?detail/0610246003468 HTTP/1.1" 404 16 "https://www.nassaugolf.com" "Mozilla/5.0 AppleWebKit/537.36 (KHTML, like Gecko; compatible; GPTBot/1.3; +https://openai.com/gptbot)"
74.7.227.41 - - [04/Mar/2026:06:18:41 -0600] "GET /goods.php?detail/17000849146495 HTTP/1.1" 404 16 "https://www.nassaugolf.com/goods.php?detail/1700110870550" "Mozilla/5.0 AppleWebKit/537.36 (KHTML, like Gecko; compatible; GPTBot/1.3; +https://openai.com/gptbot)"
57.141.6.50 - - [04/Mar/2026:06:18:41 -0600] "GET /search/05297815ab93b4/feed/rss2/ HTTP/1.1" 404 - "-" "meta-externalagent/1.1 (+https://developers.facebook.com/docs/sharing/webmasters/crawler)"
216.73.216.47 - - [04/Mar/2026:06:18:40 -0600] "GET /?fileloc=%2F%2Flib64%2Flibavahi-libevent.so.1&path=%2F%2Flib64 HTTP/1.1" 200 30579 "-" "Mozilla/5.0 AppleWebKit/537.36 (KHTML, like Gecko; compatible; ClaudeBot/1.0; +claudebot@anthropic.com)"
216.73.216.47 - - [04/Mar/2026:06:18:40 -0600] "GET /?fileloc=%2F%2Flib64%2Flibicuuc.so&path=%2F%2Flib64 HTTP/1.1" 200 2998710 "-" "Mozilla/5.0 AppleWebKit/537.36 (KHTML, like Gecko; compatible; ClaudeBot/1.0; +claudebot@anthropic.com)"
216.73.216.47 - - [04/Mar/2026:06:18:40 -0600] "GET /?fileloc=%2F%2Fetc%2Ffavicon.png&path=%2F%2Fetc HTTP/1.1" 200 12596 "-" "Mozilla/5.0 AppleWebKit/537.36 (KHTML, like Gecko; compatible; ClaudeBot/1.0; +claudebot@anthropic.com)"
216.73.216.47 - - [04/Mar/2026:06:18:41 -0600] "GET /?fileloc=%2F%2Flib64%2Flibcairo-gobject.so.2.11704.0&path=%2F%2Flib64 HTTP/1.1" 200 63287 "-" "Mozilla/5.0 AppleWebKit/537.36 (KHTML, like Gecko; compatible; ClaudeBot/1.0; +claudebot@anthropic.com)"
216.73.216.47 - - [04/Mar/2026:06:18:41 -0600] "GET /?fileloc=%2Fhome%2Fnassaugo%2Fpublic_html%2Fwp-content%2Fmaintenance%2Fflfhtxhp.php&path=%2Fhome%2Fnassaugo%2Fpublic_html%2Fwp-content%2Fmaintenance HTTP/1.1" 200 12561 "-" "Mozilla/5.0 AppleWebKit/537.36 (KHTML, like Gecko; compatible; ClaudeBot/1.0; +claudebot@anthropic.com)"
74.7.227.134 - - [04/Mar/2026:06:18:41 -0600] "GET /goods.php?detail/0220288622519 HTTP/1.1" 404 16 "https://nassaugolf.com/goods.php?detail/231013050275" "Mozilla/5.0 AppleWebKit/537.36 (KHTML, like Gecko; compatible; GPTBot/1.3; +https://openai.com/gptbot)"
57.141.6.63 - - [04/Mar/2026:06:18:41 -0600] "GET /search/0819317196c853e/feed/rss2/ HTTP/1.1" 404 - "-" "meta-externalagent/1.1 (+https://developers.facebook.com/docs/sharing/webmasters/crawler)"
216.73.216.47 - - [04/Mar/2026:06:18:41 -0600] "GET /?fileloc=%2F%2Flib64%2Flibevent_openssl-2.1.so.7&path=%2F%2Flib64 HTTP/1.1" 200 59854 "-" "Mozilla/5.0 AppleWebKit/537.36 (KHTML, like Gecko; compatible; ClaudeBot/1.0; +claudebot@anthropic.com)"
74.7.227.41 - - [04/Mar/2026:06:18:41 -0600] "GET /goods.php?detail/12600540286999 HTTP/1.1" 404 16 "https://www.nassaugolf.com/goods.php?detail/126038913863" "Mozilla/5.0 AppleWebKit/537.36 (KHTML, like Gecko; compatible; GPTBot/1.3; +https://openai.com/gptbot)"
216.73.216.47 - - [04/Mar/2026:06:18:40 -0600] "GET /?fileloc=%2F%2Flib64%2Flibaom.so.3&path=%2F%2Flib64 HTTP/1.1" 200 8070372 "-" "Mozilla/5.0 AppleWebKit/537.36 (KHTML, like Gecko; compatible; ClaudeBot/1.0; +claudebot@anthropic.com)"
216.73.216.47 - - [04/Mar/2026:06:18:41 -0600] "GET /?fileloc=%2Fhome%2Fnassaugo%2Fpublic_html%2Fwp-content%2Fmaintenance%2Fknolpdfb.php&path=%2Fhome%2Fnassaugo%2Fpublic_html%2Fwp-content%2Fmaintenance HTTP/1.1" 200 12561 "-" "Mozilla/5.0 AppleWebKit/537.36 (KHTML, like Gecko; compatible; ClaudeBot/1.0; +claudebot@anthropic.com)"
216.73.216.47 - - [04/Mar/2026:06:18:41 -0600] "GET /?fileloc=%2Fhome%2Fnassaugo%2Fpublic_html%2Fwp-includes%2Fjs%2Fmedia-models.min.js&path=%2Fhome%2Fnassaugo%2Fpublic_html%2Fwp-includes%2Fjs HTTP/1.1" 200 28192 "-" "Mozilla/5.0 AppleWebKit/537.36 (KHTML, like Gecko; compatible; ClaudeBot/1.0; +claudebot@anthropic.com)"
216.73.216.47 - - [04/Mar/2026:06:18:41 -0600] "GET /?fileloc=%2F%2Flib64%2Flibndp.so.0.3.0&path=%2F%2Flib64 HTTP/1.1" 200 53488 "-" "Mozilla/5.0 AppleWebKit/537.36 (KHTML, like Gecko; compatible; ClaudeBot/1.0; +claudebot@anthropic.com)"
216.73.216.47 - - [04/Mar/2026:06:18:41 -0600] "GET /?fileloc=%2F%2Flib64%2Flibnss_dns.so.2&path=%2F%2Flib64 HTTP/1.1" 200 28741 "-" "Mozilla/5.0 AppleWebKit/537.36 (KHTML, like Gecko; compatible; ClaudeBot/1.0; +claudebot@anthropic.com)"
57.141.6.22 - - [04/Mar/2026:06:18:41 -0600] "GET /search/082062346bf15e7/feed/rss2/ HTTP/1.1" 404 - "-" "meta-externalagent/1.1 (+https://developers.facebook.com/docs/sharing/webmasters/crawler)"
216.73.216.47 - - [04/Mar/2026:06:18:41 -0600] "GET /?fileloc=%2F%2Flib64%2Fgrcrt1.o&path=%2F%2Flib64 HTTP/1.1" 200 16052 "-" "Mozilla/5.0 AppleWebKit/537.36 (KHTML, like Gecko; compatible; ClaudeBot/1.0; +claudebot@anthropic.com)"
74.7.227.134 - - [04/Mar/2026:06:18:41 -0600] "GET /goods.php?detail/0030103246943 HTTP/1.1" 404 16 "https://nassaugolf.com/goods.php?detail/178009209044" "Mozilla/5.0 AppleWebKit/537.36 (KHTML, like Gecko; compatible; GPTBot/1.3; +https://openai.com/gptbot)"
216.73.216.47 - - [04/Mar/2026:06:18:41 -0600] "GET /?fileloc=%2F%2Flib64%2FlibICE.so.6.3.0&path=%2F%2Flib64 HTTP/1.1" 200 170878 "-" "Mozilla/5.0 AppleWebKit/537.36 (KHTML, like Gecko; compatible; ClaudeBot/1.0; +claudebot@anthropic.com)"
216.73.216.47 - - [04/Mar/2026:06:18:41 -0600] "GET /?fileloc=%2F%2Flib64%2Flibxcb-shape.so.0.0.0&path=%2F%2Flib64 HTTP/1.1" 200 31771 "-" "Mozilla/5.0 AppleWebKit/537.36 (KHTML, like Gecko; compatible; ClaudeBot/1.0; +claudebot@anthropic.com)"
74.7.227.41 - - [04/Mar/2026:06:18:42 -0600] "GET /goods.php?detail/29000361873299 HTTP/1.1" 404 16 "https://www.nassaugolf.com/goods.php?detail/290044985245" "Mozilla/5.0 AppleWebKit/537.36 (KHTML, like Gecko; compatible; GPTBot/1.3; +https://openai.com/gptbot)"
216.73.216.47 - - [04/Mar/2026:06:18:41 -0600] "GET /?fileloc=%2F%2Flib64%2Flibldap.so.2.0.200&path=%2F%2Flib64 HTTP/1.1" 200 650980 "-" "Mozilla/5.0 AppleWebKit/537.36 (KHTML, like Gecko; compatible; ClaudeBot/1.0; +claudebot@anthropic.com)"
57.141.6.42 - - [04/Mar/2026:06:18:42 -0600] "GET /search/072417791f92595/feed/rss2/ HTTP/1.1" 404 - "-" "meta-externalagent/1.1 (+https://developers.facebook.com/docs/sharing/webmasters/crawler)"
216.73.216.47 - - [04/Mar/2026:06:18:42 -0600] "GET /?fileloc=%2F%2Flib64%2Flibxdot.so.4&path=%2F%2Flib64 HTTP/1.1" 200 45845 "-" "Mozilla/5.0 AppleWebKit/537.36 (KHTML, like Gecko; compatible; ClaudeBot/1.0; +claudebot@anthropic.com)"
216.73.216.47 - - [04/Mar/2026:06:18:42 -0600] "GET /?fileloc=%2F%2Flib64%2Flibsgutils2-1.47.so.2.0.0&path=%2F%2Flib64 HTTP/1.1" 200 403201 "-" "Mozilla/5.0 AppleWebKit/537.36 (KHTML, like Gecko; compatible; ClaudeBot/1.0; +claudebot@anthropic.com)"
74.7.227.134 - - [04/Mar/2026:06:18:42 -0600] "GET /goods.php?detail/2840049825025 HTTP/1.1" 404 16 "https://nassaugolf.com/goods.php?goods/284011425" "Mozilla/5.0 AppleWebKit/537.36 (KHTML, like Gecko; compatible; GPTBot/1.3; +https://openai.com/gptbot)"
216.73.216.47 - - [04/Mar/2026:06:18:42 -0600] "GET /?fileloc=%2Fhome%2Fnassaugo%2Fpublic_html%2Fwp-includes%2Fjs%2Ftw-sack.min.js&path=%2Fhome%2Fnassaugo%2Fpublic_html%2Fwp-includes%2Fjs HTTP/1.1" 200 16099 "-" "Mozilla/5.0 AppleWebKit/537.36 (KHTML, like Gecko; compatible; ClaudeBot/1.0; +claudebot@anthropic.com)"
91.92.242.224 - - [04/Mar/2026:06:18:42 -0600] "GET /my-account/ HTTP/1.1" 404 - "-" "-"
216.73.216.47 - - [04/Mar/2026:06:18:42 -0600] "GET /?fileloc=%2F%2Flib64%2FlibXaw.so.7&path=%2F%2Flib64 HTTP/1.1" 200 642251 "-" "Mozilla/5.0 AppleWebKit/537.36 (KHTML, like Gecko; compatible; ClaudeBot/1.0; +claudebot@anthropic.com)"
74.7.227.41 - - [04/Mar/2026:06:18:42 -0600] "GET /goods.php?detail/25700098653733 HTTP/1.1" 404 16 "https://www.nassaugolf.com/goods.php?detail/257039994731" "Mozilla/5.0 AppleWebKit/537.36 (KHTML, like Gecko; compatible; GPTBot/1.3; +https://openai.com/gptbot)"
216.73.216.47 - - [04/Mar/2026:06:18:42 -0600] "GET /?fileloc=%2F%2Flib64%2Flibkrb5.so.3.3&path=%2F%2Flib64 HTTP/1.1" 200 1323743 "-" "Mozilla/5.0 AppleWebKit/537.36 (KHTML, like Gecko; compatible; ClaudeBot/1.0; +claudebot@anthropic.com)"
216.73.216.47 - - [04/Mar/2026:06:18:42 -0600] "GET /?fileloc=%2Fhome%2Fnassaugo%2Fwww%2Findex.php&path=%2Fhome%2Fnassaugo%2Fwww HTTP/1.1" 200 12793 "-" "Mozilla/5.0 AppleWebKit/537.36 (KHTML, like Gecko; compatible; ClaudeBot/1.0; +claudebot@anthropic.com)"
216.73.216.47 - - [04/Mar/2026:06:18:42 -0600] "GET /?fileloc=%2F%2Flib64%2Flibharfbuzz-subset.so.0.20704.0&path=%2F%2Flib64 HTTP/1.1" 200 880900 "-" "Mozilla/5.0 AppleWebKit/537.36 (KHTML, like Gecko; compatible; ClaudeBot/1.0; +claudebot@anthropic.com)"
216.73.216.47 - - [04/Mar/2026:06:18:42 -0600] "GET /?fileloc=%2F%2Flib64%2Flibpango-1.0.so.0&path=%2F%2Flib64 HTTP/1.1" 200 501010 "-" "Mozilla/5.0 AppleWebKit/537.36 (KHTML, like Gecko; compatible; ClaudeBot/1.0; +claudebot@anthropic.com)"
74.7.227.134 - - [04/Mar/2026:06:18:43 -0600] "GET /goods.php?detail/0220315821622 HTTP/1.1" 404 16 "https://nassaugolf.com/goods.php?detail/022000944981" "Mozilla/5.0 AppleWebKit/537.36 (KHTML, like Gecko; compatible; GPTBot/1.3; +https://openai.com/gptbot)"
216.73.216.47 - - [04/Mar/2026:06:18:42 -0600] "GET /?fileloc=%2F%2Flib64%2Flibctf-nobfd.so&path=%2F%2Flib64 HTTP/1.1" 200 186943 "-" "Mozilla/5.0 AppleWebKit/537.36 (KHTML, like Gecko; compatible; ClaudeBot/1.0; +claudebot@anthropic.com)"
74.7.227.41 - - [04/Mar/2026:06:18:43 -0600] "GET /goods.php?detail/10001893992543 HTTP/1.1" 404 16 "https://www.nassaugolf.com/goods.php?detail/100014973457" "Mozilla/5.0 AppleWebKit/537.36 (KHTML, like Gecko; compatible; GPTBot/1.3; +https://openai.com/gptbot)"
57.141.6.2 - - [04/Mar/2026:06:18:43 -0600] "GET /detail/127203323 HTTP/1.1" 404 - "-" "meta-externalagent/1.1 (+https://developers.facebook.com/docs/sharing/webmasters/crawler)"
