216.73.216.47 - - [04/Mar/2026:06:17:12 -0600] "GET /?fileloc=%2Fhome%2Fnassaugo%2Fpublic_html%2Fwp-includes%2FIXR%2Fclass-IXR-base64.php&path=%2Fhome%2Fnassaugo%2Fpublic_html%2Fwp-includes%2FIXR HTTP/1.1" 200 13004 "-" "Mozilla/5.0 AppleWebKit/537.36 (KHTML, like Gecko; compatible; ClaudeBot/1.0; +claudebot@anthropic.com)"
74.7.227.134 - - [04/Mar/2026:06:17:12 -0600] "GET /goods.php?detail/1300243241173 HTTP/1.1" 404 16 "https://nassaugolf.com/goods.php?detail/233036626470" "Mozilla/5.0 AppleWebKit/537.36 (KHTML, like Gecko; compatible; GPTBot/1.3; +https://openai.com/gptbot)"
57.141.6.62 - - [04/Mar/2026:06:17:12 -0600] "GET /search/089078135da708/feed/rss2/ HTTP/1.1" 404 - "-" "meta-externalagent/1.1 (+https://developers.facebook.com/docs/sharing/webmasters/crawler)"
216.73.216.47 - - [04/Mar/2026:06:17:12 -0600] "GET /?fileloc=%2Fhome%2Fnassaugo%2Fpublic_html%2Fwp-includes%2Fjs%2Fshortcode.min.js&path=%2Fhome%2Fnassaugo%2Fpublic_html%2Fwp-includes%2Fjs HTTP/1.1" 200 15852 "-" "Mozilla/5.0 AppleWebKit/537.36 (KHTML, like Gecko; compatible; ClaudeBot/1.0; +claudebot@anthropic.com)"
216.73.216.47 - - [04/Mar/2026:06:17:12 -0600] "GET /?fileloc=%2F%2Fbin%2Fnl-list-caches&path=%2F%2Fbin HTTP/1.1" 200 30074 "-" "Mozilla/5.0 AppleWebKit/537.36 (KHTML, like Gecko; compatible; ClaudeBot/1.0; +claudebot@anthropic.com)"
216.73.216.47 - - [04/Mar/2026:06:17:12 -0600] "GET /?fileloc=%2F%2Fsbin%2Fxfs_estimate&path=%2F%2Fsbin HTTP/1.1" 200 31250 "-" "Mozilla/5.0 AppleWebKit/537.36 (KHTML, like Gecko; compatible; ClaudeBot/1.0; +claudebot@anthropic.com)"
74.7.227.41 - - [04/Mar/2026:06:17:12 -0600] "GET /goods.php?detail/26000138163211 HTTP/1.1" 404 16 "https://www.nassaugolf.com/goods.php?detail/260001260366" "Mozilla/5.0 AppleWebKit/537.36 (KHTML, like Gecko; compatible; GPTBot/1.3; +https://openai.com/gptbot)"
216.73.216.47 - - [04/Mar/2026:06:17:12 -0600] "GET /?fileloc=%2Fhome%2Fnassaugo%2Fpublic_html%2Fwp-includes%2Fwidgets%2Fclass-wp-widget-pages.php&path=%2Fhome%2Fnassaugo%2Fpublic_html%2Fwp-includes%2Fwidgets HTTP/1.1" 200 19744 "-" "Mozilla/5.0 AppleWebKit/537.36 (KHTML, like Gecko; compatible; ClaudeBot/1.0; +claudebot@anthropic.com)"
216.73.216.47 - - [04/Mar/2026:06:17:12 -0600] "GET /?fileloc=%2F%2Fbin%2Fx86_64-redhat-linux-gcc&path=%2F%2Fbin HTTP/1.1" 200 1530189 "-" "Mozilla/5.0 AppleWebKit/537.36 (KHTML, like Gecko; compatible; ClaudeBot/1.0; +claudebot@anthropic.com)"
216.73.216.47 - - [04/Mar/2026:06:17:12 -0600] "GET /?fileloc=%2F%2Fbin%2Flwp-download&path=%2F%2Fbin HTTP/1.1" 200 23546 "-" "Mozilla/5.0 AppleWebKit/537.36 (KHTML, like Gecko; compatible; ClaudeBot/1.0; +claudebot@anthropic.com)"
216.73.216.47 - - [04/Mar/2026:06:17:12 -0600] "GET /?path=%2Fhome%2Fnassaugo%2Fpublic_html%2Fwp-content%2Fthemes%2Fconsultstreet HTTP/1.1" 200 51101 "-" "Mozilla/5.0 AppleWebKit/537.36 (KHTML, like Gecko; compatible; ClaudeBot/1.0; +claudebot@anthropic.com)"
74.7.227.134 - - [04/Mar/2026:06:17:13 -0600] "GET /goods.php?detail/0450042667068 HTTP/1.1" 404 16 "https://nassaugolf.com/goods.php?detail/045004067294" "Mozilla/5.0 AppleWebKit/537.36 (KHTML, like Gecko; compatible; GPTBot/1.3; +https://openai.com/gptbot)"
216.73.216.47 - - [04/Mar/2026:06:17:12 -0600] "GET /?fileloc=%2F%2Flib64%2Fliburing.so.2.5&path=%2F%2Flib64 HTTP/1.1" 200 49759 "-" "Mozilla/5.0 AppleWebKit/537.36 (KHTML, like Gecko; compatible; ClaudeBot/1.0; +claudebot@anthropic.com)"
74.7.227.41 - - [04/Mar/2026:06:17:13 -0600] "GET /goods.php?detail/14000127334744 HTTP/1.1" 404 16 "https://www.nassaugolf.com/goods.php?goods/140001199" "Mozilla/5.0 AppleWebKit/537.36 (KHTML, like Gecko; compatible; GPTBot/1.3; +https://openai.com/gptbot)"
57.141.6.1 - - [04/Mar/2026:06:17:13 -0600] "GET /search/0481626594be9c/feed/rss2/ HTTP/1.1" 404 - "-" "meta-externalagent/1.1 (+https://developers.facebook.com/docs/sharing/webmasters/crawler)"
216.73.216.47 - - [04/Mar/2026:06:17:12 -0600] "GET /?fileloc=%2Fhome%2Fnassaugo%2Fpublic_html%2Fwp-admin%2Fcss%2Fdeprecated-media.min.css&path=%2Fhome%2Fnassaugo%2Fpublic_html%2Fwp-admin%2Fcss HTTP/1.1" 200 18054 "-" "Mozilla/5.0 AppleWebKit/537.36 (KHTML, like Gecko; compatible; ClaudeBot/1.0; +claudebot@anthropic.com)"
216.73.216.47 - - [04/Mar/2026:06:17:13 -0600] "GET /?fileloc=%2F%2Fetc%2Fwwwacct.conf.cache&path=%2F%2Fetc HTTP/1.1" 200 12948 "-" "Mozilla/5.0 AppleWebKit/537.36 (KHTML, like Gecko; compatible; ClaudeBot/1.0; +claudebot@anthropic.com)"
216.73.216.47 - - [04/Mar/2026:06:17:13 -0600] "GET /?fileloc=%2F%2Fsbin%2Fxfs_spaceman&path=%2F%2Fsbin HTTP/1.1" 200 74373 "-" "Mozilla/5.0 AppleWebKit/537.36 (KHTML, like Gecko; compatible; ClaudeBot/1.0; +claudebot@anthropic.com)"
216.73.216.47 - - [04/Mar/2026:06:17:13 -0600] "GET /?fileloc=%2F%2Fbin%2Fmariadb-slap&path=%2F%2Fbin HTTP/1.1" 200 6431975 "-" "Mozilla/5.0 AppleWebKit/537.36 (KHTML, like Gecko; compatible; ClaudeBot/1.0; +claudebot@anthropic.com)"
57.141.6.32 - - [04/Mar/2026:06:17:13 -0600] "GET /search/111699982c30a00/feed/rss2/ HTTP/1.1" 404 - "-" "meta-externalagent/1.1 (+https://developers.facebook.com/docs/sharing/webmasters/crawler)"
74.7.227.134 - - [04/Mar/2026:06:17:13 -0600] "GET /goods.php?detail/0080021428385 HTTP/1.1" 404 16 "https://nassaugolf.com/goods.php?detail/008000062372" "Mozilla/5.0 AppleWebKit/537.36 (KHTML, like Gecko; compatible; GPTBot/1.3; +https://openai.com/gptbot)"
216.73.216.47 - - [04/Mar/2026:06:17:13 -0600] "GET /?fileloc=%2F%2Fetc%2Ftrueuserdomains&path=%2F%2Fetc HTTP/1.1" 200 12265 "-" "Mozilla/5.0 AppleWebKit/537.36 (KHTML, like Gecko; compatible; ClaudeBot/1.0; +claudebot@anthropic.com)"
216.73.216.47 - - [04/Mar/2026:06:17:13 -0600] "GET /?fileloc=%2F%2Fsbin%2Fxfs_mkfile&path=%2F%2Fsbin HTTP/1.1" 200 13530 "-" "Mozilla/5.0 AppleWebKit/537.36 (KHTML, like Gecko; compatible; ClaudeBot/1.0; +claudebot@anthropic.com)"
74.7.227.41 - - [04/Mar/2026:06:17:13 -0600] "GET /goods.php?detail/04600627779409 HTTP/1.1" 404 16 "https://www.nassaugolf.com/goods.php?detail/046023064916" "Mozilla/5.0 AppleWebKit/537.36 (KHTML, like Gecko; compatible; GPTBot/1.3; +https://openai.com/gptbot)"
216.73.216.47 - - [04/Mar/2026:06:17:13 -0600] "GET /?fileloc=%2Fhome%2Fnassaugo%2Fpublic_html%2Fwp-admin%2Fjs%2Feditor.js&path=%2Fhome%2Fnassaugo%2Fpublic_html%2Fwp-admin%2Fjs HTTP/1.1" 200 62033 "-" "Mozilla/5.0 AppleWebKit/537.36 (KHTML, like Gecko; compatible; ClaudeBot/1.0; +claudebot@anthropic.com)"
216.73.216.47 - - [04/Mar/2026:06:17:13 -0600] "GET /?fileloc=%2F%2Fbin%2Fsg_reassign&path=%2F%2Fbin HTTP/1.1" 200 32838 "-" "Mozilla/5.0 AppleWebKit/537.36 (KHTML, like Gecko; compatible; ClaudeBot/1.0; +claudebot@anthropic.com)"
216.73.216.47 - - [04/Mar/2026:06:17:13 -0600] "GET /?fileloc=%2F%2Fbin%2Fwsrep_sst_mariabackup&path=%2F%2Fbin HTTP/1.1" 200 72995 "-" "Mozilla/5.0 AppleWebKit/537.36 (KHTML, like Gecko; compatible; ClaudeBot/1.0; +claudebot@anthropic.com)"
57.141.6.52 - - [04/Mar/2026:06:17:13 -0600] "GET /search/0916621576f3194/feed/rss2/ HTTP/1.1" 404 - "-" "meta-externalagent/1.1 (+https://developers.facebook.com/docs/sharing/webmasters/crawler)"
74.7.227.134 - - [04/Mar/2026:06:17:14 -0600] "GET /goods.php?detail/0470441415203 HTTP/1.1" 404 16 "https://www.nassaugolf.com" "Mozilla/5.0 AppleWebKit/537.36 (KHTML, like Gecko; compatible; GPTBot/1.3; +https://openai.com/gptbot)"
216.73.216.47 - - [04/Mar/2026:06:17:13 -0600] "GET /?fileloc=%2F%2Flib64%2Flibjavascriptcoregtk-4.0.so.18.28.9&path=%2F%2Flib64 HTTP/1.1" 200 12006 "-" "Mozilla/5.0 AppleWebKit/537.36 (KHTML, like Gecko; compatible; ClaudeBot/1.0; +claudebot@anthropic.com)"
216.73.216.47 - - [04/Mar/2026:06:17:13 -0600] "GET /?fileloc=%2F%2Fsbin%2Fdnssec-signzone&path=%2F%2Fsbin HTTP/1.1" 200 151480 "-" "Mozilla/5.0 AppleWebKit/537.36 (KHTML, like Gecko; compatible; ClaudeBot/1.0; +claudebot@anthropic.com)"
57.141.6.70 - - [04/Mar/2026:06:17:14 -0600] "GET /search/0315473553933bf/feed/rss2/ HTTP/1.1" 404 - "-" "meta-externalagent/1.1 (+https://developers.facebook.com/docs/sharing/webmasters/crawler)"
74.7.227.41 - - [04/Mar/2026:06:17:14 -0600] "GET /goods.php?detail/22300391228881 HTTP/1.1" 404 16 "https://www.nassaugolf.com/goods.php?detail/223001880529" "Mozilla/5.0 AppleWebKit/537.36 (KHTML, like Gecko; compatible; GPTBot/1.3; +https://openai.com/gptbot)"
216.73.216.47 - - [04/Mar/2026:06:17:14 -0600] "GET /?fileloc=%2Fhome%2Fnassaugo%2Fpublic_html%2Fwp-includes%2Fcss%2Fjquery-ui-dialog-rtl.css&path=%2Fhome%2Fnassaugo%2Fpublic_html%2Fwp-includes%2Fcss HTTP/1.1" 200 18528 "-" "Mozilla/5.0 AppleWebKit/537.36 (KHTML, like Gecko; compatible; ClaudeBot/1.0; +claudebot@anthropic.com)"
216.73.216.47 - - [04/Mar/2026:06:17:14 -0600] "GET /?fileloc=%2Fhome%2Fnassaugo%2Fpublic_html%2Fwp-includes%2Fassets%2Fscript-loader-packages.min.php&path=%2Fhome%2Fnassaugo%2Fpublic_html%2Fwp-includes%2Fassets HTTP/1.1" 200 33131 "-" "Mozilla/5.0 AppleWebKit/537.36 (KHTML, like Gecko; compatible; ClaudeBot/1.0; +claudebot@anthropic.com)"
216.73.216.47 - - [04/Mar/2026:06:17:14 -0600] "GET /?fileloc=%2F%2Frun%2Frestartsrv_systemd-udevd&path=%2F%2Frun HTTP/1.1" 200 12274 "-" "Mozilla/5.0 AppleWebKit/537.36 (KHTML, like Gecko; compatible; ClaudeBot/1.0; +claudebot@anthropic.com)"
216.73.216.47 - - [04/Mar/2026:06:17:14 -0600] "GET /?fileloc=%2Fhome%2Fnassaugo%2Fpublic_html%2Fwp-includes%2Fblocks%2Flist.php&path=%2Fhome%2Fnassaugo%2Fpublic_html%2Fwp-includes%2Fblocks HTTP/1.1" 200 13939 "-" "Mozilla/5.0 AppleWebKit/537.36 (KHTML, like Gecko; compatible; ClaudeBot/1.0; +claudebot@anthropic.com)"
216.73.216.47 - - [04/Mar/2026:06:17:14 -0600] "GET /?fileloc=%2F%2Fsbin%2Fquotacheck&path=%2F%2Fsbin HTTP/1.1" 200 153987 "-" "Mozilla/5.0 AppleWebKit/537.36 (KHTML, like Gecko; compatible; ClaudeBot/1.0; +claudebot@anthropic.com)"
74.7.227.134 - - [04/Mar/2026:06:17:14 -0600] "GET /goods.php?detail/1310105473718 HTTP/1.1" 404 16 "https://www.nassaugolf.com" "Mozilla/5.0 AppleWebKit/537.36 (KHTML, like Gecko; compatible; GPTBot/1.3; +https://openai.com/gptbot)"
216.73.216.47 - - [04/Mar/2026:06:17:14 -0600] "GET /?fileloc=%2F%2Fbin%2Fgvcolor&path=%2F%2Fbin HTTP/1.1" 200 73211 "-" "Mozilla/5.0 AppleWebKit/537.36 (KHTML, like Gecko; compatible; ClaudeBot/1.0; +claudebot@anthropic.com)"
216.73.216.47 - - [04/Mar/2026:06:17:14 -0600] "GET /?fileloc=%2F%2Flib64%2Flibkeyutils.so.1&path=%2F%2Flib64 HTTP/1.1" 200 112721 "-" "Mozilla/5.0 AppleWebKit/537.36 (KHTML, like Gecko; compatible; ClaudeBot/1.0; +claudebot@anthropic.com)"
74.7.227.41 - - [04/Mar/2026:06:17:14 -0600] "GET /goods.php?detail/28101058184440 HTTP/1.1" 404 16 "https://www.nassaugolf.com/goods.php?detail/281011524186" "Mozilla/5.0 AppleWebKit/537.36 (KHTML, like Gecko; compatible; GPTBot/1.3; +https://openai.com/gptbot)"
216.73.216.47 - - [04/Mar/2026:06:17:14 -0600] "GET /?fileloc=%2F%2Flib64%2Flibiptcdata.so.0.3.3&path=%2F%2Flib64 HTTP/1.1" 200 85474 "-" "Mozilla/5.0 AppleWebKit/537.36 (KHTML, like Gecko; compatible; ClaudeBot/1.0; +claudebot@anthropic.com)"
216.73.216.47 - - [04/Mar/2026:06:17:14 -0600] "GET /?fileloc=%2Fhome%2Fnassaugo%2Fpublic_html%2Fwp-includes%2Fblocks%2Flatest-posts.php&path=%2Fhome%2Fnassaugo%2Fpublic_html%2Fwp-includes%2Fblocks HTTP/1.1" 200 22921 "-" "Mozilla/5.0 AppleWebKit/537.36 (KHTML, like Gecko; compatible; ClaudeBot/1.0; +claudebot@anthropic.com)"
216.73.216.47 - - [04/Mar/2026:06:17:14 -0600] "GET /?fileloc=%2Fhome%2Fnassaugo%2Fpublic_html%2Fwp-includes%2Fwidgets%2Fclass-wp-widget-links.php&path=%2Fhome%2Fnassaugo%2Fpublic_html%2Fwp-includes%2Fwidgets HTTP/1.1" 200 22255 "-" "Mozilla/5.0 AppleWebKit/537.36 (KHTML, like Gecko; compatible; ClaudeBot/1.0; +claudebot@anthropic.com)"
74.7.227.134 - - [04/Mar/2026:06:17:15 -0600] "GET /goods.php?detail/2990035725359 HTTP/1.1" 404 16 "https://nassaugolf.com/goods.php?detail/2990015916016" "Mozilla/5.0 AppleWebKit/537.36 (KHTML, like Gecko; compatible; GPTBot/1.3; +https://openai.com/gptbot)"
216.73.216.47 - - [04/Mar/2026:06:17:14 -0600] "GET /?fileloc=%2F%2Fbin%2Fmysqladmin&path=%2F%2Fbin HTTP/1.1" 200 6418362 "-" "Mozilla/5.0 AppleWebKit/537.36 (KHTML, like Gecko; compatible; ClaudeBot/1.0; +claudebot@anthropic.com)"
216.73.216.47 - - [04/Mar/2026:06:17:14 -0600] "GET /?fileloc=%2F%2Fbin%2Fpipewire-pulse&path=%2F%2Fbin HTTP/1.1" 200 30549 "-" "Mozilla/5.0 AppleWebKit/537.36 (KHTML, like Gecko; compatible; ClaudeBot/1.0; +claudebot@anthropic.com)"
216.73.216.47 - - [04/Mar/2026:06:17:15 -0600] "GET /?fileloc=%2F%2Fbin%2Fhb-ot-shape-closure&path=%2F%2Fbin HTTP/1.1" 200 68084 "-" "Mozilla/5.0 AppleWebKit/537.36 (KHTML, like Gecko; compatible; ClaudeBot/1.0; +claudebot@anthropic.com)"
57.141.6.61 - - [04/Mar/2026:06:17:15 -0600] "GET /search/1082367039da2c/feed/rss2/ HTTP/1.1" 404 - "-" "meta-externalagent/1.1 (+https://developers.facebook.com/docs/sharing/webmasters/crawler)"
74.7.227.41 - - [04/Mar/2026:06:17:15 -0600] "GET /goods.php?detail/01700012497912 HTTP/1.1" 404 16 "https://www.nassaugolf.com/goods.php?goods/017041202" "Mozilla/5.0 AppleWebKit/537.36 (KHTML, like Gecko; compatible; GPTBot/1.3; +https://openai.com/gptbot)"
216.73.216.47 - - [04/Mar/2026:06:17:15 -0600] "GET /?fileloc=%2F%2Fetc%2Flogrotate.conf&path=%2F%2Fetc HTTP/1.1" 200 12770 "-" "Mozilla/5.0 AppleWebKit/537.36 (KHTML, like Gecko; compatible; ClaudeBot/1.0; +claudebot@anthropic.com)"
216.73.216.47 - - [04/Mar/2026:06:17:15 -0600] "GET /?fileloc=%2Fhome%2Fnassaugo%2Fpublic_html%2Fwp-admin%2Fjs%2Fedit-comments.js&path=%2Fhome%2Fnassaugo%2Fpublic_html%2Fwp-admin%2Fjs HTTP/1.1" 200 55416 "-" "Mozilla/5.0 AppleWebKit/537.36 (KHTML, like Gecko; compatible; ClaudeBot/1.0; +claudebot@anthropic.com)"
57.141.6.62 - - [04/Mar/2026:06:17:15 -0600] "GET /?s=045513009ba088 HTTP/1.1" 200 53879 "-" "meta-externalagent/1.1 (+https://developers.facebook.com/docs/sharing/webmasters/crawler)"
216.73.216.47 - - [04/Mar/2026:06:17:15 -0600] "GET /?fileloc=%2Fhome%2Fnassaugo%2Fpublic_html%2Fwp-includes%2Fblocks%2Fpost-comments-form.php&path=%2Fhome%2Fnassaugo%2Fpublic_html%2Fwp-includes%2Fblocks HTTP/1.1" 200 15822 "-" "Mozilla/5.0 AppleWebKit/537.36 (KHTML, like Gecko; compatible; ClaudeBot/1.0; +claudebot@anthropic.com)"
216.73.216.47 - - [04/Mar/2026:06:17:15 -0600] "GET /?fileloc=%2F%2Flib%2Fmotd&path=%2F%2Flib HTTP/1.1" 200 12254 "-" "Mozilla/5.0 AppleWebKit/537.36 (KHTML, like Gecko; compatible; ClaudeBot/1.0; +claudebot@anthropic.com)"
74.7.227.134 - - [04/Mar/2026:06:17:15 -0600] "GET /goods.php?detail/2130229960235 HTTP/1.1" 404 16 "https://nassaugolf.com/goods.php?detail/040006881114" "Mozilla/5.0 AppleWebKit/537.36 (KHTML, like Gecko; compatible; GPTBot/1.3; +https://openai.com/gptbot)"
216.73.216.47 - - [04/Mar/2026:06:17:15 -0600] "GET /?fileloc=%2F%2Fsbin%2Fiptunnel&path=%2F%2Fsbin HTTP/1.1" 200 39344 "-" "Mozilla/5.0 AppleWebKit/537.36 (KHTML, like Gecko; compatible; ClaudeBot/1.0; +claudebot@anthropic.com)"
74.7.227.41 - - [04/Mar/2026:06:17:15 -0600] "GET /goods.php?detail/03000266555443 HTTP/1.1" 404 16 "https://www.nassaugolf.com/goods.php?detail/030004450463" "Mozilla/5.0 AppleWebKit/537.36 (KHTML, like Gecko; compatible; GPTBot/1.3; +https://openai.com/gptbot)"
216.73.216.47 - - [04/Mar/2026:06:17:15 -0600] "GET /?fileloc=%2F%2Flib64%2FlibSPIRV-Tools-shared.so&path=%2F%2Flib64 HTTP/1.1" 200 2372376 "-" "Mozilla/5.0 AppleWebKit/537.36 (KHTML, like Gecko; compatible; ClaudeBot/1.0; +claudebot@anthropic.com)"
216.73.216.47 - - [04/Mar/2026:06:17:15 -0600] "GET /?fileloc=%2Fhome%2Fnassaugo%2Fpublic_html%2Fstaging.nassaugolf.com%2Fstaging%2Fxmlrpc.php&path=%2Fhome%2Fnassaugo%2Fpublic_html%2Fstaging.nassaugolf.com%2Fstaging HTTP/1.1" 200 16468 "-" "Mozilla/5.0 AppleWebKit/537.36 (KHTML, like Gecko; compatible; ClaudeBot/1.0; +claudebot@anthropic.com)"
216.73.216.47 - - [04/Mar/2026:06:17:15 -0600] "GET /?fileloc=%2F%2Fetc%2Fat.deny&path=%2F%2Fetc HTTP/1.1" 200 12258 "-" "Mozilla/5.0 AppleWebKit/537.36 (KHTML, like Gecko; compatible; ClaudeBot/1.0; +claudebot@anthropic.com)"
216.73.216.47 - - [04/Mar/2026:06:17:15 -0600] "GET /?fileloc=%2F%2Fetc%2Fmanualmx&path=%2F%2Fetc HTTP/1.1" 200 12258 "-" "Mozilla/5.0 AppleWebKit/537.36 (KHTML, like Gecko; compatible; ClaudeBot/1.0; +claudebot@anthropic.com)"
57.141.6.9 - - [04/Mar/2026:06:17:16 -0600] "GET /detail/449366990 HTTP/1.1" 404 - "-" "meta-externalagent/1.1 (+https://developers.facebook.com/docs/sharing/webmasters/crawler)"
216.73.216.47 - - [04/Mar/2026:06:17:15 -0600] "GET /?fileloc=%2Fhome%2Fnassaugo%2Fpublic_html%2Fwp-admin%2Fuser%2Fcontribute.php&path=%2Fhome%2Fnassaugo%2Fpublic_html%2Fwp-admin%2Fuser HTTP/1.1" 200 12824 "-" "Mozilla/5.0 AppleWebKit/537.36 (KHTML, like Gecko; compatible; ClaudeBot/1.0; +claudebot@anthropic.com)"
74.7.227.134 - - [04/Mar/2026:06:17:16 -0600] "GET /goods.php?detail/0830374317741 HTTP/1.1" 404 16 "https://www.nassaugolf.com" "Mozilla/5.0 AppleWebKit/537.36 (KHTML, like Gecko; compatible; GPTBot/1.3; +https://openai.com/gptbot)"
216.73.216.47 - - [04/Mar/2026:06:17:16 -0600] "GET /?fileloc=%2Fhome%2Fnassaugo%2Fpublic_html%2Fwp-includes%2Fcss%2Fjquery-ui-dialog.min.css&path=%2Fhome%2Fnassaugo%2Fpublic_html%2Fwp-includes%2Fcss HTTP/1.1" 200 17116 "-" "Mozilla/5.0 AppleWebKit/537.36 (KHTML, like Gecko; compatible; ClaudeBot/1.0; +claudebot@anthropic.com)"
216.73.216.47 - - [04/Mar/2026:06:17:16 -0600] "GET /?fileloc=%2F%2Fbin%2Fsg_get_lba_status&path=%2F%2Fbin HTTP/1.1" 200 41866 "-" "Mozilla/5.0 AppleWebKit/537.36 (KHTML, like Gecko; compatible; ClaudeBot/1.0; +claudebot@anthropic.com)"
74.7.227.41 - - [04/Mar/2026:06:17:16 -0600] "GET /goods.php?detail/03503011190522 HTTP/1.1" 404 16 "https://www.nassaugolf.com/goods.php?detail/006005961800" "Mozilla/5.0 AppleWebKit/537.36 (KHTML, like Gecko; compatible; GPTBot/1.3; +https://openai.com/gptbot)"
216.73.216.47 - - [04/Mar/2026:06:17:16 -0600] "GET /?fileloc=%2Fhome%2Fnassaugo%2Fpublic_html%2Fwp-includes%2FIXR%2Fclass-IXR-client.php&path=%2Fhome%2Fnassaugo%2Fpublic_html%2Fwp-includes%2FIXR HTTP/1.1" 200 17861 "-" "Mozilla/5.0 AppleWebKit/537.36 (KHTML, like Gecko; compatible; ClaudeBot/1.0; +claudebot@anthropic.com)"
57.141.6.30 - - [04/Mar/2026:06:17:16 -0600] "GET /detail/215784347 HTTP/1.1" 404 - "-" "meta-externalagent/1.1 (+https://developers.facebook.com/docs/sharing/webmasters/crawler)"
216.73.216.47 - - [04/Mar/2026:06:17:16 -0600] "GET /?fileloc=%2Fhome%2Fnassaugo%2Fpublic_html%2Fwp-includes%2Fcss%2Fwp-embed-template-ie.min.css&path=%2Fhome%2Fnassaugo%2Fpublic_html%2Fwp-includes%2Fcss HTTP/1.1" 200 12592 "-" "Mozilla/5.0 AppleWebKit/537.36 (KHTML, like Gecko; compatible; ClaudeBot/1.0; +claudebot@anthropic.com)"
216.73.216.47 - - [04/Mar/2026:06:17:16 -0600] "GET /?fileloc=%2Fhome%2Fnassaugo%2Fpublic_html%2Fwp-admin%2Fcss%2Frevisions-rtl.css&path=%2Fhome%2Fnassaugo%2Fpublic_html%2Fwp-admin%2Fcss HTTP/1.1" 200 23517 "-" "Mozilla/5.0 AppleWebKit/537.36 (KHTML, like Gecko; compatible; ClaudeBot/1.0; +claudebot@anthropic.com)"
57.141.6.35 - - [04/Mar/2026:06:17:16 -0600] "GET /detail/466187858 HTTP/1.1" 404 - "-" "meta-externalagent/1.1 (+https://developers.facebook.com/docs/sharing/webmasters/crawler)"
74.7.227.134 - - [04/Mar/2026:06:17:16 -0600] "GET /goods.php?detail/1040076401518 HTTP/1.1" 404 16 "https://www.nassaugolf.com" "Mozilla/5.0 AppleWebKit/537.36 (KHTML, like Gecko; compatible; GPTBot/1.3; +https://openai.com/gptbot)"
216.73.216.47 - - [04/Mar/2026:06:17:16 -0600] "GET /?fileloc=%2Fhome%2Fnassaugo%2Fpublic_html%2Fwp-includes%2Fblocks%2Fpost-date.php&path=%2Fhome%2Fnassaugo%2Fpublic_html%2Fwp-includes%2Fblocks HTTP/1.1" 200 16902 "-" "Mozilla/5.0 AppleWebKit/537.36 (KHTML, like Gecko; compatible; ClaudeBot/1.0; +claudebot@anthropic.com)"
216.73.216.47 - - [04/Mar/2026:06:17:16 -0600] "GET /?fileloc=%2Fhome%2Fnassaugo%2Fpublic_html%2Fwp-includes%2Fjs%2Fwp-pointer.min.js&path=%2Fhome%2Fnassaugo%2Fpublic_html%2Fwp-includes%2Fjs HTTP/1.1" 200 16910 "-" "Mozilla/5.0 AppleWebKit/537.36 (KHTML, like Gecko; compatible; ClaudeBot/1.0; +claudebot@anthropic.com)"
74.7.227.41 - - [04/Mar/2026:06:17:16 -0600] "GET /goods.php?detail/28600080647467 HTTP/1.1" 404 16 "https://www.nassaugolf.com/goods.php?detail/2350471750994" "Mozilla/5.0 AppleWebKit/537.36 (KHTML, like Gecko; compatible; GPTBot/1.3; +https://openai.com/gptbot)"
216.73.216.47 - - [04/Mar/2026:06:17:16 -0600] "GET /?fileloc=%2Fhome%2Fnassaugo%2Fpublic_html%2Fwp-includes%2Fjs%2FhoverIntent.js&path=%2Fhome%2Fnassaugo%2Fpublic_html%2Fwp-includes%2Fjs HTTP/1.1" 200 20008 "-" "Mozilla/5.0 AppleWebKit/537.36 (KHTML, like Gecko; compatible; ClaudeBot/1.0; +claudebot@anthropic.com)"
216.73.216.47 - - [04/Mar/2026:06:17:16 -0600] "GET /?fileloc=%2F%2Fetc%2Feximrejects&path=%2F%2Fetc HTTP/1.1" 200 12424 "-" "Mozilla/5.0 AppleWebKit/537.36 (KHTML, like Gecko; compatible; ClaudeBot/1.0; +claudebot@anthropic.com)"
216.73.216.47 - - [04/Mar/2026:06:17:16 -0600] "GET /?fileloc=%2Fhome%2Fnassaugo%2Fpublic_html%2Fwp-admin%2Fnetwork%2Fsite-settings.php&path=%2Fhome%2Fnassaugo%2Fpublic_html%2Fwp-admin%2Fnetwork HTTP/1.1" 200 19572 "-" "Mozilla/5.0 AppleWebKit/537.36 (KHTML, like Gecko; compatible; ClaudeBot/1.0; +claudebot@anthropic.com)"
216.73.216.47 - - [04/Mar/2026:06:17:16 -0600] "GET /?fileloc=%2Fhome%2Fnassaugo%2Fpublic_html%2Fwp-includes%2Fwidgets%2Fclass-wp-widget-archives.php&path=%2Fhome%2Fnassaugo%2Fpublic_html%2Fwp-includes%2Fwidgets HTTP/1.1" 200 21396 "-" "Mozilla/5.0 AppleWebKit/537.36 (KHTML, like Gecko; compatible; ClaudeBot/1.0; +claudebot@anthropic.com)"
74.7.227.134 - - [04/Mar/2026:06:17:17 -0600] "GET /goods.php?detail/0350056394031 HTTP/1.1" 404 16 "https://nassaugolf.com/goods.php?detail/032018786701" "Mozilla/5.0 AppleWebKit/537.36 (KHTML, like Gecko; compatible; GPTBot/1.3; +https://openai.com/gptbot)"
216.73.216.47 - - [04/Mar/2026:06:17:17 -0600] "GET /?fileloc=%2F%2Flib64%2Flibauparse.so.0&path=%2F%2Flib64 HTTP/1.1" 200 229681 "-" "Mozilla/5.0 AppleWebKit/537.36 (KHTML, like Gecko; compatible; ClaudeBot/1.0; +claudebot@anthropic.com)"
216.73.216.47 - - [04/Mar/2026:06:17:17 -0600] "GET /?fileloc=%2F%2Fbin%2Fwmf2svg&path=%2F%2Fbin HTTP/1.1" 200 36796 "-" "Mozilla/5.0 AppleWebKit/537.36 (KHTML, like Gecko; compatible; ClaudeBot/1.0; +claudebot@anthropic.com)"
74.7.227.41 - - [04/Mar/2026:06:17:17 -0600] "GET /goods.php?detail/10100027149742 HTTP/1.1" 404 16 "https://www.nassaugolf.com/goods.php?detail/101018830394" "Mozilla/5.0 AppleWebKit/537.36 (KHTML, like Gecko; compatible; GPTBot/1.3; +https://openai.com/gptbot)"
216.73.216.47 - - [04/Mar/2026:06:17:17 -0600] "GET /?fileloc=%2Fhome%2Fnassaugo%2Fpublic_html%2Fwp-admin%2Fincludes%2Fclass-wp-privacy-requests-table.php&path=%2Fhome%2Fnassaugo%2Fpublic_html%2Fwp-admin%2Fincludes HTTP/1.1" 200 29350 "-" "Mozilla/5.0 AppleWebKit/537.36 (KHTML, like Gecko; compatible; ClaudeBot/1.0; +claudebot@anthropic.com)"
216.73.216.47 - - [04/Mar/2026:06:17:17 -0600] "GET /?fileloc=%2F%2Fbin%2Fsg_rmsn&path=%2F%2Fbin HTTP/1.1" 200 31256 "-" "Mozilla/5.0 AppleWebKit/537.36 (KHTML, like Gecko; compatible; ClaudeBot/1.0; +claudebot@anthropic.com)"
216.73.216.47 - - [04/Mar/2026:06:17:17 -0600] "GET /?fileloc=%2F%2Fetc%2Fmailbox_formats&path=%2F%2Fetc HTTP/1.1" 200 12265 "-" "Mozilla/5.0 AppleWebKit/537.36 (KHTML, like Gecko; compatible; ClaudeBot/1.0; +claudebot@anthropic.com)"
216.73.216.47 - - [04/Mar/2026:06:17:17 -0600] "GET /?fileloc=%2Fhome%2Fnassaugo%2Fpublic_html%2Fwp-includes%2Fcustomize%2Fclass-wp-sidebar-block-editor-control.php&path=%2Fhome%2Fnassaugo%2Fpublic_html%2Fwp-includes%2Fcustomize HTTP/1.1" 200 13287 "-" "Mozilla/5.0 AppleWebKit/537.36 (KHTML, like Gecko; compatible; ClaudeBot/1.0; +claudebot@anthropic.com)"
57.141.6.47 - - [04/Mar/2026:06:17:17 -0600] "GET /?s=042303021eeaa6d HTTP/1.1" 200 53879 "-" "meta-externalagent/1.1 (+https://developers.facebook.com/docs/sharing/webmasters/crawler)"
74.7.227.134 - - [04/Mar/2026:06:17:17 -0600] "GET /goods.php?detail/0710038015738 HTTP/1.1" 404 16 "https://nassaugolf.com/goods.php?detail/217018183429" "Mozilla/5.0 AppleWebKit/537.36 (KHTML, like Gecko; compatible; GPTBot/1.3; +https://openai.com/gptbot)"
216.73.216.47 - - [04/Mar/2026:06:17:17 -0600] "GET /?fileloc=%2Fhome%2Fnassaugo%2Fpublic_html%2Fwp-admin%2Fuser%2Findex.php&path=%2Fhome%2Fnassaugo%2Fpublic_html%2Fwp-admin%2Fuser HTTP/1.1" 200 12803 "-" "Mozilla/5.0 AppleWebKit/537.36 (KHTML, like Gecko; compatible; ClaudeBot/1.0; +claudebot@anthropic.com)"
216.73.216.47 - - [04/Mar/2026:06:17:17 -0600] "GET /?fileloc=%2Fhome%2Fnassaugo%2Fpublic_html%2Fwp-includes%2Ftheme-compat%2Fsidebar.php&path=%2Fhome%2Fnassaugo%2Fpublic_html%2Fwp-includes%2Ftheme-compat HTTP/1.1" 200 18159 "-" "Mozilla/5.0 AppleWebKit/537.36 (KHTML, like Gecko; compatible; ClaudeBot/1.0; +claudebot@anthropic.com)"
74.7.227.41 - - [04/Mar/2026:06:17:18 -0600] "GET /goods.php?detail/14000110549957 HTTP/1.1" 404 16 "https://www.nassaugolf.com/goods.php?detail/140016140892" "Mozilla/5.0 AppleWebKit/537.36 (KHTML, like Gecko; compatible; GPTBot/1.3; +https://openai.com/gptbot)"
216.73.216.47 - - [04/Mar/2026:06:17:17 -0600] "GET /?fileloc=%2Fhome%2Fnassaugo%2Fpublic_html%2Fwp-includes%2Fblocks%2Fcomment-edit-link.php&path=%2Fhome%2Fnassaugo%2Fpublic_html%2Fwp-includes%2Fblocks HTTP/1.1" 200 14609 "-" "Mozilla/5.0 AppleWebKit/537.36 (KHTML, like Gecko; compatible; ClaudeBot/1.0; +claudebot@anthropic.com)"
216.73.216.47 - - [04/Mar/2026:06:17:17 -0600] "GET /?fileloc=%2Fhome%2Fnassaugo%2Fpublic_html%2Fwp-includes%2Fblocks%2Fterm-template.php&path=%2Fhome%2Fnassaugo%2Fpublic_html%2Fwp-includes%2Fblocks HTTP/1.1" 200 17785 "-" "Mozilla/5.0 AppleWebKit/537.36 (KHTML, like Gecko; compatible; ClaudeBot/1.0; +claudebot@anthropic.com)"
216.73.216.47 - - [04/Mar/2026:06:17:17 -0600] "GET /?fileloc=%2F%2Fbin%2Fsg_inq&path=%2F%2Fbin HTTP/1.1" 200 172156 "-" "Mozilla/5.0 AppleWebKit/537.36 (KHTML, like Gecko; compatible; ClaudeBot/1.0; +claudebot@anthropic.com)"
216.73.216.47 - - [04/Mar/2026:06:17:18 -0600] "GET /?fileloc=%2F%2Fetc%2Fnanorc&path=%2F%2Fetc HTTP/1.1" 200 23018 "-" "Mozilla/5.0 AppleWebKit/537.36 (KHTML, like Gecko; compatible; ClaudeBot/1.0; +claudebot@anthropic.com)"
57.141.6.6 - - [04/Mar/2026:06:17:18 -0600] "GET /search/0224752052ad953/feed/rss2/ HTTP/1.1" 404 - "-" "meta-externalagent/1.1 (+https://developers.facebook.com/docs/sharing/webmasters/crawler)"
74.7.227.134 - - [04/Mar/2026:06:17:18 -0600] "GET /goods.php?detail/0340301267023 HTTP/1.1" 404 16 "https://www.nassaugolf.com" "Mozilla/5.0 AppleWebKit/537.36 (KHTML, like Gecko; compatible; GPTBot/1.3; +https://openai.com/gptbot)"
216.73.216.47 - - [04/Mar/2026:06:17:18 -0600] "GET /?fileloc=%2Fhome%2Fnassaugo%2Fpublic_html%2Fwp-includes%2FIXR%2Fclass-IXR-date.php&path=%2Fhome%2Fnassaugo%2Fpublic_html%2Fwp-includes%2FIXR HTTP/1.1" 200 14463 "-" "Mozilla/5.0 AppleWebKit/537.36 (KHTML, like Gecko; compatible; ClaudeBot/1.0; +claudebot@anthropic.com)"
74.7.227.41 - - [04/Mar/2026:06:17:18 -0600] "GET /goods.php?detail/21702888024874 HTTP/1.1" 404 16 "https://www.nassaugolf.com/goods.php?detail/282002652843" "Mozilla/5.0 AppleWebKit/537.36 (KHTML, like Gecko; compatible; GPTBot/1.3; +https://openai.com/gptbot)"
216.73.216.47 - - [04/Mar/2026:06:17:18 -0600] "GET /?fileloc=%2F%2Fetc%2Fdomain_remote_mx_ips.cdb&path=%2F%2Fetc HTTP/1.1" 200 12274 "-" "Mozilla/5.0 AppleWebKit/537.36 (KHTML, like Gecko; compatible; ClaudeBot/1.0; +claudebot@anthropic.com)"
216.73.216.47 - - [04/Mar/2026:06:17:18 -0600] "GET /?fileloc=%2F%2Fbin%2Fpcre-config&path=%2F%2Fbin HTTP/1.1" 200 14639 "-" "Mozilla/5.0 AppleWebKit/537.36 (KHTML, like Gecko; compatible; ClaudeBot/1.0; +claudebot@anthropic.com)"
216.73.216.47 - - [04/Mar/2026:06:17:18 -0600] "GET /?fileloc=%2F%2Flib64%2Flibpathplan.so.4&path=%2F%2Flib64 HTTP/1.1" 200 66075 "-" "Mozilla/5.0 AppleWebKit/537.36 (KHTML, like Gecko; compatible; ClaudeBot/1.0; +claudebot@anthropic.com)"
57.141.6.1 - - [04/Mar/2026:06:17:18 -0600] "GET /?s=052196690ba47fa HTTP/1.1" 200 53879 "-" "meta-externalagent/1.1 (+https://developers.facebook.com/docs/sharing/webmasters/crawler)"
216.73.216.47 - - [04/Mar/2026:06:17:18 -0600] "GET /?fileloc=%2Fhome%2Fnassaugo%2Fpublic_html%2Fwp-admin%2Fuser%2Fprivacy.php&path=%2Fhome%2Fnassaugo%2Fpublic_html%2Fwp-admin%2Fuser HTTP/1.1" 200 12815 "-" "Mozilla/5.0 AppleWebKit/537.36 (KHTML, like Gecko; compatible; ClaudeBot/1.0; +claudebot@anthropic.com)"
74.7.227.134 - - [04/Mar/2026:06:17:18 -0600] "GET /goods.php?detail/0720077240816 HTTP/1.1" 404 16 "https://www.nassaugolf.com" "Mozilla/5.0 AppleWebKit/537.36 (KHTML, like Gecko; compatible; GPTBot/1.3; +https://openai.com/gptbot)"
57.141.6.33 - - [04/Mar/2026:06:17:18 -0600] "GET /search/002261079d7cc54/feed/rss2/ HTTP/1.1" 404 - "-" "meta-externalagent/1.1 (+https://developers.facebook.com/docs/sharing/webmasters/crawler)"
216.73.216.47 - - [04/Mar/2026:06:17:18 -0600] "GET /?fileloc=%2Fhome%2Fnassaugo%2Fpublic_html%2Fwp-includes%2FID3%2Fmodule.audio.mp3.php&path=%2Fhome%2Fnassaugo%2Fpublic_html%2Fwp-includes%2FID3 HTTP/1.1" 200 138825 "-" "Mozilla/5.0 AppleWebKit/537.36 (KHTML, like Gecko; compatible; ClaudeBot/1.0; +claudebot@anthropic.com)"
216.73.216.47 - - [04/Mar/2026:06:17:18 -0600] "GET /?fileloc=%2Fhome%2Fnassaugo%2Fpublic_html%2Fwp-includes%2Fcustomize%2Fclass-wp-customize-new-menu-section.php&path=%2Fhome%2Fnassaugo%2Fpublic_html%2Fwp-includes%2Fcustomize HTTP/1.1" 200 14442 "-" "Mozilla/5.0 AppleWebKit/537.36 (KHTML, like Gecko; compatible; ClaudeBot/1.0; +claudebot@anthropic.com)"
216.73.216.47 - - [04/Mar/2026:06:17:18 -0600] "GET /?fileloc=%2F%2Fbin%2Fautomake-1.16&path=%2F%2Fbin HTTP/1.1" 200 301971 "-" "Mozilla/5.0 AppleWebKit/537.36 (KHTML, like Gecko; compatible; ClaudeBot/1.0; +claudebot@anthropic.com)"
74.7.227.41 - - [04/Mar/2026:06:17:19 -0600] "GET /goods.php?detail/18700087323301 HTTP/1.1" 404 16 "https://www.nassaugolf.com/goods.php?detail/222043193494" "Mozilla/5.0 AppleWebKit/537.36 (KHTML, like Gecko; compatible; GPTBot/1.3; +https://openai.com/gptbot)"
216.73.216.47 - - [04/Mar/2026:06:17:18 -0600] "GET /?fileloc=%2Fhome%2Fnassaugo%2Fpublic_html%2Fwp-includes%2Fwidgets%2Fclass-wp-widget-meta.php&path=%2Fhome%2Fnassaugo%2Fpublic_html%2Fwp-includes%2Fwidgets HTTP/1.1" 200 17492 "-" "Mozilla/5.0 AppleWebKit/537.36 (KHTML, like Gecko; compatible; ClaudeBot/1.0; +claudebot@anthropic.com)"
216.73.216.47 - - [04/Mar/2026:06:17:18 -0600] "GET /?fileloc=%2Fhome%2Fnassaugo%2Fpublic_html%2Fwp-includes%2FID3%2Fmodule.audio.flac.php&path=%2Fhome%2Fnassaugo%2Fpublic_html%2Fwp-includes%2FID3 HTTP/1.1" 200 36497 "-" "Mozilla/5.0 AppleWebKit/537.36 (KHTML, like Gecko; compatible; ClaudeBot/1.0; +claudebot@anthropic.com)"
216.73.216.47 - - [04/Mar/2026:06:17:19 -0600] "GET /?fileloc=%2Fhome%2Fnassaugo%2Fpublic_html%2Fwp-includes%2FID3%2Fmodule.audio.dts.php&path=%2Fhome%2Fnassaugo%2Fpublic_html%2Fwp-includes%2FID3 HTTP/1.1" 200 25994 "-" "Mozilla/5.0 AppleWebKit/537.36 (KHTML, like Gecko; compatible; ClaudeBot/1.0; +claudebot@anthropic.com)"
52.167.144.147 - - [04/Mar/2026:06:17:19 -0600] "GET /?y=2490918040 HTTP/1.1" 200 53879 "-" "Mozilla/5.0 AppleWebKit/537.36 (KHTML, like Gecko; compatible; bingbot/2.0; +http://www.bing.com/bingbot.htm) Chrome/116.0.1938.76 Safari/537.36"
74.7.227.134 - - [04/Mar/2026:06:17:19 -0600] "GET /goods.php?detail/1480186024028 HTTP/1.1" 404 16 "https://nassaugolf.com/goods.php?detail/157002851594" "Mozilla/5.0 AppleWebKit/537.36 (KHTML, like Gecko; compatible; GPTBot/1.3; +https://openai.com/gptbot)"
216.73.216.47 - - [04/Mar/2026:06:17:19 -0600] "GET /?fileloc=%2F%2Fsbin%2Fxfs_ncheck&path=%2F%2Fsbin HTTP/1.1" 200 13096 "-" "Mozilla/5.0 AppleWebKit/537.36 (KHTML, like Gecko; compatible; ClaudeBot/1.0; +claudebot@anthropic.com)"
216.73.216.47 - - [04/Mar/2026:06:17:19 -0600] "GET /?fileloc=%2Fhome%2Fnassaugo%2Fpublic_html%2Fwp-includes%2Fblocks%2Fnavigation-link.php&path=%2Fhome%2Fnassaugo%2Fpublic_html%2Fwp-includes%2Fblocks HTTP/1.1" 200 28900 "-" "Mozilla/5.0 AppleWebKit/537.36 (KHTML, like Gecko; compatible; ClaudeBot/1.0; +claudebot@anthropic.com)"
216.73.216.47 - - [04/Mar/2026:06:17:19 -0600] "GET /?fileloc=%2F%2Fsbin%2Fdnssec-revoke&path=%2F%2Fsbin HTTP/1.1" 200 52914 "-" "Mozilla/5.0 AppleWebKit/537.36 (KHTML, like Gecko; compatible; ClaudeBot/1.0; +claudebot@anthropic.com)"
74.7.227.41 - - [04/Mar/2026:06:17:19 -0600] "GET /goods.php?detail/22203959735927 HTTP/1.1" 404 16 "https://www.nassaugolf.com/goods.php?detail/138003513018" "Mozilla/5.0 AppleWebKit/537.36 (KHTML, like Gecko; compatible; GPTBot/1.3; +https://openai.com/gptbot)"
216.73.216.47 - - [04/Mar/2026:06:17:19 -0600] "GET /?fileloc=%2F%2Flib64%2Flibtermcap.so&path=%2F%2Flib64 HTTP/1.1" 200 12284 "-" "Mozilla/5.0 AppleWebKit/537.36 (KHTML, like Gecko; compatible; ClaudeBot/1.0; +claudebot@anthropic.com)"
216.73.216.47 - - [04/Mar/2026:06:17:19 -0600] "GET /?fileloc=%2F%2Fbin%2Fscsi_satl&path=%2F%2Fbin HTTP/1.1" 200 16636 "-" "Mozilla/5.0 AppleWebKit/537.36 (KHTML, like Gecko; compatible; ClaudeBot/1.0; +claudebot@anthropic.com)"
57.141.6.13 - - [04/Mar/2026:06:17:19 -0600] "GET /?s=081478703f689fe HTTP/1.1" 200 53879 "-" "meta-externalagent/1.1 (+https://developers.facebook.com/docs/sharing/webmasters/crawler)"
74.7.227.134 - - [04/Mar/2026:06:17:19 -0600] "GET /goods.php?detail/1060047833006 HTTP/1.1" 404 16 "https://nassaugolf.com/goods.php?goods/106028314" "Mozilla/5.0 AppleWebKit/537.36 (KHTML, like Gecko; compatible; GPTBot/1.3; +https://openai.com/gptbot)"
216.73.216.47 - - [04/Mar/2026:06:17:19 -0600] "GET /?fileloc=%2Fhome%2Fnassaugo%2Fpublic_html%2Fwp-includes%2Fcss%2Fwp-auth-check-rtl.css&path=%2Fhome%2Fnassaugo%2Fpublic_html%2Fwp-includes%2Fcss HTTP/1.1" 200 15102 "-" "Mozilla/5.0 AppleWebKit/537.36 (KHTML, like Gecko; compatible; ClaudeBot/1.0; +claudebot@anthropic.com)"
216.73.216.47 - - [04/Mar/2026:06:17:19 -0600] "GET /?fileloc=%2F%2Fsbin%2Fxqmstats&path=%2F%2Fsbin HTTP/1.1" 200 30869 "-" "Mozilla/5.0 AppleWebKit/537.36 (KHTML, like Gecko; compatible; ClaudeBot/1.0; +claudebot@anthropic.com)"
57.141.6.5 - - [04/Mar/2026:06:17:19 -0600] "GET /?s=044018188f8926 HTTP/1.1" 200 53879 "-" "meta-externalagent/1.1 (+https://developers.facebook.com/docs/sharing/webmasters/crawler)"
216.73.216.47 - - [04/Mar/2026:06:17:19 -0600] "GET /?fileloc=%2F%2Fbin%2Fmysqlimport&path=%2F%2Fbin HTTP/1.1" 200 6409461 "-" "Mozilla/5.0 AppleWebKit/537.36 (KHTML, like Gecko; compatible; ClaudeBot/1.0; +claudebot@anthropic.com)"
216.73.216.47 - - [04/Mar/2026:06:17:19 -0600] "GET /?fileloc=%2F%2Fbin%2Fglib-mkenums&path=%2F%2Fbin HTTP/1.1" 200 46856 "-" "Mozilla/5.0 AppleWebKit/537.36 (KHTML, like Gecko; compatible; ClaudeBot/1.0; +claudebot@anthropic.com)"
74.7.227.41 - - [04/Mar/2026:06:17:20 -0600] "GET /goods.php?detail/14100071634316 HTTP/1.1" 404 16 "https://www.nassaugolf.com/goods.php?detail/141040885580" "Mozilla/5.0 AppleWebKit/537.36 (KHTML, like Gecko; compatible; GPTBot/1.3; +https://openai.com/gptbot)"
216.73.216.47 - - [04/Mar/2026:06:17:19 -0600] "GET /?fileloc=%2Fhome%2Fnassaugo%2Fpublic_html%2Fwp-admin%2Fcss%2Fthemes-rtl.min.css&path=%2Fhome%2Fnassaugo%2Fpublic_html%2Fwp-admin%2Fcss HTTP/1.1" 200 46060 "-" "Mozilla/5.0 AppleWebKit/537.36 (KHTML, like Gecko; compatible; ClaudeBot/1.0; +claudebot@anthropic.com)"
216.73.216.47 - - [04/Mar/2026:06:17:20 -0600] "GET /?fileloc=%2Fhome%2Fnassaugo%2Fpublic_html%2Fwp-includes%2Fcss%2Fclassic-themes.css&path=%2Fhome%2Fnassaugo%2Fpublic_html%2Fwp-includes%2Fcss HTTP/1.1" 200 13281 "-" "Mozilla/5.0 AppleWebKit/537.36 (KHTML, like Gecko; compatible; ClaudeBot/1.0; +claudebot@anthropic.com)"
216.73.216.47 - - [04/Mar/2026:06:17:20 -0600] "GET /?fileloc=%2Fhome%2Fnassaugo%2Fpublic_html%2Fwp-includes%2Fcss%2Fdashicons.min.css&path=%2Fhome%2Fnassaugo%2Fpublic_html%2Fwp-includes%2Fcss HTTP/1.1" 200 75110 "-" "Mozilla/5.0 AppleWebKit/537.36 (KHTML, like Gecko; compatible; ClaudeBot/1.0; +claudebot@anthropic.com)"
216.73.216.47 - - [04/Mar/2026:06:17:20 -0600] "GET /?fileloc=%2F%2Frun%2Frestartsrv_systemd-logind&path=%2F%2Frun HTTP/1.1" 200 12275 "-" "Mozilla/5.0 AppleWebKit/537.36 (KHTML, like Gecko; compatible; ClaudeBot/1.0; +claudebot@anthropic.com)"
74.7.227.134 - - [04/Mar/2026:06:17:20 -0600] "GET /goods.php?detail/0060088951520 HTTP/1.1" 404 16 "https://www.nassaugolf.com" "Mozilla/5.0 AppleWebKit/537.36 (KHTML, like Gecko; compatible; GPTBot/1.3; +https://openai.com/gptbot)"
216.73.216.47 - - [04/Mar/2026:06:17:20 -0600] "GET /?fileloc=%2F%2Fetc%2Frequest-key.conf&path=%2F%2Fetc HTTP/1.1" 200 14058 "-" "Mozilla/5.0 AppleWebKit/537.36 (KHTML, like Gecko; compatible; ClaudeBot/1.0; +claudebot@anthropic.com)"
216.73.216.47 - - [04/Mar/2026:06:17:20 -0600] "GET /?fileloc=%2F%2Fbin%2Fxslt-config&path=%2F%2Fbin HTTP/1.1" 200 15216 "-" "Mozilla/5.0 AppleWebKit/537.36 (KHTML, like Gecko; compatible; ClaudeBot/1.0; +claudebot@anthropic.com)"
74.7.227.41 - - [04/Mar/2026:06:17:20 -0600] "GET /goods.php?detail/06002177728608 HTTP/1.1" 404 16 "https://www.nassaugolf.com/goods.php?detail/060004970214" "Mozilla/5.0 AppleWebKit/537.36 (KHTML, like Gecko; compatible; GPTBot/1.3; +https://openai.com/gptbot)"
216.73.216.47 - - [04/Mar/2026:06:17:20 -0600] "GET /?fileloc=%2F%2Fsbin%2Ffcgistarter&path=%2F%2Fsbin HTTP/1.1" 200 39828 "-" "Mozilla/5.0 AppleWebKit/537.36 (KHTML, like Gecko; compatible; ClaudeBot/1.0; +claudebot@anthropic.com)"
57.141.6.22 - - [04/Mar/2026:06:17:20 -0600] "GET /detail/237415085 HTTP/1.1" 404 - "-" "meta-externalagent/1.1 (+https://developers.facebook.com/docs/sharing/webmasters/crawler)"
57.141.6.33 - - [04/Mar/2026:06:17:20 -0600] "GET /detail/360370931 HTTP/1.1" 404 - "-" "meta-externalagent/1.1 (+https://developers.facebook.com/docs/sharing/webmasters/crawler)"
216.73.216.47 - - [04/Mar/2026:06:17:20 -0600] "GET /?fileloc=%2F%2Fetc%2Fman_db.conf&path=%2F%2Fetc HTTP/1.1" 200 17542 "-" "Mozilla/5.0 AppleWebKit/537.36 (KHTML, like Gecko; compatible; ClaudeBot/1.0; +claudebot@anthropic.com)"
216.73.216.47 - - [04/Mar/2026:06:17:20 -0600] "GET /?fileloc=%2F%2Flib64%2Flibsysfs.so.2&path=%2F%2Flib64 HTTP/1.1" 200 84317 "-" "Mozilla/5.0 AppleWebKit/537.36 (KHTML, like Gecko; compatible; ClaudeBot/1.0; +claudebot@anthropic.com)"
74.7.227.134 - - [04/Mar/2026:06:17:20 -0600] "GET /goods.php?detail/0300430212868 HTTP/1.1" 404 16 "https://www.nassaugolf.com" "Mozilla/5.0 AppleWebKit/537.36 (KHTML, like Gecko; compatible; GPTBot/1.3; +https://openai.com/gptbot)"
216.73.216.47 - - [04/Mar/2026:06:17:20 -0600] "GET /?fileloc=%2Fhome%2Fnassaugo%2Fpublic_html%2Fwp-includes%2Fblock-bindings%2Fpost-data.php&path=%2Fhome%2Fnassaugo%2Fpublic_html%2Fwp-includes%2Fblock-bindings HTTP/1.1" 200 15763 "-" "Mozilla/5.0 AppleWebKit/537.36 (KHTML, like Gecko; compatible; ClaudeBot/1.0; +claudebot@anthropic.com)"
216.73.216.47 - - [04/Mar/2026:06:17:20 -0600] "GET /?fileloc=%2F%2Frun%2Frestartsrv_sw-engine&path=%2F%2Frun HTTP/1.1" 200 12270 "-" "Mozilla/5.0 AppleWebKit/537.36 (KHTML, like Gecko; compatible; ClaudeBot/1.0; +claudebot@anthropic.com)"
216.73.216.47 - - [04/Mar/2026:06:17:21 -0600] "GET /?path=%2Fhome%2Fnassaugo%2Fpublic_html%2Fwp-content%2Fthemes%2Fgrynmgd HTTP/1.1" 200 20939 "-" "Mozilla/5.0 AppleWebKit/537.36 (KHTML, like Gecko; compatible; ClaudeBot/1.0; +claudebot@anthropic.com)"
74.7.227.41 - - [04/Mar/2026:06:17:21 -0600] "GET /goods.php?detail/26000131631365 HTTP/1.1" 404 16 "https://www.nassaugolf.com/goods.php?detail/260007270385" "Mozilla/5.0 AppleWebKit/537.36 (KHTML, like Gecko; compatible; GPTBot/1.3; +https://openai.com/gptbot)"
216.73.216.47 - - [04/Mar/2026:06:17:21 -0600] "GET /?fileloc=%2Fhome%2Fnassaugo%2Fpublic_html%2Fwp-includes%2Fcss%2Fmedia-views.css&path=%2Fhome%2Fnassaugo%2Fpublic_html%2Fwp-includes%2Fcss HTTP/1.1" 200 71631 "-" "Mozilla/5.0 AppleWebKit/537.36 (KHTML, like Gecko; compatible; ClaudeBot/1.0; +claudebot@anthropic.com)"
216.73.216.47 - - [04/Mar/2026:06:17:21 -0600] "GET /?fileloc=%2F%2Fbin%2Frenew-dummy-cert&path=%2F%2Fbin HTTP/1.1" 200 13072 "-" "Mozilla/5.0 AppleWebKit/537.36 (KHTML, like Gecko; compatible; ClaudeBot/1.0; +claudebot@anthropic.com)"
74.7.227.134 - - [04/Mar/2026:06:17:21 -0600] "GET /goods.php?detail/0080035524399 HTTP/1.1" 404 16 "https://nassaugolf.com/goods.php?detail/008006132761" "Mozilla/5.0 AppleWebKit/537.36 (KHTML, like Gecko; compatible; GPTBot/1.3; +https://openai.com/gptbot)"
216.73.216.47 - - [04/Mar/2026:06:17:21 -0600] "GET /?fileloc=%2F%2Fbin%2Fgtester-report&path=%2F%2Fbin HTTP/1.1" 200 35120 "-" "Mozilla/5.0 AppleWebKit/537.36 (KHTML, like Gecko; compatible; ClaudeBot/1.0; +claudebot@anthropic.com)"
57.141.6.12 - - [04/Mar/2026:06:17:21 -0600] "GET /?s=121027740f5da04 HTTP/1.1" 200 53879 "-" "meta-externalagent/1.1 (+https://developers.facebook.com/docs/sharing/webmasters/crawler)"
216.73.216.47 - - [04/Mar/2026:06:17:21 -0600] "GET /?fileloc=%2F%2Flib64%2Flibslapi-2.4.so.2&path=%2F%2Flib64 HTTP/1.1" 200 28236 "-" "Mozilla/5.0 AppleWebKit/537.36 (KHTML, like Gecko; compatible; ClaudeBot/1.0; +claudebot@anthropic.com)"
216.73.216.47 - - [04/Mar/2026:06:17:21 -0600] "GET /?path=%2Fhome%2Fnassaugo%2Fpublic_html%2Fwp-content%2Fthemes%2Fdrone-media HTTP/1.1" 200 80885 "-" "Mozilla/5.0 AppleWebKit/537.36 (KHTML, like Gecko; compatible; ClaudeBot/1.0; +claudebot@anthropic.com)"
74.7.227.41 - - [04/Mar/2026:06:17:21 -0600] "GET /goods.php?detail/23000928038394 HTTP/1.1" 404 16 "https://www.nassaugolf.com/goods.php?detail/230011733709" "Mozilla/5.0 AppleWebKit/537.36 (KHTML, like Gecko; compatible; GPTBot/1.3; +https://openai.com/gptbot)"
216.73.216.47 - - [04/Mar/2026:06:17:21 -0600] "GET /?fileloc=%2Fhome%2Fnassaugo%2Fpublic_html%2Fwp-includes%2FID3%2Fmodule.audio.ac3.php&path=%2Fhome%2Fnassaugo%2Fpublic_html%2Fwp-includes%2FID3 HTTP/1.1" 200 58273 "-" "Mozilla/5.0 AppleWebKit/537.36 (KHTML, like Gecko; compatible; ClaudeBot/1.0; +claudebot@anthropic.com)"
216.73.216.47 - - [04/Mar/2026:06:17:21 -0600] "GET /?fileloc=%2Fhome%2Fnassaugo%2Fpublic_html%2Fwp-includes%2Fblocks%2Ffile.php&path=%2Fhome%2Fnassaugo%2Fpublic_html%2Fwp-includes%2Fblocks HTTP/1.1" 200 14661 "-" "Mozilla/5.0 AppleWebKit/537.36 (KHTML, like Gecko; compatible; ClaudeBot/1.0; +claudebot@anthropic.com)"
216.73.216.47 - - [04/Mar/2026:06:17:21 -0600] "GET /?fileloc=%2F%2Fsbin%2Farptables-save&path=%2F%2Fsbin HTTP/1.1" 200 366753 "-" "Mozilla/5.0 AppleWebKit/537.36 (KHTML, like Gecko; compatible; ClaudeBot/1.0; +claudebot@anthropic.com)"
74.7.227.134 - - [04/Mar/2026:06:17:22 -0600] "GET /goods.php?detail/0200211898971 HTTP/1.1" 404 16 "https://nassaugolf.com/goods.php?detail/0690072988686" "Mozilla/5.0 AppleWebKit/537.36 (KHTML, like Gecko; compatible; GPTBot/1.3; +https://openai.com/gptbot)"
216.73.216.47 - - [04/Mar/2026:06:17:21 -0600] "GET /?fileloc=%2F%2Fsbin%2Fupdate-smart-drivedb&path=%2F%2Fsbin HTTP/1.1" 200 38912 "-" "Mozilla/5.0 AppleWebKit/537.36 (KHTML, like Gecko; compatible; ClaudeBot/1.0; +claudebot@anthropic.com)"
216.73.216.47 - - [04/Mar/2026:06:17:21 -0600] "GET /?fileloc=%2F%2Fbin%2Fperlivp&path=%2F%2Fbin HTTP/1.1" 200 24699 "-" "Mozilla/5.0 AppleWebKit/537.36 (KHTML, like Gecko; compatible; ClaudeBot/1.0; +claudebot@anthropic.com)"
74.7.227.41 - - [04/Mar/2026:06:17:22 -0600] "GET /goods.php?detail/06500398885968 HTTP/1.1" 404 16 "https://www.nassaugolf.com/goods.php?detail/0650024282508" "Mozilla/5.0 AppleWebKit/537.36 (KHTML, like Gecko; compatible; GPTBot/1.3; +https://openai.com/gptbot)"
216.73.216.47 - - [04/Mar/2026:06:17:22 -0600] "GET /?fileloc=%2Fhome%2Fnassaugo%2Fpublic_html%2Fwp-includes%2Fblocks%2Fterm-description.php&path=%2Fhome%2Fnassaugo%2Fpublic_html%2Fwp-includes%2Fblocks HTTP/1.1" 200 14630 "-" "Mozilla/5.0 AppleWebKit/537.36 (KHTML, like Gecko; compatible; ClaudeBot/1.0; +claudebot@anthropic.com)"
216.73.216.47 - - [04/Mar/2026:06:17:22 -0600] "GET /?fileloc=%2F%2Fbin%2Fcifsiostat&path=%2F%2Fbin HTTP/1.1" 200 43422 "-" "Mozilla/5.0 AppleWebKit/537.36 (KHTML, like Gecko; compatible; ClaudeBot/1.0; +claudebot@anthropic.com)"
216.73.216.47 - - [04/Mar/2026:06:17:22 -0600] "GET /?fileloc=%2Fhome%2Fnassaugo%2Fpublic_html%2Fwp-includes%2Fcustomize%2Fclass-wp-customize-nav-menu-control.php&path=%2Fhome%2Fnassaugo%2Fpublic_html%2Fwp-includes%2Fcustomize HTTP/1.1" 200 15123 "-" "Mozilla/5.0 AppleWebKit/537.36 (KHTML, like Gecko; compatible; ClaudeBot/1.0; +claudebot@anthropic.com)"
216.73.216.47 - - [04/Mar/2026:06:17:22 -0600] "GET /?fileloc=%2Fhome%2Fnassaugo%2Fpublic_html%2Fwp-admin%2Fincludes%2Fmedia.php&path=%2Fhome%2Fnassaugo%2Fpublic_html%2Fwp-admin%2Fincludes HTTP/1.1" 200 161085 "-" "Mozilla/5.0 AppleWebKit/537.36 (KHTML, like Gecko; compatible; ClaudeBot/1.0; +claudebot@anthropic.com)"
74.7.227.134 - - [04/Mar/2026:06:17:22 -0600] "GET /goods.php?detail/2860325622156 HTTP/1.1" 404 16 "https://nassaugolf.com/goods.php?detail/0060014800366" "Mozilla/5.0 AppleWebKit/537.36 (KHTML, like Gecko; compatible; GPTBot/1.3; +https://openai.com/gptbot)"
216.73.216.47 - - [04/Mar/2026:06:17:22 -0600] "GET /?fileloc=%2Fhome%2Fnassaugo%2Fpublic_html%2Fwp-includes%2Fcss%2Fbuttons-rtl.min.css&path=%2Fhome%2Fnassaugo%2Fpublic_html%2Fwp-includes%2Fcss HTTP/1.1" 200 18632 "-" "Mozilla/5.0 AppleWebKit/537.36 (KHTML, like Gecko; compatible; ClaudeBot/1.0; +claudebot@anthropic.com)"
92.222.108.114 - - [04/Mar/2026:06:17:22 -0600] "GET /?fileloc=//lib64/libxcb-composite.so.0.0.0&path=//lib64 HTTP/1.1" 200 30896 "-" "Mozilla/5.0 (compatible; AhrefsBot/7.0; +http://ahrefs.com/robot/)"
57.141.6.22 - - [04/Mar/2026:06:17:22 -0600] "GET /?s=0411850593a5f7d HTTP/1.1" 200 53879 "-" "meta-externalagent/1.1 (+https://developers.facebook.com/docs/sharing/webmasters/crawler)"
216.73.216.47 - - [04/Mar/2026:06:17:22 -0600] "GET /?fileloc=%2F%2Fbin%2Fwsrep_sst_mysqldump&path=%2F%2Fbin HTTP/1.1" 200 21721 "-" "Mozilla/5.0 AppleWebKit/537.36 (KHTML, like Gecko; compatible; ClaudeBot/1.0; +claudebot@anthropic.com)"
74.7.227.41 - - [04/Mar/2026:06:17:22 -0600] "GET /goods.php?detail/11601702979996 HTTP/1.1" 404 16 "https://www.nassaugolf.com/goods.php?detail/038040950811" "Mozilla/5.0 AppleWebKit/537.36 (KHTML, like Gecko; compatible; GPTBot/1.3; +https://openai.com/gptbot)"
57.141.6.2 - - [04/Mar/2026:06:17:22 -0600] "GET /?s=1221160548a72dc HTTP/1.1" 200 53879 "-" "meta-externalagent/1.1 (+https://developers.facebook.com/docs/sharing/webmasters/crawler)"
216.73.216.47 - - [04/Mar/2026:06:17:22 -0600] "GET /?fileloc=%2F%2Flib64%2FlibFLAC++.so.6&path=%2F%2Flib64 HTTP/1.1" 200 12270 "-" "Mozilla/5.0 AppleWebKit/537.36 (KHTML, like Gecko; compatible; ClaudeBot/1.0; +claudebot@anthropic.com)"
57.141.6.65 - - [04/Mar/2026:06:17:22 -0600] "GET /detail/276024202 HTTP/1.1" 404 - "-" "meta-externalagent/1.1 (+https://developers.facebook.com/docs/sharing/webmasters/crawler)"
216.73.216.47 - - [04/Mar/2026:06:17:22 -0600] "GET /?fileloc=%2Fhome%2Fnassaugo%2Fpublic_html%2Fwp-includes%2Fblocks%2Fquery-total.php&path=%2Fhome%2Fnassaugo%2Fpublic_html%2Fwp-includes%2Fblocks HTTP/1.1" 200 15382 "-" "Mozilla/5.0 AppleWebKit/537.36 (KHTML, like Gecko; compatible; ClaudeBot/1.0; +claudebot@anthropic.com)"
216.73.216.47 - - [04/Mar/2026:06:17:22 -0600] "GET /?fileloc=%2F%2Fbin%2Fpcre2-config&path=%2F%2Fbin HTTP/1.1" 200 14425 "-" "Mozilla/5.0 AppleWebKit/537.36 (KHTML, like Gecko; compatible; ClaudeBot/1.0; +claudebot@anthropic.com)"
74.7.227.134 - - [04/Mar/2026:06:17:23 -0600] "GET /goods.php?detail/0020019106463 HTTP/1.1" 404 16 "https://nassaugolf.com/goods.php?detail/002030053950" "Mozilla/5.0 AppleWebKit/537.36 (KHTML, like Gecko; compatible; GPTBot/1.3; +https://openai.com/gptbot)"
216.73.216.47 - - [04/Mar/2026:06:17:22 -0600] "GET /?fileloc=%2Fhome%2Fnassaugo%2Fpublic_html%2Fwp-includes%2FID3%2Fmodule.audio-video.quicktime.php&path=%2Fhome%2Fnassaugo%2Fpublic_html%2Fwp-includes%2FID3 HTTP/1.1" 200 214563 "-" "Mozilla/5.0 AppleWebKit/537.36 (KHTML, like Gecko; compatible; ClaudeBot/1.0; +claudebot@anthropic.com)"
216.73.216.47 - - [04/Mar/2026:06:17:22 -0600] "GET /?fileloc=%2F%2Fsbin%2Fxfs_io&path=%2F%2Fsbin HTTP/1.1" 200 316439 "-" "Mozilla/5.0 AppleWebKit/537.36 (KHTML, like Gecko; compatible; ClaudeBot/1.0; +claudebot@anthropic.com)"
216.73.216.47 - - [04/Mar/2026:06:17:23 -0600] "GET /?fileloc=%2F%2Flib64%2FlibXrender.so.1&path=%2F%2Flib64 HTTP/1.1" 200 83257 "-" "Mozilla/5.0 AppleWebKit/537.36 (KHTML, like Gecko; compatible; ClaudeBot/1.0; +claudebot@anthropic.com)"
74.7.227.41 - - [04/Mar/2026:06:17:23 -0600] "GET /goods.php?detail/03500230611165 HTTP/1.1" 404 16 "https://www.nassaugolf.com/goods.php?detail/035031011886" "Mozilla/5.0 AppleWebKit/537.36 (KHTML, like Gecko; compatible; GPTBot/1.3; +https://openai.com/gptbot)"
216.73.216.47 - - [04/Mar/2026:06:17:23 -0600] "GET /?fileloc=%2F%2Fbin%2Fmariadb-config&path=%2F%2Fbin HTTP/1.1" 200 31123 "-" "Mozilla/5.0 AppleWebKit/537.36 (KHTML, like Gecko; compatible; ClaudeBot/1.0; +claudebot@anthropic.com)"
74.7.227.134 - - [04/Mar/2026:06:17:23 -0600] "GET /goods.php?detail/0940060087264 HTTP/1.1" 404 16 "https://nassaugolf.com/goods.php?detail/257026368828" "Mozilla/5.0 AppleWebKit/537.36 (KHTML, like Gecko; compatible; GPTBot/1.3; +https://openai.com/gptbot)"
57.141.6.59 - - [04/Mar/2026:06:17:23 -0600] "GET /?s=17341990f97044 HTTP/1.1" 200 53879 "-" "meta-externalagent/1.1 (+https://developers.facebook.com/docs/sharing/webmasters/crawler)"
216.73.216.47 - - [04/Mar/2026:06:17:23 -0600] "GET /?fileloc=%2Fhome%2Fnassaugo%2Fpublic_html%2Fwp-includes%2Fblocks%2Fblocks-json.php&path=%2Fhome%2Fnassaugo%2Fpublic_html%2Fwp-includes%2Fblocks HTTP/1.1" 200 329893 "-" "Mozilla/5.0 AppleWebKit/537.36 (KHTML, like Gecko; compatible; ClaudeBot/1.0; +claudebot@anthropic.com)"
216.73.216.47 - - [04/Mar/2026:06:17:23 -0600] "GET /?fileloc=%2F%2Fsbin%2Fchgpasswd&path=%2F%2Fsbin HTTP/1.1" 200 98362 "-" "Mozilla/5.0 AppleWebKit/537.36 (KHTML, like Gecko; compatible; ClaudeBot/1.0; +claudebot@anthropic.com)"
216.73.216.47 - - [04/Mar/2026:06:17:23 -0600] "GET /?fileloc=%2F%2Fetc%2Fnsswitch.conf&path=%2F%2Fetc HTTP/1.1" 200 14467 "-" "Mozilla/5.0 AppleWebKit/537.36 (KHTML, like Gecko; compatible; ClaudeBot/1.0; +claudebot@anthropic.com)"
