74.7.227.41 - - [04/Mar/2026:06:25:15 -0600] "GET /goods.php?detail/07104854879174 HTTP/1.1" 404 16 "https://www.nassaugolf.com/goods.php?detail/053016565658" "Mozilla/5.0 AppleWebKit/537.36 (KHTML, like Gecko; compatible; GPTBot/1.3; +https://openai.com/gptbot)"
57.141.6.2 - - [04/Mar/2026:06:25:15 -0600] "GET /prize/23424867 HTTP/1.1" 404 - "-" "meta-externalagent/1.1 (+https://developers.facebook.com/docs/sharing/webmasters/crawler)"
74.7.227.134 - - [04/Mar/2026:06:25:15 -0600] "GET /goods.php?detail/2470063401404 HTTP/1.1" 404 16 "https://www.nassaugolf.com" "Mozilla/5.0 AppleWebKit/537.36 (KHTML, like Gecko; compatible; GPTBot/1.3; +https://openai.com/gptbot)"
74.7.227.41 - - [04/Mar/2026:06:25:15 -0600] "GET /goods.php?detail/11603478812311 HTTP/1.1" 404 16 "https://www.nassaugolf.com/goods.php?detail/288025318621" "Mozilla/5.0 AppleWebKit/537.36 (KHTML, like Gecko; compatible; GPTBot/1.3; +https://openai.com/gptbot)"
57.141.6.51 - - [04/Mar/2026:06:25:15 -0600] "GET /prize/5603512 HTTP/1.1" 404 - "-" "meta-externalagent/1.1 (+https://developers.facebook.com/docs/sharing/webmasters/crawler)"
74.7.227.134 - - [04/Mar/2026:06:25:15 -0600] "GET /goods.php?detail/1460080674617 HTTP/1.1" 404 16 "https://nassaugolf.com/goods.php?detail/220025692043" "Mozilla/5.0 AppleWebKit/537.36 (KHTML, like Gecko; compatible; GPTBot/1.3; +https://openai.com/gptbot)"
57.141.6.21 - - [04/Mar/2026:06:25:15 -0600] "GET /prize/19967334 HTTP/1.1" 404 - "-" "meta-externalagent/1.1 (+https://developers.facebook.com/docs/sharing/webmasters/crawler)"
74.7.227.41 - - [04/Mar/2026:06:25:16 -0600] "GET /goods.php?detail/13603139798107 HTTP/1.1" 404 16 "https://www.nassaugolf.com/goods.php?detail/136040484242" "Mozilla/5.0 AppleWebKit/537.36 (KHTML, like Gecko; compatible; GPTBot/1.3; +https://openai.com/gptbot)"
57.141.6.59 - - [04/Mar/2026:06:25:16 -0600] "GET /search/01143627582b213/feed/rss2/ HTTP/1.1" 404 - "-" "meta-externalagent/1.1 (+https://developers.facebook.com/docs/sharing/webmasters/crawler)"
74.7.227.134 - - [04/Mar/2026:06:25:16 -0600] "GET /goods.php?detail/0460360471048 HTTP/1.1" 404 16 "https://nassaugolf.com/goods.php?detail/066049506255" "Mozilla/5.0 AppleWebKit/537.36 (KHTML, like Gecko; compatible; GPTBot/1.3; +https://openai.com/gptbot)"
74.7.227.41 - - [04/Mar/2026:06:25:16 -0600] "GET /goods.php?detail/25400268354258 HTTP/1.1" 404 16 "https://www.nassaugolf.com/goods.php?jp/082002333.html" "Mozilla/5.0 AppleWebKit/537.36 (KHTML, like Gecko; compatible; GPTBot/1.3; +https://openai.com/gptbot)"
74.7.227.134 - - [04/Mar/2026:06:25:16 -0600] "GET /goods.php?detail/1310157133847 HTTP/1.1" 404 16 "https://www.nassaugolf.com" "Mozilla/5.0 AppleWebKit/537.36 (KHTML, like Gecko; compatible; GPTBot/1.3; +https://openai.com/gptbot)"
74.7.227.41 - - [04/Mar/2026:06:25:17 -0600] "GET /goods.php?detail/04802848363773 HTTP/1.1" 404 16 "https://www.nassaugolf.com/goods.php?detail/130031866809" "Mozilla/5.0 AppleWebKit/537.36 (KHTML, like Gecko; compatible; GPTBot/1.3; +https://openai.com/gptbot)"
66.249.68.64 - - [04/Mar/2026:06:25:17 -0600] "GET /?detail/136304465 HTTP/1.1" 200 53879 "-" "Mozilla/5.0 (Linux; Android 6.0.1; Nexus 5X Build/MMB29P) AppleWebKit/537.36 (KHTML, like Gecko) Chrome/144.0.7559.132 Mobile Safari/537.36 (compatible; Googlebot/2.1; +http://www.google.com/bot.html)"
57.141.6.2 - - [04/Mar/2026:06:25:17 -0600] "GET /prize/15663101 HTTP/1.1" 404 - "-" "meta-externalagent/1.1 (+https://developers.facebook.com/docs/sharing/webmasters/crawler)"
74.7.227.134 - - [04/Mar/2026:06:25:17 -0600] "GET /goods.php?detail/2010290234544 HTTP/1.1" 404 16 "https://www.nassaugolf.com" "Mozilla/5.0 AppleWebKit/537.36 (KHTML, like Gecko; compatible; GPTBot/1.3; +https://openai.com/gptbot)"
57.141.6.10 - - [04/Mar/2026:06:25:17 -0600] "GET /?y=2617024057 HTTP/1.1" 200 53879 "-" "meta-externalagent/1.1 (+https://developers.facebook.com/docs/sharing/webmasters/crawler)"
74.7.227.41 - - [04/Mar/2026:06:25:17 -0600] "GET /goods.php?detail/25303966112969 HTTP/1.1" 404 16 "https://www.nassaugolf.com/goods.php?detail/1080100177238" "Mozilla/5.0 AppleWebKit/537.36 (KHTML, like Gecko; compatible; GPTBot/1.3; +https://openai.com/gptbot)"
74.7.227.134 - - [04/Mar/2026:06:25:17 -0600] "GET /goods.php?detail/1890115013897 HTTP/1.1" 404 16 "https://nassaugolf.com/goods.php?detail/002000885499" "Mozilla/5.0 AppleWebKit/537.36 (KHTML, like Gecko; compatible; GPTBot/1.3; +https://openai.com/gptbot)"
74.7.227.41 - - [04/Mar/2026:06:25:18 -0600] "GET /goods.php?detail/10203671067921 HTTP/1.1" 404 16 "https://www.nassaugolf.com/goods.php?jp/102047784.html" "Mozilla/5.0 AppleWebKit/537.36 (KHTML, like Gecko; compatible; GPTBot/1.3; +https://openai.com/gptbot)"
57.141.6.3 - - [04/Mar/2026:06:25:18 -0600] "GET /search/131751573527d42/feed/rss2/ HTTP/1.1" 404 - "-" "meta-externalagent/1.1 (+https://developers.facebook.com/docs/sharing/webmasters/crawler)"
57.141.6.61 - - [04/Mar/2026:06:25:18 -0600] "GET /?s=111956421413dd HTTP/1.1" 200 53879 "-" "meta-externalagent/1.1 (+https://developers.facebook.com/docs/sharing/webmasters/crawler)"
74.7.227.134 - - [04/Mar/2026:06:25:18 -0600] "GET /goods.php?detail/0230030642729 HTTP/1.1" 404 16 "https://nassaugolf.com/goods.php?detail/023016100618" "Mozilla/5.0 AppleWebKit/537.36 (KHTML, like Gecko; compatible; GPTBot/1.3; +https://openai.com/gptbot)"
74.7.227.41 - - [04/Mar/2026:06:25:18 -0600] "GET /goods.php?detail/10202475061667 HTTP/1.1" 404 16 "https://www.nassaugolf.com/goods.php?detail/007001902659" "Mozilla/5.0 AppleWebKit/537.36 (KHTML, like Gecko; compatible; GPTBot/1.3; +https://openai.com/gptbot)"
57.141.6.59 - - [04/Mar/2026:06:25:18 -0600] "GET /prize/17835867 HTTP/1.1" 404 - "-" "meta-externalagent/1.1 (+https://developers.facebook.com/docs/sharing/webmasters/crawler)"
74.7.227.134 - - [04/Mar/2026:06:25:18 -0600] "GET /goods.php?detail/1210067207967 HTTP/1.1" 404 16 "https://nassaugolf.com/goods.php?detail/178000410061" "Mozilla/5.0 AppleWebKit/537.36 (KHTML, like Gecko; compatible; GPTBot/1.3; +https://openai.com/gptbot)"
74.7.227.41 - - [04/Mar/2026:06:25:19 -0600] "GET /goods.php?detail/16803543133943 HTTP/1.1" 404 16 "https://www.nassaugolf.com/goods.php?detail/1680441741614" "Mozilla/5.0 AppleWebKit/537.36 (KHTML, like Gecko; compatible; GPTBot/1.3; +https://openai.com/gptbot)"
74.7.227.134 - - [04/Mar/2026:06:25:19 -0600] "GET /goods.php?detail/1320051331437 HTTP/1.1" 404 16 "https://www.nassaugolf.com" "Mozilla/5.0 AppleWebKit/537.36 (KHTML, like Gecko; compatible; GPTBot/1.3; +https://openai.com/gptbot)"
57.141.6.23 - - [04/Mar/2026:06:25:19 -0600] "GET /?s=1223003018a8efa HTTP/1.1" 200 53879 "-" "meta-externalagent/1.1 (+https://developers.facebook.com/docs/sharing/webmasters/crawler)"
57.141.6.6 - - [04/Mar/2026:06:25:19 -0600] "GET /detail/291252167 HTTP/1.1" 404 - "-" "meta-externalagent/1.1 (+https://developers.facebook.com/docs/sharing/webmasters/crawler)"
74.7.227.41 - - [04/Mar/2026:06:25:19 -0600] "GET /goods.php?detail/23102327308971 HTTP/1.1" 404 16 "https://www.nassaugolf.com/goods.php?detail/231000757306" "Mozilla/5.0 AppleWebKit/537.36 (KHTML, like Gecko; compatible; GPTBot/1.3; +https://openai.com/gptbot)"
74.7.227.134 - - [04/Mar/2026:06:25:19 -0600] "GET /goods.php?detail/0970161670508 HTTP/1.1" 404 16 "https://www.nassaugolf.com" "Mozilla/5.0 AppleWebKit/537.36 (KHTML, like Gecko; compatible; GPTBot/1.3; +https://openai.com/gptbot)"
57.141.6.20 - - [04/Mar/2026:06:25:20 -0600] "GET /prize/11754301 HTTP/1.1" 404 - "-" "meta-externalagent/1.1 (+https://developers.facebook.com/docs/sharing/webmasters/crawler)"
74.7.227.41 - - [04/Mar/2026:06:25:20 -0600] "GET /goods.php?detail/14701433517094 HTTP/1.1" 404 16 "https://www.nassaugolf.com/goods.php?detail/1140240941154" "Mozilla/5.0 AppleWebKit/537.36 (KHTML, like Gecko; compatible; GPTBot/1.3; +https://openai.com/gptbot)"
57.141.6.64 - - [04/Mar/2026:06:25:20 -0600] "GET /prize/11199478 HTTP/1.1" 404 - "-" "meta-externalagent/1.1 (+https://developers.facebook.com/docs/sharing/webmasters/crawler)"
74.7.227.134 - - [04/Mar/2026:06:25:20 -0600] "GET /goods.php?detail/0170313047479 HTTP/1.1" 404 16 "https://nassaugolf.com/goods.php?detail/2180449323187" "Mozilla/5.0 AppleWebKit/537.36 (KHTML, like Gecko; compatible; GPTBot/1.3; +https://openai.com/gptbot)"
74.7.227.41 - - [04/Mar/2026:06:25:20 -0600] "GET /goods.php?detail/23603848116164 HTTP/1.1" 404 16 "https://www.nassaugolf.com/goods.php?detail/236002379488" "Mozilla/5.0 AppleWebKit/537.36 (KHTML, like Gecko; compatible; GPTBot/1.3; +https://openai.com/gptbot)"
167.172.35.101 - - [04/Mar/2026:06:25:20 -0600] "POST /wp-login.php HTTP/1.1" 200 53879 "-" "Mozilla/5.0"
74.7.227.134 - - [04/Mar/2026:06:25:21 -0600] "GET /goods.php?detail/0290084117840 HTTP/1.1" 404 16 "https://nassaugolf.com/goods.php?detail/138037984455" "Mozilla/5.0 AppleWebKit/537.36 (KHTML, like Gecko; compatible; GPTBot/1.3; +https://openai.com/gptbot)"
57.141.6.39 - - [04/Mar/2026:06:25:21 -0600] "GET /search/034855259b9f86/feed/rss2/ HTTP/1.1" 404 - "-" "meta-externalagent/1.1 (+https://developers.facebook.com/docs/sharing/webmasters/crawler)"
74.7.227.41 - - [04/Mar/2026:06:25:21 -0600] "GET /goods.php?detail/23603287810377 HTTP/1.1" 404 16 "https://www.nassaugolf.com/goods.php?detail/2360076026775" "Mozilla/5.0 AppleWebKit/537.36 (KHTML, like Gecko; compatible; GPTBot/1.3; +https://openai.com/gptbot)"
57.141.6.59 - - [04/Mar/2026:06:25:21 -0600] "GET /search/13557604bb5434/feed/rss2/ HTTP/1.1" 404 - "-" "meta-externalagent/1.1 (+https://developers.facebook.com/docs/sharing/webmasters/crawler)"
74.7.227.134 - - [04/Mar/2026:06:25:21 -0600] "GET /goods.php?detail/0990299761028 HTTP/1.1" 404 16 "https://nassaugolf.com/goods.php?detail/191002683827" "Mozilla/5.0 AppleWebKit/537.36 (KHTML, like Gecko; compatible; GPTBot/1.3; +https://openai.com/gptbot)"
74.7.227.41 - - [04/Mar/2026:06:25:21 -0600] "GET /goods.php?detail/24204765808077 HTTP/1.1" 404 16 "https://www.nassaugolf.com/goods.php?detail/151007106579" "Mozilla/5.0 AppleWebKit/537.36 (KHTML, like Gecko; compatible; GPTBot/1.3; +https://openai.com/gptbot)"
74.7.227.134 - - [04/Mar/2026:06:25:22 -0600] "GET /goods.php?detail/2920033585892 HTTP/1.1" 404 16 "https://www.nassaugolf.com" "Mozilla/5.0 AppleWebKit/537.36 (KHTML, like Gecko; compatible; GPTBot/1.3; +https://openai.com/gptbot)"
74.7.227.41 - - [04/Mar/2026:06:25:22 -0600] "GET /goods.php?detail/07902651021969 HTTP/1.1" 404 16 "https://www.nassaugolf.com/goods.php?detail/079016789037" "Mozilla/5.0 AppleWebKit/537.36 (KHTML, like Gecko; compatible; GPTBot/1.3; +https://openai.com/gptbot)"
74.7.227.134 - - [04/Mar/2026:06:25:22 -0600] "GET /goods.php?detail/2580081085897 HTTP/1.1" 404 16 "https://nassaugolf.com/goods.php?detail/258018083355" "Mozilla/5.0 AppleWebKit/537.36 (KHTML, like Gecko; compatible; GPTBot/1.3; +https://openai.com/gptbot)"
57.141.6.20 - - [04/Mar/2026:06:25:22 -0600] "GET /search/0352573f6b182/feed/rss2/ HTTP/1.1" 404 - "-" "meta-externalagent/1.1 (+https://developers.facebook.com/docs/sharing/webmasters/crawler)"
74.7.227.41 - - [04/Mar/2026:06:25:22 -0600] "GET /goods.php?detail/12301453456521 HTTP/1.1" 404 16 "https://www.nassaugolf.com/goods.php?jp/123014534.html" "Mozilla/5.0 AppleWebKit/537.36 (KHTML, like Gecko; compatible; GPTBot/1.3; +https://openai.com/gptbot)"
57.141.6.71 - - [04/Mar/2026:06:25:22 -0600] "GET /detail/742486737 HTTP/1.1" 404 - "-" "meta-externalagent/1.1 (+https://developers.facebook.com/docs/sharing/webmasters/crawler)"
74.7.227.134 - - [04/Mar/2026:06:25:23 -0600] "GET /goods.php?detail/1560017102104 HTTP/1.1" 404 16 "https://nassaugolf.com/goods.php?detail/0370137130043" "Mozilla/5.0 AppleWebKit/537.36 (KHTML, like Gecko; compatible; GPTBot/1.3; +https://openai.com/gptbot)"
57.141.6.43 - - [04/Mar/2026:06:25:23 -0600] "GET /search/0218788796fa3a9/feed/rss2/ HTTP/1.1" 404 - "-" "meta-externalagent/1.1 (+https://developers.facebook.com/docs/sharing/webmasters/crawler)"
74.7.227.41 - - [04/Mar/2026:06:25:23 -0600] "GET /goods.php?detail/13202136905055 HTTP/1.1" 404 16 "https://www.nassaugolf.com/goods.php?detail/0060343232248" "Mozilla/5.0 AppleWebKit/537.36 (KHTML, like Gecko; compatible; GPTBot/1.3; +https://openai.com/gptbot)"
74.7.227.134 - - [04/Mar/2026:06:25:23 -0600] "GET /goods.php?detail/0850101373044 HTTP/1.1" 404 16 "https://www.nassaugolf.com" "Mozilla/5.0 AppleWebKit/537.36 (KHTML, like Gecko; compatible; GPTBot/1.3; +https://openai.com/gptbot)"
74.7.227.41 - - [04/Mar/2026:06:25:23 -0600] "GET /goods.php?detail/02902790461627 HTTP/1.1" 404 16 "https://www.nassaugolf.com/goods.php?jp/047025786.html" "Mozilla/5.0 AppleWebKit/537.36 (KHTML, like Gecko; compatible; GPTBot/1.3; +https://openai.com/gptbot)"
57.141.6.6 - - [04/Mar/2026:06:25:23 -0600] "GET /prize/2961001 HTTP/1.1" 404 - "-" "meta-externalagent/1.1 (+https://developers.facebook.com/docs/sharing/webmasters/crawler)"
74.7.227.134 - - [04/Mar/2026:06:25:24 -0600] "GET /goods.php?detail/1910241017795 HTTP/1.1" 404 16 "https://nassaugolf.com/goods.php?detail/1910110857509" "Mozilla/5.0 AppleWebKit/537.36 (KHTML, like Gecko; compatible; GPTBot/1.3; +https://openai.com/gptbot)"
74.7.227.41 - - [04/Mar/2026:06:25:24 -0600] "GET /goods.php?detail/28200389632634 HTTP/1.1" 404 16 "https://www.nassaugolf.com/goods.php?detail/282031247131" "Mozilla/5.0 AppleWebKit/537.36 (KHTML, like Gecko; compatible; GPTBot/1.3; +https://openai.com/gptbot)"
57.141.6.13 - - [04/Mar/2026:06:25:24 -0600] "GET /prize/22736612 HTTP/1.1" 404 - "-" "meta-externalagent/1.1 (+https://developers.facebook.com/docs/sharing/webmasters/crawler)"
74.7.227.134 - - [04/Mar/2026:06:25:24 -0600] "GET /goods.php?detail/1470346649047 HTTP/1.1" 404 16 "https://www.nassaugolf.com" "Mozilla/5.0 AppleWebKit/537.36 (KHTML, like Gecko; compatible; GPTBot/1.3; +https://openai.com/gptbot)"
74.7.227.41 - - [04/Mar/2026:06:25:24 -0600] "GET /goods.php?detail/24102486604615 HTTP/1.1" 404 16 "https://www.nassaugolf.com/goods.php?detail/091049500487" "Mozilla/5.0 AppleWebKit/537.36 (KHTML, like Gecko; compatible; GPTBot/1.3; +https://openai.com/gptbot)"
74.7.227.134 - - [04/Mar/2026:06:25:25 -0600] "GET /goods.php?detail/2510030070567 HTTP/1.1" 404 16 "https://nassaugolf.com/goods.php?detail/251000494640" "Mozilla/5.0 AppleWebKit/537.36 (KHTML, like Gecko; compatible; GPTBot/1.3; +https://openai.com/gptbot)"
57.141.6.14 - - [04/Mar/2026:06:25:25 -0600] "GET /?s=149046901ca0b0 HTTP/1.1" 200 53879 "-" "meta-externalagent/1.1 (+https://developers.facebook.com/docs/sharing/webmasters/crawler)"
74.7.227.41 - - [04/Mar/2026:06:25:25 -0600] "GET /goods.php?detail/17500404779539 HTTP/1.1" 404 16 "https://www.nassaugolf.com/goods.php?detail/175030035447" "Mozilla/5.0 AppleWebKit/537.36 (KHTML, like Gecko; compatible; GPTBot/1.3; +https://openai.com/gptbot)"
57.141.6.17 - - [04/Mar/2026:06:25:25 -0600] "GET /prize/8433467 HTTP/1.1" 404 - "-" "meta-externalagent/1.1 (+https://developers.facebook.com/docs/sharing/webmasters/crawler)"
74.7.227.134 - - [04/Mar/2026:06:25:25 -0600] "GET /goods.php?detail/1410151046863 HTTP/1.1" 404 16 "https://nassaugolf.com/goods.php?detail/161010513731" "Mozilla/5.0 AppleWebKit/537.36 (KHTML, like Gecko; compatible; GPTBot/1.3; +https://openai.com/gptbot)"
74.7.227.41 - - [04/Mar/2026:06:25:25 -0600] "GET /goods.php?detail/23504375974500 HTTP/1.1" 404 16 "https://www.nassaugolf.com/goods.php?detail/2280025001190" "Mozilla/5.0 AppleWebKit/537.36 (KHTML, like Gecko; compatible; GPTBot/1.3; +https://openai.com/gptbot)"
74.7.227.134 - - [04/Mar/2026:06:25:26 -0600] "GET /goods.php?detail/2890020019836 HTTP/1.1" 404 16 "https://www.nassaugolf.com" "Mozilla/5.0 AppleWebKit/537.36 (KHTML, like Gecko; compatible; GPTBot/1.3; +https://openai.com/gptbot)"
57.141.6.49 - - [04/Mar/2026:06:25:26 -0600] "GET /prize/8735289 HTTP/1.1" 404 - "-" "meta-externalagent/1.1 (+https://developers.facebook.com/docs/sharing/webmasters/crawler)"
74.7.227.41 - - [04/Mar/2026:06:25:26 -0600] "GET /goods.php?detail/00400308241716 HTTP/1.1" 404 16 "https://www.nassaugolf.com/goods.php?detail/120033302467" "Mozilla/5.0 AppleWebKit/537.36 (KHTML, like Gecko; compatible; GPTBot/1.3; +https://openai.com/gptbot)"
57.141.6.28 - - [04/Mar/2026:06:25:26 -0600] "GET /prize/18445256 HTTP/1.1" 404 - "-" "meta-externalagent/1.1 (+https://developers.facebook.com/docs/sharing/webmasters/crawler)"
74.7.227.134 - - [04/Mar/2026:06:25:26 -0600] "GET /goods.php?detail/0570247882588 HTTP/1.1" 404 16 "https://nassaugolf.com/goods.php?detail/057011916107" "Mozilla/5.0 AppleWebKit/537.36 (KHTML, like Gecko; compatible; GPTBot/1.3; +https://openai.com/gptbot)"
74.7.227.41 - - [04/Mar/2026:06:25:27 -0600] "GET /goods.php?detail/25503206726780 HTTP/1.1" 404 16 "https://www.nassaugolf.com/goods.php?detail/266043864560" "Mozilla/5.0 AppleWebKit/537.36 (KHTML, like Gecko; compatible; GPTBot/1.3; +https://openai.com/gptbot)"
74.7.227.134 - - [04/Mar/2026:06:25:27 -0600] "GET /goods.php?detail/1540106791519 HTTP/1.1" 404 16 "https://nassaugolf.com/goods.php?detail/154015066481" "Mozilla/5.0 AppleWebKit/537.36 (KHTML, like Gecko; compatible; GPTBot/1.3; +https://openai.com/gptbot)"
57.141.6.40 - - [04/Mar/2026:06:25:27 -0600] "GET /search/0824246410e24c6/feed/rss2/ HTTP/1.1" 404 - "-" "meta-externalagent/1.1 (+https://developers.facebook.com/docs/sharing/webmasters/crawler)"
74.7.227.41 - - [04/Mar/2026:06:25:27 -0600] "GET /goods.php?detail/03702640024059 HTTP/1.1" 404 16 "https://www.nassaugolf.com/goods.php?detail/002003485126" "Mozilla/5.0 AppleWebKit/537.36 (KHTML, like Gecko; compatible; GPTBot/1.3; +https://openai.com/gptbot)"
57.141.6.10 - - [04/Mar/2026:06:25:27 -0600] "GET /detail/218299954 HTTP/1.1" 404 - "-" "meta-externalagent/1.1 (+https://developers.facebook.com/docs/sharing/webmasters/crawler)"
74.7.227.134 - - [04/Mar/2026:06:25:27 -0600] "GET /goods.php?detail/0920016620257 HTTP/1.1" 404 16 "https://nassaugolf.com/goods.php?detail/092002999445" "Mozilla/5.0 AppleWebKit/537.36 (KHTML, like Gecko; compatible; GPTBot/1.3; +https://openai.com/gptbot)"
74.7.227.41 - - [04/Mar/2026:06:25:28 -0600] "GET /goods.php?detail/20701217484670 HTTP/1.1" 404 16 "https://www.nassaugolf.com/goods.php?detail/207011999857" "Mozilla/5.0 AppleWebKit/537.36 (KHTML, like Gecko; compatible; GPTBot/1.3; +https://openai.com/gptbot)"
57.141.6.7 - - [04/Mar/2026:06:25:28 -0600] "GET /?s=021021666666215 HTTP/1.1" 200 53879 "-" "meta-externalagent/1.1 (+https://developers.facebook.com/docs/sharing/webmasters/crawler)"
74.7.227.134 - - [04/Mar/2026:06:25:28 -0600] "GET /goods.php?detail/0490016173907 HTTP/1.1" 404 16 "https://www.nassaugolf.com" "Mozilla/5.0 AppleWebKit/537.36 (KHTML, like Gecko; compatible; GPTBot/1.3; +https://openai.com/gptbot)"
74.7.227.41 - - [04/Mar/2026:06:25:28 -0600] "GET /goods.php?detail/27904890170282 HTTP/1.1" 404 16 "https://www.nassaugolf.com/goods.php?detail/169023733816" "Mozilla/5.0 AppleWebKit/537.36 (KHTML, like Gecko; compatible; GPTBot/1.3; +https://openai.com/gptbot)"
57.141.6.63 - - [04/Mar/2026:06:25:28 -0600] "GET /detail/91675443 HTTP/1.1" 404 - "-" "meta-externalagent/1.1 (+https://developers.facebook.com/docs/sharing/webmasters/crawler)"
74.7.227.134 - - [04/Mar/2026:06:25:28 -0600] "GET /goods.php?detail/1080071056468 HTTP/1.1" 404 16 "https://www.nassaugolf.com" "Mozilla/5.0 AppleWebKit/537.36 (KHTML, like Gecko; compatible; GPTBot/1.3; +https://openai.com/gptbot)"
57.141.6.17 - - [04/Mar/2026:06:25:29 -0600] "GET /search/121738647cd5c69/feed/rss2/ HTTP/1.1" 404 - "-" "meta-externalagent/1.1 (+https://developers.facebook.com/docs/sharing/webmasters/crawler)"
74.7.227.41 - - [04/Mar/2026:06:25:29 -0600] "GET /goods.php?detail/00500147203806 HTTP/1.1" 404 16 "https://www.nassaugolf.com/goods.php?detail/005003164099" "Mozilla/5.0 AppleWebKit/537.36 (KHTML, like Gecko; compatible; GPTBot/1.3; +https://openai.com/gptbot)"
74.7.227.134 - - [04/Mar/2026:06:25:29 -0600] "GET /goods.php?detail/0740019067420 HTTP/1.1" 404 16 "https://www.nassaugolf.com" "Mozilla/5.0 AppleWebKit/537.36 (KHTML, like Gecko; compatible; GPTBot/1.3; +https://openai.com/gptbot)"
74.7.227.41 - - [04/Mar/2026:06:25:29 -0600] "GET /goods.php?detail/23402583603650 HTTP/1.1" 404 16 "https://www.nassaugolf.com/goods.php?detail/203004229752" "Mozilla/5.0 AppleWebKit/537.36 (KHTML, like Gecko; compatible; GPTBot/1.3; +https://openai.com/gptbot)"
57.141.6.23 - - [04/Mar/2026:06:25:29 -0600] "GET /search/01309599aeda12/feed/rss2/ HTTP/1.1" 404 - "-" "meta-externalagent/1.1 (+https://developers.facebook.com/docs/sharing/webmasters/crawler)"
74.7.227.134 - - [04/Mar/2026:06:25:30 -0600] "GET /goods.php?detail/2910189071271 HTTP/1.1" 404 16 "https://nassaugolf.com/goods.php?jp/008012882.html" "Mozilla/5.0 AppleWebKit/537.36 (KHTML, like Gecko; compatible; GPTBot/1.3; +https://openai.com/gptbot)"
74.7.227.41 - - [04/Mar/2026:06:25:30 -0600] "GET /goods.php?detail/10601868623531 HTTP/1.1" 404 16 "https://www.nassaugolf.com/goods.php?detail/106036091648" "Mozilla/5.0 AppleWebKit/537.36 (KHTML, like Gecko; compatible; GPTBot/1.3; +https://openai.com/gptbot)"
57.141.6.15 - - [04/Mar/2026:06:25:30 -0600] "GET /prize/28591334 HTTP/1.1" 404 - "-" "meta-externalagent/1.1 (+https://developers.facebook.com/docs/sharing/webmasters/crawler)"
74.7.227.134 - - [04/Mar/2026:06:25:30 -0600] "GET /goods.php?detail/2010323747414 HTTP/1.1" 404 16 "https://nassaugolf.com/goods.php?detail/242011471028" "Mozilla/5.0 AppleWebKit/537.36 (KHTML, like Gecko; compatible; GPTBot/1.3; +https://openai.com/gptbot)"
74.7.227.41 - - [04/Mar/2026:06:25:30 -0600] "GET /goods.php?detail/03904912312072 HTTP/1.1" 404 16 "https://www.nassaugolf.com/goods.php?detail/216020985768" "Mozilla/5.0 AppleWebKit/537.36 (KHTML, like Gecko; compatible; GPTBot/1.3; +https://openai.com/gptbot)"
74.7.227.134 - - [04/Mar/2026:06:25:31 -0600] "GET /goods.php?detail/0460010516028 HTTP/1.1" 404 16 "https://www.nassaugolf.com" "Mozilla/5.0 AppleWebKit/537.36 (KHTML, like Gecko; compatible; GPTBot/1.3; +https://openai.com/gptbot)"
57.141.6.35 - - [04/Mar/2026:06:25:30 -0600] "GET /?s=05738148b5168e HTTP/1.1" 200 53879 "-" "meta-externalagent/1.1 (+https://developers.facebook.com/docs/sharing/webmasters/crawler)"
74.7.227.41 - - [04/Mar/2026:06:25:31 -0600] "GET /goods.php?detail/21902183085209 HTTP/1.1" 404 16 "https://www.nassaugolf.com/goods.php?jp/023027562.html" "Mozilla/5.0 AppleWebKit/537.36 (KHTML, like Gecko; compatible; GPTBot/1.3; +https://openai.com/gptbot)"
74.7.227.134 - - [04/Mar/2026:06:25:31 -0600] "GET /goods.php?detail/2070030686893 HTTP/1.1" 404 16 "https://www.nassaugolf.com" "Mozilla/5.0 AppleWebKit/537.36 (KHTML, like Gecko; compatible; GPTBot/1.3; +https://openai.com/gptbot)"
57.141.6.9 - - [04/Mar/2026:06:25:31 -0600] "GET /?s=05291519c4d04b HTTP/1.1" 200 53879 "-" "meta-externalagent/1.1 (+https://developers.facebook.com/docs/sharing/webmasters/crawler)"
74.7.227.41 - - [04/Mar/2026:06:25:31 -0600] "GET /goods.php?detail/06700529900683 HTTP/1.1" 404 16 "https://www.nassaugolf.com/goods.php?detail/0670050756728" "Mozilla/5.0 AppleWebKit/537.36 (KHTML, like Gecko; compatible; GPTBot/1.3; +https://openai.com/gptbot)"
57.141.6.24 - - [04/Mar/2026:06:25:31 -0600] "GET /search/05893183689394/feed/rss2/ HTTP/1.1" 404 - "-" "meta-externalagent/1.1 (+https://developers.facebook.com/docs/sharing/webmasters/crawler)"
74.7.227.134 - - [04/Mar/2026:06:25:32 -0600] "GET /goods.php?detail/1530460756560 HTTP/1.1" 404 16 "https://www.nassaugolf.com" "Mozilla/5.0 AppleWebKit/537.36 (KHTML, like Gecko; compatible; GPTBot/1.3; +https://openai.com/gptbot)"
74.7.227.41 - - [04/Mar/2026:06:25:32 -0600] "GET /goods.php?detail/02602164764151 HTTP/1.1" 404 16 "https://www.nassaugolf.com/goods.php?detail/208024591404" "Mozilla/5.0 AppleWebKit/537.36 (KHTML, like Gecko; compatible; GPTBot/1.3; +https://openai.com/gptbot)"
57.141.6.74 - - [04/Mar/2026:06:25:32 -0600] "GET /search/031122370b0a030/feed/rss2/ HTTP/1.1" 404 - "-" "meta-externalagent/1.1 (+https://developers.facebook.com/docs/sharing/webmasters/crawler)"
74.7.227.134 - - [04/Mar/2026:06:25:32 -0600] "GET /goods.php?detail/2310337379961 HTTP/1.1" 404 16 "https://www.nassaugolf.com" "Mozilla/5.0 AppleWebKit/537.36 (KHTML, like Gecko; compatible; GPTBot/1.3; +https://openai.com/gptbot)"
74.7.227.41 - - [04/Mar/2026:06:25:32 -0600] "GET /goods.php?detail/21500615726280 HTTP/1.1" 404 16 "https://www.nassaugolf.com/goods.php?goods/022017271" "Mozilla/5.0 AppleWebKit/537.36 (KHTML, like Gecko; compatible; GPTBot/1.3; +https://openai.com/gptbot)"
57.141.6.23 - - [04/Mar/2026:06:25:33 -0600] "GET /search/021956405b44663/feed/rss2/ HTTP/1.1" 404 - "-" "meta-externalagent/1.1 (+https://developers.facebook.com/docs/sharing/webmasters/crawler)"
74.7.227.134 - - [04/Mar/2026:06:25:33 -0600] "GET /goods.php?detail/0960032472024 HTTP/1.1" 404 16 "https://www.nassaugolf.com" "Mozilla/5.0 AppleWebKit/537.36 (KHTML, like Gecko; compatible; GPTBot/1.3; +https://openai.com/gptbot)"
74.7.227.41 - - [04/Mar/2026:06:25:33 -0600] "GET /goods.php?detail/07904682400590 HTTP/1.1" 404 16 "https://www.nassaugolf.com/goods.php?detail/093022658009" "Mozilla/5.0 AppleWebKit/537.36 (KHTML, like Gecko; compatible; GPTBot/1.3; +https://openai.com/gptbot)"
57.141.6.48 - - [04/Mar/2026:06:25:33 -0600] "GET /search/078762030fc0c9/feed/rss2/ HTTP/1.1" 404 - "-" "meta-externalagent/1.1 (+https://developers.facebook.com/docs/sharing/webmasters/crawler)"
74.7.227.134 - - [04/Mar/2026:06:25:33 -0600] "GET /goods.php?detail/2440059224130 HTTP/1.1" 404 16 "https://www.nassaugolf.com" "Mozilla/5.0 AppleWebKit/537.36 (KHTML, like Gecko; compatible; GPTBot/1.3; +https://openai.com/gptbot)"
74.7.227.41 - - [04/Mar/2026:06:25:33 -0600] "GET /goods.php?detail/06404362114035 HTTP/1.1" 404 16 "https://www.nassaugolf.com/goods.php?detail/049038287908" "Mozilla/5.0 AppleWebKit/537.36 (KHTML, like Gecko; compatible; GPTBot/1.3; +https://openai.com/gptbot)"
57.141.6.32 - - [04/Mar/2026:06:25:33 -0600] "GET /search/169875437c73ec/feed/rss2/ HTTP/1.1" 404 - "-" "meta-externalagent/1.1 (+https://developers.facebook.com/docs/sharing/webmasters/crawler)"
74.7.227.134 - - [04/Mar/2026:06:25:34 -0600] "GET /goods.php?detail/1610401634771 HTTP/1.1" 404 16 "https://www.nassaugolf.com" "Mozilla/5.0 AppleWebKit/537.36 (KHTML, like Gecko; compatible; GPTBot/1.3; +https://openai.com/gptbot)"
74.7.227.41 - - [04/Mar/2026:06:25:34 -0600] "GET /goods.php?detail/09400974397368 HTTP/1.1" 404 16 "https://www.nassaugolf.com/goods.php?detail/109002052781" "Mozilla/5.0 AppleWebKit/537.36 (KHTML, like Gecko; compatible; GPTBot/1.3; +https://openai.com/gptbot)"
57.141.6.52 - - [04/Mar/2026:06:25:34 -0600] "GET /search/0314081771bb8b3/feed/rss2/ HTTP/1.1" 404 - "-" "meta-externalagent/1.1 (+https://developers.facebook.com/docs/sharing/webmasters/crawler)"
74.7.227.134 - - [04/Mar/2026:06:25:34 -0600] "GET /goods.php?detail/0770361136901 HTTP/1.1" 404 16 "https://www.nassaugolf.com" "Mozilla/5.0 AppleWebKit/537.36 (KHTML, like Gecko; compatible; GPTBot/1.3; +https://openai.com/gptbot)"
74.7.227.41 - - [04/Mar/2026:06:25:34 -0600] "GET /goods.php?detail/13501316602462 HTTP/1.1" 404 16 "https://www.nassaugolf.com/goods.php?detail/0090073773204" "Mozilla/5.0 AppleWebKit/537.36 (KHTML, like Gecko; compatible; GPTBot/1.3; +https://openai.com/gptbot)"
92.222.108.117 - - [04/Mar/2026:06:25:33 -0600] "GET /?fileloc=//lib64/libvmaf.so.1&path=//lib64 HTTP/1.1" 200 974611 "-" "Mozilla/5.0 (compatible; AhrefsBot/7.0; +http://ahrefs.com/robot/)"
57.141.6.5 - - [04/Mar/2026:06:25:35 -0600] "GET /prize/18593001 HTTP/1.1" 404 - "-" "meta-externalagent/1.1 (+https://developers.facebook.com/docs/sharing/webmasters/crawler)"
74.7.227.134 - - [04/Mar/2026:06:25:35 -0600] "GET /goods.php?detail/1660181639389 HTTP/1.1" 404 16 "https://www.nassaugolf.com" "Mozilla/5.0 AppleWebKit/537.36 (KHTML, like Gecko; compatible; GPTBot/1.3; +https://openai.com/gptbot)"
57.141.6.32 - - [04/Mar/2026:06:25:35 -0600] "GET /search/186784527e6a6a/feed/rss2/ HTTP/1.1" 404 - "-" "meta-externalagent/1.1 (+https://developers.facebook.com/docs/sharing/webmasters/crawler)"
74.7.227.41 - - [04/Mar/2026:06:25:35 -0600] "GET /goods.php?detail/02204180611876 HTTP/1.1" 404 16 "https://www.nassaugolf.com/goods.php?detail/022017271572" "Mozilla/5.0 AppleWebKit/537.36 (KHTML, like Gecko; compatible; GPTBot/1.3; +https://openai.com/gptbot)"
57.141.6.22 - - [04/Mar/2026:06:25:35 -0600] "GET /search/00639378c78fbf/feed/rss2/ HTTP/1.1" 404 - "-" "meta-externalagent/1.1 (+https://developers.facebook.com/docs/sharing/webmasters/crawler)"
74.7.227.134 - - [04/Mar/2026:06:25:35 -0600] "GET /goods.php?detail/2520290812927 HTTP/1.1" 404 16 "https://www.nassaugolf.com" "Mozilla/5.0 AppleWebKit/537.36 (KHTML, like Gecko; compatible; GPTBot/1.3; +https://openai.com/gptbot)"
74.7.227.41 - - [04/Mar/2026:06:25:35 -0600] "GET /goods.php?detail/11003875761756 HTTP/1.1" 404 16 "https://www.nassaugolf.com/goods.php?detail/212001571085" "Mozilla/5.0 AppleWebKit/537.36 (KHTML, like Gecko; compatible; GPTBot/1.3; +https://openai.com/gptbot)"
57.141.6.11 - - [04/Mar/2026:06:25:35 -0600] "GET /search/0311550560a0de/feed/rss2/ HTTP/1.1" 404 - "-" "meta-externalagent/1.1 (+https://developers.facebook.com/docs/sharing/webmasters/crawler)"
57.141.6.61 - - [04/Mar/2026:06:25:36 -0600] "GET /search/0813016499d4ad3/feed/rss2/ HTTP/1.1" 404 - "-" "meta-externalagent/1.1 (+https://developers.facebook.com/docs/sharing/webmasters/crawler)"
74.7.227.134 - - [04/Mar/2026:06:25:36 -0600] "GET /goods.php?detail/0320389892887 HTTP/1.1" 404 16 "https://www.nassaugolf.com" "Mozilla/5.0 AppleWebKit/537.36 (KHTML, like Gecko; compatible; GPTBot/1.3; +https://openai.com/gptbot)"
74.7.227.41 - - [04/Mar/2026:06:25:36 -0600] "GET /goods.php?detail/26100761831702 HTTP/1.1" 404 16 "https://www.nassaugolf.com/goods.php?detail/282007543397" "Mozilla/5.0 AppleWebKit/537.36 (KHTML, like Gecko; compatible; GPTBot/1.3; +https://openai.com/gptbot)"
74.7.227.134 - - [04/Mar/2026:06:25:36 -0600] "GET /goods.php?detail/2800127123872 HTTP/1.1" 404 16 "https://www.nassaugolf.com" "Mozilla/5.0 AppleWebKit/537.36 (KHTML, like Gecko; compatible; GPTBot/1.3; +https://openai.com/gptbot)"
57.141.6.65 - - [04/Mar/2026:06:25:36 -0600] "GET /search/092322161eb9ef1/feed/rss2/ HTTP/1.1" 404 - "-" "meta-externalagent/1.1 (+https://developers.facebook.com/docs/sharing/webmasters/crawler)"
74.7.227.41 - - [04/Mar/2026:06:25:36 -0600] "GET /goods.php?detail/25200473762043 HTTP/1.1" 404 16 "https://www.nassaugolf.com/goods.php?detail/125018937257" "Mozilla/5.0 AppleWebKit/537.36 (KHTML, like Gecko; compatible; GPTBot/1.3; +https://openai.com/gptbot)"
57.141.6.72 - - [04/Mar/2026:06:25:37 -0600] "GET /search/0725170451386d6/feed/rss2/ HTTP/1.1" 404 - "-" "meta-externalagent/1.1 (+https://developers.facebook.com/docs/sharing/webmasters/crawler)"
74.7.227.134 - - [04/Mar/2026:06:25:37 -0600] "GET /goods.php?detail/2120366866093 HTTP/1.1" 404 16 "https://www.nassaugolf.com" "Mozilla/5.0 AppleWebKit/537.36 (KHTML, like Gecko; compatible; GPTBot/1.3; +https://openai.com/gptbot)"
74.7.227.41 - - [04/Mar/2026:06:25:37 -0600] "GET /goods.php?detail/00900139572016 HTTP/1.1" 404 16 "https://www.nassaugolf.com/goods.php?detail/009001772577" "Mozilla/5.0 AppleWebKit/537.36 (KHTML, like Gecko; compatible; GPTBot/1.3; +https://openai.com/gptbot)"
74.7.227.134 - - [04/Mar/2026:06:25:37 -0600] "GET /goods.php?detail/0790050023354 HTTP/1.1" 404 16 "https://www.nassaugolf.com" "Mozilla/5.0 AppleWebKit/537.36 (KHTML, like Gecko; compatible; GPTBot/1.3; +https://openai.com/gptbot)"
74.7.227.41 - - [04/Mar/2026:06:25:38 -0600] "GET /goods.php?detail/01100562895262 HTTP/1.1" 404 16 "https://www.nassaugolf.com/goods.php?detail/011024263108" "Mozilla/5.0 AppleWebKit/537.36 (KHTML, like Gecko; compatible; GPTBot/1.3; +https://openai.com/gptbot)"
57.141.6.72 - - [04/Mar/2026:06:25:38 -0600] "GET /search/011456815e432ff/feed/rss2/ HTTP/1.1" 404 - "-" "meta-externalagent/1.1 (+https://developers.facebook.com/docs/sharing/webmasters/crawler)"
74.7.227.134 - - [04/Mar/2026:06:25:38 -0600] "GET /goods.php?detail/0110480950468 HTTP/1.1" 404 16 "https://www.nassaugolf.com" "Mozilla/5.0 AppleWebKit/537.36 (KHTML, like Gecko; compatible; GPTBot/1.3; +https://openai.com/gptbot)"
57.141.6.8 - - [04/Mar/2026:06:25:38 -0600] "GET /search/091182295da7bb5/feed/rss2/ HTTP/1.1" 404 - "-" "meta-externalagent/1.1 (+https://developers.facebook.com/docs/sharing/webmasters/crawler)"
74.7.227.41 - - [04/Mar/2026:06:25:38 -0600] "GET /goods.php?detail/14402030327838 HTTP/1.1" 404 16 "https://www.nassaugolf.com/goods.php?detail/121049673607" "Mozilla/5.0 AppleWebKit/537.36 (KHTML, like Gecko; compatible; GPTBot/1.3; +https://openai.com/gptbot)"
57.141.6.71 - - [04/Mar/2026:06:25:38 -0600] "GET /detail/801028798 HTTP/1.1" 404 - "-" "meta-externalagent/1.1 (+https://developers.facebook.com/docs/sharing/webmasters/crawler)"
74.7.227.134 - - [04/Mar/2026:06:25:38 -0600] "GET /goods.php?detail/2120293972057 HTTP/1.1" 404 16 "https://www.nassaugolf.com" "Mozilla/5.0 AppleWebKit/537.36 (KHTML, like Gecko; compatible; GPTBot/1.3; +https://openai.com/gptbot)"
74.7.227.41 - - [04/Mar/2026:06:25:39 -0600] "GET /goods.php?detail/17903663367921 HTTP/1.1" 404 16 "https://www.nassaugolf.com/goods.php?detail/179020884177" "Mozilla/5.0 AppleWebKit/537.36 (KHTML, like Gecko; compatible; GPTBot/1.3; +https://openai.com/gptbot)"
74.7.227.134 - - [04/Mar/2026:06:25:39 -0600] "GET /goods.php?detail/2440045435461 HTTP/1.1" 404 16 "https://www.nassaugolf.com" "Mozilla/5.0 AppleWebKit/537.36 (KHTML, like Gecko; compatible; GPTBot/1.3; +https://openai.com/gptbot)"
74.7.227.41 - - [04/Mar/2026:06:25:39 -0600] "GET /goods.php?detail/14300773509351 HTTP/1.1" 404 16 "https://www.nassaugolf.com/goods.php?detail/143014063949" "Mozilla/5.0 AppleWebKit/537.36 (KHTML, like Gecko; compatible; GPTBot/1.3; +https://openai.com/gptbot)"
57.141.6.23 - - [04/Mar/2026:06:25:39 -0600] "GET /search/04837291f0b2a/feed/rss2/ HTTP/1.1" 404 - "-" "meta-externalagent/1.1 (+https://developers.facebook.com/docs/sharing/webmasters/crawler)"
57.141.6.60 - - [04/Mar/2026:06:25:39 -0600] "GET /prize/6510145 HTTP/1.1" 404 - "-" "meta-externalagent/1.1 (+https://developers.facebook.com/docs/sharing/webmasters/crawler)"
74.7.227.134 - - [04/Mar/2026:06:25:39 -0600] "GET /goods.php?detail/2330092630183 HTTP/1.1" 404 16 "https://www.nassaugolf.com" "Mozilla/5.0 AppleWebKit/537.36 (KHTML, like Gecko; compatible; GPTBot/1.3; +https://openai.com/gptbot)"
74.7.227.41 - - [04/Mar/2026:06:25:40 -0600] "GET /goods.php?detail/25100146351620 HTTP/1.1" 404 16 "https://www.nassaugolf.com/goods.php?detail/251007283339" "Mozilla/5.0 AppleWebKit/537.36 (KHTML, like Gecko; compatible; GPTBot/1.3; +https://openai.com/gptbot)"
40.77.167.247 - - [04/Mar/2026:06:25:39 -0600] "GET /?y=3931163922 HTTP/1.1" 200 53879 "-" "Mozilla/5.0 AppleWebKit/537.36 (KHTML, like Gecko; compatible; bingbot/2.0; +http://www.bing.com/bingbot.htm) Chrome/116.0.1938.76 Safari/537.36"
57.141.6.34 - - [04/Mar/2026:06:25:40 -0600] "GET /prize/15116612 HTTP/1.1" 404 - "-" "meta-externalagent/1.1 (+https://developers.facebook.com/docs/sharing/webmasters/crawler)"
74.7.227.134 - - [04/Mar/2026:06:25:40 -0600] "GET /goods.php?detail/2040016073107 HTTP/1.1" 404 16 "https://www.nassaugolf.com" "Mozilla/5.0 AppleWebKit/537.36 (KHTML, like Gecko; compatible; GPTBot/1.3; +https://openai.com/gptbot)"
74.7.227.41 - - [04/Mar/2026:06:25:40 -0600] "GET /goods.php?detail/13900935839781 HTTP/1.1" 404 16 "https://www.nassaugolf.com/goods.php?detail/269038189701" "Mozilla/5.0 AppleWebKit/537.36 (KHTML, like Gecko; compatible; GPTBot/1.3; +https://openai.com/gptbot)"
57.141.6.40 - - [04/Mar/2026:06:25:41 -0600] "GET /prize/14256890 HTTP/1.1" 404 - "-" "meta-externalagent/1.1 (+https://developers.facebook.com/docs/sharing/webmasters/crawler)"
74.7.227.134 - - [04/Mar/2026:06:25:41 -0600] "GET /goods.php?detail/0430403980674 HTTP/1.1" 404 16 "https://www.nassaugolf.com" "Mozilla/5.0 AppleWebKit/537.36 (KHTML, like Gecko; compatible; GPTBot/1.3; +https://openai.com/gptbot)"
74.7.227.41 - - [04/Mar/2026:06:25:41 -0600] "GET /goods.php?detail/18202354312305 HTTP/1.1" 404 16 "https://www.nassaugolf.com/goods.php?detail/182007472728" "Mozilla/5.0 AppleWebKit/537.36 (KHTML, like Gecko; compatible; GPTBot/1.3; +https://openai.com/gptbot)"
57.141.6.63 - - [04/Mar/2026:06:25:41 -0600] "GET /search/081648184fa3e2f/feed/rss2/ HTTP/1.1" 404 - "-" "meta-externalagent/1.1 (+https://developers.facebook.com/docs/sharing/webmasters/crawler)"
74.7.227.134 - - [04/Mar/2026:06:25:41 -0600] "GET /goods.php?detail/2620099237005 HTTP/1.1" 404 16 "https://nassaugolf.com/goods.php?detail/262020352325" "Mozilla/5.0 AppleWebKit/537.36 (KHTML, like Gecko; compatible; GPTBot/1.3; +https://openai.com/gptbot)"
74.7.227.41 - - [04/Mar/2026:06:25:41 -0600] "GET /goods.php?detail/11500699184068 HTTP/1.1" 404 16 "https://www.nassaugolf.com/goods.php?detail/115000338500" "Mozilla/5.0 AppleWebKit/537.36 (KHTML, like Gecko; compatible; GPTBot/1.3; +https://openai.com/gptbot)"
14.236.175.185 - - [04/Mar/2026:06:25:41 -0600] "GET /shop/?fileloc=%2Fhome%2Fnassaugo%2Fpublic_html%2Fdefaults.php%3Fprize%2F9893245 HTTP/1.1" 404 - "-" "Mozilla/5.0 (Windows NT 10.0; Win64; x64) AppleWebKit/537.36 (KHTML, like Gecko) Chrome/80.0.3987.132 Safari/537.36"
57.141.6.2 - - [04/Mar/2026:06:25:42 -0600] "GET /search/10228000435bc79/feed/rss2/ HTTP/1.1" 404 - "-" "meta-externalagent/1.1 (+https://developers.facebook.com/docs/sharing/webmasters/crawler)"
74.7.227.134 - - [04/Mar/2026:06:25:42 -0600] "GET /goods.php?detail/1220248312853 HTTP/1.1" 404 16 "https://www.nassaugolf.com" "Mozilla/5.0 AppleWebKit/537.36 (KHTML, like Gecko; compatible; GPTBot/1.3; +https://openai.com/gptbot)"
74.7.227.41 - - [04/Mar/2026:06:25:42 -0600] "GET /goods.php?detail/00104869164482 HTTP/1.1" 404 16 "https://www.nassaugolf.com/goods.php?detail/155001159324" "Mozilla/5.0 AppleWebKit/537.36 (KHTML, like Gecko; compatible; GPTBot/1.3; +https://openai.com/gptbot)"
57.141.6.48 - - [04/Mar/2026:06:25:42 -0600] "GET /search/11945304dcc4b5/feed/rss2/ HTTP/1.1" 404 - "-" "meta-externalagent/1.1 (+https://developers.facebook.com/docs/sharing/webmasters/crawler)"
57.141.6.49 - - [04/Mar/2026:06:25:42 -0600] "GET /search/011516734cd5e62/feed/rss2/ HTTP/1.1" 404 - "-" "meta-externalagent/1.1 (+https://developers.facebook.com/docs/sharing/webmasters/crawler)"
74.7.227.134 - - [04/Mar/2026:06:25:42 -0600] "GET /goods.php?detail/0020085659682 HTTP/1.1" 404 16 "https://nassaugolf.com/goods.php?detail/118004588883" "Mozilla/5.0 AppleWebKit/537.36 (KHTML, like Gecko; compatible; GPTBot/1.3; +https://openai.com/gptbot)"
74.7.227.41 - - [04/Mar/2026:06:25:42 -0600] "GET /goods.php?detail/19401977457980 HTTP/1.1" 404 16 "https://www.nassaugolf.com/goods.php?detail/138002664111" "Mozilla/5.0 AppleWebKit/537.36 (KHTML, like Gecko; compatible; GPTBot/1.3; +https://openai.com/gptbot)"
74.7.227.134 - - [04/Mar/2026:06:25:43 -0600] "GET /goods.php?detail/0830062704703 HTTP/1.1" 404 16 "https://nassaugolf.com/goods.php?detail/226002124279" "Mozilla/5.0 AppleWebKit/537.36 (KHTML, like Gecko; compatible; GPTBot/1.3; +https://openai.com/gptbot)"
74.7.227.41 - - [04/Mar/2026:06:25:43 -0600] "GET /goods.php?detail/05900326600484 HTTP/1.1" 404 16 "https://www.nassaugolf.com/goods.php?detail/087026616281" "Mozilla/5.0 AppleWebKit/537.36 (KHTML, like Gecko; compatible; GPTBot/1.3; +https://openai.com/gptbot)"
74.7.227.134 - - [04/Mar/2026:06:25:43 -0600] "GET /goods.php?detail/1130134099749 HTTP/1.1" 404 16 "https://nassaugolf.com/goods.php?detail/156042498181" "Mozilla/5.0 AppleWebKit/537.36 (KHTML, like Gecko; compatible; GPTBot/1.3; +https://openai.com/gptbot)"
74.7.227.41 - - [04/Mar/2026:06:25:43 -0600] "GET /goods.php?detail/04800148628652 HTTP/1.1" 404 16 "https://www.nassaugolf.com/goods.php?detail/048038132783" "Mozilla/5.0 AppleWebKit/537.36 (KHTML, like Gecko; compatible; GPTBot/1.3; +https://openai.com/gptbot)"
57.141.6.54 - - [04/Mar/2026:06:25:43 -0600] "GET /?s=0022289179a21d0 HTTP/1.1" 200 53879 "-" "meta-externalagent/1.1 (+https://developers.facebook.com/docs/sharing/webmasters/crawler)"
57.141.6.41 - - [04/Mar/2026:06:25:44 -0600] "GET /search/11211051923b1b/feed/rss2/ HTTP/1.1" 404 - "-" "meta-externalagent/1.1 (+https://developers.facebook.com/docs/sharing/webmasters/crawler)"
57.141.6.35 - - [04/Mar/2026:06:25:44 -0600] "GET /detail/903573537 HTTP/1.1" 404 - "-" "meta-externalagent/1.1 (+https://developers.facebook.com/docs/sharing/webmasters/crawler)"
74.7.227.134 - - [04/Mar/2026:06:25:44 -0600] "GET /goods.php?detail/0780463073648 HTTP/1.1" 404 16 "https://www.nassaugolf.com" "Mozilla/5.0 AppleWebKit/537.36 (KHTML, like Gecko; compatible; GPTBot/1.3; +https://openai.com/gptbot)"
74.7.227.41 - - [04/Mar/2026:06:25:44 -0600] "GET /goods.php?detail/12700776448124 HTTP/1.1" 404 16 "https://www.nassaugolf.com/goods.php?detail/026001850057" "Mozilla/5.0 AppleWebKit/537.36 (KHTML, like Gecko; compatible; GPTBot/1.3; +https://openai.com/gptbot)"
74.7.227.134 - - [04/Mar/2026:06:25:44 -0600] "GET /goods.php?detail/1560221251278 HTTP/1.1" 404 16 "https://www.nassaugolf.com" "Mozilla/5.0 AppleWebKit/537.36 (KHTML, like Gecko; compatible; GPTBot/1.3; +https://openai.com/gptbot)"
74.7.227.41 - - [04/Mar/2026:06:25:44 -0600] "GET /goods.php?detail/12601057929512 HTTP/1.1" 404 16 "https://www.nassaugolf.com/goods.php?detail/12603473140926" "Mozilla/5.0 AppleWebKit/537.36 (KHTML, like Gecko; compatible; GPTBot/1.3; +https://openai.com/gptbot)"
57.141.6.34 - - [04/Mar/2026:06:25:45 -0600] "GET /detail/786532011 HTTP/1.1" 404 - "-" "meta-externalagent/1.1 (+https://developers.facebook.com/docs/sharing/webmasters/crawler)"
57.141.6.53 - - [04/Mar/2026:06:25:45 -0600] "GET /search/14356059f4e41c/feed/rss2/ HTTP/1.1" 404 - "-" "meta-externalagent/1.1 (+https://developers.facebook.com/docs/sharing/webmasters/crawler)"
74.7.227.134 - - [04/Mar/2026:06:25:45 -0600] "GET /goods.php?detail/2340017040494 HTTP/1.1" 404 16 "https://nassaugolf.com/goods.php?detail/234011957734" "Mozilla/5.0 AppleWebKit/537.36 (KHTML, like Gecko; compatible; GPTBot/1.3; +https://openai.com/gptbot)"
74.7.227.41 - - [04/Mar/2026:06:25:45 -0600] "GET /goods.php?detail/18001684621362 HTTP/1.1" 404 16 "https://www.nassaugolf.com/goods.php?detail/180031040277" "Mozilla/5.0 AppleWebKit/537.36 (KHTML, like Gecko; compatible; GPTBot/1.3; +https://openai.com/gptbot)"
74.7.227.134 - - [04/Mar/2026:06:25:45 -0600] "GET /goods.php?detail/1650126742011 HTTP/1.1" 404 16 "https://www.nassaugolf.com" "Mozilla/5.0 AppleWebKit/537.36 (KHTML, like Gecko; compatible; GPTBot/1.3; +https://openai.com/gptbot)"
74.7.227.41 - - [04/Mar/2026:06:25:45 -0600] "GET /goods.php?detail/13701389723808 HTTP/1.1" 404 16 "https://www.nassaugolf.com/goods.php?detail/137005264123" "Mozilla/5.0 AppleWebKit/537.36 (KHTML, like Gecko; compatible; GPTBot/1.3; +https://openai.com/gptbot)"
57.141.6.74 - - [04/Mar/2026:06:25:45 -0600] "GET /?s=0019606704272d1 HTTP/1.1" 200 53879 "-" "meta-externalagent/1.1 (+https://developers.facebook.com/docs/sharing/webmasters/crawler)"
57.141.6.68 - - [04/Mar/2026:06:25:46 -0600] "GET /search/081408937defdec/feed/rss2/ HTTP/1.1" 404 - "-" "meta-externalagent/1.1 (+https://developers.facebook.com/docs/sharing/webmasters/crawler)"
74.7.227.134 - - [04/Mar/2026:06:25:46 -0600] "GET /goods.php?detail/0380133503049 HTTP/1.1" 404 16 "https://nassaugolf.com/goods.php?detail/035001399655" "Mozilla/5.0 AppleWebKit/537.36 (KHTML, like Gecko; compatible; GPTBot/1.3; +https://openai.com/gptbot)"
74.7.227.41 - - [04/Mar/2026:06:25:46 -0600] "GET /goods.php?detail/10602960504207 HTTP/1.1" 404 16 "https://www.nassaugolf.com/goods.php?detail/048048619467" "Mozilla/5.0 AppleWebKit/537.36 (KHTML, like Gecko; compatible; GPTBot/1.3; +https://openai.com/gptbot)"
57.141.6.36 - - [04/Mar/2026:06:25:46 -0600] "GET /prize/18658889 HTTP/1.1" 404 - "-" "meta-externalagent/1.1 (+https://developers.facebook.com/docs/sharing/webmasters/crawler)"
74.7.227.134 - - [04/Mar/2026:06:25:46 -0600] "GET /goods.php?detail/0240262278256 HTTP/1.1" 404 16 "https://www.nassaugolf.com" "Mozilla/5.0 AppleWebKit/537.36 (KHTML, like Gecko; compatible; GPTBot/1.3; +https://openai.com/gptbot)"
74.7.227.41 - - [04/Mar/2026:06:25:46 -0600] "GET /goods.php?detail/02404655151647 HTTP/1.1" 404 16 "https://www.nassaugolf.com/goods.php?detail/23300452199077" "Mozilla/5.0 AppleWebKit/537.36 (KHTML, like Gecko; compatible; GPTBot/1.3; +https://openai.com/gptbot)"
57.141.6.29 - - [04/Mar/2026:06:25:47 -0600] "GET /search/0724483821f8284/feed/rss2/ HTTP/1.1" 404 - "-" "meta-externalagent/1.1 (+https://developers.facebook.com/docs/sharing/webmasters/crawler)"
74.7.227.134 - - [04/Mar/2026:06:25:47 -0600] "GET /goods.php?detail/1850350284855 HTTP/1.1" 404 16 "https://www.nassaugolf.com" "Mozilla/5.0 AppleWebKit/537.36 (KHTML, like Gecko; compatible; GPTBot/1.3; +https://openai.com/gptbot)"
74.7.227.41 - - [04/Mar/2026:06:25:47 -0600] "GET /goods.php?detail/18604047120487 HTTP/1.1" 404 16 "https://www.nassaugolf.com/goods.php?detail/186032768853" "Mozilla/5.0 AppleWebKit/537.36 (KHTML, like Gecko; compatible; GPTBot/1.3; +https://openai.com/gptbot)"
57.141.6.20 - - [04/Mar/2026:06:25:47 -0600] "GET /search/012395975250b7f/feed/rss2/ HTTP/1.1" 404 - "-" "meta-externalagent/1.1 (+https://developers.facebook.com/docs/sharing/webmasters/crawler)"
74.7.227.134 - - [04/Mar/2026:06:25:47 -0600] "GET /goods.php?detail/0340041970375 HTTP/1.1" 404 16 "https://www.nassaugolf.com" "Mozilla/5.0 AppleWebKit/537.36 (KHTML, like Gecko; compatible; GPTBot/1.3; +https://openai.com/gptbot)"
74.7.227.41 - - [04/Mar/2026:06:25:47 -0600] "GET /goods.php?detail/21502963560335 HTTP/1.1" 404 16 "https://www.nassaugolf.com/goods.php?detail/2150153612521" "Mozilla/5.0 AppleWebKit/537.36 (KHTML, like Gecko; compatible; GPTBot/1.3; +https://openai.com/gptbot)"
57.141.6.45 - - [04/Mar/2026:06:25:48 -0600] "GET /prize/12973156 HTTP/1.1" 404 - "-" "meta-externalagent/1.1 (+https://developers.facebook.com/docs/sharing/webmasters/crawler)"
74.7.227.134 - - [04/Mar/2026:06:25:48 -0600] "GET /goods.php?detail/2310312084229 HTTP/1.1" 404 16 "https://www.nassaugolf.com" "Mozilla/5.0 AppleWebKit/537.36 (KHTML, like Gecko; compatible; GPTBot/1.3; +https://openai.com/gptbot)"
74.7.227.41 - - [04/Mar/2026:06:25:48 -0600] "GET /goods.php?detail/02601256844612 HTTP/1.1" 404 16 "https://www.nassaugolf.com/goods.php?detail/133014865478" "Mozilla/5.0 AppleWebKit/537.36 (KHTML, like Gecko; compatible; GPTBot/1.3; +https://openai.com/gptbot)"
57.141.6.32 - - [04/Mar/2026:06:25:48 -0600] "GET /search/1120906974b03ff/feed/rss2/ HTTP/1.1" 404 - "-" "meta-externalagent/1.1 (+https://developers.facebook.com/docs/sharing/webmasters/crawler)"
74.7.227.134 - - [04/Mar/2026:06:25:48 -0600] "GET /goods.php?detail/0370030292474 HTTP/1.1" 404 16 "https://www.nassaugolf.com" "Mozilla/5.0 AppleWebKit/537.36 (KHTML, like Gecko; compatible; GPTBot/1.3; +https://openai.com/gptbot)"
74.7.227.41 - - [04/Mar/2026:06:25:49 -0600] "GET /goods.php?detail/08800817969614 HTTP/1.1" 404 16 "https://www.nassaugolf.com/goods.php?detail/0880033559100" "Mozilla/5.0 AppleWebKit/537.36 (KHTML, like Gecko; compatible; GPTBot/1.3; +https://openai.com/gptbot)"
57.141.6.28 - - [04/Mar/2026:06:25:49 -0600] "GET /prize/23734123 HTTP/1.1" 404 - "-" "meta-externalagent/1.1 (+https://developers.facebook.com/docs/sharing/webmasters/crawler)"
74.7.227.134 - - [04/Mar/2026:06:25:49 -0600] "GET /goods.php?detail/0650156393615 HTTP/1.1" 404 16 "https://nassaugolf.com/goods.php?detail/130029253302" "Mozilla/5.0 AppleWebKit/537.36 (KHTML, like Gecko; compatible; GPTBot/1.3; +https://openai.com/gptbot)"
74.7.227.41 - - [04/Mar/2026:06:25:49 -0600] "GET /goods.php?detail/02302581381928 HTTP/1.1" 404 16 "https://www.nassaugolf.com/goods.php?detail/00600355140491" "Mozilla/5.0 AppleWebKit/537.36 (KHTML, like Gecko; compatible; GPTBot/1.3; +https://openai.com/gptbot)"
74.7.227.134 - - [04/Mar/2026:06:25:50 -0600] "GET /goods.php?detail/2120270943201 HTTP/1.1" 404 16 "https://nassaugolf.com/goods.php?detail/190002593244" "Mozilla/5.0 AppleWebKit/537.36 (KHTML, like Gecko; compatible; GPTBot/1.3; +https://openai.com/gptbot)"
57.141.6.30 - - [04/Mar/2026:06:25:50 -0600] "GET /search/0824541847228ca/feed/rss2/ HTTP/1.1" 404 - "-" "meta-externalagent/1.1 (+https://developers.facebook.com/docs/sharing/webmasters/crawler)"
74.7.227.41 - - [04/Mar/2026:06:25:50 -0600] "GET /goods.php?detail/08904836395063 HTTP/1.1" 404 16 "https://www.nassaugolf.com/goods.php?detail/208024591404" "Mozilla/5.0 AppleWebKit/537.36 (KHTML, like Gecko; compatible; GPTBot/1.3; +https://openai.com/gptbot)"
40.77.167.247 - - [04/Mar/2026:06:25:50 -0600] "GET /?y=3280019613 HTTP/1.1" 200 53879 "-" "Mozilla/5.0 AppleWebKit/537.36 (KHTML, like Gecko; compatible; bingbot/2.0; +http://www.bing.com/bingbot.htm) Chrome/116.0.1938.76 Safari/537.36"
57.141.6.2 - - [04/Mar/2026:06:25:50 -0600] "GET /?s=005733753759d7 HTTP/1.1" 200 53879 "-" "meta-externalagent/1.1 (+https://developers.facebook.com/docs/sharing/webmasters/crawler)"
74.7.227.134 - - [04/Mar/2026:06:25:50 -0600] "GET /goods.php?detail/0480043788610 HTTP/1.1" 404 16 "https://nassaugolf.com/goods.php?detail/048044484851" "Mozilla/5.0 AppleWebKit/537.36 (KHTML, like Gecko; compatible; GPTBot/1.3; +https://openai.com/gptbot)"
74.7.227.41 - - [04/Mar/2026:06:25:50 -0600] "GET /goods.php?detail/13100662329706 HTTP/1.1" 404 16 "https://www.nassaugolf.com/goods.php?detail/223005349734" "Mozilla/5.0 AppleWebKit/537.36 (KHTML, like Gecko; compatible; GPTBot/1.3; +https://openai.com/gptbot)"
74.7.227.41 - - [04/Mar/2026:06:25:51 -0600] "GET /goods.php?detail/20601703096570 HTTP/1.1" 404 16 "https://www.nassaugolf.com/goods.php?detail/206021960049" "Mozilla/5.0 AppleWebKit/537.36 (KHTML, like Gecko; compatible; GPTBot/1.3; +https://openai.com/gptbot)"
