57.141.6.39 - - [04/Mar/2026:06:30:37 -0600] "GET /search/09963199cbbdfb/feed/rss2/ HTTP/1.1" 404 - "-" "meta-externalagent/1.1 (+https://developers.facebook.com/docs/sharing/webmasters/crawler)"
74.7.227.41 - - [04/Mar/2026:06:30:38 -0600] "GET /goods.php?detail/1430284191708 HTTP/1.1" 404 16 "https://www.nassaugolf.com/goods.php?detail/123034824829" "Mozilla/5.0 AppleWebKit/537.36 (KHTML, like Gecko; compatible; GPTBot/1.3; +https://openai.com/gptbot)"
74.7.227.134 - - [04/Mar/2026:06:30:38 -0600] "GET /goods.php?detail/1860226094100 HTTP/1.1" 404 16 "https://www.nassaugolf.com" "Mozilla/5.0 AppleWebKit/537.36 (KHTML, like Gecko; compatible; GPTBot/1.3; +https://openai.com/gptbot)"
74.7.227.41 - - [04/Mar/2026:06:30:38 -0600] "GET /goods.php?detail/2470042393653 HTTP/1.1" 404 16 "https://www.nassaugolf.com/goods.php?detail/247043009230" "Mozilla/5.0 AppleWebKit/537.36 (KHTML, like Gecko; compatible; GPTBot/1.3; +https://openai.com/gptbot)"
74.7.227.134 - - [04/Mar/2026:06:30:38 -0600] "GET /goods.php?detail/2130076190301 HTTP/1.1" 404 16 "https://www.nassaugolf.com" "Mozilla/5.0 AppleWebKit/537.36 (KHTML, like Gecko; compatible; GPTBot/1.3; +https://openai.com/gptbot)"
57.141.6.13 - - [04/Mar/2026:06:30:38 -0600] "GET /search/011460573a089a7/feed/rss2/ HTTP/1.1" 404 - "-" "meta-externalagent/1.1 (+https://developers.facebook.com/docs/sharing/webmasters/crawler)"
57.141.6.3 - - [04/Mar/2026:06:30:38 -0600] "GET /search/12182859889b8d6/feed/rss2/ HTTP/1.1" 404 - "-" "meta-externalagent/1.1 (+https://developers.facebook.com/docs/sharing/webmasters/crawler)"
74.7.227.41 - - [04/Mar/2026:06:30:39 -0600] "GET /goods.php?detail/1970283581298 HTTP/1.1" 404 16 "https://www.nassaugolf.com/goods.php?detail/228048145058" "Mozilla/5.0 AppleWebKit/537.36 (KHTML, like Gecko; compatible; GPTBot/1.3; +https://openai.com/gptbot)"
40.77.167.75 - - [04/Mar/2026:06:30:38 -0600] "GET /?y=2020051757 HTTP/1.1" 200 53879 "-" "Mozilla/5.0 AppleWebKit/537.36 (KHTML, like Gecko; compatible; bingbot/2.0; +http://www.bing.com/bingbot.htm) Chrome/116.0.1938.76 Safari/537.36"
57.141.6.54 - - [04/Mar/2026:06:30:39 -0600] "GET /search/179533833a824d/feed/rss2/ HTTP/1.1" 404 - "-" "meta-externalagent/1.1 (+https://developers.facebook.com/docs/sharing/webmasters/crawler)"
74.7.227.134 - - [04/Mar/2026:06:30:39 -0600] "GET /goods.php?detail/1070062464703 HTTP/1.1" 404 16 "https://www.nassaugolf.com" "Mozilla/5.0 AppleWebKit/537.36 (KHTML, like Gecko; compatible; GPTBot/1.3; +https://openai.com/gptbot)"
91.92.242.224 - - [04/Mar/2026:06:30:39 -0600] "GET /my-account/ HTTP/1.1" 404 - "-" "-"
74.7.227.41 - - [04/Mar/2026:06:30:39 -0600] "GET /goods.php?detail/0340427499656 HTTP/1.1" 404 16 "https://www.nassaugolf.com/goods.php?detail/213003626050" "Mozilla/5.0 AppleWebKit/537.36 (KHTML, like Gecko; compatible; GPTBot/1.3; +https://openai.com/gptbot)"
74.7.227.134 - - [04/Mar/2026:06:30:39 -0600] "GET /goods.php?detail/1630145241461 HTTP/1.1" 404 16 "https://www.nassaugolf.com" "Mozilla/5.0 AppleWebKit/537.36 (KHTML, like Gecko; compatible; GPTBot/1.3; +https://openai.com/gptbot)"
57.141.6.20 - - [04/Mar/2026:06:30:39 -0600] "GET /search/17146035629d038/feed/rss2/ HTTP/1.1" 404 - "-" "meta-externalagent/1.1 (+https://developers.facebook.com/docs/sharing/webmasters/crawler)"
74.7.227.41 - - [04/Mar/2026:06:30:40 -0600] "GET /goods.php?detail/1520408869054 HTTP/1.1" 404 16 "https://www.nassaugolf.com/goods.php?detail/270035994699" "Mozilla/5.0 AppleWebKit/537.36 (KHTML, like Gecko; compatible; GPTBot/1.3; +https://openai.com/gptbot)"
57.141.6.46 - - [04/Mar/2026:06:30:40 -0600] "GET /search/0597276407b19b/feed/rss2/ HTTP/1.1" 404 - "-" "meta-externalagent/1.1 (+https://developers.facebook.com/docs/sharing/webmasters/crawler)"
74.7.227.134 - - [04/Mar/2026:06:30:40 -0600] "GET /goods.php?detail/0410044277803 HTTP/1.1" 404 16 "https://www.nassaugolf.com" "Mozilla/5.0 AppleWebKit/537.36 (KHTML, like Gecko; compatible; GPTBot/1.3; +https://openai.com/gptbot)"
74.7.227.41 - - [04/Mar/2026:06:30:40 -0600] "GET /goods.php?detail/1340266918109 HTTP/1.1" 404 16 "https://www.nassaugolf.com/goods.php?jp/051014497.html" "Mozilla/5.0 AppleWebKit/537.36 (KHTML, like Gecko; compatible; GPTBot/1.3; +https://openai.com/gptbot)"
74.7.227.134 - - [04/Mar/2026:06:30:40 -0600] "GET /goods.php?detail/0020047355071 HTTP/1.1" 404 16 "https://nassaugolf.com/goods.php?detail/002001184512" "Mozilla/5.0 AppleWebKit/537.36 (KHTML, like Gecko; compatible; GPTBot/1.3; +https://openai.com/gptbot)"
57.141.6.16 - - [04/Mar/2026:06:30:41 -0600] "GET /search/05439541259441/feed/rss2/ HTTP/1.1" 404 - "-" "meta-externalagent/1.1 (+https://developers.facebook.com/docs/sharing/webmasters/crawler)"
57.141.6.16 - - [04/Mar/2026:06:30:41 -0600] "GET /search/002428108213503/feed/rss2/ HTTP/1.1" 404 - "-" "meta-externalagent/1.1 (+https://developers.facebook.com/docs/sharing/webmasters/crawler)"
74.7.227.41 - - [04/Mar/2026:06:30:41 -0600] "GET /goods.php?detail/2620113669840 HTTP/1.1" 404 16 "https://www.nassaugolf.com/goods.php?detail/059010282117" "Mozilla/5.0 AppleWebKit/537.36 (KHTML, like Gecko; compatible; GPTBot/1.3; +https://openai.com/gptbot)"
74.7.227.134 - - [04/Mar/2026:06:30:41 -0600] "GET /goods.php?detail/0720394807409 HTTP/1.1" 404 16 "https://www.nassaugolf.com" "Mozilla/5.0 AppleWebKit/537.36 (KHTML, like Gecko; compatible; GPTBot/1.3; +https://openai.com/gptbot)"
74.7.227.41 - - [04/Mar/2026:06:30:41 -0600] "GET /goods.php?detail/1340229475990 HTTP/1.1" 404 16 "https://www.nassaugolf.com/goods.php?detail/134010932913" "Mozilla/5.0 AppleWebKit/537.36 (KHTML, like Gecko; compatible; GPTBot/1.3; +https://openai.com/gptbot)"
74.7.227.134 - - [04/Mar/2026:06:30:41 -0600] "GET /goods.php?detail/0810209950968 HTTP/1.1" 404 16 "https://www.nassaugolf.com" "Mozilla/5.0 AppleWebKit/537.36 (KHTML, like Gecko; compatible; GPTBot/1.3; +https://openai.com/gptbot)"
57.141.6.16 - - [04/Mar/2026:06:30:42 -0600] "GET /search/01187282490660b/feed/rss2/ HTTP/1.1" 404 - "-" "meta-externalagent/1.1 (+https://developers.facebook.com/docs/sharing/webmasters/crawler)"
57.141.6.74 - - [04/Mar/2026:06:30:42 -0600] "GET /search/07163184b389c3/feed/rss2/ HTTP/1.1" 404 - "-" "meta-externalagent/1.1 (+https://developers.facebook.com/docs/sharing/webmasters/crawler)"
74.7.227.41 - - [04/Mar/2026:06:30:42 -0600] "GET /goods.php?detail/1120030756965 HTTP/1.1" 404 16 "https://www.nassaugolf.com/goods.php?detail/112008365900" "Mozilla/5.0 AppleWebKit/537.36 (KHTML, like Gecko; compatible; GPTBot/1.3; +https://openai.com/gptbot)"
74.7.227.134 - - [04/Mar/2026:06:30:42 -0600] "GET /goods.php?detail/0470071002652 HTTP/1.1" 404 16 "https://nassaugolf.com/goods.php?detail/047045536613" "Mozilla/5.0 AppleWebKit/537.36 (KHTML, like Gecko; compatible; GPTBot/1.3; +https://openai.com/gptbot)"
57.141.6.12 - - [04/Mar/2026:06:30:42 -0600] "GET /search/05946724cef9e9/feed/rss2/ HTTP/1.1" 404 - "-" "meta-externalagent/1.1 (+https://developers.facebook.com/docs/sharing/webmasters/crawler)"
74.7.227.41 - - [04/Mar/2026:06:30:42 -0600] "GET /goods.php?detail/2900166388940 HTTP/1.1" 404 16 "https://www.nassaugolf.com/goods.php?jp/123014534.html" "Mozilla/5.0 AppleWebKit/537.36 (KHTML, like Gecko; compatible; GPTBot/1.3; +https://openai.com/gptbot)"
74.7.227.134 - - [04/Mar/2026:06:30:43 -0600] "GET /goods.php?detail/1380028750702 HTTP/1.1" 404 16 "https://www.nassaugolf.com" "Mozilla/5.0 AppleWebKit/537.36 (KHTML, like Gecko; compatible; GPTBot/1.3; +https://openai.com/gptbot)"
74.7.227.41 - - [04/Mar/2026:06:30:43 -0600] "GET /goods.php?detail/2820062317446 HTTP/1.1" 404 16 "https://www.nassaugolf.com/goods.php?detail/282044903511" "Mozilla/5.0 AppleWebKit/537.36 (KHTML, like Gecko; compatible; GPTBot/1.3; +https://openai.com/gptbot)"
74.7.227.134 - - [04/Mar/2026:06:30:43 -0600] "GET /goods.php?detail/0040067472269 HTTP/1.1" 404 16 "https://www.nassaugolf.com" "Mozilla/5.0 AppleWebKit/537.36 (KHTML, like Gecko; compatible; GPTBot/1.3; +https://openai.com/gptbot)"
57.141.6.7 - - [04/Mar/2026:06:30:43 -0600] "GET /prize/9510234 HTTP/1.1" 404 - "-" "meta-externalagent/1.1 (+https://developers.facebook.com/docs/sharing/webmasters/crawler)"
74.7.227.41 - - [04/Mar/2026:06:30:43 -0600] "GET /goods.php?detail/0360158529266 HTTP/1.1" 404 16 "https://www.nassaugolf.com/goods.php?detail/203035573786" "Mozilla/5.0 AppleWebKit/537.36 (KHTML, like Gecko; compatible; GPTBot/1.3; +https://openai.com/gptbot)"
74.7.227.134 - - [04/Mar/2026:06:30:44 -0600] "GET /goods.php?detail/0590178802887 HTTP/1.1" 404 16 "https://www.nassaugolf.com" "Mozilla/5.0 AppleWebKit/537.36 (KHTML, like Gecko; compatible; GPTBot/1.3; +https://openai.com/gptbot)"
57.141.6.32 - - [04/Mar/2026:06:30:43 -0600] "GET /?s=041296492077fea HTTP/1.1" 200 53879 "-" "meta-externalagent/1.1 (+https://developers.facebook.com/docs/sharing/webmasters/crawler)"
57.141.6.67 - - [04/Mar/2026:06:30:44 -0600] "GET /prize/21010590 HTTP/1.1" 404 - "-" "meta-externalagent/1.1 (+https://developers.facebook.com/docs/sharing/webmasters/crawler)"
74.7.227.41 - - [04/Mar/2026:06:30:44 -0600] "GET /goods.php?detail/2570046223499 HTTP/1.1" 404 16 "https://www.nassaugolf.com/goods.php?detail/2060064669868" "Mozilla/5.0 AppleWebKit/537.36 (KHTML, like Gecko; compatible; GPTBot/1.3; +https://openai.com/gptbot)"
74.7.227.134 - - [04/Mar/2026:06:30:44 -0600] "GET /goods.php?detail/1940406645950 HTTP/1.1" 404 16 "https://nassaugolf.com/goods.php?detail/194038028005" "Mozilla/5.0 AppleWebKit/537.36 (KHTML, like Gecko; compatible; GPTBot/1.3; +https://openai.com/gptbot)"
57.141.6.63 - - [04/Mar/2026:06:30:44 -0600] "GET /prize/18365134 HTTP/1.1" 404 - "-" "meta-externalagent/1.1 (+https://developers.facebook.com/docs/sharing/webmasters/crawler)"
74.7.227.41 - - [04/Mar/2026:06:30:44 -0600] "GET /goods.php?detail/2150337539961 HTTP/1.1" 404 16 "https://www.nassaugolf.com/goods.php?detail/113046943421" "Mozilla/5.0 AppleWebKit/537.36 (KHTML, like Gecko; compatible; GPTBot/1.3; +https://openai.com/gptbot)"
74.7.227.134 - - [04/Mar/2026:06:30:45 -0600] "GET /goods.php?detail/0380080742533 HTTP/1.1" 404 16 "https://www.nassaugolf.com" "Mozilla/5.0 AppleWebKit/537.36 (KHTML, like Gecko; compatible; GPTBot/1.3; +https://openai.com/gptbot)"
74.7.227.41 - - [04/Mar/2026:06:30:45 -0600] "GET /goods.php?detail/0420015931356 HTTP/1.1" 404 16 "https://www.nassaugolf.com/goods.php?detail/042038040784" "Mozilla/5.0 AppleWebKit/537.36 (KHTML, like Gecko; compatible; GPTBot/1.3; +https://openai.com/gptbot)"
74.7.227.134 - - [04/Mar/2026:06:30:45 -0600] "GET /goods.php?detail/2610426419942 HTTP/1.1" 404 16 "https://nassaugolf.com/goods.php?detail/178024805571" "Mozilla/5.0 AppleWebKit/537.36 (KHTML, like Gecko; compatible; GPTBot/1.3; +https://openai.com/gptbot)"
57.141.6.22 - - [04/Mar/2026:06:30:45 -0600] "GET /?s=031818700248dc1 HTTP/1.1" 200 53879 "-" "meta-externalagent/1.1 (+https://developers.facebook.com/docs/sharing/webmasters/crawler)"
74.7.227.41 - - [04/Mar/2026:06:30:45 -0600] "GET /goods.php?detail/0530331196722 HTTP/1.1" 404 16 "https://www.nassaugolf.com/goods.php?detail/008007102985" "Mozilla/5.0 AppleWebKit/537.36 (KHTML, like Gecko; compatible; GPTBot/1.3; +https://openai.com/gptbot)"
57.141.6.29 - - [04/Mar/2026:06:30:45 -0600] "GET /?s=111784908be546b HTTP/1.1" 200 53879 "-" "meta-externalagent/1.1 (+https://developers.facebook.com/docs/sharing/webmasters/crawler)"
74.7.227.134 - - [04/Mar/2026:06:30:46 -0600] "GET /goods.php?detail/1160426185262 HTTP/1.1" 404 16 "https://www.nassaugolf.com" "Mozilla/5.0 AppleWebKit/537.36 (KHTML, like Gecko; compatible; GPTBot/1.3; +https://openai.com/gptbot)"
57.141.6.33 - - [04/Mar/2026:06:30:46 -0600] "GET /prize/18386690 HTTP/1.1" 404 - "-" "meta-externalagent/1.1 (+https://developers.facebook.com/docs/sharing/webmasters/crawler)"
74.7.227.41 - - [04/Mar/2026:06:30:46 -0600] "GET /goods.php?detail/2680432214767 HTTP/1.1" 404 16 "https://www.nassaugolf.com/goods.php?detail/131005532773" "Mozilla/5.0 AppleWebKit/537.36 (KHTML, like Gecko; compatible; GPTBot/1.3; +https://openai.com/gptbot)"
74.7.227.134 - - [04/Mar/2026:06:30:46 -0600] "GET /goods.php?detail/0440067159064 HTTP/1.1" 404 16 "https://nassaugolf.com/goods.php?detail/0440046767573" "Mozilla/5.0 AppleWebKit/537.36 (KHTML, like Gecko; compatible; GPTBot/1.3; +https://openai.com/gptbot)"
57.141.6.11 - - [04/Mar/2026:06:30:46 -0600] "GET /search/07695010004aff/feed/rss2/ HTTP/1.1" 404 - "-" "meta-externalagent/1.1 (+https://developers.facebook.com/docs/sharing/webmasters/crawler)"
65.21.113.243 - - [04/Mar/2026:06:30:46 -0600] "GET /robots.txt HTTP/1.1" 404 - "-" "Mozilla/5.0 (compatible; AwarioBot/1.0; +https://awario.com/bots.html)"
74.7.227.41 - - [04/Mar/2026:06:30:47 -0600] "GET /goods.php?detail/0740151294281 HTTP/1.1" 404 16 "https://www.nassaugolf.com/goods.php?detail/074014061166" "Mozilla/5.0 AppleWebKit/537.36 (KHTML, like Gecko; compatible; GPTBot/1.3; +https://openai.com/gptbot)"
74.7.227.134 - - [04/Mar/2026:06:30:47 -0600] "GET /goods.php?detail/0230106305282 HTTP/1.1" 404 16 "https://www.nassaugolf.com" "Mozilla/5.0 AppleWebKit/537.36 (KHTML, like Gecko; compatible; GPTBot/1.3; +https://openai.com/gptbot)"
74.7.227.41 - - [04/Mar/2026:06:30:47 -0600] "GET /goods.php?detail/0680157597882 HTTP/1.1" 404 16 "https://www.nassaugolf.com/goods.php?detail/0340398383903" "Mozilla/5.0 AppleWebKit/537.36 (KHTML, like Gecko; compatible; GPTBot/1.3; +https://openai.com/gptbot)"
57.141.6.6 - - [04/Mar/2026:06:30:47 -0600] "GET /?s=051442181f32d53 HTTP/1.1" 200 53879 "-" "meta-externalagent/1.1 (+https://developers.facebook.com/docs/sharing/webmasters/crawler)"
65.21.113.243 - - [04/Mar/2026:06:30:47 -0600] "GET / HTTP/1.1" 200 53879 "-" "Mozilla/5.0 (compatible; AwarioBot/1.0; +https://awario.com/bots.html)"
74.7.227.134 - - [04/Mar/2026:06:30:47 -0600] "GET /goods.php?detail/0450242715070 HTTP/1.1" 404 16 "https://www.nassaugolf.com" "Mozilla/5.0 AppleWebKit/537.36 (KHTML, like Gecko; compatible; GPTBot/1.3; +https://openai.com/gptbot)"
74.7.227.41 - - [04/Mar/2026:06:30:48 -0600] "GET /goods.php?detail/0110241825366 HTTP/1.1" 404 16 "https://www.nassaugolf.com/goods.php?detail/2830262902574" "Mozilla/5.0 AppleWebKit/537.36 (KHTML, like Gecko; compatible; GPTBot/1.3; +https://openai.com/gptbot)"
51.68.247.195 - - [04/Mar/2026:06:30:47 -0600] "GET /?fileloc=//lib64/liburing-ffi.so.2&path=//lib64 HTTP/1.1" 200 78866 "-" "Mozilla/5.0 (compatible; AhrefsBot/7.0; +http://ahrefs.com/robot/)"
57.141.6.38 - - [04/Mar/2026:06:30:48 -0600] "GET /search/092603310ce7fc/feed/rss2/ HTTP/1.1" 404 - "-" "meta-externalagent/1.1 (+https://developers.facebook.com/docs/sharing/webmasters/crawler)"
74.7.227.134 - - [04/Mar/2026:06:30:48 -0600] "GET /goods.php?detail/1200273361252 HTTP/1.1" 404 16 "https://nassaugolf.com/goods.php?goods/157017491" "Mozilla/5.0 AppleWebKit/537.36 (KHTML, like Gecko; compatible; GPTBot/1.3; +https://openai.com/gptbot)"
57.141.6.40 - - [04/Mar/2026:06:30:48 -0600] "GET /search/0423443934bc92/feed/rss2/ HTTP/1.1" 404 - "-" "meta-externalagent/1.1 (+https://developers.facebook.com/docs/sharing/webmasters/crawler)"
74.7.227.41 - - [04/Mar/2026:06:30:48 -0600] "GET /goods.php?detail/1480418726366 HTTP/1.1" 404 16 "https://www.nassaugolf.com/goods.php?jp/059023662.html" "Mozilla/5.0 AppleWebKit/537.36 (KHTML, like Gecko; compatible; GPTBot/1.3; +https://openai.com/gptbot)"
57.141.6.23 - - [04/Mar/2026:06:30:48 -0600] "GET /detail/295237047 HTTP/1.1" 404 - "-" "meta-externalagent/1.1 (+https://developers.facebook.com/docs/sharing/webmasters/crawler)"
74.7.227.134 - - [04/Mar/2026:06:30:48 -0600] "GET /goods.php?detail/2100110154764 HTTP/1.1" 404 16 "https://www.nassaugolf.com" "Mozilla/5.0 AppleWebKit/537.36 (KHTML, like Gecko; compatible; GPTBot/1.3; +https://openai.com/gptbot)"
74.7.227.41 - - [04/Mar/2026:06:30:49 -0600] "GET /goods.php?detail/1140125770684 HTTP/1.1" 404 16 "https://www.nassaugolf.com/goods.php?detail/172009876559" "Mozilla/5.0 AppleWebKit/537.36 (KHTML, like Gecko; compatible; GPTBot/1.3; +https://openai.com/gptbot)"
74.7.227.134 - - [04/Mar/2026:06:30:49 -0600] "GET /goods.php?detail/1610210824178 HTTP/1.1" 404 16 "https://www.nassaugolf.com" "Mozilla/5.0 AppleWebKit/537.36 (KHTML, like Gecko; compatible; GPTBot/1.3; +https://openai.com/gptbot)"
57.141.6.27 - - [04/Mar/2026:06:30:49 -0600] "GET /detail/208011771 HTTP/1.1" 404 - "-" "meta-externalagent/1.1 (+https://developers.facebook.com/docs/sharing/webmasters/crawler)"
57.141.6.40 - - [04/Mar/2026:06:30:49 -0600] "GET /detail/879226025 HTTP/1.1" 404 - "-" "meta-externalagent/1.1 (+https://developers.facebook.com/docs/sharing/webmasters/crawler)"
74.7.227.41 - - [04/Mar/2026:06:30:49 -0600] "GET /goods.php?detail/1450374304985 HTTP/1.1" 404 16 "https://www.nassaugolf.com/goods.php?detail/299004899017" "Mozilla/5.0 AppleWebKit/537.36 (KHTML, like Gecko; compatible; GPTBot/1.3; +https://openai.com/gptbot)"
74.7.227.134 - - [04/Mar/2026:06:30:49 -0600] "GET /goods.php?detail/0120020845247 HTTP/1.1" 404 16 "https://nassaugolf.com/goods.php?goods/012012676" "Mozilla/5.0 AppleWebKit/537.36 (KHTML, like Gecko; compatible; GPTBot/1.3; +https://openai.com/gptbot)"
74.7.227.41 - - [04/Mar/2026:06:30:50 -0600] "GET /goods.php?detail/2190132851404 HTTP/1.1" 404 16 "https://www.nassaugolf.com/goods.php?detail/145006474086" "Mozilla/5.0 AppleWebKit/537.36 (KHTML, like Gecko; compatible; GPTBot/1.3; +https://openai.com/gptbot)"
57.141.6.74 - - [04/Mar/2026:06:30:50 -0600] "GET /?s=12163230109bffa HTTP/1.1" 200 53879 "-" "meta-externalagent/1.1 (+https://developers.facebook.com/docs/sharing/webmasters/crawler)"
74.7.227.134 - - [04/Mar/2026:06:30:50 -0600] "GET /goods.php?detail/0980101309549 HTTP/1.1" 404 16 "https://nassaugolf.com/goods.php?detail/262000338977" "Mozilla/5.0 AppleWebKit/537.36 (KHTML, like Gecko; compatible; GPTBot/1.3; +https://openai.com/gptbot)"
74.7.227.41 - - [04/Mar/2026:06:30:50 -0600] "GET /goods.php?detail/2670023160875 HTTP/1.1" 404 16 "https://www.nassaugolf.com/goods.php?detail/296037922720" "Mozilla/5.0 AppleWebKit/537.36 (KHTML, like Gecko; compatible; GPTBot/1.3; +https://openai.com/gptbot)"
74.7.227.134 - - [04/Mar/2026:06:30:50 -0600] "GET /goods.php?detail/2380443231622 HTTP/1.1" 404 16 "https://www.nassaugolf.com" "Mozilla/5.0 AppleWebKit/537.36 (KHTML, like Gecko; compatible; GPTBot/1.3; +https://openai.com/gptbot)"
57.141.6.24 - - [04/Mar/2026:06:30:51 -0600] "GET /search/06673349f8cbd9/feed/rss2/ HTTP/1.1" 404 - "-" "meta-externalagent/1.1 (+https://developers.facebook.com/docs/sharing/webmasters/crawler)"
57.141.6.60 - - [04/Mar/2026:06:30:51 -0600] "GET /prize/24692890 HTTP/1.1" 404 - "-" "meta-externalagent/1.1 (+https://developers.facebook.com/docs/sharing/webmasters/crawler)"
74.7.227.41 - - [04/Mar/2026:06:30:51 -0600] "GET /goods.php?detail/1200147654305 HTTP/1.1" 404 16 "https://www.nassaugolf.com/goods.php?detail/088036825089" "Mozilla/5.0 AppleWebKit/537.36 (KHTML, like Gecko; compatible; GPTBot/1.3; +https://openai.com/gptbot)"
74.7.227.134 - - [04/Mar/2026:06:30:51 -0600] "GET /goods.php?detail/0010140558628 HTTP/1.1" 404 16 "https://www.nassaugolf.com" "Mozilla/5.0 AppleWebKit/537.36 (KHTML, like Gecko; compatible; GPTBot/1.3; +https://openai.com/gptbot)"
74.7.227.41 - - [04/Mar/2026:06:30:51 -0600] "GET /goods.php?detail/0970402462751 HTTP/1.1" 404 16 "https://www.nassaugolf.com/goods.php?detail/1380382760912" "Mozilla/5.0 AppleWebKit/537.36 (KHTML, like Gecko; compatible; GPTBot/1.3; +https://openai.com/gptbot)"
74.7.227.134 - - [04/Mar/2026:06:30:52 -0600] "GET /goods.php?detail/0510109721047 HTTP/1.1" 404 16 "https://www.nassaugolf.com" "Mozilla/5.0 AppleWebKit/537.36 (KHTML, like Gecko; compatible; GPTBot/1.3; +https://openai.com/gptbot)"
57.141.6.18 - - [04/Mar/2026:06:30:52 -0600] "GET /detail/217187374 HTTP/1.1" 404 - "-" "meta-externalagent/1.1 (+https://developers.facebook.com/docs/sharing/webmasters/crawler)"
74.7.227.41 - - [04/Mar/2026:06:30:52 -0600] "GET /goods.php?detail/1760262899859 HTTP/1.1" 404 16 "https://www.nassaugolf.com/goods.php?detail/1760477476481" "Mozilla/5.0 AppleWebKit/537.36 (KHTML, like Gecko; compatible; GPTBot/1.3; +https://openai.com/gptbot)"
57.141.6.44 - - [04/Mar/2026:06:30:52 -0600] "GET /?s=0520008672f09ed HTTP/1.1" 200 53879 "-" "meta-externalagent/1.1 (+https://developers.facebook.com/docs/sharing/webmasters/crawler)"
74.7.227.134 - - [04/Mar/2026:06:30:52 -0600] "GET /goods.php?detail/2260100407907 HTTP/1.1" 404 16 "https://www.nassaugolf.com" "Mozilla/5.0 AppleWebKit/537.36 (KHTML, like Gecko; compatible; GPTBot/1.3; +https://openai.com/gptbot)"
57.141.6.50 - - [04/Mar/2026:06:30:52 -0600] "GET /search/171444266aeee5/feed/rss2/ HTTP/1.1" 404 - "-" "meta-externalagent/1.1 (+https://developers.facebook.com/docs/sharing/webmasters/crawler)"
74.7.227.41 - - [04/Mar/2026:06:30:52 -0600] "GET /goods.php?detail/2740075568415 HTTP/1.1" 404 16 "https://www.nassaugolf.com/goods.php?detail/274020270173" "Mozilla/5.0 AppleWebKit/537.36 (KHTML, like Gecko; compatible; GPTBot/1.3; +https://openai.com/gptbot)"
74.7.227.134 - - [04/Mar/2026:06:30:53 -0600] "GET /goods.php?detail/0020238687042 HTTP/1.1" 404 16 "https://nassaugolf.com/goods.php?detail/122010874080" "Mozilla/5.0 AppleWebKit/537.36 (KHTML, like Gecko; compatible; GPTBot/1.3; +https://openai.com/gptbot)"
74.7.227.41 - - [04/Mar/2026:06:30:53 -0600] "GET /goods.php?detail/1670064382877 HTTP/1.1" 404 16 "https://www.nassaugolf.com/goods.php?detail/167030989903" "Mozilla/5.0 AppleWebKit/537.36 (KHTML, like Gecko; compatible; GPTBot/1.3; +https://openai.com/gptbot)"
57.141.6.38 - - [04/Mar/2026:06:30:53 -0600] "GET /?s=031007715e17f2c HTTP/1.1" 200 53879 "-" "meta-externalagent/1.1 (+https://developers.facebook.com/docs/sharing/webmasters/crawler)"
74.7.227.134 - - [04/Mar/2026:06:30:53 -0600] "GET /goods.php?detail/0990304925038 HTTP/1.1" 404 16 "https://www.nassaugolf.com" "Mozilla/5.0 AppleWebKit/537.36 (KHTML, like Gecko; compatible; GPTBot/1.3; +https://openai.com/gptbot)"
74.7.227.41 - - [04/Mar/2026:06:30:53 -0600] "GET /goods.php?detail/0940132064152 HTTP/1.1" 404 16 "https://www.nassaugolf.com/goods.php?detail/094003096001" "Mozilla/5.0 AppleWebKit/537.36 (KHTML, like Gecko; compatible; GPTBot/1.3; +https://openai.com/gptbot)"
57.141.6.44 - - [04/Mar/2026:06:30:53 -0600] "GET /detail/250495126 HTTP/1.1" 404 - "-" "meta-externalagent/1.1 (+https://developers.facebook.com/docs/sharing/webmasters/crawler)"
74.7.227.134 - - [04/Mar/2026:06:30:54 -0600] "GET /goods.php?detail/0640224122781 HTTP/1.1" 404 16 "https://nassaugolf.com/goods.php?detail/133009209229" "Mozilla/5.0 AppleWebKit/537.36 (KHTML, like Gecko; compatible; GPTBot/1.3; +https://openai.com/gptbot)"
57.141.6.14 - - [04/Mar/2026:06:30:54 -0600] "GET /?s=05976574086d41 HTTP/1.1" 200 53879 "-" "meta-externalagent/1.1 (+https://developers.facebook.com/docs/sharing/webmasters/crawler)"
74.7.227.41 - - [04/Mar/2026:06:30:54 -0600] "GET /goods.php?detail/1120173053659 HTTP/1.1" 404 16 "https://www.nassaugolf.com/goods.php?detail/1120104251003" "Mozilla/5.0 AppleWebKit/537.36 (KHTML, like Gecko; compatible; GPTBot/1.3; +https://openai.com/gptbot)"
74.7.227.134 - - [04/Mar/2026:06:30:54 -0600] "GET /goods.php?detail/0410038208039 HTTP/1.1" 404 16 "https://nassaugolf.com/goods.php?detail/0410013154601" "Mozilla/5.0 AppleWebKit/537.36 (KHTML, like Gecko; compatible; GPTBot/1.3; +https://openai.com/gptbot)"
74.7.227.41 - - [04/Mar/2026:06:30:54 -0600] "GET /goods.php?detail/1850359822866 HTTP/1.1" 404 16 "https://www.nassaugolf.com/goods.php?detail/1850437604653" "Mozilla/5.0 AppleWebKit/537.36 (KHTML, like Gecko; compatible; GPTBot/1.3; +https://openai.com/gptbot)"
74.7.227.134 - - [04/Mar/2026:06:30:55 -0600] "GET /goods.php?detail/2880374720883 HTTP/1.1" 404 16 "https://www.nassaugolf.com" "Mozilla/5.0 AppleWebKit/537.36 (KHTML, like Gecko; compatible; GPTBot/1.3; +https://openai.com/gptbot)"
57.141.6.24 - - [04/Mar/2026:06:30:55 -0600] "GET /search/051298310805c0c/feed/rss2/ HTTP/1.1" 404 - "-" "meta-externalagent/1.1 (+https://developers.facebook.com/docs/sharing/webmasters/crawler)"
57.141.6.20 - - [04/Mar/2026:06:30:55 -0600] "GET /?s=141053201546676 HTTP/1.1" 200 53879 "-" "meta-externalagent/1.1 (+https://developers.facebook.com/docs/sharing/webmasters/crawler)"
74.7.227.41 - - [04/Mar/2026:06:30:55 -0600] "GET /goods.php?detail/2340299532478 HTTP/1.1" 404 16 "https://www.nassaugolf.com/goods.php?detail/107009811968" "Mozilla/5.0 AppleWebKit/537.36 (KHTML, like Gecko; compatible; GPTBot/1.3; +https://openai.com/gptbot)"
74.7.227.134 - - [04/Mar/2026:06:30:55 -0600] "GET /goods.php?detail/2070031792061 HTTP/1.1" 404 16 "https://nassaugolf.com/goods.php?detail/2070147107410" "Mozilla/5.0 AppleWebKit/537.36 (KHTML, like Gecko; compatible; GPTBot/1.3; +https://openai.com/gptbot)"
57.141.6.29 - - [04/Mar/2026:06:30:55 -0600] "GET /?s=169198685a6122 HTTP/1.1" 200 53879 "-" "meta-externalagent/1.1 (+https://developers.facebook.com/docs/sharing/webmasters/crawler)"
74.7.227.41 - - [04/Mar/2026:06:30:55 -0600] "GET /goods.php?detail/0750045729382 HTTP/1.1" 404 16 "https://www.nassaugolf.com/goods.php?detail/075012572162" "Mozilla/5.0 AppleWebKit/537.36 (KHTML, like Gecko; compatible; GPTBot/1.3; +https://openai.com/gptbot)"
57.141.6.54 - - [04/Mar/2026:06:30:56 -0600] "GET /prize/6432590 HTTP/1.1" 404 - "-" "meta-externalagent/1.1 (+https://developers.facebook.com/docs/sharing/webmasters/crawler)"
74.7.227.134 - - [04/Mar/2026:06:30:56 -0600] "GET /goods.php?detail/0010023464560 HTTP/1.1" 404 16 "https://www.nassaugolf.com" "Mozilla/5.0 AppleWebKit/537.36 (KHTML, like Gecko; compatible; GPTBot/1.3; +https://openai.com/gptbot)"
74.7.227.41 - - [04/Mar/2026:06:30:56 -0600] "GET /goods.php?detail/1390109746294 HTTP/1.1" 404 16 "https://www.nassaugolf.com/goods.php?detail/139038984763" "Mozilla/5.0 AppleWebKit/537.36 (KHTML, like Gecko; compatible; GPTBot/1.3; +https://openai.com/gptbot)"
57.141.6.20 - - [04/Mar/2026:06:30:56 -0600] "GET /detail/164856587 HTTP/1.1" 404 - "-" "meta-externalagent/1.1 (+https://developers.facebook.com/docs/sharing/webmasters/crawler)"
74.7.227.134 - - [04/Mar/2026:06:30:56 -0600] "GET /goods.php?detail/1720046820828 HTTP/1.1" 404 16 "https://www.nassaugolf.com" "Mozilla/5.0 AppleWebKit/537.36 (KHTML, like Gecko; compatible; GPTBot/1.3; +https://openai.com/gptbot)"
74.7.227.41 - - [04/Mar/2026:06:30:57 -0600] "GET /goods.php?detail/2430045287493 HTTP/1.1" 404 16 "https://www.nassaugolf.com/goods.php?detail/243000626760" "Mozilla/5.0 AppleWebKit/537.36 (KHTML, like Gecko; compatible; GPTBot/1.3; +https://openai.com/gptbot)"
74.7.227.134 - - [04/Mar/2026:06:30:57 -0600] "GET /goods.php?detail/0750101212447 HTTP/1.1" 404 16 "https://nassaugolf.com/goods.php?detail/075043456556" "Mozilla/5.0 AppleWebKit/537.36 (KHTML, like Gecko; compatible; GPTBot/1.3; +https://openai.com/gptbot)"
74.7.227.41 - - [04/Mar/2026:06:30:57 -0600] "GET /goods.php?detail/0860254672363 HTTP/1.1" 404 16 "https://www.nassaugolf.com/goods.php?detail/0860470192301" "Mozilla/5.0 AppleWebKit/537.36 (KHTML, like Gecko; compatible; GPTBot/1.3; +https://openai.com/gptbot)"
57.141.6.20 - - [04/Mar/2026:06:30:57 -0600] "GET /search/062025874318a58/feed/rss2/ HTTP/1.1" 404 - "-" "meta-externalagent/1.1 (+https://developers.facebook.com/docs/sharing/webmasters/crawler)"
74.7.227.134 - - [04/Mar/2026:06:30:57 -0600] "GET /goods.php?detail/0140115219659 HTTP/1.1" 404 16 "https://www.nassaugolf.com" "Mozilla/5.0 AppleWebKit/537.36 (KHTML, like Gecko; compatible; GPTBot/1.3; +https://openai.com/gptbot)"
74.7.227.41 - - [04/Mar/2026:06:30:58 -0600] "GET /goods.php?detail/1030056878643 HTTP/1.1" 404 16 "https://www.nassaugolf.com/goods.php?detail/103000250921" "Mozilla/5.0 AppleWebKit/537.36 (KHTML, like Gecko; compatible; GPTBot/1.3; +https://openai.com/gptbot)"
57.141.6.44 - - [04/Mar/2026:06:30:57 -0600] "GET /?s=05132054372dd92 HTTP/1.1" 200 53879 "-" "meta-externalagent/1.1 (+https://developers.facebook.com/docs/sharing/webmasters/crawler)"
74.7.227.134 - - [04/Mar/2026:06:30:58 -0600] "GET /goods.php?detail/2010273128831 HTTP/1.1" 404 16 "https://nassaugolf.com/goods.php?detail/034002282753" "Mozilla/5.0 AppleWebKit/537.36 (KHTML, like Gecko; compatible; GPTBot/1.3; +https://openai.com/gptbot)"
57.141.6.14 - - [04/Mar/2026:06:30:58 -0600] "GET /detail/445773071 HTTP/1.1" 404 - "-" "meta-externalagent/1.1 (+https://developers.facebook.com/docs/sharing/webmasters/crawler)"
74.7.227.41 - - [04/Mar/2026:06:30:58 -0600] "GET /goods.php?detail/1220083413692 HTTP/1.1" 404 16 "https://www.nassaugolf.com/goods.php?detail/122010932831" "Mozilla/5.0 AppleWebKit/537.36 (KHTML, like Gecko; compatible; GPTBot/1.3; +https://openai.com/gptbot)"
57.141.6.28 - - [04/Mar/2026:06:30:58 -0600] "GET /prize/18779912 HTTP/1.1" 404 - "-" "meta-externalagent/1.1 (+https://developers.facebook.com/docs/sharing/webmasters/crawler)"
74.7.227.134 - - [04/Mar/2026:06:30:58 -0600] "GET /goods.php?detail/2190043092925 HTTP/1.1" 404 16 "https://nassaugolf.com/goods.php?detail/219005754440" "Mozilla/5.0 AppleWebKit/537.36 (KHTML, like Gecko; compatible; GPTBot/1.3; +https://openai.com/gptbot)"
74.7.227.41 - - [04/Mar/2026:06:30:59 -0600] "GET /goods.php?detail/1080492407955 HTTP/1.1" 404 16 "https://www.nassaugolf.com/goods.php?detail/180045228071" "Mozilla/5.0 AppleWebKit/537.36 (KHTML, like Gecko; compatible; GPTBot/1.3; +https://openai.com/gptbot)"
57.141.6.60 - - [04/Mar/2026:06:30:59 -0600] "GET /prize/1824667 HTTP/1.1" 404 - "-" "meta-externalagent/1.1 (+https://developers.facebook.com/docs/sharing/webmasters/crawler)"
74.7.227.134 - - [04/Mar/2026:06:30:59 -0600] "GET /goods.php?detail/0850011482086 HTTP/1.1" 404 16 "https://nassaugolf.com/goods.php?detail/085024815777" "Mozilla/5.0 AppleWebKit/537.36 (KHTML, like Gecko; compatible; GPTBot/1.3; +https://openai.com/gptbot)"
74.7.227.41 - - [04/Mar/2026:06:30:59 -0600] "GET /goods.php?detail/1260386362987 HTTP/1.1" 404 16 "https://www.nassaugolf.com/goods.php?detail/136045826015" "Mozilla/5.0 AppleWebKit/537.36 (KHTML, like Gecko; compatible; GPTBot/1.3; +https://openai.com/gptbot)"
57.141.6.40 - - [04/Mar/2026:06:30:59 -0600] "GET /search/05413424a81493/feed/rss2/ HTTP/1.1" 404 - "-" "meta-externalagent/1.1 (+https://developers.facebook.com/docs/sharing/webmasters/crawler)"
74.7.227.134 - - [04/Mar/2026:06:30:59 -0600] "GET /goods.php?detail/0510106683533 HTTP/1.1" 404 16 "https://www.nassaugolf.com" "Mozilla/5.0 AppleWebKit/537.36 (KHTML, like Gecko; compatible; GPTBot/1.3; +https://openai.com/gptbot)"
74.7.227.41 - - [04/Mar/2026:06:31:00 -0600] "GET /goods.php?detail/1640050195834 HTTP/1.1" 404 16 "https://www.nassaugolf.com/goods.php?detail/164025044250" "Mozilla/5.0 AppleWebKit/537.36 (KHTML, like Gecko; compatible; GPTBot/1.3; +https://openai.com/gptbot)"
57.141.6.14 - - [04/Mar/2026:06:31:00 -0600] "GET /?s=1719367222be86 HTTP/1.1" 200 53879 "-" "meta-externalagent/1.1 (+https://developers.facebook.com/docs/sharing/webmasters/crawler)"
74.7.227.134 - - [04/Mar/2026:06:31:00 -0600] "GET /goods.php?detail/2500390354097 HTTP/1.1" 404 16 "https://www.nassaugolf.com" "Mozilla/5.0 AppleWebKit/537.36 (KHTML, like Gecko; compatible; GPTBot/1.3; +https://openai.com/gptbot)"
74.7.227.41 - - [04/Mar/2026:06:31:00 -0600] "GET /goods.php?detail/0530193816499 HTTP/1.1" 404 16 "https://www.nassaugolf.com/goods.php?detail/179020884177" "Mozilla/5.0 AppleWebKit/537.36 (KHTML, like Gecko; compatible; GPTBot/1.3; +https://openai.com/gptbot)"
74.7.227.134 - - [04/Mar/2026:06:31:01 -0600] "GET /goods.php?detail/2300198312283 HTTP/1.1" 404 16 "https://www.nassaugolf.com" "Mozilla/5.0 AppleWebKit/537.36 (KHTML, like Gecko; compatible; GPTBot/1.3; +https://openai.com/gptbot)"
57.141.6.32 - - [04/Mar/2026:06:31:01 -0600] "GET /search/121398254a8392d/feed/rss2/ HTTP/1.1" 404 - "-" "meta-externalagent/1.1 (+https://developers.facebook.com/docs/sharing/webmasters/crawler)"
74.7.227.41 - - [04/Mar/2026:06:31:01 -0600] "GET /goods.php?detail/0590186564113 HTTP/1.1" 404 16 "https://www.nassaugolf.com/goods.php?detail/0590070976248" "Mozilla/5.0 AppleWebKit/537.36 (KHTML, like Gecko; compatible; GPTBot/1.3; +https://openai.com/gptbot)"
57.141.6.41 - - [04/Mar/2026:06:31:01 -0600] "GET /search/032055546320c9d/feed/rss2/ HTTP/1.1" 404 - "-" "meta-externalagent/1.1 (+https://developers.facebook.com/docs/sharing/webmasters/crawler)"
14.167.24.183 - - [04/Mar/2026:06:31:01 -0600] "GET /shop/order/make_estimate.aspx?fileloc=%2Fhome%2Fnassaugo%2Fpublic_html%2Fdefaults.php%3Fprize%2F6785323 HTTP/1.1" 404 - "-" "Mozilla/5.0 (Windows NT 6.1; Win64; x64) AppleWebKit/537.36 (KHTML, like Gecko) Brave Chrome/90.0.4430.72 Safari/537.36"
74.7.227.134 - - [04/Mar/2026:06:31:01 -0600] "GET /goods.php?detail/0440094473587 HTTP/1.1" 404 16 "https://www.nassaugolf.com" "Mozilla/5.0 AppleWebKit/537.36 (KHTML, like Gecko; compatible; GPTBot/1.3; +https://openai.com/gptbot)"
74.7.227.41 - - [04/Mar/2026:06:31:01 -0600] "GET /goods.php?detail/2070058654372 HTTP/1.1" 404 16 "https://www.nassaugolf.com/goods.php?detail/046001504579" "Mozilla/5.0 AppleWebKit/537.36 (KHTML, like Gecko; compatible; GPTBot/1.3; +https://openai.com/gptbot)"
57.141.6.59 - - [04/Mar/2026:06:31:01 -0600] "GET /search/151584405ff51c7/feed/rss2/ HTTP/1.1" 404 - "-" "meta-externalagent/1.1 (+https://developers.facebook.com/docs/sharing/webmasters/crawler)"
74.7.227.134 - - [04/Mar/2026:06:31:02 -0600] "GET /goods.php?detail/1380038820096 HTTP/1.1" 404 16 "https://www.nassaugolf.com" "Mozilla/5.0 AppleWebKit/537.36 (KHTML, like Gecko; compatible; GPTBot/1.3; +https://openai.com/gptbot)"
57.141.6.33 - - [04/Mar/2026:06:31:02 -0600] "GET /search/056022701a65c3/feed/rss2/ HTTP/1.1" 404 - "-" "meta-externalagent/1.1 (+https://developers.facebook.com/docs/sharing/webmasters/crawler)"
74.7.227.41 - - [04/Mar/2026:06:31:02 -0600] "GET /goods.php?detail/2390327817315 HTTP/1.1" 404 16 "https://www.nassaugolf.com/goods.php?detail/2650023005232" "Mozilla/5.0 AppleWebKit/537.36 (KHTML, like Gecko; compatible; GPTBot/1.3; +https://openai.com/gptbot)"
74.7.227.134 - - [04/Mar/2026:06:31:02 -0600] "GET /goods.php?detail/1710441783157 HTTP/1.1" 404 16 "https://nassaugolf.com/goods.php?jp/291004242.html" "Mozilla/5.0 AppleWebKit/537.36 (KHTML, like Gecko; compatible; GPTBot/1.3; +https://openai.com/gptbot)"
74.7.227.41 - - [04/Mar/2026:06:31:02 -0600] "GET /goods.php?detail/0660319817143 HTTP/1.1" 404 16 "https://www.nassaugolf.com/goods.php?detail/226006280211" "Mozilla/5.0 AppleWebKit/537.36 (KHTML, like Gecko; compatible; GPTBot/1.3; +https://openai.com/gptbot)"
57.141.6.70 - - [04/Mar/2026:06:31:02 -0600] "GET /search/07611023f6120e/feed/rss2/ HTTP/1.1" 404 - "-" "meta-externalagent/1.1 (+https://developers.facebook.com/docs/sharing/webmasters/crawler)"
74.7.227.134 - - [04/Mar/2026:06:31:03 -0600] "GET /goods.php?detail/2210065302269 HTTP/1.1" 404 16 "https://www.nassaugolf.com" "Mozilla/5.0 AppleWebKit/537.36 (KHTML, like Gecko; compatible; GPTBot/1.3; +https://openai.com/gptbot)"
74.7.227.41 - - [04/Mar/2026:06:31:03 -0600] "GET /goods.php?detail/0860121998507 HTTP/1.1" 404 16 "https://www.nassaugolf.com/goods.php?detail/086022389203" "Mozilla/5.0 AppleWebKit/537.36 (KHTML, like Gecko; compatible; GPTBot/1.3; +https://openai.com/gptbot)"
57.141.6.17 - - [04/Mar/2026:06:31:03 -0600] "GET /search/118112813cfcd9/feed/rss2/ HTTP/1.1" 404 - "-" "meta-externalagent/1.1 (+https://developers.facebook.com/docs/sharing/webmasters/crawler)"
74.7.227.134 - - [04/Mar/2026:06:31:03 -0600] "GET /goods.php?detail/2370039324375 HTTP/1.1" 404 16 "https://nassaugolf.com/goods.php?detail/237006464348" "Mozilla/5.0 AppleWebKit/537.36 (KHTML, like Gecko; compatible; GPTBot/1.3; +https://openai.com/gptbot)"
74.7.227.41 - - [04/Mar/2026:06:31:03 -0600] "GET /goods.php?detail/0710236908273 HTTP/1.1" 404 16 "https://www.nassaugolf.com/goods.php?detail/071008716740" "Mozilla/5.0 AppleWebKit/537.36 (KHTML, like Gecko; compatible; GPTBot/1.3; +https://openai.com/gptbot)"
57.141.6.14 - - [04/Mar/2026:06:31:03 -0600] "GET /?s=081412604e9c71d HTTP/1.1" 200 53879 "-" "meta-externalagent/1.1 (+https://developers.facebook.com/docs/sharing/webmasters/crawler)"
74.7.227.134 - - [04/Mar/2026:06:31:04 -0600] "GET /goods.php?detail/1310464746626 HTTP/1.1" 404 16 "https://nassaugolf.com/goods.php?detail/282045698488" "Mozilla/5.0 AppleWebKit/537.36 (KHTML, like Gecko; compatible; GPTBot/1.3; +https://openai.com/gptbot)"
74.7.227.41 - - [04/Mar/2026:06:31:04 -0600] "GET /goods.php?detail/2090445135802 HTTP/1.1" 404 16 "https://www.nassaugolf.com/goods.php?detail/253007913254" "Mozilla/5.0 AppleWebKit/537.36 (KHTML, like Gecko; compatible; GPTBot/1.3; +https://openai.com/gptbot)"
74.7.227.134 - - [04/Mar/2026:06:31:04 -0600] "GET /goods.php?detail/0880014514747 HTTP/1.1" 404 16 "https://nassaugolf.com/goods.php?detail/088017712401" "Mozilla/5.0 AppleWebKit/537.36 (KHTML, like Gecko; compatible; GPTBot/1.3; +https://openai.com/gptbot)"
57.141.6.31 - - [04/Mar/2026:06:31:04 -0600] "GET /search/096744760cde01/feed/rss2/ HTTP/1.1" 404 - "-" "meta-externalagent/1.1 (+https://developers.facebook.com/docs/sharing/webmasters/crawler)"
74.7.227.41 - - [04/Mar/2026:06:31:04 -0600] "GET /goods.php?detail/1460024936907 HTTP/1.1" 404 16 "https://www.nassaugolf.com/goods.php?detail/027010703293" "Mozilla/5.0 AppleWebKit/537.36 (KHTML, like Gecko; compatible; GPTBot/1.3; +https://openai.com/gptbot)"
74.7.227.134 - - [04/Mar/2026:06:31:05 -0600] "GET /goods.php?detail/1010014926150 HTTP/1.1" 404 16 "https://nassaugolf.com/goods.php?goods/101001492" "Mozilla/5.0 AppleWebKit/537.36 (KHTML, like Gecko; compatible; GPTBot/1.3; +https://openai.com/gptbot)"
57.141.6.11 - - [04/Mar/2026:06:31:05 -0600] "GET /?s=0323501042556db HTTP/1.1" 200 53879 "-" "meta-externalagent/1.1 (+https://developers.facebook.com/docs/sharing/webmasters/crawler)"
74.7.227.41 - - [04/Mar/2026:06:31:05 -0600] "GET /goods.php?detail/2900313811676 HTTP/1.1" 404 16 "https://www.nassaugolf.com/goods.php?detail/208008073137" "Mozilla/5.0 AppleWebKit/537.36 (KHTML, like Gecko; compatible; GPTBot/1.3; +https://openai.com/gptbot)"
57.141.6.1 - - [04/Mar/2026:06:31:05 -0600] "GET /search/07202845a37132/feed/rss2/ HTTP/1.1" 404 - "-" "meta-externalagent/1.1 (+https://developers.facebook.com/docs/sharing/webmasters/crawler)"
74.7.227.134 - - [04/Mar/2026:06:31:05 -0600] "GET /goods.php?detail/1800147054305 HTTP/1.1" 404 16 "https://www.nassaugolf.com" "Mozilla/5.0 AppleWebKit/537.36 (KHTML, like Gecko; compatible; GPTBot/1.3; +https://openai.com/gptbot)"
74.7.227.41 - - [04/Mar/2026:06:31:05 -0600] "GET /goods.php?detail/2100420959377 HTTP/1.1" 404 16 "https://www.nassaugolf.com/goods.php?detail/210009263757" "Mozilla/5.0 AppleWebKit/537.36 (KHTML, like Gecko; compatible; GPTBot/1.3; +https://openai.com/gptbot)"
57.141.6.43 - - [04/Mar/2026:06:31:06 -0600] "GET /search/17245928843d3e1/feed/rss2/ HTTP/1.1" 404 - "-" "meta-externalagent/1.1 (+https://developers.facebook.com/docs/sharing/webmasters/crawler)"
74.7.227.134 - - [04/Mar/2026:06:31:06 -0600] "GET /goods.php?detail/0280096691094 HTTP/1.1" 404 16 "https://nassaugolf.com/goods.php?detail/013042367032" "Mozilla/5.0 AppleWebKit/537.36 (KHTML, like Gecko; compatible; GPTBot/1.3; +https://openai.com/gptbot)"
74.7.227.41 - - [04/Mar/2026:06:31:06 -0600] "GET /goods.php?detail/0830293695807 HTTP/1.1" 404 16 "https://www.nassaugolf.com/goods.php?detail/105041309540" "Mozilla/5.0 AppleWebKit/537.36 (KHTML, like Gecko; compatible; GPTBot/1.3; +https://openai.com/gptbot)"
57.141.6.10 - - [04/Mar/2026:06:31:06 -0600] "GET /?s=17934728862946 HTTP/1.1" 200 53879 "-" "meta-externalagent/1.1 (+https://developers.facebook.com/docs/sharing/webmasters/crawler)"
74.7.227.134 - - [04/Mar/2026:06:31:06 -0600] "GET /goods.php?detail/2060109432040 HTTP/1.1" 404 16 "https://www.nassaugolf.com" "Mozilla/5.0 AppleWebKit/537.36 (KHTML, like Gecko; compatible; GPTBot/1.3; +https://openai.com/gptbot)"
57.141.6.59 - - [04/Mar/2026:06:31:06 -0600] "GET /search/0819798638a443e/feed/rss2/ HTTP/1.1" 404 - "-" "meta-externalagent/1.1 (+https://developers.facebook.com/docs/sharing/webmasters/crawler)"
74.7.227.41 - - [04/Mar/2026:06:31:06 -0600] "GET /goods.php?detail/1920171636897 HTTP/1.1" 404 16 "https://www.nassaugolf.com/goods.php?detail/192042199347" "Mozilla/5.0 AppleWebKit/537.36 (KHTML, like Gecko; compatible; GPTBot/1.3; +https://openai.com/gptbot)"
74.7.227.134 - - [04/Mar/2026:06:31:07 -0600] "GET /goods.php?detail/2970152729105 HTTP/1.1" 404 16 "https://www.nassaugolf.com" "Mozilla/5.0 AppleWebKit/537.36 (KHTML, like Gecko; compatible; GPTBot/1.3; +https://openai.com/gptbot)"
74.7.227.41 - - [04/Mar/2026:06:31:07 -0600] "GET /goods.php?detail/1280323450061 HTTP/1.1" 404 16 "https://www.nassaugolf.com/goods.php?detail/0240452238080" "Mozilla/5.0 AppleWebKit/537.36 (KHTML, like Gecko; compatible; GPTBot/1.3; +https://openai.com/gptbot)"
57.141.6.19 - - [04/Mar/2026:06:31:07 -0600] "GET /prize/25074678 HTTP/1.1" 404 - "-" "meta-externalagent/1.1 (+https://developers.facebook.com/docs/sharing/webmasters/crawler)"
94.23.188.214 - - [04/Mar/2026:06:31:07 -0600] "GET /?fileloc=//lib64/liburcu.so.6&path=//lib64 HTTP/1.1" 200 65838 "-" "Mozilla/5.0 (compatible; AhrefsBot/7.0; +http://ahrefs.com/robot/)"
74.7.227.134 - - [04/Mar/2026:06:31:07 -0600] "GET /goods.php?detail/0350324733465 HTTP/1.1" 404 16 "https://nassaugolf.com/goods.php?detail/044016008638" "Mozilla/5.0 AppleWebKit/537.36 (KHTML, like Gecko; compatible; GPTBot/1.3; +https://openai.com/gptbot)"
74.7.227.41 - - [04/Mar/2026:06:31:08 -0600] "GET /goods.php?detail/1870032825909 HTTP/1.1" 404 16 "https://www.nassaugolf.com/goods.php?detail/187010816587" "Mozilla/5.0 AppleWebKit/537.36 (KHTML, like Gecko; compatible; GPTBot/1.3; +https://openai.com/gptbot)"
57.141.6.39 - - [04/Mar/2026:06:31:08 -0600] "GET /search/061523903ac3bbb/feed/rss2/ HTTP/1.1" 404 - "-" "meta-externalagent/1.1 (+https://developers.facebook.com/docs/sharing/webmasters/crawler)"
57.141.6.68 - - [04/Mar/2026:06:31:08 -0600] "GET /search/0120290178dd14a/feed/rss2/ HTTP/1.1" 404 - "-" "meta-externalagent/1.1 (+https://developers.facebook.com/docs/sharing/webmasters/crawler)"
74.7.227.134 - - [04/Mar/2026:06:31:08 -0600] "GET /goods.php?detail/0230210743308 HTTP/1.1" 404 16 "https://nassaugolf.com/goods.php?detail/272023171713" "Mozilla/5.0 AppleWebKit/537.36 (KHTML, like Gecko; compatible; GPTBot/1.3; +https://openai.com/gptbot)"
74.7.227.41 - - [04/Mar/2026:06:31:08 -0600] "GET /goods.php?detail/2080261509544 HTTP/1.1" 404 16 "https://www.nassaugolf.com/goods.php?detail/217007753301" "Mozilla/5.0 AppleWebKit/537.36 (KHTML, like Gecko; compatible; GPTBot/1.3; +https://openai.com/gptbot)"
57.141.6.15 - - [04/Mar/2026:06:31:08 -0600] "GET /detail/712685103 HTTP/1.1" 404 - "-" "meta-externalagent/1.1 (+https://developers.facebook.com/docs/sharing/webmasters/crawler)"
74.7.227.134 - - [04/Mar/2026:06:31:08 -0600] "GET /goods.php?detail/2930053575790 HTTP/1.1" 404 16 "https://nassaugolf.com/goods.php?jp/293041350.html" "Mozilla/5.0 AppleWebKit/537.36 (KHTML, like Gecko; compatible; GPTBot/1.3; +https://openai.com/gptbot)"
74.7.227.41 - - [04/Mar/2026:06:31:09 -0600] "GET /goods.php?detail/1750030878625 HTTP/1.1" 404 16 "https://www.nassaugolf.com/goods.php?detail/175014341778" "Mozilla/5.0 AppleWebKit/537.36 (KHTML, like Gecko; compatible; GPTBot/1.3; +https://openai.com/gptbot)"
57.141.6.43 - - [04/Mar/2026:06:31:09 -0600] "GET /?s=10177581953e419 HTTP/1.1" 200 53879 "-" "meta-externalagent/1.1 (+https://developers.facebook.com/docs/sharing/webmasters/crawler)"
74.7.227.134 - - [04/Mar/2026:06:31:09 -0600] "GET /goods.php?detail/1350394364341 HTTP/1.1" 404 16 "https://www.nassaugolf.com" "Mozilla/5.0 AppleWebKit/537.36 (KHTML, like Gecko; compatible; GPTBot/1.3; +https://openai.com/gptbot)"
74.7.227.41 - - [04/Mar/2026:06:31:09 -0600] "GET /goods.php?detail/2250274043836 HTTP/1.1" 404 16 "https://www.nassaugolf.com/goods.php?detail/2250119090402" "Mozilla/5.0 AppleWebKit/537.36 (KHTML, like Gecko; compatible; GPTBot/1.3; +https://openai.com/gptbot)"
74.7.227.134 - - [04/Mar/2026:06:31:09 -0600] "GET /goods.php?detail/0230213140636 HTTP/1.1" 404 16 "https://www.nassaugolf.com" "Mozilla/5.0 AppleWebKit/537.36 (KHTML, like Gecko; compatible; GPTBot/1.3; +https://openai.com/gptbot)"
57.141.6.54 - - [04/Mar/2026:06:31:09 -0600] "GET /?s=081925535dbeec5 HTTP/1.1" 200 53879 "-" "meta-externalagent/1.1 (+https://developers.facebook.com/docs/sharing/webmasters/crawler)"
74.7.227.41 - - [04/Mar/2026:06:31:10 -0600] "GET /goods.php?detail/2430369818013 HTTP/1.1" 404 16 "https://www.nassaugolf.com/goods.php?detail/187005343111" "Mozilla/5.0 AppleWebKit/537.36 (KHTML, like Gecko; compatible; GPTBot/1.3; +https://openai.com/gptbot)"
57.141.6.59 - - [04/Mar/2026:06:31:10 -0600] "GET /search/051694074d4469/feed/rss2/ HTTP/1.1" 404 - "-" "meta-externalagent/1.1 (+https://developers.facebook.com/docs/sharing/webmasters/crawler)"
74.7.227.134 - - [04/Mar/2026:06:31:10 -0600] "GET /goods.php?detail/1940082744824 HTTP/1.1" 404 16 "https://nassaugolf.com/goods.php?detail/225012447426" "Mozilla/5.0 AppleWebKit/537.36 (KHTML, like Gecko; compatible; GPTBot/1.3; +https://openai.com/gptbot)"
74.7.227.41 - - [04/Mar/2026:06:31:10 -0600] "GET /goods.php?detail/2990407758605 HTTP/1.1" 404 16 "https://www.nassaugolf.com/goods.php?detail/01103258411618" "Mozilla/5.0 AppleWebKit/537.36 (KHTML, like Gecko; compatible; GPTBot/1.3; +https://openai.com/gptbot)"
57.141.6.63 - - [04/Mar/2026:06:31:10 -0600] "GET /search/0125170513f3f30/feed/rss2/ HTTP/1.1" 404 - "-" "meta-externalagent/1.1 (+https://developers.facebook.com/docs/sharing/webmasters/crawler)"
74.7.227.134 - - [04/Mar/2026:06:31:11 -0600] "GET /goods.php?detail/2040020267355 HTTP/1.1" 404 16 "https://nassaugolf.com/goods.php?detail/204000277093" "Mozilla/5.0 AppleWebKit/537.36 (KHTML, like Gecko; compatible; GPTBot/1.3; +https://openai.com/gptbot)"
74.7.227.41 - - [04/Mar/2026:06:31:11 -0600] "GET /goods.php?detail/1710043482508 HTTP/1.1" 404 16 "https://www.nassaugolf.com/goods.php?detail/116012350910" "Mozilla/5.0 AppleWebKit/537.36 (KHTML, like Gecko; compatible; GPTBot/1.3; +https://openai.com/gptbot)"
57.141.6.14 - - [04/Mar/2026:06:31:11 -0600] "GET /search/04247922210459b/feed/rss2/ HTTP/1.1" 404 - "-" "meta-externalagent/1.1 (+https://developers.facebook.com/docs/sharing/webmasters/crawler)"
74.7.227.134 - - [04/Mar/2026:06:31:11 -0600] "GET /goods.php?detail/0670086065892 HTTP/1.1" 404 16 "https://nassaugolf.com/goods.php?detail/067003747474" "Mozilla/5.0 AppleWebKit/537.36 (KHTML, like Gecko; compatible; GPTBot/1.3; +https://openai.com/gptbot)"
74.7.227.41 - - [04/Mar/2026:06:31:11 -0600] "GET /goods.php?detail/2770396462557 HTTP/1.1" 404 16 "https://www.nassaugolf.com/goods.php?detail/106033030415" "Mozilla/5.0 AppleWebKit/537.36 (KHTML, like Gecko; compatible; GPTBot/1.3; +https://openai.com/gptbot)"
57.141.6.34 - - [04/Mar/2026:06:31:12 -0600] "GET /search/05988136ecda2a/feed/rss2/ HTTP/1.1" 404 - "-" "meta-externalagent/1.1 (+https://developers.facebook.com/docs/sharing/webmasters/crawler)"
74.7.227.134 - - [04/Mar/2026:06:31:12 -0600] "GET /goods.php?detail/0780495086806 HTTP/1.1" 404 16 "https://www.nassaugolf.com" "Mozilla/5.0 AppleWebKit/537.36 (KHTML, like Gecko; compatible; GPTBot/1.3; +https://openai.com/gptbot)"
74.7.227.41 - - [04/Mar/2026:06:31:12 -0600] "GET /goods.php?detail/2130391925743 HTTP/1.1" 404 16 "https://www.nassaugolf.com/goods.php?detail/213020070174" "Mozilla/5.0 AppleWebKit/537.36 (KHTML, like Gecko; compatible; GPTBot/1.3; +https://openai.com/gptbot)"
57.141.6.24 - - [04/Mar/2026:06:31:12 -0600] "GET /detail/584442709 HTTP/1.1" 404 - "-" "meta-externalagent/1.1 (+https://developers.facebook.com/docs/sharing/webmasters/crawler)"
74.7.227.134 - - [04/Mar/2026:06:31:12 -0600] "GET /goods.php?detail/2240228537472 HTTP/1.1" 404 16 "https://www.nassaugolf.com" "Mozilla/5.0 AppleWebKit/537.36 (KHTML, like Gecko; compatible; GPTBot/1.3; +https://openai.com/gptbot)"
74.7.227.41 - - [04/Mar/2026:06:31:12 -0600] "GET /goods.php?detail/2560178275736 HTTP/1.1" 404 16 "https://www.nassaugolf.com/goods.php?detail/005043665027" "Mozilla/5.0 AppleWebKit/537.36 (KHTML, like Gecko; compatible; GPTBot/1.3; +https://openai.com/gptbot)"
57.141.6.1 - - [04/Mar/2026:06:31:12 -0600] "GET /detail/655504292 HTTP/1.1" 404 - "-" "meta-externalagent/1.1 (+https://developers.facebook.com/docs/sharing/webmasters/crawler)"
74.7.227.134 - - [04/Mar/2026:06:31:13 -0600] "GET /goods.php?detail/1770025027376 HTTP/1.1" 404 16 "https://nassaugolf.com/goods.php?detail/1770449661037" "Mozilla/5.0 AppleWebKit/537.36 (KHTML, like Gecko; compatible; GPTBot/1.3; +https://openai.com/gptbot)"
74.7.227.41 - - [04/Mar/2026:06:31:13 -0600] "GET /goods.php?detail/1230038447607 HTTP/1.1" 404 16 "https://www.nassaugolf.com/goods.php?detail/123015270017" "Mozilla/5.0 AppleWebKit/537.36 (KHTML, like Gecko; compatible; GPTBot/1.3; +https://openai.com/gptbot)"
57.141.6.7 - - [04/Mar/2026:06:31:13 -0600] "GET /search/0117113434f5384/feed/rss2/ HTTP/1.1" 404 - "-" "meta-externalagent/1.1 (+https://developers.facebook.com/docs/sharing/webmasters/crawler)"
74.7.227.134 - - [04/Mar/2026:06:31:13 -0600] "GET /goods.php?detail/2770265202784 HTTP/1.1" 404 16 "https://nassaugolf.com/goods.php?detail/2110076060716" "Mozilla/5.0 AppleWebKit/537.36 (KHTML, like Gecko; compatible; GPTBot/1.3; +https://openai.com/gptbot)"
57.141.6.61 - - [04/Mar/2026:06:31:13 -0600] "GET /search/032360931d5a7c/feed/rss2/ HTTP/1.1" 404 - "-" "meta-externalagent/1.1 (+https://developers.facebook.com/docs/sharing/webmasters/crawler)"
74.7.227.41 - - [04/Mar/2026:06:31:13 -0600] "GET /goods.php?detail/0420026679781 HTTP/1.1" 404 16 "https://www.nassaugolf.com/goods.php?detail/042004480857" "Mozilla/5.0 AppleWebKit/537.36 (KHTML, like Gecko; compatible; GPTBot/1.3; +https://openai.com/gptbot)"
