94.72.181.90 - - [14/Nov/2025:14:40:11 -0600] "GET /readme.html HTTP/1.1" 301 242 "-" "HetrixTools Uptime Monitoring Bot. https://hetrix.tools/uptime-monitoring-bot.html"
209.222.107.178 - - [14/Nov/2025:14:40:15 -0600] "GET /readme.html HTTP/1.1" 301 242 "-" "HetrixTools Uptime Monitoring Bot. https://hetrix.tools/uptime-monitoring-bot.html"
104.237.139.48 - - [14/Nov/2025:14:40:15 -0600] "GET /readme.html HTTP/1.1" 301 242 "-" "HetrixTools Uptime Monitoring Bot. https://hetrix.tools/uptime-monitoring-bot.html"
172.241.23.225 - - [14/Nov/2025:14:50:05 -0600] "GET /readme.html HTTP/1.1" 301 242 "-" "HetrixTools Uptime Monitoring Bot. https://hetrix.tools/uptime-monitoring-bot.html"
2.56.188.250 - - [14/Nov/2025:14:50:09 -0600] "GET /readme.html HTTP/1.1" 301 242 "-" "HetrixTools Uptime Monitoring Bot. https://hetrix.tools/uptime-monitoring-bot.html"
23.106.61.94 - - [14/Nov/2025:14:50:10 -0600] "GET /readme.html HTTP/1.1" 301 242 "-" "HetrixTools Uptime Monitoring Bot. https://hetrix.tools/uptime-monitoring-bot.html"
159.89.159.134 - - [14/Nov/2025:14:50:17 -0600] "GET /readme.html HTTP/1.1" 301 242 "-" "HetrixTools Uptime Monitoring Bot. https://hetrix.tools/uptime-monitoring-bot.html"
157.173.113.131 - - [14/Nov/2025:14:51:33 -0600] "GET /wp-content/uploads/2018/04/302165429.gif HTTP/1.1" 301 275 "-" "Python/3.12 aiohttp/3.13.2"
2.56.188.250 - - [14/Nov/2025:15:00:03 -0600] "GET /readme.html HTTP/1.1" 301 242 "-" "HetrixTools Uptime Monitoring Bot. https://hetrix.tools/uptime-monitoring-bot.html"
23.239.7.4 - - [14/Nov/2025:15:00:05 -0600] "GET /readme.html HTTP/1.1" 301 242 "-" "HetrixTools Uptime Monitoring Bot. https://hetrix.tools/uptime-monitoring-bot.html"
172.241.23.225 - - [14/Nov/2025:15:00:15 -0600] "GET /readme.html HTTP/1.1" 301 242 "-" "HetrixTools Uptime Monitoring Bot. https://hetrix.tools/uptime-monitoring-bot.html"
51.195.149.151 - - [14/Nov/2025:15:00:16 -0600] "GET /readme.html HTTP/1.1" 301 242 "-" "HetrixTools Uptime Monitoring Bot. https://hetrix.tools/uptime-monitoring-bot.html"
45.32.204.172 - - [14/Nov/2025:15:10:06 -0600] "GET /readme.html HTTP/1.1" 301 242 "-" "HetrixTools Uptime Monitoring Bot. https://hetrix.tools/uptime-monitoring-bot.html"
138.197.17.201 - - [14/Nov/2025:15:10:08 -0600] "GET /readme.html HTTP/1.1" 301 242 "-" "HetrixTools Uptime Monitoring Bot. https://hetrix.tools/uptime-monitoring-bot.html"
77.247.126.141 - - [14/Nov/2025:15:10:18 -0600] "GET /readme.html HTTP/1.1" 301 242 "-" "HetrixTools Uptime Monitoring Bot. https://hetrix.tools/uptime-monitoring-bot.html"
185.174.110.102 - - [14/Nov/2025:15:10:25 -0600] "GET /readme.html HTTP/1.1" 301 242 "-" "HetrixTools Uptime Monitoring Bot. https://hetrix.tools/uptime-monitoring-bot.html"
66.165.247.154 - - [14/Nov/2025:15:20:04 -0600] "GET /readme.html HTTP/1.1" 301 242 "-" "HetrixTools Uptime Monitoring Bot. https://hetrix.tools/uptime-monitoring-bot.html"
159.89.159.134 - - [14/Nov/2025:15:20:10 -0600] "GET /readme.html HTTP/1.1" 301 242 "-" "HetrixTools Uptime Monitoring Bot. https://hetrix.tools/uptime-monitoring-bot.html"
94.72.181.90 - - [14/Nov/2025:15:20:17 -0600] "GET /readme.html HTTP/1.1" 301 242 "-" "HetrixTools Uptime Monitoring Bot. https://hetrix.tools/uptime-monitoring-bot.html"
104.237.139.48 - - [14/Nov/2025:15:20:22 -0600] "GET /readme.html HTTP/1.1" 301 242 "-" "HetrixTools Uptime Monitoring Bot. https://hetrix.tools/uptime-monitoring-bot.html"
66.165.247.154 - - [14/Nov/2025:15:30:05 -0600] "GET /readme.html HTTP/1.1" 301 242 "-" "HetrixTools Uptime Monitoring Bot. https://hetrix.tools/uptime-monitoring-bot.html"
104.237.139.48 - - [14/Nov/2025:15:30:07 -0600] "GET /readme.html HTTP/1.1" 301 242 "-" "HetrixTools Uptime Monitoring Bot. https://hetrix.tools/uptime-monitoring-bot.html"
77.247.126.141 - - [14/Nov/2025:15:30:18 -0600] "GET /readme.html HTTP/1.1" 301 242 "-" "HetrixTools Uptime Monitoring Bot. https://hetrix.tools/uptime-monitoring-bot.html"
185.38.148.144 - - [14/Nov/2025:15:30:22 -0600] "GET /readme.html HTTP/1.1" 301 242 "-" "HetrixTools Uptime Monitoring Bot. https://hetrix.tools/uptime-monitoring-bot.html"
212.102.39.145 - - [14/Nov/2025:15:36:48 -0600] "GET /contacts/ HTTP/1.0" 301 240 "http://nassaugolf.com/contacts/" "Mozilla/5.0 (Windows NT 10.0; Win64; x64) AppleWebKit/537.36 (KHTML, like Gecko) Chrome/130.0.0.0 Safari/537.36"
1.48.246.116 - - [14/Nov/2025:15:36:49 -0600] "GET / HTTP/1.1" 301 235 "http://www.nassaugolf.com/" "Mozilla/5.0 (Windows NT 6.1; WOW64) AppleWebKit/537.36 (KHTML, like Gecko) Chrome/50.0.2661.102 Safari/537.36"
72.1.241.177 - - [14/Nov/2025:15:39:02 -0600] "GET /.well-known/acme-challenge/TP44-ZJX97E6EU0G7-J41JOR0Z-JGCNM HTTP/1.1" 200 64 "-" "Cpanel-HTTP-Client/1.0"
72.1.241.177 - - [14/Nov/2025:15:39:02 -0600] "GET /.well-known/acme-challenge/I_5P9LKKELSOSCYKOZLXDHIXMB55ZTNE HTTP/1.1" 200 64 "-" "Cpanel-HTTP-Client/1.0"
72.1.241.177 - - [14/Nov/2025:15:39:02 -0600] "GET /.well-known/acme-challenge/R5JX8JISRELBZ4YU3I8JE4Q2RRDD-D5X HTTP/1.1" 200 64 "-" "Cpanel-HTTP-Client/1.0"
2.56.188.250 - - [14/Nov/2025:15:40:07 -0600] "GET /readme.html HTTP/1.1" 301 242 "-" "HetrixTools Uptime Monitoring Bot. https://hetrix.tools/uptime-monitoring-bot.html"
77.247.126.141 - - [14/Nov/2025:15:40:08 -0600] "GET /readme.html HTTP/1.1" 301 242 "-" "HetrixTools Uptime Monitoring Bot. https://hetrix.tools/uptime-monitoring-bot.html"
66.165.247.154 - - [14/Nov/2025:15:40:18 -0600] "GET /readme.html HTTP/1.1" 301 242 "-" "HetrixTools Uptime Monitoring Bot. https://hetrix.tools/uptime-monitoring-bot.html"
185.174.110.102 - - [14/Nov/2025:15:40:25 -0600] "GET /readme.html HTTP/1.1" 301 242 "-" "HetrixTools Uptime Monitoring Bot. https://hetrix.tools/uptime-monitoring-bot.html"
46.148.206.226 - - [14/Nov/2025:15:49:25 -0600] "GET /contacts/ HTTP/1.0" 301 240 "http://nassaugolf.com/contacts/" "Mozilla/5.0 (Windows NT 10.0; Win64; x64) AppleWebKit/537.36 (KHTML, like Gecko) Chrome/131.0.0.0 Safari/537.36"
104.237.139.48 - - [14/Nov/2025:15:50:05 -0600] "GET /readme.html HTTP/1.1" 301 242 "-" "HetrixTools Uptime Monitoring Bot. https://hetrix.tools/uptime-monitoring-bot.html"
23.106.61.94 - - [14/Nov/2025:15:50:09 -0600] "GET /readme.html HTTP/1.1" 301 242 "-" "HetrixTools Uptime Monitoring Bot. https://hetrix.tools/uptime-monitoring-bot.html"
209.222.107.178 - - [14/Nov/2025:15:50:20 -0600] "GET /readme.html HTTP/1.1" 301 242 "-" "HetrixTools Uptime Monitoring Bot. https://hetrix.tools/uptime-monitoring-bot.html"
66.165.225.34 - - [14/Nov/2025:15:50:25 -0600] "GET /readme.html HTTP/1.1" 301 242 "-" "HetrixTools Uptime Monitoring Bot. https://hetrix.tools/uptime-monitoring-bot.html"
66.249.66.70 - - [14/Nov/2025:15:51:25 -0600] "GET /robots.txt HTTP/1.1" 301 241 "-" "Mozilla/5.0 (compatible; Googlebot/2.1; +http://www.google.com/bot.html)"
66.249.66.9 - - [14/Nov/2025:15:51:26 -0600] "GET / HTTP/1.1" 301 231 "-" "Mozilla/5.0 (compatible; Googlebot/2.1; +http://www.google.com/bot.html)"
138.197.17.201 - - [14/Nov/2025:16:00:09 -0600] "GET /readme.html HTTP/1.1" 301 242 "-" "HetrixTools Uptime Monitoring Bot. https://hetrix.tools/uptime-monitoring-bot.html"
2.56.188.250 - - [14/Nov/2025:16:00:11 -0600] "GET /readme.html HTTP/1.1" 301 242 "-" "HetrixTools Uptime Monitoring Bot. https://hetrix.tools/uptime-monitoring-bot.html"
159.89.159.134 - - [14/Nov/2025:16:00:14 -0600] "GET /readme.html HTTP/1.1" 301 242 "-" "HetrixTools Uptime Monitoring Bot. https://hetrix.tools/uptime-monitoring-bot.html"
94.72.181.90 - - [14/Nov/2025:16:00:23 -0600] "GET /readme.html HTTP/1.1" 301 242 "-" "HetrixTools Uptime Monitoring Bot. https://hetrix.tools/uptime-monitoring-bot.html"
45.89.70.31 - - [14/Nov/2025:16:01:55 -0600] "GET / HTTP/1.0" 301 231 "http://nassaugolf.com/" "Mozilla/5.0 (Windows NT 10.0; Win64; x64) AppleWebKit/537.36 (KHTML, like Gecko) Chrome/131.0.0.0 Safari/537.36 Avast/131.0.0.0"
208.71.173.232 - - [14/Nov/2025:16:09:05 -0600] "GET /.well-known/acme-challenge/QTY--TDVUI-E1PIYEN6QQQN6V8J018DQ HTTP/1.1" 404 - "-" "Cpanel-HTTP-Client/1.0"
208.71.173.232 - - [14/Nov/2025:16:09:05 -0600] "GET /.well-known/acme-challenge/PVGREGKZU08-XRW366TM0JLYU2XM4WWS HTTP/1.1" 404 - "-" "Cpanel-HTTP-Client/1.0"
208.71.173.232 - - [14/Nov/2025:16:09:05 -0600] "GET /.well-known/acme-challenge/2SHJ7X5_1O7BVPKZXV5UZJJY3-HUF08X HTTP/1.1" 404 - "-" "Cpanel-HTTP-Client/1.0"
2.56.188.250 - - [14/Nov/2025:16:10:02 -0600] "GET /readme.html HTTP/1.1" 301 242 "-" "HetrixTools Uptime Monitoring Bot. https://hetrix.tools/uptime-monitoring-bot.html"
172.241.23.225 - - [14/Nov/2025:16:10:03 -0600] "GET /readme.html HTTP/1.1" 301 242 "-" "HetrixTools Uptime Monitoring Bot. https://hetrix.tools/uptime-monitoring-bot.html"
77.247.126.141 - - [14/Nov/2025:16:10:06 -0600] "GET /readme.html HTTP/1.1" 301 242 "-" "HetrixTools Uptime Monitoring Bot. https://hetrix.tools/uptime-monitoring-bot.html"
23.106.61.94 - - [14/Nov/2025:16:10:14 -0600] "GET /readme.html HTTP/1.1" 301 242 "-" "HetrixTools Uptime Monitoring Bot. https://hetrix.tools/uptime-monitoring-bot.html"
94.228.142.110 - - [14/Nov/2025:16:12:36 -0600] "GET / HTTP/1.1" 301 231 "-" "Mozilla/5.0 (Windows NT 10.0; Win64; x64) AppleWebKit/537.36 (KHTML, like Gecko) Chrome/132.0.0.0 Safari/537.36 Edg/132.0.0."
43.166.129.247 - - [14/Nov/2025:16:13:01 -0600] "GET / HTTP/1.1" 301 231 "-" "Mozilla/5.0 (iPhone; CPU iPhone OS 13_2_3 like Mac OS X) AppleWebKit/605.1.15 (KHTML, like Gecko) Version/13.0.3 Mobile/15E148 Safari/604.1"
110.249.201.52 - - [14/Nov/2025:16:18:19 -0600] "GET /robots.txt HTTP/1.1" 301 245 "-" "Mozilla/5.0 (Linux; Android 5.0) AppleWebKit/537.36 (KHTML, like Gecko) Mobile Safari/537.36 (compatible; Bytespider; https://zhanzhang.toutiao.com/)"
47.128.127.204 - - [14/Nov/2025:16:19:17 -0600] "GET /robots.txt HTTP/1.1" 301 245 "-" "Mozilla/5.0 (Linux; Android 5.0) AppleWebKit/537.36 (KHTML, like Gecko) Mobile Safari/537.36 (compatible; Bytespider; spider-feedback@bytedance.com)"
96.126.106.201 - - [14/Nov/2025:16:20:12 -0600] "GET /readme.html HTTP/1.1" 301 242 "-" "HetrixTools Uptime Monitoring Bot. https://hetrix.tools/uptime-monitoring-bot.html"
104.237.139.48 - - [14/Nov/2025:16:20:14 -0600] "GET /readme.html HTTP/1.1" 301 242 "-" "HetrixTools Uptime Monitoring Bot. https://hetrix.tools/uptime-monitoring-bot.html"
77.247.126.141 - - [14/Nov/2025:16:20:19 -0600] "GET /readme.html HTTP/1.1" 301 242 "-" "HetrixTools Uptime Monitoring Bot. https://hetrix.tools/uptime-monitoring-bot.html"
23.106.61.94 - - [14/Nov/2025:16:20:19 -0600] "GET /readme.html HTTP/1.1" 301 242 "-" "HetrixTools Uptime Monitoring Bot. https://hetrix.tools/uptime-monitoring-bot.html"
96.126.106.201 - - [14/Nov/2025:16:30:02 -0600] "GET /readme.html HTTP/1.1" 301 242 "-" "HetrixTools Uptime Monitoring Bot. https://hetrix.tools/uptime-monitoring-bot.html"
159.89.159.134 - - [14/Nov/2025:16:30:05 -0600] "GET /readme.html HTTP/1.1" 301 242 "-" "HetrixTools Uptime Monitoring Bot. https://hetrix.tools/uptime-monitoring-bot.html"
104.237.139.48 - - [14/Nov/2025:16:30:09 -0600] "GET /readme.html HTTP/1.1" 301 242 "-" "HetrixTools Uptime Monitoring Bot. https://hetrix.tools/uptime-monitoring-bot.html"
185.38.148.144 - - [14/Nov/2025:16:30:15 -0600] "GET /readme.html HTTP/1.1" 301 242 "-" "HetrixTools Uptime Monitoring Bot. https://hetrix.tools/uptime-monitoring-bot.html"
138.197.17.201 - - [14/Nov/2025:16:40:12 -0600] "GET /readme.html HTTP/1.1" 301 242 "-" "HetrixTools Uptime Monitoring Bot. https://hetrix.tools/uptime-monitoring-bot.html"
51.89.144.57 - - [14/Nov/2025:16:40:19 -0600] "GET /readme.html HTTP/1.1" 301 242 "-" "HetrixTools Uptime Monitoring Bot. https://hetrix.tools/uptime-monitoring-bot.html"
66.165.225.34 - - [14/Nov/2025:16:40:21 -0600] "GET /readme.html HTTP/1.1" 301 242 "-" "HetrixTools Uptime Monitoring Bot. https://hetrix.tools/uptime-monitoring-bot.html"
104.237.139.48 - - [14/Nov/2025:16:40:26 -0600] "GET /readme.html HTTP/1.1" 301 242 "-" "HetrixTools Uptime Monitoring Bot. https://hetrix.tools/uptime-monitoring-bot.html"
176.37.78.37 - - [14/Nov/2025:16:41:22 -0600] "GET /contacts/ HTTP/1.0" 301 240 "http://nassaugolf.com/contacts/" "Mozilla/5.0 (Windows NT 6.2; Win64; x64) AppleWebKit/537.36 (KHTML, like Gecko) Chrome/103.0.0.0 Safari/537.36"
77.247.126.141 - - [14/Nov/2025:16:50:02 -0600] "GET /readme.html HTTP/1.1" 301 242 "-" "HetrixTools Uptime Monitoring Bot. https://hetrix.tools/uptime-monitoring-bot.html"
2.56.188.250 - - [14/Nov/2025:16:50:13 -0600] "GET /readme.html HTTP/1.1" 301 242 "-" "HetrixTools Uptime Monitoring Bot. https://hetrix.tools/uptime-monitoring-bot.html"
94.72.181.90 - - [14/Nov/2025:16:50:19 -0600] "GET /readme.html HTTP/1.1" 301 242 "-" "HetrixTools Uptime Monitoring Bot. https://hetrix.tools/uptime-monitoring-bot.html"
149.28.50.248 - - [14/Nov/2025:16:50:20 -0600] "GET /readme.html HTTP/1.1" 301 242 "-" "HetrixTools Uptime Monitoring Bot. https://hetrix.tools/uptime-monitoring-bot.html"
96.126.106.201 - - [14/Nov/2025:17:00:03 -0600] "GET /readme.html HTTP/1.1" 301 242 "-" "HetrixTools Uptime Monitoring Bot. https://hetrix.tools/uptime-monitoring-bot.html"
185.38.148.144 - - [14/Nov/2025:17:00:05 -0600] "GET /readme.html HTTP/1.1" 301 242 "-" "HetrixTools Uptime Monitoring Bot. https://hetrix.tools/uptime-monitoring-bot.html"
104.237.139.48 - - [14/Nov/2025:17:00:10 -0600] "GET /readme.html HTTP/1.1" 301 242 "-" "HetrixTools Uptime Monitoring Bot. https://hetrix.tools/uptime-monitoring-bot.html"
77.247.126.141 - - [14/Nov/2025:17:00:16 -0600] "GET /readme.html HTTP/1.1" 301 242 "-" "HetrixTools Uptime Monitoring Bot. https://hetrix.tools/uptime-monitoring-bot.html"
95.179.193.59 - - [14/Nov/2025:17:10:10 -0600] "GET /readme.html HTTP/1.1" 301 242 "-" "HetrixTools Uptime Monitoring Bot. https://hetrix.tools/uptime-monitoring-bot.html"
172.241.23.225 - - [14/Nov/2025:17:10:14 -0600] "GET /readme.html HTTP/1.1" 301 242 "-" "HetrixTools Uptime Monitoring Bot. https://hetrix.tools/uptime-monitoring-bot.html"
2.56.188.250 - - [14/Nov/2025:17:10:14 -0600] "GET /readme.html HTTP/1.1" 301 242 "-" "HetrixTools Uptime Monitoring Bot. https://hetrix.tools/uptime-monitoring-bot.html"
66.165.225.34 - - [14/Nov/2025:17:10:17 -0600] "GET /readme.html HTTP/1.1" 301 242 "-" "HetrixTools Uptime Monitoring Bot. https://hetrix.tools/uptime-monitoring-bot.html"
2.56.188.250 - - [14/Nov/2025:17:20:02 -0600] "GET /readme.html HTTP/1.1" 301 242 "-" "HetrixTools Uptime Monitoring Bot. https://hetrix.tools/uptime-monitoring-bot.html"
159.89.159.134 - - [14/Nov/2025:17:20:09 -0600] "GET /readme.html HTTP/1.1" 301 242 "-" "HetrixTools Uptime Monitoring Bot. https://hetrix.tools/uptime-monitoring-bot.html"
185.174.110.102 - - [14/Nov/2025:17:20:15 -0600] "GET /readme.html HTTP/1.1" 301 242 "-" "HetrixTools Uptime Monitoring Bot. https://hetrix.tools/uptime-monitoring-bot.html"
172.241.23.225 - - [14/Nov/2025:17:20:20 -0600] "GET /readme.html HTTP/1.1" 301 242 "-" "HetrixTools Uptime Monitoring Bot. https://hetrix.tools/uptime-monitoring-bot.html"
114.119.145.212 - - [14/Nov/2025:17:22:11 -0600] "GET / HTTP/1.1" 301 235 "https://www.sitelike.org/similar/nassaugolf.se/" "Mozilla/5.0 (Linux; Android 7.0;) AppleWebKit/537.36 (KHTML, like Gecko) Mobile Safari/537.36 (compatible; PetalBot;+https://webmaster.petalsearch.com/site/petalbot)"
1.169.124.21 - - [14/Nov/2025:17:25:19 -0600] "GET /contacts/ HTTP/1.0" 301 240 "http://nassaugolf.com/contacts/" "Mozilla/5.0 (Windows NT 10.0; Win64; x64) AppleWebKit/537.36 (KHTML, like Gecko) Chrome/103.0.0.0 Safari/537.36 Herring/95.1.8810.11"
1.169.124.21 - - [14/Nov/2025:17:25:20 -0600] "GET /contacts/ HTTP/1.0" 301 240 "http://nassaugolf.com/contacts/" "Mozilla/5.0 (Windows NT 6.3; Win64; x64) AppleWebKit/537.36 (KHTML, like Gecko) Chrome/103.0.0.0 Safari/537.36"
124.156.157.91 - - [14/Nov/2025:17:28:06 -0600] "GET / HTTP/1.1" 301 235 "-" "Mozilla/5.0 (iPhone; CPU iPhone OS 13_2_3 like Mac OS X) AppleWebKit/605.1.15 (KHTML, like Gecko) Version/13.0.3 Mobile/15E148 Safari/604.1"
23.227.169.50 - - [14/Nov/2025:17:30:14 -0600] "GET /readme.html HTTP/1.1" 301 242 "-" "HetrixTools Uptime Monitoring Bot. https://hetrix.tools/uptime-monitoring-bot.html"
159.89.159.134 - - [14/Nov/2025:17:30:17 -0600] "GET /readme.html HTTP/1.1" 301 242 "-" "HetrixTools Uptime Monitoring Bot. https://hetrix.tools/uptime-monitoring-bot.html"
185.174.110.102 - - [14/Nov/2025:17:30:24 -0600] "GET /readme.html HTTP/1.1" 301 242 "-" "HetrixTools Uptime Monitoring Bot. https://hetrix.tools/uptime-monitoring-bot.html"
66.165.247.154 - - [14/Nov/2025:17:30:25 -0600] "GET /readme.html HTTP/1.1" 301 242 "-" "HetrixTools Uptime Monitoring Bot. https://hetrix.tools/uptime-monitoring-bot.html"
149.28.50.248 - - [14/Nov/2025:17:40:05 -0600] "GET /readme.html HTTP/1.1" 301 242 "-" "HetrixTools Uptime Monitoring Bot. https://hetrix.tools/uptime-monitoring-bot.html"
2.56.188.250 - - [14/Nov/2025:17:40:11 -0600] "GET /readme.html HTTP/1.1" 301 242 "-" "HetrixTools Uptime Monitoring Bot. https://hetrix.tools/uptime-monitoring-bot.html"
103.50.32.15 - - [14/Nov/2025:17:40:21 -0600] "GET /readme.html HTTP/1.1" 301 242 "-" "HetrixTools Uptime Monitoring Bot. https://hetrix.tools/uptime-monitoring-bot.html"
159.89.159.134 - - [14/Nov/2025:17:40:22 -0600] "GET /readme.html HTTP/1.1" 301 242 "-" "HetrixTools Uptime Monitoring Bot. https://hetrix.tools/uptime-monitoring-bot.html"
114.119.145.212 - - [14/Nov/2025:17:47:54 -0600] "GET /cbi.html HTTP/1.1" 301 243 "https://www.mondaq.com/unitedstates/sport/326782/three-point-shot--june-2014" "Mozilla/5.0 (Linux; Android 7.0;) AppleWebKit/537.36 (KHTML, like Gecko) Mobile Safari/537.36 (compatible; PetalBot;+https://webmaster.petalsearch.com/site/petalbot)"
216.244.66.197 - - [14/Nov/2025:17:48:02 -0600] "GET /robots.txt HTTP/1.1" 301 241 "-" "Mozilla/5.0 (compatible; DotBot/1.2; +https://opensiteexplorer.org/dotbot; help@moz.com)"
23.227.169.50 - - [14/Nov/2025:17:50:04 -0600] "GET /readme.html HTTP/1.1" 301 242 "-" "HetrixTools Uptime Monitoring Bot. https://hetrix.tools/uptime-monitoring-bot.html"
172.241.23.225 - - [14/Nov/2025:17:50:12 -0600] "GET /readme.html HTTP/1.1" 301 242 "-" "HetrixTools Uptime Monitoring Bot. https://hetrix.tools/uptime-monitoring-bot.html"
23.106.61.94 - - [14/Nov/2025:17:50:18 -0600] "GET /readme.html HTTP/1.1" 301 242 "-" "HetrixTools Uptime Monitoring Bot. https://hetrix.tools/uptime-monitoring-bot.html"
159.89.159.134 - - [14/Nov/2025:17:50:19 -0600] "GET /readme.html HTTP/1.1" 301 242 "-" "HetrixTools Uptime Monitoring Bot. https://hetrix.tools/uptime-monitoring-bot.html"
51.89.144.57 - - [14/Nov/2025:18:00:03 -0600] "GET /readme.html HTTP/1.1" 301 242 "-" "HetrixTools Uptime Monitoring Bot. https://hetrix.tools/uptime-monitoring-bot.html"
104.237.139.48 - - [14/Nov/2025:18:00:07 -0600] "GET /readme.html HTTP/1.1" 301 242 "-" "HetrixTools Uptime Monitoring Bot. https://hetrix.tools/uptime-monitoring-bot.html"
149.28.50.248 - - [14/Nov/2025:18:00:10 -0600] "GET /readme.html HTTP/1.1" 301 242 "-" "HetrixTools Uptime Monitoring Bot. https://hetrix.tools/uptime-monitoring-bot.html"
23.239.7.4 - - [14/Nov/2025:18:00:12 -0600] "GET /readme.html HTTP/1.1" 301 242 "-" "HetrixTools Uptime Monitoring Bot. https://hetrix.tools/uptime-monitoring-bot.html"
185.38.148.144 - - [14/Nov/2025:18:10:03 -0600] "GET /readme.html HTTP/1.1" 301 242 "-" "HetrixTools Uptime Monitoring Bot. https://hetrix.tools/uptime-monitoring-bot.html"
45.32.204.172 - - [14/Nov/2025:18:10:03 -0600] "GET /readme.html HTTP/1.1" 301 242 "-" "HetrixTools Uptime Monitoring Bot. https://hetrix.tools/uptime-monitoring-bot.html"
77.247.126.141 - - [14/Nov/2025:18:10:10 -0600] "GET /readme.html HTTP/1.1" 301 242 "-" "HetrixTools Uptime Monitoring Bot. https://hetrix.tools/uptime-monitoring-bot.html"
172.241.23.225 - - [14/Nov/2025:18:10:13 -0600] "GET /readme.html HTTP/1.1" 301 242 "-" "HetrixTools Uptime Monitoring Bot. https://hetrix.tools/uptime-monitoring-bot.html"
185.176.220.76 - - [14/Nov/2025:18:15:13 -0600] "HEAD / HTTP/1.1" 301 - "http://nassaugolf.com" "Mozilla/5.0 (Windows NT 10.0; Win64; x64) AppleWebKit/537.36 (KHTML, like Gecko) Chrome/100.0.4896.127 Safari/537.36"
23.106.61.94 - - [14/Nov/2025:18:20:03 -0600] "GET /readme.html HTTP/1.1" 301 242 "-" "HetrixTools Uptime Monitoring Bot. https://hetrix.tools/uptime-monitoring-bot.html"
149.28.50.248 - - [14/Nov/2025:18:20:03 -0600] "GET /readme.html HTTP/1.1" 301 242 "-" "HetrixTools Uptime Monitoring Bot. https://hetrix.tools/uptime-monitoring-bot.html"
77.247.126.141 - - [14/Nov/2025:18:20:04 -0600] "GET /readme.html HTTP/1.1" 301 242 "-" "HetrixTools Uptime Monitoring Bot. https://hetrix.tools/uptime-monitoring-bot.html"
104.237.139.48 - - [14/Nov/2025:18:20:25 -0600] "GET /readme.html HTTP/1.1" 301 242 "-" "HetrixTools Uptime Monitoring Bot. https://hetrix.tools/uptime-monitoring-bot.html"
23.106.61.94 - - [14/Nov/2025:18:30:17 -0600] "GET /readme.html HTTP/1.1" 301 242 "-" "HetrixTools Uptime Monitoring Bot. https://hetrix.tools/uptime-monitoring-bot.html"
104.237.139.48 - - [14/Nov/2025:18:30:18 -0600] "GET /readme.html HTTP/1.1" 301 242 "-" "HetrixTools Uptime Monitoring Bot. https://hetrix.tools/uptime-monitoring-bot.html"
77.247.126.141 - - [14/Nov/2025:18:30:20 -0600] "GET /readme.html HTTP/1.1" 301 242 "-" "HetrixTools Uptime Monitoring Bot. https://hetrix.tools/uptime-monitoring-bot.html"
66.165.247.154 - - [14/Nov/2025:18:30:22 -0600] "GET /readme.html HTTP/1.1" 301 242 "-" "HetrixTools Uptime Monitoring Bot. https://hetrix.tools/uptime-monitoring-bot.html"
44.247.74.73 - - [14/Nov/2025:18:30:40 -0600] "GET / HTTP/1.1" 301 231 "-" "Mozilla/5.0 (Windows NT 10.0; Win64; x64) AppleWebKit/537.36 (KHTML, like Gecko) Chrome/113.0.0.0 Safari/537.36"
112.86.225.161 - - [14/Nov/2025:18:34:04 -0600] "GET / HTTP/1.1" 301 231 "-" "Sogou web spider/4.0(+http://www.sogou.com/docs/help/webmasters.htm#07)"
112.86.225.126 - - [14/Nov/2025:18:34:05 -0600] "GET /robots.txt HTTP/1.1" 301 241 "-" "Sogou web spider/4.0(+http://www.sogou.com/docs/help/webmasters.htm#07)"
136.111.89.114 - - [14/Nov/2025:18:38:56 -0600] "GET /robots.txt HTTP/1.1" 301 241 "-" "Mozilla/5.0 (Macintosh; Intel Mac OS X 13_0) AppleWebKit/537.36 (KHTML, like Gecko) Chrome/107.0.0.0 Safari/537.36"
72.1.241.177 - - [14/Nov/2025:18:39:02 -0600] "GET /.well-known/acme-challenge/VVFLKNNVGXB6T_MNIFBFJ5MDZOUCT0W- HTTP/1.1" 200 64 "-" "Cpanel-HTTP-Client/1.0"
72.1.241.177 - - [14/Nov/2025:18:39:02 -0600] "GET /.well-known/acme-challenge/7G853K6PCAW4PRTU-JU065CL16ZG17_- HTTP/1.1" 200 64 "-" "Cpanel-HTTP-Client/1.0"
72.1.241.177 - - [14/Nov/2025:18:39:02 -0600] "GET /.well-known/acme-challenge/-G3KY_UGCTVQBV8CC2N-8NA59XX1CI8X HTTP/1.1" 200 64 "-" "Cpanel-HTTP-Client/1.0"
136.111.89.114 - - [14/Nov/2025:18:39:06 -0600] "GET /sitemap.xml HTTP/1.1" 301 242 "-" "Mozilla/5.0 (Macintosh; Intel Mac OS X 13_0) AppleWebKit/537.36 (KHTML, like Gecko) Chrome/107.0.0.0 Safari/537.36"
103.50.32.15 - - [14/Nov/2025:18:40:07 -0600] "GET /readme.html HTTP/1.1" 301 242 "-" "HetrixTools Uptime Monitoring Bot. https://hetrix.tools/uptime-monitoring-bot.html"
45.32.204.172 - - [14/Nov/2025:18:40:14 -0600] "GET /readme.html HTTP/1.1" 301 242 "-" "HetrixTools Uptime Monitoring Bot. https://hetrix.tools/uptime-monitoring-bot.html"
138.197.17.201 - - [14/Nov/2025:18:40:14 -0600] "GET /readme.html HTTP/1.1" 301 242 "-" "HetrixTools Uptime Monitoring Bot. https://hetrix.tools/uptime-monitoring-bot.html"
66.165.225.34 - - [14/Nov/2025:18:40:16 -0600] "GET /readme.html HTTP/1.1" 301 242 "-" "HetrixTools Uptime Monitoring Bot. https://hetrix.tools/uptime-monitoring-bot.html"
66.249.79.173 - - [14/Nov/2025:18:42:27 -0600] "GET /comments/feed/ HTTP/1.1" 301 249 "-" "Mozilla/5.0 (Linux; Android 6.0.1; Nexus 5X Build/MMB29P) AppleWebKit/537.36 (KHTML, like Gecko) Chrome/141.0.7390.122 Mobile Safari/537.36 (compatible; Googlebot/2.1; +http://www.google.com/bot.html)"
74.7.227.233 - - [14/Nov/2025:18:46:42 -0600] "GET / HTTP/1.1" 301 235 "-" "Mozilla/5.0 AppleWebKit/537.36 (KHTML, like Gecko; compatible; GPTBot/1.3; +https://openai.com/gptbot)"
198.135.49.154 - - [14/Nov/2025:18:48:25 -0600] "GET / HTTP/1.1" 301 236 "-" "Mozilla/5.0 (Windows NT 10.0; Win64; x64) AppleWebKit/537.36 (KHTML, like Gecko.Google.Yahoo) Chrome/129.0.0.0 Safari/537.36"
4.206.94.204 - - [14/Nov/2025:18:48:57 -0600] "GET /aa.php HTTP/1.1" 301 237 "-" "-"
4.206.94.204 - - [14/Nov/2025:18:48:59 -0600] "GET /abcd.php HTTP/1.1" 301 239 "-" "-"
4.206.94.204 - - [14/Nov/2025:18:49:01 -0600] "GET /admin.php HTTP/1.1" 301 240 "-" "-"
4.206.94.204 - - [14/Nov/2025:18:49:02 -0600] "GET /cgi-bin/ HTTP/1.1" 301 239 "-" "-"
4.206.94.204 - - [14/Nov/2025:18:49:03 -0600] "GET /edit.php HTTP/1.1" 301 239 "-" "-"
4.206.94.204 - - [14/Nov/2025:18:49:04 -0600] "GET /file.php HTTP/1.1" 301 239 "-" "-"
4.206.94.204 - - [14/Nov/2025:18:49:05 -0600] "GET /flower.php HTTP/1.1" 301 241 "-" "-"
4.206.94.204 - - [14/Nov/2025:18:49:06 -0600] "GET /images/index.php HTTP/1.1" 301 247 "-" "-"
4.206.94.204 - - [14/Nov/2025:18:49:07 -0600] "GET /info.php HTTP/1.1" 301 239 "-" "-"
4.206.94.204 - - [14/Nov/2025:18:49:08 -0600] "GET /NewFile.php HTTP/1.1" 301 242 "-" "-"
4.206.94.204 - - [14/Nov/2025:18:49:09 -0600] "GET /alfa.php HTTP/1.1" 301 239 "-" "-"
4.206.94.204 - - [14/Nov/2025:18:49:10 -0600] "GET /ioxi-o.php HTTP/1.1" 301 241 "-" "-"
4.206.94.204 - - [14/Nov/2025:18:49:12 -0600] "GET /nc4.php HTTP/1.1" 301 238 "-" "-"
4.206.94.204 - - [14/Nov/2025:18:49:13 -0600] "GET /13.php HTTP/1.1" 301 237 "-" "-"
4.206.94.204 - - [14/Nov/2025:18:49:14 -0600] "GET /kk.php HTTP/1.1" 301 237 "-" "-"
4.206.94.204 - - [14/Nov/2025:18:49:15 -0600] "GET /jp.php HTTP/1.1" 301 237 "-" "-"
4.206.94.204 - - [14/Nov/2025:18:49:16 -0600] "GET /403.php HTTP/1.1" 301 238 "-" "-"
4.206.94.204 - - [14/Nov/2025:18:49:17 -0600] "GET /ds.php HTTP/1.1" 301 237 "-" "-"
4.206.94.204 - - [14/Nov/2025:18:49:18 -0600] "GET /xmrlpc.php HTTP/1.1" 301 241 "-" "-"
4.206.94.204 - - [14/Nov/2025:18:49:19 -0600] "GET /about.php HTTP/1.1" 301 240 "-" "-"
4.206.94.204 - - [14/Nov/2025:18:49:20 -0600] "GET /adminfuns.php HTTP/1.1" 301 244 "-" "-"
4.206.94.204 - - [14/Nov/2025:18:49:21 -0600] "GET /asasx.php HTTP/1.1" 301 240 "-" "-"
4.206.94.204 - - [14/Nov/2025:18:49:23 -0600] "GET /autoload_classmap.php HTTP/1.1" 301 252 "-" "-"
4.206.94.204 - - [14/Nov/2025:18:49:24 -0600] "GET /classwithtostring.php HTTP/1.1" 301 252 "-" "-"
4.206.94.204 - - [14/Nov/2025:18:49:25 -0600] "GET /cong.php HTTP/1.1" 301 239 "-" "-"
4.206.94.204 - - [14/Nov/2025:18:49:26 -0600] "GET /file2.php HTTP/1.1" 301 240 "-" "-"
4.206.94.204 - - [14/Nov/2025:18:49:27 -0600] "GET /moon.php HTTP/1.1" 301 239 "-" "-"
4.206.94.204 - - [14/Nov/2025:18:49:28 -0600] "GET /cache.php HTTP/1.1" 301 240 "-" "-"
4.206.94.204 - - [14/Nov/2025:18:49:29 -0600] "GET /axx.php HTTP/1.1" 301 238 "-" "-"
4.206.94.204 - - [14/Nov/2025:18:49:30 -0600] "GET /xleet.php HTTP/1.1" 301 240 "-" "-"
4.206.94.204 - - [14/Nov/2025:18:49:31 -0600] "GET /cgi-bin/xmrlpc.php HTTP/1.1" 301 249 "-" "-"
66.165.225.34 - - [14/Nov/2025:18:50:09 -0600] "GET /readme.html HTTP/1.1" 301 242 "-" "HetrixTools Uptime Monitoring Bot. https://hetrix.tools/uptime-monitoring-bot.html"
2.56.188.250 - - [14/Nov/2025:18:50:10 -0600] "GET /readme.html HTTP/1.1" 301 242 "-" "HetrixTools Uptime Monitoring Bot. https://hetrix.tools/uptime-monitoring-bot.html"
96.126.106.201 - - [14/Nov/2025:18:50:23 -0600] "GET /readme.html HTTP/1.1" 301 242 "-" "HetrixTools Uptime Monitoring Bot. https://hetrix.tools/uptime-monitoring-bot.html"
185.38.148.144 - - [14/Nov/2025:18:50:25 -0600] "GET /readme.html HTTP/1.1" 301 242 "-" "HetrixTools Uptime Monitoring Bot. https://hetrix.tools/uptime-monitoring-bot.html"
44.193.254.10 - - [14/Nov/2025:18:57:54 -0600] "GET / HTTP/1.1" 301 235 "-" "Mozilla/5.0 (Macintosh; Intel Mac OS X 10_15_7) AppleWebKit/537.36 (KHTML, like Gecko) Chrome/136.0.0.0 Safari/537.36"
172.241.23.225 - - [14/Nov/2025:19:00:18 -0600] "GET /readme.html HTTP/1.1" 301 242 "-" "HetrixTools Uptime Monitoring Bot. https://hetrix.tools/uptime-monitoring-bot.html"
159.89.159.134 - - [14/Nov/2025:19:00:18 -0600] "GET /readme.html HTTP/1.1" 301 242 "-" "HetrixTools Uptime Monitoring Bot. https://hetrix.tools/uptime-monitoring-bot.html"
51.195.149.151 - - [14/Nov/2025:19:00:18 -0600] "GET /readme.html HTTP/1.1" 301 242 "-" "HetrixTools Uptime Monitoring Bot. https://hetrix.tools/uptime-monitoring-bot.html"
23.227.169.50 - - [14/Nov/2025:19:00:26 -0600] "GET /readme.html HTTP/1.1" 301 242 "-" "HetrixTools Uptime Monitoring Bot. https://hetrix.tools/uptime-monitoring-bot.html"
4.205.179.237 - - [14/Nov/2025:19:01:46 -0600] "GET /wp-includes/Text/network.php HTTP/1.1" 301 259 "-" "-"
4.205.179.237 - - [14/Nov/2025:19:01:47 -0600] "GET /wp-content/upgrade-temp-backup/wp-login.php HTTP/1.1" 301 274 "-" "-"
4.205.179.237 - - [14/Nov/2025:19:01:49 -0600] "GET /js/fm.php HTTP/1.1" 301 240 "-" "-"
4.205.179.237 - - [14/Nov/2025:19:01:50 -0600] "GET /wp-content/themes/astra/inc/ki1k.php HTTP/1.1" 301 267 "-" "-"
4.205.179.237 - - [14/Nov/2025:19:01:51 -0600] "GET /WordPress/wp-admin/includes/zmFM.php HTTP/1.1" 301 267 "-" "-"
4.205.179.237 - - [14/Nov/2025:19:01:52 -0600] "GET /default.php HTTP/1.1" 301 242 "-" "-"
4.205.179.237 - - [14/Nov/2025:19:01:53 -0600] "GET /ty.php HTTP/1.1" 301 237 "-" "-"
4.205.179.237 - - [14/Nov/2025:19:01:54 -0600] "GET /wp-content/themes/cay-van-phong/filemanager.php HTTP/1.1" 301 278 "-" "-"
4.205.179.237 - - [14/Nov/2025:19:01:55 -0600] "GET /fm.php HTTP/1.1" 301 237 "-" "-"
4.205.179.237 - - [14/Nov/2025:19:01:56 -0600] "GET /wp-content/plugins/seoplugins/index.php HTTP/1.1" 301 270 "-" "-"
4.205.179.237 - - [14/Nov/2025:19:01:57 -0600] "GET /ini.php HTTP/1.1" 301 238 "-" "-"
4.205.179.237 - - [14/Nov/2025:19:01:58 -0600] "GET /libraries/legacy/info.php HTTP/1.1" 301 256 "-" "-"
4.205.179.237 - - [14/Nov/2025:19:01:59 -0600] "GET /wp-content/themes/include.php HTTP/1.1" 301 260 "-" "-"
4.205.179.237 - - [14/Nov/2025:19:02:01 -0600] "GET /wp-admin/network/about.php HTTP/1.1" 301 257 "-" "-"
4.205.179.237 - - [14/Nov/2025:19:02:02 -0600] "GET /alfa.php HTTP/1.1" 301 239 "-" "-"
4.205.179.237 - - [14/Nov/2025:19:02:03 -0600] "GET /wp-mail.php/wp-includes/ID3/rk2.php HTTP/1.1" 301 266 "-" "-"
4.205.179.237 - - [14/Nov/2025:19:02:04 -0600] "GET /assets/images/28c5400b0b.php HTTP/1.1" 301 259 "-" "-"
4.205.179.237 - - [14/Nov/2025:19:02:05 -0600] "GET /wordpress/wp-includes/wp-config-sample.php HTTP/1.1" 301 273 "-" "-"
4.205.179.237 - - [14/Nov/2025:19:02:06 -0600] "GET /wp-mail.php/wp-includes/ID3/.info.php HTTP/1.1" 301 268 "-" "-"
4.205.179.237 - - [14/Nov/2025:19:02:07 -0600] "GET /wp-includes/Text/Diff/Engine/about.php HTTP/1.1" 301 269 "-" "-"
4.205.179.237 - - [14/Nov/2025:19:02:08 -0600] "GET /wp-includes/js/tinymce/skins/lightgray/img/about.php HTTP/1.1" 301 283 "-" "-"
4.205.179.237 - - [14/Nov/2025:19:02:09 -0600] "GET /wp-includes/block-supports/autoload_classmap.php HTTP/1.1" 301 279 "-" "-"
4.205.179.237 - - [14/Nov/2025:19:02:10 -0600] "GET /wp-content/uploads/classwithtostring.php HTTP/1.1" 301 271 "-" "-"
4.205.179.237 - - [14/Nov/2025:19:02:11 -0600] "GET /wp-admin/images/install.php HTTP/1.1" 301 258 "-" "-"
4.205.179.237 - - [14/Nov/2025:19:02:12 -0600] "GET /.well-known/link.php HTTP/1.1" 301 251 "-" "-"
4.205.179.237 - - [14/Nov/2025:19:02:13 -0600] "GET /wp-admin/chosen.php HTTP/1.1" 301 250 "-" "-"
4.205.179.237 - - [14/Nov/2025:19:02:14 -0600] "GET /info.php HTTP/1.1" 301 239 "-" "-"
4.205.179.237 - - [14/Nov/2025:19:02:15 -0600] "GET /wp-includes/assets/about.php HTTP/1.1" 301 259 "-" "-"
4.205.179.237 - - [14/Nov/2025:19:02:16 -0600] "GET /test.php HTTP/1.1" 301 239 "-" "-"
4.205.179.237 - - [14/Nov/2025:19:02:17 -0600] "GET /wp-admin/css/colors/ectoplasm/wp-login.php HTTP/1.1" 301 273 "-" "-"
4.205.179.237 - - [14/Nov/2025:19:02:18 -0600] "GET /Assets/item.php HTTP/1.1" 301 246 "-" "-"
4.205.179.237 - - [14/Nov/2025:19:02:19 -0600] "GET /shop/lock.php HTTP/1.1" 301 244 "-" "-"
4.205.179.237 - - [14/Nov/2025:19:02:20 -0600] "GET /th/plugins/phpThumb/404.php HTTP/1.1" 301 258 "-" "-"
4.205.179.237 - - [14/Nov/2025:19:02:21 -0600] "GET /wp-includes/css/dist/preferences/index.php HTTP/1.1" 301 273 "-" "-"
4.205.179.237 - - [14/Nov/2025:19:02:22 -0600] "GET /files/log.php HTTP/1.1" 301 244 "-" "-"
4.205.179.237 - - [14/Nov/2025:19:02:24 -0600] "GET /wp-includes/html-api/index.php HTTP/1.1" 301 261 "-" "-"
4.205.179.237 - - [14/Nov/2025:19:02:25 -0600] "GET /x.php HTTP/1.1" 301 236 "-" "-"
4.205.179.237 - - [14/Nov/2025:19:02:26 -0600] "GET /wp-includes/assets/index.php HTTP/1.1" 301 259 "-" "-"
4.205.179.237 - - [14/Nov/2025:19:02:27 -0600] "GET /wp-includes/block-patterns/vuln.php HTTP/1.1" 301 266 "-" "-"
4.205.179.237 - - [14/Nov/2025:19:02:28 -0600] "GET /wp-includes/rest-api/fields/index.php HTTP/1.1" 301 268 "-" "-"
4.205.179.237 - - [14/Nov/2025:19:02:29 -0600] "GET /wp-includes/images/media/wp-login.php HTTP/1.1" 301 268 "-" "-"
4.205.179.237 - - [14/Nov/2025:19:02:30 -0600] "GET /wp-content/uploads/autoload_classmap.php HTTP/1.1" 301 271 "-" "-"
4.205.179.237 - - [14/Nov/2025:19:02:31 -0600] "GET /images/404.php HTTP/1.1" 301 245 "-" "-"
4.205.179.237 - - [14/Nov/2025:19:02:32 -0600] "GET /wp-content/languages/asus.php HTTP/1.1" 301 260 "-" "-"
4.205.179.237 - - [14/Nov/2025:19:02:33 -0600] "GET /admin.php HTTP/1.1" 301 240 "-" "-"
4.205.179.237 - - [14/Nov/2025:19:02:34 -0600] "GET /.well-known/pki-validation/parx.php HTTP/1.1" 404 - "-" "-"
4.205.179.237 - - [14/Nov/2025:19:02:34 -0600] "GET /wp-content/plugins/wp-login.php HTTP/1.1" 301 262 "-" "-"
4.205.179.237 - - [14/Nov/2025:19:02:35 -0600] "GET /12wudscz.php HTTP/1.1" 301 243 "-" "-"
4.205.179.237 - - [14/Nov/2025:19:02:36 -0600] "GET /wp-content/themes/wp-pridmag/admin.php HTTP/1.1" 301 269 "-" "-"
4.205.179.237 - - [14/Nov/2025:19:02:37 -0600] "GET /wp-includes/Text/wp-conflg.php HTTP/1.1" 301 261 "-" "-"
208.71.173.232 - - [14/Nov/2025:19:09:05 -0600] "GET /.well-known/acme-challenge/6YX1T_DHLU3IKVPWP7ZI_1_HHDB2AD7R HTTP/1.1" 404 - "-" "Cpanel-HTTP-Client/1.0"
208.71.173.232 - - [14/Nov/2025:19:09:05 -0600] "GET /.well-known/acme-challenge/VJK72ABHFFZLMEIM4UYFDAWFPUA5B5-- HTTP/1.1" 404 - "-" "Cpanel-HTTP-Client/1.0"
208.71.173.232 - - [14/Nov/2025:19:09:05 -0600] "GET /.well-known/acme-challenge/1CVJ2HKKQ9_-ICTO3WHCNPH4CUK2GW16 HTTP/1.1" 404 - "-" "Cpanel-HTTP-Client/1.0"
172.241.23.225 - - [14/Nov/2025:19:10:11 -0600] "GET /readme.html HTTP/1.1" 301 242 "-" "HetrixTools Uptime Monitoring Bot. https://hetrix.tools/uptime-monitoring-bot.html"
159.89.159.134 - - [14/Nov/2025:19:10:12 -0600] "GET /readme.html HTTP/1.1" 301 242 "-" "HetrixTools Uptime Monitoring Bot. https://hetrix.tools/uptime-monitoring-bot.html"
45.32.204.172 - - [14/Nov/2025:19:10:13 -0600] "GET /readme.html HTTP/1.1" 301 242 "-" "HetrixTools Uptime Monitoring Bot. https://hetrix.tools/uptime-monitoring-bot.html"
94.72.181.90 - - [14/Nov/2025:19:10:15 -0600] "GET /readme.html HTTP/1.1" 301 242 "-" "HetrixTools Uptime Monitoring Bot. https://hetrix.tools/uptime-monitoring-bot.html"
23.106.61.94 - - [14/Nov/2025:19:20:03 -0600] "GET /readme.html HTTP/1.1" 301 242 "-" "HetrixTools Uptime Monitoring Bot. https://hetrix.tools/uptime-monitoring-bot.html"
104.237.139.48 - - [14/Nov/2025:19:20:06 -0600] "GET /readme.html HTTP/1.1" 301 242 "-" "HetrixTools Uptime Monitoring Bot. https://hetrix.tools/uptime-monitoring-bot.html"
172.241.23.225 - - [14/Nov/2025:19:20:18 -0600] "GET /readme.html HTTP/1.1" 301 242 "-" "HetrixTools Uptime Monitoring Bot. https://hetrix.tools/uptime-monitoring-bot.html"
23.239.7.4 - - [14/Nov/2025:19:20:19 -0600] "GET /readme.html HTTP/1.1" 301 242 "-" "HetrixTools Uptime Monitoring Bot. https://hetrix.tools/uptime-monitoring-bot.html"
42.83.147.56 - - [14/Nov/2025:19:21:44 -0600] "GET / HTTP/1.1" 301 231 "-" "Mozilla/5.0 (Windows NT 6.1; Win64; x64) AppleWebKit/537.36 (KHTML, like Gecko)Chrome/74.0.3729.169 Safari/537.36"
2.56.188.250 - - [14/Nov/2025:19:30:03 -0600] "GET /readme.html HTTP/1.1" 301 242 "-" "HetrixTools Uptime Monitoring Bot. https://hetrix.tools/uptime-monitoring-bot.html"
96.126.106.201 - - [14/Nov/2025:19:30:10 -0600] "GET /readme.html HTTP/1.1" 301 242 "-" "HetrixTools Uptime Monitoring Bot. https://hetrix.tools/uptime-monitoring-bot.html"
51.89.144.57 - - [14/Nov/2025:19:30:12 -0600] "GET /readme.html HTTP/1.1" 301 242 "-" "HetrixTools Uptime Monitoring Bot. https://hetrix.tools/uptime-monitoring-bot.html"
77.247.126.141 - - [14/Nov/2025:19:30:20 -0600] "GET /readme.html HTTP/1.1" 301 242 "-" "HetrixTools Uptime Monitoring Bot. https://hetrix.tools/uptime-monitoring-bot.html"
223.109.252.173 - - [14/Nov/2025:19:35:15 -0600] "GET / HTTP/1.1" 301 235 "-" "Sogou web spider/4.0(+http://www.sogou.com/docs/help/webmasters.htm#07)"
2.56.188.250 - - [14/Nov/2025:19:40:06 -0600] "GET /readme.html HTTP/1.1" 301 242 "-" "HetrixTools Uptime Monitoring Bot. https://hetrix.tools/uptime-monitoring-bot.html"
23.239.7.4 - - [14/Nov/2025:19:40:07 -0600] "GET /readme.html HTTP/1.1" 301 242 "-" "HetrixTools Uptime Monitoring Bot. https://hetrix.tools/uptime-monitoring-bot.html"
51.195.149.151 - - [14/Nov/2025:19:40:14 -0600] "GET /readme.html HTTP/1.1" 301 242 "-" "HetrixTools Uptime Monitoring Bot. https://hetrix.tools/uptime-monitoring-bot.html"
66.165.247.154 - - [14/Nov/2025:19:40:19 -0600] "GET /readme.html HTTP/1.1" 301 242 "-" "HetrixTools Uptime Monitoring Bot. https://hetrix.tools/uptime-monitoring-bot.html"
149.28.50.248 - - [14/Nov/2025:19:50:07 -0600] "GET /readme.html HTTP/1.1" 301 242 "-" "HetrixTools Uptime Monitoring Bot. https://hetrix.tools/uptime-monitoring-bot.html"
159.89.159.134 - - [14/Nov/2025:19:50:14 -0600] "GET /readme.html HTTP/1.1" 301 242 "-" "HetrixTools Uptime Monitoring Bot. https://hetrix.tools/uptime-monitoring-bot.html"
185.38.148.144 - - [14/Nov/2025:19:50:15 -0600] "GET /readme.html HTTP/1.1" 301 242 "-" "HetrixTools Uptime Monitoring Bot. https://hetrix.tools/uptime-monitoring-bot.html"
2.56.188.250 - - [14/Nov/2025:19:50:25 -0600] "GET /readme.html HTTP/1.1" 301 242 "-" "HetrixTools Uptime Monitoring Bot. https://hetrix.tools/uptime-monitoring-bot.html"
136.111.89.114 - - [14/Nov/2025:19:54:32 -0600] "GET / HTTP/1.1" 301 231 "-" "Mozilla/5.0 (iPhone; CPU iPhone OS 17_5_1 like Mac OS X) AppleWebKit/605.1.15 (KHTML, like Gecko) Version/17.0 Mobile/15E148 Safari/604.1"
2.56.188.250 - - [14/Nov/2025:20:00:09 -0600] "GET /readme.html HTTP/1.1" 301 242 "-" "HetrixTools Uptime Monitoring Bot. https://hetrix.tools/uptime-monitoring-bot.html"
94.72.181.90 - - [14/Nov/2025:20:00:11 -0600] "GET /readme.html HTTP/1.1" 301 242 "-" "HetrixTools Uptime Monitoring Bot. https://hetrix.tools/uptime-monitoring-bot.html"
172.241.23.225 - - [14/Nov/2025:20:00:13 -0600] "GET /readme.html HTTP/1.1" 301 242 "-" "HetrixTools Uptime Monitoring Bot. https://hetrix.tools/uptime-monitoring-bot.html"
159.89.159.134 - - [14/Nov/2025:20:00:24 -0600] "GET /readme.html HTTP/1.1" 301 242 "-" "HetrixTools Uptime Monitoring Bot. https://hetrix.tools/uptime-monitoring-bot.html"
216.244.66.197 - - [14/Nov/2025:20:00:58 -0600] "GET /robots.txt HTTP/1.1" 301 241 "-" "Mozilla/5.0 (compatible; DotBot/1.2; +https://opensiteexplorer.org/dotbot; help@moz.com)"
103.253.72.85 - - [14/Nov/2025:20:09:34 -0600] "GET /wp-json/wp/v2/posts HTTP/1.1" 301 250 "-" "Mozilla/5.0 (Windows NT 10.0; Win64; x64) AppleWebKit/537.36 (KHTML, like Gecko) Chrome/120.0.0.0 Safari/537.36"
94.72.181.90 - - [14/Nov/2025:20:10:05 -0600] "GET /readme.html HTTP/1.1" 301 242 "-" "HetrixTools Uptime Monitoring Bot. https://hetrix.tools/uptime-monitoring-bot.html"
209.222.107.178 - - [14/Nov/2025:20:10:11 -0600] "GET /readme.html HTTP/1.1" 301 242 "-" "HetrixTools Uptime Monitoring Bot. https://hetrix.tools/uptime-monitoring-bot.html"
104.237.139.48 - - [14/Nov/2025:20:10:11 -0600] "GET /readme.html HTTP/1.1" 301 242 "-" "HetrixTools Uptime Monitoring Bot. https://hetrix.tools/uptime-monitoring-bot.html"
66.165.225.34 - - [14/Nov/2025:20:10:16 -0600] "GET /readme.html HTTP/1.1" 301 242 "-" "HetrixTools Uptime Monitoring Bot. https://hetrix.tools/uptime-monitoring-bot.html"
51.89.144.57 - - [14/Nov/2025:20:20:06 -0600] "GET /readme.html HTTP/1.1" 301 242 "-" "HetrixTools Uptime Monitoring Bot. https://hetrix.tools/uptime-monitoring-bot.html"
209.222.107.178 - - [14/Nov/2025:20:20:17 -0600] "GET /readme.html HTTP/1.1" 301 242 "-" "HetrixTools Uptime Monitoring Bot. https://hetrix.tools/uptime-monitoring-bot.html"
66.165.225.34 - - [14/Nov/2025:20:20:23 -0600] "GET /readme.html HTTP/1.1" 301 242 "-" "HetrixTools Uptime Monitoring Bot. https://hetrix.tools/uptime-monitoring-bot.html"
23.227.169.50 - - [14/Nov/2025:20:20:23 -0600] "GET /readme.html HTTP/1.1" 301 242 "-" "HetrixTools Uptime Monitoring Bot. https://hetrix.tools/uptime-monitoring-bot.html"
104.237.139.48 - - [14/Nov/2025:20:30:01 -0600] "GET /readme.html HTTP/1.1" 301 242 "-" "HetrixTools Uptime Monitoring Bot. https://hetrix.tools/uptime-monitoring-bot.html"
23.239.7.4 - - [14/Nov/2025:20:30:06 -0600] "GET /readme.html HTTP/1.1" 301 242 "-" "HetrixTools Uptime Monitoring Bot. https://hetrix.tools/uptime-monitoring-bot.html"
185.38.148.144 - - [14/Nov/2025:20:30:06 -0600] "GET /readme.html HTTP/1.1" 301 242 "-" "HetrixTools Uptime Monitoring Bot. https://hetrix.tools/uptime-monitoring-bot.html"
96.126.106.201 - - [14/Nov/2025:20:30:25 -0600] "GET /readme.html HTTP/1.1" 301 242 "-" "HetrixTools Uptime Monitoring Bot. https://hetrix.tools/uptime-monitoring-bot.html"
185.27.132.26 - - [14/Nov/2025:20:31:40 -0600] "GET /wp-login.php HTTP/1.1" 301 243 "" "Mozilla/5.0 (Windows NT 10.0; Win64; x64; rv:144.0) Gecko/20100101 Firefox/144.0"
23.247.138.224 - - [14/Nov/2025:20:31:59 -0600] "GET /abcd.php HTTP/1.1" 301 239 "-" "Mozilla/5.0 (Windows NT 10.0; Win64; x64) AppleWebKit/537.36 (KHTML, like Gecko) Chrome/137.0.0.0 Safari/537.36"
149.28.50.248 - - [14/Nov/2025:20:40:03 -0600] "GET /readme.html HTTP/1.1" 301 242 "-" "HetrixTools Uptime Monitoring Bot. https://hetrix.tools/uptime-monitoring-bot.html"
45.32.204.172 - - [14/Nov/2025:20:40:07 -0600] "GET /readme.html HTTP/1.1" 301 242 "-" "HetrixTools Uptime Monitoring Bot. https://hetrix.tools/uptime-monitoring-bot.html"
159.89.159.134 - - [14/Nov/2025:20:40:12 -0600] "GET /readme.html HTTP/1.1" 301 242 "-" "HetrixTools Uptime Monitoring Bot. https://hetrix.tools/uptime-monitoring-bot.html"
94.72.181.90 - - [14/Nov/2025:20:40:18 -0600] "GET /readme.html HTTP/1.1" 301 242 "-" "HetrixTools Uptime Monitoring Bot. https://hetrix.tools/uptime-monitoring-bot.html"
216.244.66.197 - - [14/Nov/2025:20:44:54 -0600] "GET /robots.txt HTTP/1.1" 301 241 "-" "Mozilla/5.0 (compatible; DotBot/1.2; +https://opensiteexplorer.org/dotbot; help@moz.com)"
173.208.148.34 - - [14/Nov/2025:20:46:13 -0600] "GET /index.php?params=1 HTTP/1.1" 301 249 "-" "Mozilla/5.0 (Windows NT 10.0; Win64; x64) AppleWebKit/537.36 (KHTML, like Gecko) Chrome/91.0.4472.106 Safari/537.36"
2.56.188.250 - - [14/Nov/2025:20:50:04 -0600] "GET /readme.html HTTP/1.1" 301 242 "-" "HetrixTools Uptime Monitoring Bot. https://hetrix.tools/uptime-monitoring-bot.html"
51.89.144.57 - - [14/Nov/2025:20:50:12 -0600] "GET /readme.html HTTP/1.1" 301 242 "-" "HetrixTools Uptime Monitoring Bot. https://hetrix.tools/uptime-monitoring-bot.html"
96.126.106.201 - - [14/Nov/2025:20:50:21 -0600] "GET /readme.html HTTP/1.1" 301 242 "-" "HetrixTools Uptime Monitoring Bot. https://hetrix.tools/uptime-monitoring-bot.html"
23.239.7.4 - - [14/Nov/2025:20:50:22 -0600] "GET /readme.html HTTP/1.1" 301 242 "-" "HetrixTools Uptime Monitoring Bot. https://hetrix.tools/uptime-monitoring-bot.html"
43.130.102.7 - - [14/Nov/2025:20:53:54 -0600] "GET / HTTP/1.1" 301 231 "-" "Mozilla/5.0 (iPhone; CPU iPhone OS 13_2_3 like Mac OS X) AppleWebKit/605.1.15 (KHTML, like Gecko) Version/13.0.3 Mobile/15E148 Safari/604.1"
45.32.204.172 - - [14/Nov/2025:21:00:04 -0600] "GET /readme.html HTTP/1.1" 301 242 "-" "HetrixTools Uptime Monitoring Bot. https://hetrix.tools/uptime-monitoring-bot.html"
23.239.7.4 - - [14/Nov/2025:21:00:07 -0600] "GET /readme.html HTTP/1.1" 301 242 "-" "HetrixTools Uptime Monitoring Bot. https://hetrix.tools/uptime-monitoring-bot.html"
94.72.181.90 - - [14/Nov/2025:21:00:11 -0600] "GET /readme.html HTTP/1.1" 301 242 "-" "HetrixTools Uptime Monitoring Bot. https://hetrix.tools/uptime-monitoring-bot.html"
149.28.50.248 - - [14/Nov/2025:21:00:14 -0600] "GET /readme.html HTTP/1.1" 301 242 "-" "HetrixTools Uptime Monitoring Bot. https://hetrix.tools/uptime-monitoring-bot.html"
66.249.66.33 - - [14/Nov/2025:21:02:57 -0600] "GET / HTTP/1.1" 301 231 "-" "Mozilla/5.0 (Linux; Android 6.0.1; Nexus 5X Build/MMB29P) AppleWebKit/537.36 (KHTML, like Gecko) Chrome/141.0.7390.122 Mobile Safari/537.36 (compatible; Googlebot/2.1; +http://www.google.com/bot.html)"
23.106.61.94 - - [14/Nov/2025:21:10:04 -0600] "GET /readme.html HTTP/1.1" 301 242 "-" "HetrixTools Uptime Monitoring Bot. https://hetrix.tools/uptime-monitoring-bot.html"
159.89.159.134 - - [14/Nov/2025:21:10:20 -0600] "GET /readme.html HTTP/1.1" 301 242 "-" "HetrixTools Uptime Monitoring Bot. https://hetrix.tools/uptime-monitoring-bot.html"
96.126.106.201 - - [14/Nov/2025:21:10:20 -0600] "GET /readme.html HTTP/1.1" 301 242 "-" "HetrixTools Uptime Monitoring Bot. https://hetrix.tools/uptime-monitoring-bot.html"
23.227.169.50 - - [14/Nov/2025:21:10:23 -0600] "GET /readme.html HTTP/1.1" 301 242 "-" "HetrixTools Uptime Monitoring Bot. https://hetrix.tools/uptime-monitoring-bot.html"
94.250.202.209 - - [14/Nov/2025:21:18:02 -0600] "GET /wp-admin/css/ HTTP/1.1" 301 244 "binance.com" "Mozilla/5.0 (Windows NT 10.0; Win64; x64) AppleWebKit/537.36 (KHTML, like Gecko) Chrome/90.0.4430.85 Safari/537.36"
149.28.50.248 - - [14/Nov/2025:21:20:16 -0600] "GET /readme.html HTTP/1.1" 301 242 "-" "HetrixTools Uptime Monitoring Bot. https://hetrix.tools/uptime-monitoring-bot.html"
2.56.188.250 - - [14/Nov/2025:21:20:20 -0600] "GET /readme.html HTTP/1.1" 301 242 "-" "HetrixTools Uptime Monitoring Bot. https://hetrix.tools/uptime-monitoring-bot.html"
66.165.225.34 - - [14/Nov/2025:21:20:22 -0600] "GET /readme.html HTTP/1.1" 301 242 "-" "HetrixTools Uptime Monitoring Bot. https://hetrix.tools/uptime-monitoring-bot.html"
94.72.181.90 - - [14/Nov/2025:21:20:25 -0600] "GET /readme.html HTTP/1.1" 301 242 "-" "HetrixTools Uptime Monitoring Bot. https://hetrix.tools/uptime-monitoring-bot.html"
114.119.158.196 - - [14/Nov/2025:21:25:36 -0600] "GET /robots.txt HTTP/1.1" 301 245 "-" "Mozilla/5.0 (compatible;PetalBot;+https://webmaster.petalsearch.com/site/petalbot)"
195.2.67.184 - - [14/Nov/2025:21:25:45 -0600] "GET /contacts/ HTTP/1.0" 301 240 "http://nassaugolf.com/contacts/" "Mozilla/5.0 (Windows NT 10.0; Win64; x64) AppleWebKit/537.36 (KHTML, like Gecko) Chrome/130.0.0.0 Safari/537.36"
94.103.88.24 - - [14/Nov/2025:21:29:42 -0600] "GET / HTTP/1.1" 301 231 "-" "Mozilla/5.0 (Windows NT 10.0; Win64; x64) AppleWebKit/537.36 (KHTML, like Gecko) Chrome/120.0.0.0 Safari/537.36"
149.28.50.248 - - [14/Nov/2025:21:30:01 -0600] "GET /readme.html HTTP/1.1" 301 242 "-" "HetrixTools Uptime Monitoring Bot. https://hetrix.tools/uptime-monitoring-bot.html"
114.119.142.208 - - [14/Nov/2025:21:30:07 -0600] "GET /robots.txt HTTP/1.1" 301 245 "-" "Mozilla/5.0 (compatible;PetalBot;+https://webmaster.petalsearch.com/site/petalbot)"
23.227.169.50 - - [14/Nov/2025:21:30:23 -0600] "GET /readme.html HTTP/1.1" 301 242 "-" "HetrixTools Uptime Monitoring Bot. https://hetrix.tools/uptime-monitoring-bot.html"
77.247.126.141 - - [14/Nov/2025:21:30:24 -0600] "GET /readme.html HTTP/1.1" 301 242 "-" "HetrixTools Uptime Monitoring Bot. https://hetrix.tools/uptime-monitoring-bot.html"
103.50.32.15 - - [14/Nov/2025:21:30:24 -0600] "GET /readme.html HTTP/1.1" 301 242 "-" "HetrixTools Uptime Monitoring Bot. https://hetrix.tools/uptime-monitoring-bot.html"
72.1.241.177 - - [14/Nov/2025:21:39:02 -0600] "GET /.well-known/acme-challenge/6KWEWEXWVPBNNVEF84T_B2HAHH1TBNRK HTTP/1.1" 200 64 "-" "Cpanel-HTTP-Client/1.0"
72.1.241.177 - - [14/Nov/2025:21:39:02 -0600] "GET /.well-known/acme-challenge/OKHL1E-CXJ6-_G-TQMKKIW24DREIR-M1 HTTP/1.1" 200 64 "-" "Cpanel-HTTP-Client/1.0"
72.1.241.177 - - [14/Nov/2025:21:39:02 -0600] "GET /.well-known/acme-challenge/XI6N186FF18WGWDW-_4GTZFX19MU46KV HTTP/1.1" 200 64 "-" "Cpanel-HTTP-Client/1.0"
185.38.148.144 - - [14/Nov/2025:21:40:08 -0600] "GET /readme.html HTTP/1.1" 301 242 "-" "HetrixTools Uptime Monitoring Bot. https://hetrix.tools/uptime-monitoring-bot.html"
66.165.247.154 - - [14/Nov/2025:21:40:14 -0600] "GET /readme.html HTTP/1.1" 301 242 "-" "HetrixTools Uptime Monitoring Bot. https://hetrix.tools/uptime-monitoring-bot.html"
159.89.159.134 - - [14/Nov/2025:21:40:19 -0600] "GET /readme.html HTTP/1.1" 301 242 "-" "HetrixTools Uptime Monitoring Bot. https://hetrix.tools/uptime-monitoring-bot.html"
104.237.139.48 - - [14/Nov/2025:21:40:20 -0600] "GET /readme.html HTTP/1.1" 301 242 "-" "HetrixTools Uptime Monitoring Bot. https://hetrix.tools/uptime-monitoring-bot.html"
45.86.202.20 - - [14/Nov/2025:21:43:17 -0600] "GET /contacts/ HTTP/1.0" 301 240 "http://nassaugolf.com/contacts/" "Mozilla/5.0 (Windows NT 10.0; Win64; x64) AppleWebKit/537.36 (KHTML, like Gecko) Chrome/130.0.0.0 Safari/537.36 CCleaner/130.0.0.0"
49.49.9.160 - - [14/Nov/2025:21:49:38 -0600] "GET /wp-json/wp/v2/posts HTTP/1.1" 301 250 "-" "Mozilla/5.0 (Windows NT 10.0; Win64; x64) AppleWebKit/537.36 (KHTML, like Gecko) Chrome/120.0.0.0 Safari/537.36"
51.195.149.151 - - [14/Nov/2025:21:50:14 -0600] "GET /readme.html HTTP/1.1" 301 242 "-" "HetrixTools Uptime Monitoring Bot. https://hetrix.tools/uptime-monitoring-bot.html"
23.239.7.4 - - [14/Nov/2025:21:50:17 -0600] "GET /readme.html HTTP/1.1" 301 242 "-" "HetrixTools Uptime Monitoring Bot. https://hetrix.tools/uptime-monitoring-bot.html"
