45.32.204.172 - - [14/Nov/2025:21:50:25 -0600] "GET /readme.html HTTP/1.1" 301 242 "-" "HetrixTools Uptime Monitoring Bot. https://hetrix.tools/uptime-monitoring-bot.html"
149.28.50.248 - - [14/Nov/2025:21:50:26 -0600] "GET /readme.html HTTP/1.1" 301 242 "-" "HetrixTools Uptime Monitoring Bot. https://hetrix.tools/uptime-monitoring-bot.html"
101.99.88.90 - - [14/Nov/2025:21:54:13 -0600] "GET / HTTP/1.1" 301 231 "-" "Mozilla/5.0 (compatible; Googlebot/2.1; +http://www.google.com/bot.html)"
110.249.201.72 - - [14/Nov/2025:21:57:36 -0600] "GET /robots.txt HTTP/1.1" 301 245 "-" "Mozilla/5.0 (Linux; Android 5.0) AppleWebKit/537.36 (KHTML, like Gecko) Mobile Safari/537.36 (compatible; Bytespider; https://zhanzhang.toutiao.com/)"
185.174.110.102 - - [14/Nov/2025:22:00:04 -0600] "GET /readme.html HTTP/1.1" 301 242 "-" "HetrixTools Uptime Monitoring Bot. https://hetrix.tools/uptime-monitoring-bot.html"
66.165.225.34 - - [14/Nov/2025:22:00:15 -0600] "GET /readme.html HTTP/1.1" 301 242 "-" "HetrixTools Uptime Monitoring Bot. https://hetrix.tools/uptime-monitoring-bot.html"
66.165.247.154 - - [14/Nov/2025:22:00:17 -0600] "GET /readme.html HTTP/1.1" 301 242 "-" "HetrixTools Uptime Monitoring Bot. https://hetrix.tools/uptime-monitoring-bot.html"
104.237.139.48 - - [14/Nov/2025:22:00:19 -0600] "GET /readme.html HTTP/1.1" 301 242 "-" "HetrixTools Uptime Monitoring Bot. https://hetrix.tools/uptime-monitoring-bot.html"
101.99.88.90 - - [14/Nov/2025:22:00:42 -0600] "GET / HTTP/1.1" 301 231 "-" "Mozilla/5.0 (compatible; Googlebot/2.1; +http://www.google.com/bot.html)"
208.71.173.232 - - [14/Nov/2025:22:09:07 -0600] "GET /.well-known/acme-challenge/FY0T3FXMNI260M8GY30CZA2KMMAY_PHU HTTP/1.1" 404 - "-" "Cpanel-HTTP-Client/1.0"
208.71.173.232 - - [14/Nov/2025:22:09:07 -0600] "GET /.well-known/acme-challenge/HGBAUSBA9JAUV22M1NLH2QHYE6YGBVNH HTTP/1.1" 404 - "-" "Cpanel-HTTP-Client/1.0"
208.71.173.232 - - [14/Nov/2025:22:09:07 -0600] "GET /.well-known/acme-challenge/DKQECODC7GCHWTUSW9Q5W9QQ2ZAVXJ1Z HTTP/1.1" 404 - "-" "Cpanel-HTTP-Client/1.0"
45.32.204.172 - - [14/Nov/2025:22:10:02 -0600] "GET /readme.html HTTP/1.1" 301 242 "-" "HetrixTools Uptime Monitoring Bot. https://hetrix.tools/uptime-monitoring-bot.html"
149.28.50.248 - - [14/Nov/2025:22:10:11 -0600] "GET /readme.html HTTP/1.1" 301 242 "-" "HetrixTools Uptime Monitoring Bot. https://hetrix.tools/uptime-monitoring-bot.html"
66.165.225.34 - - [14/Nov/2025:22:10:15 -0600] "GET /readme.html HTTP/1.1" 301 242 "-" "HetrixTools Uptime Monitoring Bot. https://hetrix.tools/uptime-monitoring-bot.html"
185.38.148.144 - - [14/Nov/2025:22:10:16 -0600] "GET /readme.html HTTP/1.1" 301 242 "-" "HetrixTools Uptime Monitoring Bot. https://hetrix.tools/uptime-monitoring-bot.html"
43.157.156.190 - - [14/Nov/2025:22:11:23 -0600] "GET / HTTP/1.1" 301 235 "-" "Mozilla/5.0 (iPhone; CPU iPhone OS 13_2_3 like Mac OS X) AppleWebKit/605.1.15 (KHTML, like Gecko) Version/13.0.3 Mobile/15E148 Safari/604.1"
159.89.159.134 - - [14/Nov/2025:22:20:07 -0600] "GET /readme.html HTTP/1.1" 301 242 "-" "HetrixTools Uptime Monitoring Bot. https://hetrix.tools/uptime-monitoring-bot.html"
96.126.106.201 - - [14/Nov/2025:22:20:09 -0600] "GET /readme.html HTTP/1.1" 301 242 "-" "HetrixTools Uptime Monitoring Bot. https://hetrix.tools/uptime-monitoring-bot.html"
45.32.204.172 - - [14/Nov/2025:22:20:19 -0600] "GET /readme.html HTTP/1.1" 301 242 "-" "HetrixTools Uptime Monitoring Bot. https://hetrix.tools/uptime-monitoring-bot.html"
23.106.61.94 - - [14/Nov/2025:22:20:23 -0600] "GET /readme.html HTTP/1.1" 301 242 "-" "HetrixTools Uptime Monitoring Bot. https://hetrix.tools/uptime-monitoring-bot.html"
101.99.88.90 - - [14/Nov/2025:22:26:02 -0600] "GET / HTTP/1.1" 301 231 "-" "Mozilla/5.0 (compatible; Googlebot/2.1; +http://www.google.com/bot.html)"
159.89.159.134 - - [14/Nov/2025:22:30:06 -0600] "GET /readme.html HTTP/1.1" 301 242 "-" "HetrixTools Uptime Monitoring Bot. https://hetrix.tools/uptime-monitoring-bot.html"
185.38.148.144 - - [14/Nov/2025:22:30:10 -0600] "GET /readme.html HTTP/1.1" 301 242 "-" "HetrixTools Uptime Monitoring Bot. https://hetrix.tools/uptime-monitoring-bot.html"
23.227.169.50 - - [14/Nov/2025:22:30:13 -0600] "GET /readme.html HTTP/1.1" 301 242 "-" "HetrixTools Uptime Monitoring Bot. https://hetrix.tools/uptime-monitoring-bot.html"
96.126.106.201 - - [14/Nov/2025:22:30:14 -0600] "GET /readme.html HTTP/1.1" 301 242 "-" "HetrixTools Uptime Monitoring Bot. https://hetrix.tools/uptime-monitoring-bot.html"
149.88.19.87 - - [14/Nov/2025:22:39:18 -0600] "GET /wp-content/uploads/ HTTP/1.1" 301 250 "-" "-"
149.88.19.87 - - [14/Nov/2025:22:39:26 -0600] "GET /wp-includes/ HTTP/1.1" 301 243 "-" "-"
149.88.19.87 - - [14/Nov/2025:22:39:27 -0600] "GET /wp-includes/css/ HTTP/1.1" 301 247 "-" "-"
149.88.19.87 - - [14/Nov/2025:22:39:29 -0600] "GET /wp-includes/ID3/ HTTP/1.1" 301 247 "-" "-"
149.88.19.87 - - [14/Nov/2025:22:39:32 -0600] "GET /wp-includes/IXR/ HTTP/1.1" 301 247 "-" "-"
149.88.19.87 - - [14/Nov/2025:22:39:33 -0600] "GET /wp-includes/Requests/ HTTP/1.1" 301 252 "-" "-"
149.88.19.87 - - [14/Nov/2025:22:39:35 -0600] "GET /wp-includes/SimplePie/ HTTP/1.1" 301 253 "-" "-"
149.88.19.87 - - [14/Nov/2025:22:39:37 -0600] "GET /wp-includes/Text/ HTTP/1.1" 301 248 "-" "-"
149.88.19.87 - - [14/Nov/2025:22:39:38 -0600] "GET /wp-content/mu-plugins-old/ HTTP/1.1" 301 257 "-" "-"
149.88.19.87 - - [14/Nov/2025:22:39:40 -0600] "GET /wp-content/themes/classic/inc/ HTTP/1.1" 301 261 "-" "-"
149.88.19.87 - - [14/Nov/2025:22:39:42 -0600] "GET /wp-content/plugins/ninja-forms/ HTTP/1.1" 301 262 "-" "-"
149.88.19.87 - - [14/Nov/2025:22:39:43 -0600] "GET /wp-content/mu-plugins/ HTTP/1.1" 301 253 "-" "-"
149.88.19.87 - - [14/Nov/2025:22:39:45 -0600] "GET /wp-includes/Text/Diff/Renderer/ HTTP/1.1" 301 262 "-" "-"
149.88.19.87 - - [14/Nov/2025:22:39:46 -0600] "GET /wp-includes/blocks/ HTTP/1.1" 301 250 "-" "-"
149.88.19.87 - - [14/Nov/2025:22:39:48 -0600] "GET /wp-includes/certificates/ HTTP/1.1" 301 256 "-" "-"
149.88.19.87 - - [14/Nov/2025:22:39:50 -0600] "GET /wp-includes/customize/ HTTP/1.1" 301 253 "-" "-"
149.88.19.87 - - [14/Nov/2025:22:39:51 -0600] "GET /wp-includes/fonts/ HTTP/1.1" 301 249 "-" "-"
149.88.19.87 - - [14/Nov/2025:22:39:54 -0600] "GET /wp-includes/images/ HTTP/1.1" 301 250 "-" "-"
149.88.19.87 - - [14/Nov/2025:22:39:55 -0600] "GET /.well-known/ HTTP/1.1" 301 243 "-" "-"
149.88.19.87 - - [14/Nov/2025:22:39:57 -0600] "GET /ALFA_DATA/ HTTP/1.1" 301 241 "-" "-"
149.88.19.87 - - [14/Nov/2025:22:39:59 -0600] "GET /.well-knownold/ HTTP/1.1" 301 246 "-" "-"
149.88.19.87 - - [14/Nov/2025:22:40:00 -0600] "GET /.well-known/acme-challenge/ HTTP/1.1" 301 258 "-" "-"
149.88.19.87 - - [14/Nov/2025:22:40:05 -0600] "GET /cgi-bin/ HTTP/1.1" 301 239 "-" "-"
149.88.19.87 - - [14/Nov/2025:22:40:06 -0600] "GET /index/ HTTP/1.1" 301 237 "-" "-"
149.88.19.87 - - [14/Nov/2025:22:40:08 -0600] "GET /id/ HTTP/1.1" 301 234 "-" "-"
149.88.19.87 - - [14/Nov/2025:22:40:09 -0600] "GET /www/ HTTP/1.1" 301 235 "-" "-"
149.88.19.87 - - [14/Nov/2025:22:40:11 -0600] "GET /web/ HTTP/1.1" 301 235 "-" "-"
138.197.17.201 - - [14/Nov/2025:22:40:12 -0600] "GET /readme.html HTTP/1.1" 301 242 "-" "HetrixTools Uptime Monitoring Bot. https://hetrix.tools/uptime-monitoring-bot.html"
45.32.204.172 - - [14/Nov/2025:22:40:14 -0600] "GET /readme.html HTTP/1.1" 301 242 "-" "HetrixTools Uptime Monitoring Bot. https://hetrix.tools/uptime-monitoring-bot.html"
149.88.19.87 - - [14/Nov/2025:22:40:15 -0600] "GET /uploads/ HTTP/1.1" 301 239 "-" "-"
149.88.19.87 - - [14/Nov/2025:22:40:17 -0600] "GET /upload/ HTTP/1.1" 301 238 "-" "-"
149.88.19.87 - - [14/Nov/2025:22:40:18 -0600] "GET /admin/uploads/ HTTP/1.1" 301 245 "-" "-"
149.88.19.87 - - [14/Nov/2025:22:40:20 -0600] "GET /Admin/uploads/ HTTP/1.1" 301 245 "-" "-"
149.88.19.87 - - [14/Nov/2025:22:40:21 -0600] "GET /admin/ HTTP/1.1" 301 237 "-" "-"
23.106.61.94 - - [14/Nov/2025:22:40:22 -0600] "GET /readme.html HTTP/1.1" 301 242 "-" "HetrixTools Uptime Monitoring Bot. https://hetrix.tools/uptime-monitoring-bot.html"
149.88.19.87 - - [14/Nov/2025:22:40:23 -0600] "GET /images/ HTTP/1.1" 301 238 "-" "-"
23.239.7.4 - - [14/Nov/2025:22:40:24 -0600] "GET /readme.html HTTP/1.1" 301 242 "-" "HetrixTools Uptime Monitoring Bot. https://hetrix.tools/uptime-monitoring-bot.html"
149.88.19.87 - - [14/Nov/2025:22:40:26 -0600] "GET /assets/ HTTP/1.1" 301 238 "-" "-"
149.88.19.87 - - [14/Nov/2025:22:40:27 -0600] "GET /vendor/phpunit/phpunit/src/Util/PHP/ HTTP/1.1" 301 267 "-" "-"
149.88.19.87 - - [14/Nov/2025:22:40:29 -0600] "GET /upload/image/ HTTP/1.1" 301 244 "-" "-"
149.88.19.87 - - [14/Nov/2025:22:40:30 -0600] "GET /assets/images/ HTTP/1.1" 301 245 "-" "-"
149.88.19.87 - - [14/Nov/2025:22:40:32 -0600] "GET /Public/ HTTP/1.1" 301 238 "-" "-"
149.88.19.87 - - [14/Nov/2025:22:40:33 -0600] "GET /vendor/ HTTP/1.1" 301 238 "-" "-"
149.88.19.87 - - [14/Nov/2025:22:40:35 -0600] "GET /local/ HTTP/1.1" 301 237 "-" "-"
149.88.19.87 - - [14/Nov/2025:22:40:38 -0600] "GET /modules/ HTTP/1.1" 301 239 "-" "-"
149.88.19.87 - - [14/Nov/2025:22:40:39 -0600] "GET /Site/ HTTP/1.1" 301 236 "-" "-"
149.88.19.87 - - [14/Nov/2025:22:40:41 -0600] "GET /system/ HTTP/1.1" 301 238 "-" "-"
149.88.19.87 - - [14/Nov/2025:22:40:42 -0600] "GET /template/ HTTP/1.1" 301 240 "-" "-"
149.88.19.87 - - [14/Nov/2025:22:40:44 -0600] "GET /shop/ HTTP/1.1" 301 236 "-" "-"
149.88.19.87 - - [14/Nov/2025:22:40:45 -0600] "GET /files/ HTTP/1.1" 301 237 "-" "-"
149.88.19.87 - - [14/Nov/2025:22:40:46 -0600] "GET /admin/editor/ HTTP/1.1" 301 244 "-" "-"
149.88.19.87 - - [14/Nov/2025:22:40:48 -0600] "GET /include/ HTTP/1.1" 301 239 "-" "-"
149.88.19.87 - - [14/Nov/2025:22:40:49 -0600] "GET /Assets/ HTTP/1.1" 301 238 "-" "-"
149.88.19.87 - - [14/Nov/2025:22:40:51 -0600] "GET /images/stories/ HTTP/1.1" 301 246 "-" "-"
149.88.19.87 - - [14/Nov/2025:22:40:55 -0600] "GET /plugins/ HTTP/1.1" 301 239 "-" "-"
149.88.19.87 - - [14/Nov/2025:22:40:57 -0600] "GET /php/ HTTP/1.1" 301 235 "-" "-"
149.88.19.87 - - [14/Nov/2025:22:40:58 -0600] "GET /wp-admin/css/ HTTP/1.1" 301 244 "-" "-"
149.88.19.87 - - [14/Nov/2025:22:41:00 -0600] "GET /wp-content/themes/twentytwenty/ HTTP/1.1" 301 262 "-" "-"
149.88.19.87 - - [14/Nov/2025:22:41:01 -0600] "GET /wp-content/cache/ HTTP/1.1" 301 248 "-" "-"
149.88.19.87 - - [14/Nov/2025:22:41:04 -0600] "GET /wp-admin/maint/ HTTP/1.1" 301 246 "-" "-"
149.88.19.87 - - [14/Nov/2025:22:41:06 -0600] "GET /wp-content/plugins/akismet/ HTTP/1.1" 301 258 "-" "-"
149.88.19.87 - - [14/Nov/2025:22:41:07 -0600] "GET /wp-includes/assets/ HTTP/1.1" 301 250 "-" "-"
149.88.19.87 - - [14/Nov/2025:22:41:09 -0600] "GET /wp-includes/block-patterns/ HTTP/1.1" 301 258 "-" "-"
149.88.19.87 - - [14/Nov/2025:22:41:10 -0600] "GET /wp-includes/block-supports/ HTTP/1.1" 301 258 "-" "-"
149.88.19.87 - - [14/Nov/2025:22:41:12 -0600] "GET /wp-includes/html-api/ HTTP/1.1" 301 252 "-" "-"
149.88.19.87 - - [14/Nov/2025:22:41:13 -0600] "GET /wp-includes/js/ HTTP/1.1" 301 246 "-" "-"
149.88.19.87 - - [14/Nov/2025:22:41:15 -0600] "GET /wp-includes/php-compat/ HTTP/1.1" 301 254 "-" "-"
149.88.19.87 - - [14/Nov/2025:22:41:19 -0600] "GET /wp-includes/PHPMailer/ HTTP/1.1" 301 253 "-" "-"
149.88.19.87 - - [14/Nov/2025:22:41:20 -0600] "GET /wp-includes/pomo/ HTTP/1.1" 301 248 "-" "-"
149.88.19.87 - - [14/Nov/2025:22:41:22 -0600] "GET /wp-includes/random_compat/ HTTP/1.1" 301 257 "-" "-"
149.88.19.87 - - [14/Nov/2025:22:41:23 -0600] "GET /wp-includes/rest-api/ HTTP/1.1" 301 252 "-" "-"
149.88.19.87 - - [14/Nov/2025:22:41:25 -0600] "GET /wp-includes/sitemaps/ HTTP/1.1" 301 252 "-" "-"
149.88.19.87 - - [14/Nov/2025:22:41:29 -0600] "GET /wp-includes/sodium_compat/ HTTP/1.1" 301 257 "-" "-"
149.88.19.87 - - [14/Nov/2025:22:41:31 -0600] "GET /wp-includes/style-engine/ HTTP/1.1" 301 256 "-" "-"
149.88.19.87 - - [14/Nov/2025:22:41:32 -0600] "GET /wp-includes/theme-compat/ HTTP/1.1" 301 256 "-" "-"
149.88.19.87 - - [14/Nov/2025:22:41:34 -0600] "GET /wp-includes/widgets/ HTTP/1.1" 301 251 "-" "-"
149.88.19.87 - - [14/Nov/2025:22:41:35 -0600] "GET /wp-admin/css/colors/ectoplasm/ HTTP/1.1" 301 261 "-" "-"
149.88.19.87 - - [14/Nov/2025:22:41:37 -0600] "GET /wp-admin/css/colors/ HTTP/1.1" 301 251 "-" "-"
149.88.19.87 - - [14/Nov/2025:22:41:38 -0600] "GET /admin/images/slider/ HTTP/1.1" 301 251 "-" "-"
149.88.19.87 - - [14/Nov/2025:22:41:40 -0600] "GET /admin/fckeditor/editor/filemanager/ HTTP/1.1" 301 266 "-" "-"
149.88.19.87 - - [14/Nov/2025:22:41:42 -0600] "GET /sites/default/files/ HTTP/1.1" 301 251 "-" "-"
149.88.19.87 - - [14/Nov/2025:22:41:43 -0600] "GET /admin/controller/extension/extension/ HTTP/1.1" 301 268 "-" "-"
149.88.19.87 - - [14/Nov/2025:22:41:45 -0600] "GET /modules/mod_simplefileuploadv1.3/elements/ HTTP/1.1" 301 273 "-" "-"
149.88.19.87 - - [14/Nov/2025:22:41:46 -0600] "GET /components/ HTTP/1.1" 301 242 "-" "-"
149.88.19.87 - - [14/Nov/2025:22:41:48 -0600] "GET /admin/uploads/images/ HTTP/1.1" 301 252 "-" "-"
149.88.19.87 - - [14/Nov/2025:22:41:49 -0600] "GET /wp-content/plugins/classic-editor/ HTTP/1.1" 301 265 "-" "-"
149.88.19.87 - - [14/Nov/2025:22:41:50 -0600] "GET /wp-content/fonts/ HTTP/1.1" 301 248 "-" "-"
149.88.19.87 - - [14/Nov/2025:22:41:53 -0600] "GET /wp-content/plugins/contact-form-7/admin/js/ HTTP/1.1" 301 274 "-" "-"
149.88.19.87 - - [14/Nov/2025:22:41:55 -0600] "GET /wp-content/plugins/contact-form-7/ HTTP/1.1" 301 265 "-" "-"
149.88.19.87 - - [14/Nov/2025:22:41:56 -0600] "GET /wordpress/ HTTP/1.1" 301 241 "-" "-"
149.88.19.87 - - [14/Nov/2025:22:41:58 -0600] "GET /wp-admin/images/ HTTP/1.1" 301 247 "-" "-"
149.88.19.87 - - [14/Nov/2025:22:41:59 -0600] "GET /wp-content/plugins/wordpress-seo/js/dist/ HTTP/1.1" 301 272 "-" "-"
149.88.19.87 - - [14/Nov/2025:22:42:01 -0600] "GET /wp-content/plugins/wordpress-seo/ HTTP/1.1" 301 264 "-" "-"
149.88.19.87 - - [14/Nov/2025:22:42:03 -0600] "GET /js/ HTTP/1.1" 301 234 "-" "-"
149.88.19.87 - - [14/Nov/2025:22:42:05 -0600] "GET /wp-content/plugins/woocommerce/assets/js/ HTTP/1.1" 301 272 "-" "-"
149.88.19.87 - - [14/Nov/2025:22:42:06 -0600] "GET /wp-content/plugins/woocommerce/ HTTP/1.1" 301 262 "-" "-"
149.88.19.87 - - [14/Nov/2025:22:42:08 -0600] "GET /wp-admin/meta/ HTTP/1.1" 301 245 "-" "-"
149.88.19.87 - - [14/Nov/2025:22:42:09 -0600] "GET /wp-admin/network/ HTTP/1.1" 301 248 "-" "-"
149.88.19.87 - - [14/Nov/2025:22:42:10 -0600] "GET /wp-admin/user/ HTTP/1.1" 301 245 "-" "-"
149.88.19.87 - - [14/Nov/2025:22:42:12 -0600] "GET /wp-content/ HTTP/1.1" 301 242 "-" "-"
149.88.19.87 - - [14/Nov/2025:22:42:13 -0600] "GET /wp-content/plugins/ HTTP/1.1" 301 250 "-" "-"
149.88.19.87 - - [14/Nov/2025:22:42:15 -0600] "GET /wp-content/themes/ HTTP/1.1" 301 249 "-" "-"
149.88.19.87 - - [14/Nov/2025:22:42:18 -0600] "GET /wp-admin/includes/ HTTP/1.1" 301 249 "-" "-"
149.88.19.87 - - [14/Nov/2025:22:42:20 -0600] "GET /wp-admin/ HTTP/1.1" 301 240 "-" "-"
149.88.19.87 - - [14/Nov/2025:22:42:21 -0600] "GET /wp-content/upgrade/ HTTP/1.1" 301 250 "-" "-"
103.131.71.38 - - [14/Nov/2025:22:43:14 -0600] "GET /robots.txt HTTP/1.1" 301 241 "-" "Mozilla/5.0 (compatible; coccocbot-image/1.0; +http://help.coccoc.com/searchengine)"
111.90.143.16 - - [14/Nov/2025:22:44:45 -0600] "GET /abcd.php HTTP/1.1" 301 239 "http://nassaugolf.com/abcd.php" "Mozilla/5.0 (Windows NT 10.0; Win64; x64) AppleWebKit/537.36 (KHTML, like Gecko) Chrome/58.0.3029.110 Safari/537.3"
167.71.198.12 - - [14/Nov/2025:22:45:08 -0600] "GET /sftp-config.json HTTP/1.1" 301 247 "-" "Mozilla/5.0 (Macintosh; Intel Mac OS X 10.15; rv:77.0) Gecko/20100101 Firefox/77.0"
111.90.143.16 - - [14/Nov/2025:22:45:10 -0600] "POST /abcd.php HTTP/1.1" 301 239 "http://nassaugolf.com/abcd.php" "Mozilla/5.0 (Windows NT 10.0; Win64; x64) AppleWebKit/537.36 (KHTML, like Gecko) Chrome/58.0.3029.110 Safari/537.3"
167.71.198.12 - - [14/Nov/2025:22:45:15 -0600] "GET /.vscode/sftp.json HTTP/1.1" 301 248 "-" "Mozilla/5.0 (Macintosh; Intel Mac OS X 10.15; rv:77.0) Gecko/20100101 Firefox/77.0"
111.90.143.16 - - [14/Nov/2025:22:45:23 -0600] "POST /abcd.php HTTP/1.1" 301 239 "http://nassaugolf.com/abcd.php" "Mozilla/5.0 (Windows NT 10.0; Win64; x64) AppleWebKit/537.36 (KHTML, like Gecko) Chrome/58.0.3029.110 Safari/537.3"
111.90.143.16 - - [14/Nov/2025:22:45:32 -0600] "GET /ex.php HTTP/1.1" 301 237 "http://nassaugolf.com/ex.php" "Mozilla/5.0 (Windows NT 10.0; Win64; x64) AppleWebKit/537.36 (KHTML, like Gecko) Chrome/58.0.3029.110 Safari/537.3"
111.90.143.16 - - [14/Nov/2025:22:45:40 -0600] "POST /abcd.php HTTP/1.1" 301 239 "http://nassaugolf.com/abcd.php" "Mozilla/5.0 (Windows NT 10.0; Win64; x64) AppleWebKit/537.36 (KHTML, like Gecko) Chrome/58.0.3029.110 Safari/537.3"
111.90.143.16 - - [14/Nov/2025:22:45:54 -0600] "GET /radio.php HTTP/1.1" 301 240 "http://nassaugolf.com/radio.php" "Mozilla/5.0 (Windows NT 10.0; Win64; x64) AppleWebKit/537.36 (KHTML, like Gecko) Chrome/58.0.3029.110 Safari/537.3"
111.90.143.16 - - [14/Nov/2025:22:46:02 -0600] "POST /abcd.php HTTP/1.1" 301 239 "http://nassaugolf.com/abcd.php" "Mozilla/5.0 (Windows NT 10.0; Win64; x64) AppleWebKit/537.36 (KHTML, like Gecko) Chrome/58.0.3029.110 Safari/537.3"
111.90.143.16 - - [14/Nov/2025:22:46:14 -0600] "GET /inputs.php HTTP/1.1" 301 241 "http://nassaugolf.com/inputs.php" "Mozilla/5.0 (Windows NT 10.0; Win64; x64) AppleWebKit/537.36 (KHTML, like Gecko) Chrome/58.0.3029.110 Safari/537.3"
111.90.143.16 - - [14/Nov/2025:22:46:24 -0600] "POST /abcd.php HTTP/1.1" 301 239 "http://nassaugolf.com/abcd.php" "Mozilla/5.0 (Windows NT 10.0; Win64; x64) AppleWebKit/537.36 (KHTML, like Gecko) Chrome/58.0.3029.110 Safari/537.3"
111.90.143.16 - - [14/Nov/2025:22:46:35 -0600] "GET /about.php HTTP/1.1" 301 240 "http://nassaugolf.com/about.php" "Mozilla/5.0 (Windows NT 10.0; Win64; x64) AppleWebKit/537.36 (KHTML, like Gecko) Chrome/58.0.3029.110 Safari/537.3"
111.90.143.16 - - [14/Nov/2025:22:46:46 -0600] "POST /abcd.php HTTP/1.1" 301 239 "http://nassaugolf.com/abcd.php" "Mozilla/5.0 (Windows NT 10.0; Win64; x64) AppleWebKit/537.36 (KHTML, like Gecko) Chrome/58.0.3029.110 Safari/537.3"
111.90.143.16 - - [14/Nov/2025:22:46:54 -0600] "GET /pages.php HTTP/1.1" 301 240 "http://nassaugolf.com/pages.php" "Mozilla/5.0 (Windows NT 10.0; Win64; x64) AppleWebKit/537.36 (KHTML, like Gecko) Chrome/58.0.3029.110 Safari/537.3"
111.90.143.16 - - [14/Nov/2025:22:47:10 -0600] "POST /abcd.php HTTP/1.1" 301 239 "http://nassaugolf.com/abcd.php" "Mozilla/5.0 (Windows NT 10.0; Win64; x64) AppleWebKit/537.36 (KHTML, like Gecko) Chrome/58.0.3029.110 Safari/537.3"
111.90.143.16 - - [14/Nov/2025:22:47:23 -0600] "GET /wp-login.php HTTP/1.1" 301 243 "http://nassaugolf.com/wp-login.php" "Mozilla/5.0 (Windows NT 10.0; Win64; x64) AppleWebKit/537.36 (KHTML, like Gecko) Chrome/58.0.3029.110 Safari/537.3"
103.50.32.15 - - [14/Nov/2025:22:50:05 -0600] "GET /readme.html HTTP/1.1" 301 242 "-" "HetrixTools Uptime Monitoring Bot. https://hetrix.tools/uptime-monitoring-bot.html"
138.197.17.201 - - [14/Nov/2025:22:50:12 -0600] "GET /readme.html HTTP/1.1" 301 242 "-" "HetrixTools Uptime Monitoring Bot. https://hetrix.tools/uptime-monitoring-bot.html"
23.239.7.4 - - [14/Nov/2025:22:50:13 -0600] "GET /readme.html HTTP/1.1" 301 242 "-" "HetrixTools Uptime Monitoring Bot. https://hetrix.tools/uptime-monitoring-bot.html"
2.56.188.250 - - [14/Nov/2025:22:50:14 -0600] "GET /readme.html HTTP/1.1" 301 242 "-" "HetrixTools Uptime Monitoring Bot. https://hetrix.tools/uptime-monitoring-bot.html"
3.236.213.35 - - [14/Nov/2025:22:53:13 -0600] "HEAD / HTTP/1.1" 301 - "-" "Mozilla/5.0"
2.56.188.250 - - [14/Nov/2025:23:00:02 -0600] "GET /readme.html HTTP/1.1" 301 242 "-" "HetrixTools Uptime Monitoring Bot. https://hetrix.tools/uptime-monitoring-bot.html"
77.247.126.141 - - [14/Nov/2025:23:00:07 -0600] "GET /readme.html HTTP/1.1" 301 242 "-" "HetrixTools Uptime Monitoring Bot. https://hetrix.tools/uptime-monitoring-bot.html"
103.50.32.15 - - [14/Nov/2025:23:00:13 -0600] "GET /readme.html HTTP/1.1" 301 242 "-" "HetrixTools Uptime Monitoring Bot. https://hetrix.tools/uptime-monitoring-bot.html"
209.222.107.178 - - [14/Nov/2025:23:00:16 -0600] "GET /readme.html HTTP/1.1" 301 242 "-" "HetrixTools Uptime Monitoring Bot. https://hetrix.tools/uptime-monitoring-bot.html"
2.56.188.250 - - [14/Nov/2025:23:10:14 -0600] "GET /readme.html HTTP/1.1" 301 242 "-" "HetrixTools Uptime Monitoring Bot. https://hetrix.tools/uptime-monitoring-bot.html"
23.239.7.4 - - [14/Nov/2025:23:10:17 -0600] "GET /readme.html HTTP/1.1" 301 242 "-" "HetrixTools Uptime Monitoring Bot. https://hetrix.tools/uptime-monitoring-bot.html"
185.38.148.144 - - [14/Nov/2025:23:10:22 -0600] "GET /readme.html HTTP/1.1" 301 242 "-" "HetrixTools Uptime Monitoring Bot. https://hetrix.tools/uptime-monitoring-bot.html"
138.197.17.201 - - [14/Nov/2025:23:10:23 -0600] "GET /readme.html HTTP/1.1" 301 242 "-" "HetrixTools Uptime Monitoring Bot. https://hetrix.tools/uptime-monitoring-bot.html"
182.44.9.147 - - [14/Nov/2025:23:10:38 -0600] "GET / HTTP/1.1" 301 231 "-" "Mozilla/5.0 (iPhone; CPU iPhone OS 13_2_3 like Mac OS X) AppleWebKit/605.1.15 (KHTML, like Gecko) Version/13.0.3 Mobile/15E148 Safari/604.1"
103.50.32.15 - - [14/Nov/2025:23:20:03 -0600] "GET /readme.html HTTP/1.1" 301 242 "-" "HetrixTools Uptime Monitoring Bot. https://hetrix.tools/uptime-monitoring-bot.html"
23.227.169.50 - - [14/Nov/2025:23:20:11 -0600] "GET /readme.html HTTP/1.1" 301 242 "-" "HetrixTools Uptime Monitoring Bot. https://hetrix.tools/uptime-monitoring-bot.html"
66.165.225.34 - - [14/Nov/2025:23:20:20 -0600] "GET /readme.html HTTP/1.1" 301 242 "-" "HetrixTools Uptime Monitoring Bot. https://hetrix.tools/uptime-monitoring-bot.html"
96.126.106.201 - - [14/Nov/2025:23:20:20 -0600] "GET /readme.html HTTP/1.1" 301 242 "-" "HetrixTools Uptime Monitoring Bot. https://hetrix.tools/uptime-monitoring-bot.html"
195.2.67.184 - - [14/Nov/2025:23:23:15 -0600] "GET /contacts/ HTTP/1.0" 301 240 "http://nassaugolf.com/contacts/" "Mozilla/5.0 (Windows NT 10.0; Win64; x64) AppleWebKit/537.36 (KHTML, like Gecko) Chrome/129.0.0.0 Safari/537.36"
23.227.169.50 - - [14/Nov/2025:23:30:14 -0600] "GET /readme.html HTTP/1.1" 301 242 "-" "HetrixTools Uptime Monitoring Bot. https://hetrix.tools/uptime-monitoring-bot.html"
23.239.7.4 - - [14/Nov/2025:23:30:20 -0600] "GET /readme.html HTTP/1.1" 301 242 "-" "HetrixTools Uptime Monitoring Bot. https://hetrix.tools/uptime-monitoring-bot.html"
172.241.23.225 - - [14/Nov/2025:23:30:20 -0600] "GET /readme.html HTTP/1.1" 301 242 "-" "HetrixTools Uptime Monitoring Bot. https://hetrix.tools/uptime-monitoring-bot.html"
94.72.181.90 - - [14/Nov/2025:23:30:25 -0600] "GET /readme.html HTTP/1.1" 301 242 "-" "HetrixTools Uptime Monitoring Bot. https://hetrix.tools/uptime-monitoring-bot.html"
101.99.88.90 - - [14/Nov/2025:23:35:57 -0600] "GET / HTTP/1.1" 301 231 "-" "Mozilla/5.0 (compatible; Googlebot/2.1; +http://www.google.com/bot.html)"
112.86.225.69 - - [14/Nov/2025:23:37:30 -0600] "GET / HTTP/1.1" 301 231 "-" "Sogou web spider/4.0(+http://www.sogou.com/docs/help/webmasters.htm#07)"
51.89.144.57 - - [14/Nov/2025:23:40:07 -0600] "GET /readme.html HTTP/1.1" 301 242 "-" "HetrixTools Uptime Monitoring Bot. https://hetrix.tools/uptime-monitoring-bot.html"
66.165.247.154 - - [14/Nov/2025:23:40:14 -0600] "GET /readme.html HTTP/1.1" 301 242 "-" "HetrixTools Uptime Monitoring Bot. https://hetrix.tools/uptime-monitoring-bot.html"
23.239.7.4 - - [14/Nov/2025:23:40:21 -0600] "GET /readme.html HTTP/1.1" 301 242 "-" "HetrixTools Uptime Monitoring Bot. https://hetrix.tools/uptime-monitoring-bot.html"
23.227.169.50 - - [14/Nov/2025:23:40:25 -0600] "GET /readme.html HTTP/1.1" 301 242 "-" "HetrixTools Uptime Monitoring Bot. https://hetrix.tools/uptime-monitoring-bot.html"
101.99.88.90 - - [14/Nov/2025:23:45:15 -0600] "GET / HTTP/1.1" 301 231 "-" "Mozilla/5.0 (compatible; Googlebot/2.1; +http://www.google.com/bot.html)"
223.109.252.222 - - [14/Nov/2025:23:47:58 -0600] "GET / HTTP/1.1" 301 235 "-" "Sogou web spider/4.0(+http://www.sogou.com/docs/help/webmasters.htm#07)"
2.56.188.250 - - [14/Nov/2025:23:50:07 -0600] "GET /readme.html HTTP/1.1" 301 242 "-" "HetrixTools Uptime Monitoring Bot. https://hetrix.tools/uptime-monitoring-bot.html"
66.165.247.154 - - [14/Nov/2025:23:50:10 -0600] "GET /readme.html HTTP/1.1" 301 242 "-" "HetrixTools Uptime Monitoring Bot. https://hetrix.tools/uptime-monitoring-bot.html"
23.239.7.4 - - [14/Nov/2025:23:50:11 -0600] "GET /readme.html HTTP/1.1" 301 242 "-" "HetrixTools Uptime Monitoring Bot. https://hetrix.tools/uptime-monitoring-bot.html"
103.50.32.15 - - [14/Nov/2025:23:50:14 -0600] "GET /readme.html HTTP/1.1" 301 242 "-" "HetrixTools Uptime Monitoring Bot. https://hetrix.tools/uptime-monitoring-bot.html"
101.99.88.90 - - [14/Nov/2025:23:53:07 -0600] "GET / HTTP/1.1" 301 231 "-" "Mozilla/5.0 (compatible; Googlebot/2.1; +http://www.google.com/bot.html)"
2.56.188.250 - - [15/Nov/2025:00:00:04 -0600] "GET /readme.html HTTP/1.1" 301 242 "-" "HetrixTools Uptime Monitoring Bot. https://hetrix.tools/uptime-monitoring-bot.html"
159.89.159.134 - - [15/Nov/2025:00:00:07 -0600] "GET /readme.html HTTP/1.1" 301 242 "-" "HetrixTools Uptime Monitoring Bot. https://hetrix.tools/uptime-monitoring-bot.html"
51.79.151.214 - - [15/Nov/2025:00:00:07 -0600] "GET / HTTP/1.1" 301 235 "-" "Mozilla/5.0 (Linux; Android 11; CPH2185) AppleWebKit/537.36 (KHTML, like Gecko) Chrome/91.0.4472.101 Mobile Safari/537.36"
66.165.247.154 - - [15/Nov/2025:00:00:18 -0600] "GET /readme.html HTTP/1.1" 301 242 "-" "HetrixTools Uptime Monitoring Bot. https://hetrix.tools/uptime-monitoring-bot.html"
94.72.181.90 - - [15/Nov/2025:00:00:20 -0600] "GET /readme.html HTTP/1.1" 301 242 "-" "HetrixTools Uptime Monitoring Bot. https://hetrix.tools/uptime-monitoring-bot.html"
82.200.235.138 - - [15/Nov/2025:00:01:52 -0600] "GET /wp-login.php HTTP/1.1" 301 243 "" "Mozilla/5.0 (Windows NT 10.0; Win64; x64; rv:144.0) Gecko/20100101 Firefox/144.0"
185.174.110.102 - - [15/Nov/2025:00:10:08 -0600] "GET /readme.html HTTP/1.1" 301 242 "-" "HetrixTools Uptime Monitoring Bot. https://hetrix.tools/uptime-monitoring-bot.html"
2.56.188.250 - - [15/Nov/2025:00:10:11 -0600] "GET /readme.html HTTP/1.1" 301 242 "-" "HetrixTools Uptime Monitoring Bot. https://hetrix.tools/uptime-monitoring-bot.html"
66.165.225.34 - - [15/Nov/2025:00:10:11 -0600] "GET /readme.html HTTP/1.1" 301 242 "-" "HetrixTools Uptime Monitoring Bot. https://hetrix.tools/uptime-monitoring-bot.html"
96.126.106.201 - - [15/Nov/2025:00:10:26 -0600] "GET /readme.html HTTP/1.1" 301 242 "-" "HetrixTools Uptime Monitoring Bot. https://hetrix.tools/uptime-monitoring-bot.html"
209.222.107.178 - - [15/Nov/2025:00:20:09 -0600] "GET /readme.html HTTP/1.1" 301 242 "-" "HetrixTools Uptime Monitoring Bot. https://hetrix.tools/uptime-monitoring-bot.html"
103.50.32.15 - - [15/Nov/2025:00:20:17 -0600] "GET /readme.html HTTP/1.1" 301 242 "-" "HetrixTools Uptime Monitoring Bot. https://hetrix.tools/uptime-monitoring-bot.html"
23.227.169.50 - - [15/Nov/2025:00:20:21 -0600] "GET /readme.html HTTP/1.1" 301 242 "-" "HetrixTools Uptime Monitoring Bot. https://hetrix.tools/uptime-monitoring-bot.html"
159.89.159.134 - - [15/Nov/2025:00:20:23 -0600] "GET /readme.html HTTP/1.1" 301 242 "-" "HetrixTools Uptime Monitoring Bot. https://hetrix.tools/uptime-monitoring-bot.html"
145.239.10.137 - - [15/Nov/2025:00:21:52 -0600] "GET /ava.php HTTP/1.1" 301 238 "http://nassaugolf.com/ava.php" "Mozilla/5.0 (iPhone; CPU iPhone OS 17_5_1 like Mac OS X) AppleWebKit/605.1.15 (KHTML, like Gecko) Version/17.5 Mobile/15E148 Safari/604.1"
145.239.10.137 - - [15/Nov/2025:00:21:52 -0600] "GET /a.php HTTP/1.1" 301 236 "http://nassaugolf.com/a.php" "Mozilla/5.0 (iPhone; CPU iPhone OS 17_5_1 like Mac OS X) AppleWebKit/605.1.15 (KHTML, like Gecko) Version/17.5 Mobile/15E148 Safari/604.1"
51.89.144.57 - - [15/Nov/2025:00:30:03 -0600] "GET /readme.html HTTP/1.1" 301 242 "-" "HetrixTools Uptime Monitoring Bot. https://hetrix.tools/uptime-monitoring-bot.html"
77.247.126.141 - - [15/Nov/2025:00:30:08 -0600] "GET /readme.html HTTP/1.1" 301 242 "-" "HetrixTools Uptime Monitoring Bot. https://hetrix.tools/uptime-monitoring-bot.html"
138.197.17.201 - - [15/Nov/2025:00:30:16 -0600] "GET /readme.html HTTP/1.1" 301 242 "-" "HetrixTools Uptime Monitoring Bot. https://hetrix.tools/uptime-monitoring-bot.html"
45.32.204.172 - - [15/Nov/2025:00:30:17 -0600] "GET /readme.html HTTP/1.1" 301 242 "-" "HetrixTools Uptime Monitoring Bot. https://hetrix.tools/uptime-monitoring-bot.html"
142.93.181.46 - - [15/Nov/2025:00:34:49 -0600] "GET / HTTP/1.1" 301 236 "-" "Mozilla/5.0 (X11; Linux x86_64; rv:139.0) Gecko/20100101 Firefox/139.0"
142.93.181.46 - - [15/Nov/2025:00:34:50 -0600] "GET /favicon.ico HTTP/1.1" 301 247 "http://mail.nassaugolf.com/" "Mozilla/5.0 (X11; Linux x86_64; rv:139.0) Gecko/20100101 Firefox/139.0"
72.1.241.177 - - [15/Nov/2025:00:39:02 -0600] "GET /.well-known/acme-challenge/WXG4UCAXKE6IHCLCC0GBIXG85UFO8TGT HTTP/1.1" 200 64 "-" "Cpanel-HTTP-Client/1.0"
72.1.241.177 - - [15/Nov/2025:00:39:02 -0600] "GET /.well-known/acme-challenge/_VR7XNLPGPN5W2ITXK052_8DUAMB7TXB HTTP/1.1" 200 64 "-" "Cpanel-HTTP-Client/1.0"
72.1.241.177 - - [15/Nov/2025:00:39:02 -0600] "GET /.well-known/acme-challenge/JY45FFE_1_HZ3HHLA87I7WW3TVSKRXXP HTTP/1.1" 200 64 "-" "Cpanel-HTTP-Client/1.0"
23.106.61.94 - - [15/Nov/2025:00:40:03 -0600] "GET /readme.html HTTP/1.1" 301 242 "-" "HetrixTools Uptime Monitoring Bot. https://hetrix.tools/uptime-monitoring-bot.html"
104.237.139.48 - - [15/Nov/2025:00:40:12 -0600] "GET /readme.html HTTP/1.1" 301 242 "-" "HetrixTools Uptime Monitoring Bot. https://hetrix.tools/uptime-monitoring-bot.html"
209.222.107.178 - - [15/Nov/2025:00:40:12 -0600] "GET /readme.html HTTP/1.1" 301 242 "-" "HetrixTools Uptime Monitoring Bot. https://hetrix.tools/uptime-monitoring-bot.html"
23.239.7.4 - - [15/Nov/2025:00:40:13 -0600] "GET /readme.html HTTP/1.1" 301 242 "-" "HetrixTools Uptime Monitoring Bot. https://hetrix.tools/uptime-monitoring-bot.html"
96.126.106.201 - - [15/Nov/2025:00:50:08 -0600] "GET /readme.html HTTP/1.1" 301 242 "-" "HetrixTools Uptime Monitoring Bot. https://hetrix.tools/uptime-monitoring-bot.html"
185.174.110.102 - - [15/Nov/2025:00:50:08 -0600] "GET /readme.html HTTP/1.1" 301 242 "-" "HetrixTools Uptime Monitoring Bot. https://hetrix.tools/uptime-monitoring-bot.html"
104.237.139.48 - - [15/Nov/2025:00:50:09 -0600] "GET /readme.html HTTP/1.1" 301 242 "-" "HetrixTools Uptime Monitoring Bot. https://hetrix.tools/uptime-monitoring-bot.html"
23.239.7.4 - - [15/Nov/2025:00:50:13 -0600] "GET /readme.html HTTP/1.1" 301 242 "-" "HetrixTools Uptime Monitoring Bot. https://hetrix.tools/uptime-monitoring-bot.html"
51.68.107.161 - - [15/Nov/2025:00:57:31 -0600] "GET /robots.txt HTTP/1.1" 301 245 "-" "Mozilla/5.0 (compatible; MJ12bot/v2.0.4; http://mj12bot.com/)"
51.68.107.161 - - [15/Nov/2025:00:57:32 -0600] "GET / HTTP/1.1" 301 235 "-" "Mozilla/5.0 (compatible; MJ12bot/v2.0.4; http://mj12bot.com/)"
23.239.7.4 - - [15/Nov/2025:01:00:03 -0600] "GET /readme.html HTTP/1.1" 301 242 "-" "HetrixTools Uptime Monitoring Bot. https://hetrix.tools/uptime-monitoring-bot.html"
94.72.181.90 - - [15/Nov/2025:01:00:11 -0600] "GET /readme.html HTTP/1.1" 301 242 "-" "HetrixTools Uptime Monitoring Bot. https://hetrix.tools/uptime-monitoring-bot.html"
172.241.23.225 - - [15/Nov/2025:01:00:20 -0600] "GET /readme.html HTTP/1.1" 301 242 "-" "HetrixTools Uptime Monitoring Bot. https://hetrix.tools/uptime-monitoring-bot.html"
45.32.204.172 - - [15/Nov/2025:01:00:24 -0600] "GET /readme.html HTTP/1.1" 301 242 "-" "HetrixTools Uptime Monitoring Bot. https://hetrix.tools/uptime-monitoring-bot.html"
208.71.173.232 - - [15/Nov/2025:01:09:04 -0600] "GET /.well-known/acme-challenge/P2TBN6_H_Y2D8Q2J8JYZYMQIG1JKKOXY HTTP/1.1" 404 - "-" "Cpanel-HTTP-Client/1.0"
208.71.173.232 - - [15/Nov/2025:01:09:04 -0600] "GET /.well-known/acme-challenge/GCWDHQAUQN-JN13-Q4FQ3TFXJ84T2SW2 HTTP/1.1" 404 - "-" "Cpanel-HTTP-Client/1.0"
208.71.173.232 - - [15/Nov/2025:01:09:04 -0600] "GET /.well-known/acme-challenge/-FJSSNXLMPAOHUBVE9ET3B4WW-EEP5EN HTTP/1.1" 404 - "-" "Cpanel-HTTP-Client/1.0"
66.165.225.34 - - [15/Nov/2025:01:10:14 -0600] "GET /readme.html HTTP/1.1" 301 242 "-" "HetrixTools Uptime Monitoring Bot. https://hetrix.tools/uptime-monitoring-bot.html"
185.38.148.144 - - [15/Nov/2025:01:10:20 -0600] "GET /readme.html HTTP/1.1" 301 242 "-" "HetrixTools Uptime Monitoring Bot. https://hetrix.tools/uptime-monitoring-bot.html"
209.222.107.178 - - [15/Nov/2025:01:10:22 -0600] "GET /readme.html HTTP/1.1" 301 242 "-" "HetrixTools Uptime Monitoring Bot. https://hetrix.tools/uptime-monitoring-bot.html"
45.32.204.172 - - [15/Nov/2025:01:10:24 -0600] "GET /readme.html HTTP/1.1" 301 242 "-" "HetrixTools Uptime Monitoring Bot. https://hetrix.tools/uptime-monitoring-bot.html"
49.51.52.250 - - [15/Nov/2025:01:12:34 -0600] "GET / HTTP/1.1" 301 231 "-" "Mozilla/5.0 (iPhone; CPU iPhone OS 13_2_3 like Mac OS X) AppleWebKit/605.1.15 (KHTML, like Gecko) Version/13.0.3 Mobile/15E148 Safari/604.1"
173.208.148.34 - - [15/Nov/2025:01:19:18 -0600] "GET /index.php?params=1 HTTP/1.1" 301 249 "-" "Mozilla/5.0 (Windows NT 10.0; Win64; x64) AppleWebKit/537.36 (KHTML, like Gecko) Chrome/91.0.4472.106 Safari/537.36"
77.247.126.141 - - [15/Nov/2025:01:20:04 -0600] "GET /readme.html HTTP/1.1" 301 242 "-" "HetrixTools Uptime Monitoring Bot. https://hetrix.tools/uptime-monitoring-bot.html"
104.237.139.48 - - [15/Nov/2025:01:20:07 -0600] "GET /readme.html HTTP/1.1" 301 242 "-" "HetrixTools Uptime Monitoring Bot. https://hetrix.tools/uptime-monitoring-bot.html"
185.174.110.102 - - [15/Nov/2025:01:20:07 -0600] "GET /readme.html HTTP/1.1" 301 242 "-" "HetrixTools Uptime Monitoring Bot. https://hetrix.tools/uptime-monitoring-bot.html"
66.165.247.154 - - [15/Nov/2025:01:20:15 -0600] "GET /readme.html HTTP/1.1" 301 242 "-" "HetrixTools Uptime Monitoring Bot. https://hetrix.tools/uptime-monitoring-bot.html"
45.32.204.172 - - [15/Nov/2025:01:30:03 -0600] "GET /readme.html HTTP/1.1" 301 242 "-" "HetrixTools Uptime Monitoring Bot. https://hetrix.tools/uptime-monitoring-bot.html"
66.165.225.34 - - [15/Nov/2025:01:30:09 -0600] "GET /readme.html HTTP/1.1" 301 242 "-" "HetrixTools Uptime Monitoring Bot. https://hetrix.tools/uptime-monitoring-bot.html"
172.241.23.225 - - [15/Nov/2025:01:30:22 -0600] "GET /readme.html HTTP/1.1" 301 242 "-" "HetrixTools Uptime Monitoring Bot. https://hetrix.tools/uptime-monitoring-bot.html"
103.50.32.15 - - [15/Nov/2025:01:30:24 -0600] "GET /readme.html HTTP/1.1" 301 242 "-" "HetrixTools Uptime Monitoring Bot. https://hetrix.tools/uptime-monitoring-bot.html"
216.244.66.197 - - [15/Nov/2025:01:35:11 -0600] "GET /robots.txt HTTP/1.1" 301 241 "-" "Mozilla/5.0 (compatible; DotBot/1.2; +https://opensiteexplorer.org/dotbot; help@moz.com)"
2.56.188.250 - - [15/Nov/2025:01:40:06 -0600] "GET /readme.html HTTP/1.1" 301 242 "-" "HetrixTools Uptime Monitoring Bot. https://hetrix.tools/uptime-monitoring-bot.html"
185.174.110.102 - - [15/Nov/2025:01:40:12 -0600] "GET /readme.html HTTP/1.1" 301 242 "-" "HetrixTools Uptime Monitoring Bot. https://hetrix.tools/uptime-monitoring-bot.html"
172.241.23.225 - - [15/Nov/2025:01:40:14 -0600] "GET /readme.html HTTP/1.1" 301 242 "-" "HetrixTools Uptime Monitoring Bot. https://hetrix.tools/uptime-monitoring-bot.html"
77.247.126.141 - - [15/Nov/2025:01:40:16 -0600] "GET /readme.html HTTP/1.1" 301 242 "-" "HetrixTools Uptime Monitoring Bot. https://hetrix.tools/uptime-monitoring-bot.html"
178.249.213.185 - - [15/Nov/2025:01:43:58 -0600] "GET / HTTP/1.1" 301 231 "-" "googlebot"
173.252.82.113 - - [15/Nov/2025:01:45:32 -0600] "GET /robots.txt HTTP/1.1" 301 245 "-" "facebookexternalhit/1.1 (+http://www.facebook.com/externalhit_uatext.php)"
149.28.50.248 - - [15/Nov/2025:01:50:04 -0600] "GET /readme.html HTTP/1.1" 301 242 "-" "HetrixTools Uptime Monitoring Bot. https://hetrix.tools/uptime-monitoring-bot.html"
51.195.149.151 - - [15/Nov/2025:01:50:04 -0600] "GET /readme.html HTTP/1.1" 301 242 "-" "HetrixTools Uptime Monitoring Bot. https://hetrix.tools/uptime-monitoring-bot.html"
2.56.188.250 - - [15/Nov/2025:01:50:05 -0600] "GET /readme.html HTTP/1.1" 301 242 "-" "HetrixTools Uptime Monitoring Bot. https://hetrix.tools/uptime-monitoring-bot.html"
66.165.225.34 - - [15/Nov/2025:01:50:15 -0600] "GET /readme.html HTTP/1.1" 301 242 "-" "HetrixTools Uptime Monitoring Bot. https://hetrix.tools/uptime-monitoring-bot.html"
34.63.117.220 - - [15/Nov/2025:01:51:06 -0600] "HEAD /robots.txt HTTP/1.1" 301 - "-" "Mozilla/5.0 (X11; Linux x86_64) AppleWebKit/537.36 (KHTML, like Gecko) Chrome/136.0.0.0 Safari/537.36"
34.63.117.220 - - [15/Nov/2025:01:51:06 -0600] "GET /robots.txt HTTP/1.1" 301 245 "-" "Mozilla/5.0 (X11; Linux x86_64) AppleWebKit/537.36 (KHTML, like Gecko) Chrome/136.0.0.0 Safari/537.36"
136.119.129.236 - - [15/Nov/2025:01:51:06 -0600] "HEAD / HTTP/1.1" 301 - "-" "Mozilla/5.0 AppleWebKit/537.36 (KHTML, like Gecko); compatible; ShapBot/0.1.0"
136.119.129.236 - - [15/Nov/2025:01:51:06 -0600] "GET / HTTP/1.1" 301 235 "-" "Mozilla/5.0 AppleWebKit/537.36 (KHTML, like Gecko); compatible; ShapBot/0.1.0"
104.237.139.48 - - [15/Nov/2025:02:00:03 -0600] "GET /readme.html HTTP/1.1" 301 242 "-" "HetrixTools Uptime Monitoring Bot. https://hetrix.tools/uptime-monitoring-bot.html"
185.38.148.144 - - [15/Nov/2025:02:00:06 -0600] "GET /readme.html HTTP/1.1" 301 242 "-" "HetrixTools Uptime Monitoring Bot. https://hetrix.tools/uptime-monitoring-bot.html"
23.239.7.4 - - [15/Nov/2025:02:00:11 -0600] "GET /readme.html HTTP/1.1" 301 242 "-" "HetrixTools Uptime Monitoring Bot. https://hetrix.tools/uptime-monitoring-bot.html"
66.165.247.154 - - [15/Nov/2025:02:00:18 -0600] "GET /readme.html HTTP/1.1" 301 242 "-" "HetrixTools Uptime Monitoring Bot. https://hetrix.tools/uptime-monitoring-bot.html"
80.97.160.132 - - [15/Nov/2025:02:09:53 -0600] "GET /abcd.php HTTP/1.1" 301 239 "http://nassaugolf.com/abcd.php" "Mozilla/5.0 (Windows NT 10.0; Win64; x64) AppleWebKit/537.36 (KHTML, like Gecko) Chrome/58.0.3029.110 Safari/537.3"
80.97.160.132 - - [15/Nov/2025:02:10:02 -0600] "POST /abcd.php HTTP/1.1" 301 239 "http://nassaugolf.com/abcd.php" "Mozilla/5.0 (Windows NT 10.0; Win64; x64) AppleWebKit/537.36 (KHTML, like Gecko) Chrome/58.0.3029.110 Safari/537.3"
80.97.160.132 - - [15/Nov/2025:02:10:09 -0600] "POST /abcd.php HTTP/1.1" 301 239 "http://nassaugolf.com/abcd.php" "Mozilla/5.0 (Windows NT 10.0; Win64; x64) AppleWebKit/537.36 (KHTML, like Gecko) Chrome/58.0.3029.110 Safari/537.3"
104.237.139.48 - - [15/Nov/2025:02:10:11 -0600] "GET /readme.html HTTP/1.1" 301 242 "-" "HetrixTools Uptime Monitoring Bot. https://hetrix.tools/uptime-monitoring-bot.html"
96.126.106.201 - - [15/Nov/2025:02:10:14 -0600] "GET /readme.html HTTP/1.1" 301 242 "-" "HetrixTools Uptime Monitoring Bot. https://hetrix.tools/uptime-monitoring-bot.html"
80.97.160.132 - - [15/Nov/2025:02:10:15 -0600] "GET /ex.php HTTP/1.1" 301 237 "http://nassaugolf.com/ex.php" "Mozilla/5.0 (Windows NT 10.0; Win64; x64) AppleWebKit/537.36 (KHTML, like Gecko) Chrome/58.0.3029.110 Safari/537.3"
51.89.144.57 - - [15/Nov/2025:02:10:18 -0600] "GET /readme.html HTTP/1.1" 301 242 "-" "HetrixTools Uptime Monitoring Bot. https://hetrix.tools/uptime-monitoring-bot.html"
80.97.160.132 - - [15/Nov/2025:02:10:20 -0600] "POST /abcd.php HTTP/1.1" 301 239 "http://nassaugolf.com/abcd.php" "Mozilla/5.0 (Windows NT 10.0; Win64; x64) AppleWebKit/537.36 (KHTML, like Gecko) Chrome/58.0.3029.110 Safari/537.3"
159.89.159.134 - - [15/Nov/2025:02:10:21 -0600] "GET /readme.html HTTP/1.1" 301 242 "-" "HetrixTools Uptime Monitoring Bot. https://hetrix.tools/uptime-monitoring-bot.html"
80.97.160.132 - - [15/Nov/2025:02:10:29 -0600] "GET /radio.php HTTP/1.1" 301 240 "http://nassaugolf.com/radio.php" "Mozilla/5.0 (Windows NT 10.0; Win64; x64) AppleWebKit/537.36 (KHTML, like Gecko) Chrome/58.0.3029.110 Safari/537.3"
80.97.160.132 - - [15/Nov/2025:02:10:33 -0600] "POST /abcd.php HTTP/1.1" 301 239 "http://nassaugolf.com/abcd.php" "Mozilla/5.0 (Windows NT 10.0; Win64; x64) AppleWebKit/537.36 (KHTML, like Gecko) Chrome/58.0.3029.110 Safari/537.3"
80.97.160.132 - - [15/Nov/2025:02:10:38 -0600] "GET /inputs.php HTTP/1.1" 301 241 "http://nassaugolf.com/inputs.php" "Mozilla/5.0 (Windows NT 10.0; Win64; x64) AppleWebKit/537.36 (KHTML, like Gecko) Chrome/58.0.3029.110 Safari/537.3"
80.97.160.132 - - [15/Nov/2025:02:10:44 -0600] "POST /abcd.php HTTP/1.1" 301 239 "http://nassaugolf.com/abcd.php" "Mozilla/5.0 (Windows NT 10.0; Win64; x64) AppleWebKit/537.36 (KHTML, like Gecko) Chrome/58.0.3029.110 Safari/537.3"
128.199.53.26 - - [15/Nov/2025:02:10:49 -0600] "GET / HTTP/1.1" 301 231 "-" "Mozilla/5.0 (X11; Linux x86_64) AppleWebKit/537.36 (KHTML, like Gecko) Chrome/139.0.0.0 Safari/537.36"
128.199.53.26 - - [15/Nov/2025:02:10:49 -0600] "GET /favicon.ico HTTP/1.1" 301 242 "http://nassaugolf.com/" "Mozilla/5.0 (X11; Linux x86_64) AppleWebKit/537.36 (KHTML, like Gecko) Chrome/139.0.0.0 Safari/537.36"
80.97.160.132 - - [15/Nov/2025:02:10:49 -0600] "GET /about.php HTTP/1.1" 301 240 "http://nassaugolf.com/about.php" "Mozilla/5.0 (Windows NT 10.0; Win64; x64) AppleWebKit/537.36 (KHTML, like Gecko) Chrome/58.0.3029.110 Safari/537.3"
80.97.160.132 - - [15/Nov/2025:02:10:55 -0600] "POST /abcd.php HTTP/1.1" 301 239 "http://nassaugolf.com/abcd.php" "Mozilla/5.0 (Windows NT 10.0; Win64; x64) AppleWebKit/537.36 (KHTML, like Gecko) Chrome/58.0.3029.110 Safari/537.3"
80.97.160.132 - - [15/Nov/2025:02:10:59 -0600] "GET /pages.php HTTP/1.1" 301 240 "http://nassaugolf.com/pages.php" "Mozilla/5.0 (Windows NT 10.0; Win64; x64) AppleWebKit/537.36 (KHTML, like Gecko) Chrome/58.0.3029.110 Safari/537.3"
80.97.160.132 - - [15/Nov/2025:02:11:05 -0600] "POST /abcd.php HTTP/1.1" 301 239 "http://nassaugolf.com/abcd.php" "Mozilla/5.0 (Windows NT 10.0; Win64; x64) AppleWebKit/537.36 (KHTML, like Gecko) Chrome/58.0.3029.110 Safari/537.3"
80.97.160.132 - - [15/Nov/2025:02:11:09 -0600] "GET /wp-login.php HTTP/1.1" 301 243 "http://nassaugolf.com/wp-login.php" "Mozilla/5.0 (Windows NT 10.0; Win64; x64) AppleWebKit/537.36 (KHTML, like Gecko) Chrome/58.0.3029.110 Safari/537.3"
103.50.32.15 - - [15/Nov/2025:02:20:02 -0600] "GET /readme.html HTTP/1.1" 301 242 "-" "HetrixTools Uptime Monitoring Bot. https://hetrix.tools/uptime-monitoring-bot.html"
209.222.107.178 - - [15/Nov/2025:02:20:09 -0600] "GET /readme.html HTTP/1.1" 301 242 "-" "HetrixTools Uptime Monitoring Bot. https://hetrix.tools/uptime-monitoring-bot.html"
23.239.7.4 - - [15/Nov/2025:02:20:22 -0600] "GET /readme.html HTTP/1.1" 301 242 "-" "HetrixTools Uptime Monitoring Bot. https://hetrix.tools/uptime-monitoring-bot.html"
45.32.204.172 - - [15/Nov/2025:02:20:23 -0600] "GET /readme.html HTTP/1.1" 301 242 "-" "HetrixTools Uptime Monitoring Bot. https://hetrix.tools/uptime-monitoring-bot.html"
2.56.188.250 - - [15/Nov/2025:02:30:03 -0600] "GET /readme.html HTTP/1.1" 301 242 "-" "HetrixTools Uptime Monitoring Bot. https://hetrix.tools/uptime-monitoring-bot.html"
209.222.107.178 - - [15/Nov/2025:02:30:11 -0600] "GET /readme.html HTTP/1.1" 301 242 "-" "HetrixTools Uptime Monitoring Bot. https://hetrix.tools/uptime-monitoring-bot.html"
94.72.181.90 - - [15/Nov/2025:02:30:12 -0600] "GET /readme.html HTTP/1.1" 301 242 "-" "HetrixTools Uptime Monitoring Bot. https://hetrix.tools/uptime-monitoring-bot.html"
159.89.159.134 - - [15/Nov/2025:02:30:26 -0600] "GET /readme.html HTTP/1.1" 301 242 "-" "HetrixTools Uptime Monitoring Bot. https://hetrix.tools/uptime-monitoring-bot.html"