HEX
Server: Apache
System: Linux 4801F1B1.ptr.provps.com 6.16.7-1.el9.elrepo.x86_64 #1 SMP PREEMPT_DYNAMIC Thu Sep 11 13:27:45 EDT 2025 x86_64
User: nassaugo (1001)
PHP: 8.1.33
Disabled: NONE
Upload Files
File: /home/nassaugo/access-logs/nassaugolf.com
66.165.225.34 - - [14/Nov/2025:06:10:12 -0600] "GET /readme.html HTTP/1.1" 301 242 "-" "HetrixTools Uptime Monitoring Bot. https://hetrix.tools/uptime-monitoring-bot.html"
149.28.50.248 - - [14/Nov/2025:06:10:14 -0600] "GET /readme.html HTTP/1.1" 301 242 "-" "HetrixTools Uptime Monitoring Bot. https://hetrix.tools/uptime-monitoring-bot.html"
94.72.181.90 - - [14/Nov/2025:06:10:15 -0600] "GET /readme.html HTTP/1.1" 301 242 "-" "HetrixTools Uptime Monitoring Bot. https://hetrix.tools/uptime-monitoring-bot.html"
45.32.204.172 - - [14/Nov/2025:06:10:18 -0600] "GET /readme.html HTTP/1.1" 301 242 "-" "HetrixTools Uptime Monitoring Bot. https://hetrix.tools/uptime-monitoring-bot.html"
159.89.159.134 - - [14/Nov/2025:06:20:12 -0600] "GET /readme.html HTTP/1.1" 301 242 "-" "HetrixTools Uptime Monitoring Bot. https://hetrix.tools/uptime-monitoring-bot.html"
66.165.247.154 - - [14/Nov/2025:06:20:13 -0600] "GET /readme.html HTTP/1.1" 301 242 "-" "HetrixTools Uptime Monitoring Bot. https://hetrix.tools/uptime-monitoring-bot.html"
45.32.204.172 - - [14/Nov/2025:06:20:18 -0600] "GET /readme.html HTTP/1.1" 301 242 "-" "HetrixTools Uptime Monitoring Bot. https://hetrix.tools/uptime-monitoring-bot.html"
185.38.148.144 - - [14/Nov/2025:06:20:19 -0600] "GET /readme.html HTTP/1.1" 301 242 "-" "HetrixTools Uptime Monitoring Bot. https://hetrix.tools/uptime-monitoring-bot.html"
66.132.153.123 - - [14/Nov/2025:06:29:26 -0600] "GET / HTTP/1.1" 301 235 "-" "Mozilla/5.0 (compatible; CensysInspect/1.1; +https://about.censys.io/)"
185.174.110.102 - - [14/Nov/2025:06:30:13 -0600] "GET /readme.html HTTP/1.1" 301 242 "-" "HetrixTools Uptime Monitoring Bot. https://hetrix.tools/uptime-monitoring-bot.html"
96.126.106.201 - - [14/Nov/2025:06:30:15 -0600] "GET /readme.html HTTP/1.1" 301 242 "-" "HetrixTools Uptime Monitoring Bot. https://hetrix.tools/uptime-monitoring-bot.html"
77.247.126.141 - - [14/Nov/2025:06:30:19 -0600] "GET /readme.html HTTP/1.1" 301 242 "-" "HetrixTools Uptime Monitoring Bot. https://hetrix.tools/uptime-monitoring-bot.html"
45.32.204.172 - - [14/Nov/2025:06:30:22 -0600] "GET /readme.html HTTP/1.1" 301 242 "-" "HetrixTools Uptime Monitoring Bot. https://hetrix.tools/uptime-monitoring-bot.html"
72.1.241.177 - - [14/Nov/2025:06:39:03 -0600] "GET /.well-known/acme-challenge/H4VH1OS__6N9KRP-XNPYCCR7-H1YFCQA HTTP/1.1" 200 64 "-" "Cpanel-HTTP-Client/1.0"
72.1.241.177 - - [14/Nov/2025:06:39:03 -0600] "GET /.well-known/acme-challenge/YV7CSA-LU8KUI-52VS582EI8_4LW-IFG HTTP/1.1" 200 64 "-" "Cpanel-HTTP-Client/1.0"
72.1.241.177 - - [14/Nov/2025:06:39:03 -0600] "GET /.well-known/acme-challenge/Q_GR5JPQSHGPL-YZ8NOLGEU69S3CHG1G HTTP/1.1" 200 64 "-" "Cpanel-HTTP-Client/1.0"
185.174.110.102 - - [14/Nov/2025:06:40:09 -0600] "GET /readme.html HTTP/1.1" 301 242 "-" "HetrixTools Uptime Monitoring Bot. https://hetrix.tools/uptime-monitoring-bot.html"
77.247.126.141 - - [14/Nov/2025:06:40:10 -0600] "GET /readme.html HTTP/1.1" 301 242 "-" "HetrixTools Uptime Monitoring Bot. https://hetrix.tools/uptime-monitoring-bot.html"
209.222.107.178 - - [14/Nov/2025:06:40:16 -0600] "GET /readme.html HTTP/1.1" 301 242 "-" "HetrixTools Uptime Monitoring Bot. https://hetrix.tools/uptime-monitoring-bot.html"
23.227.169.50 - - [14/Nov/2025:06:40:26 -0600] "GET /readme.html HTTP/1.1" 301 242 "-" "HetrixTools Uptime Monitoring Bot. https://hetrix.tools/uptime-monitoring-bot.html"
216.244.66.197 - - [14/Nov/2025:06:45:08 -0600] "GET /robots.txt HTTP/1.1" 301 241 "-" "Mozilla/5.0 (compatible; DotBot/1.2; +https://opensiteexplorer.org/dotbot; help@moz.com)"
23.239.7.4 - - [14/Nov/2025:06:50:03 -0600] "GET /readme.html HTTP/1.1" 301 242 "-" "HetrixTools Uptime Monitoring Bot. https://hetrix.tools/uptime-monitoring-bot.html"
138.197.17.201 - - [14/Nov/2025:06:50:05 -0600] "GET /readme.html HTTP/1.1" 301 242 "-" "HetrixTools Uptime Monitoring Bot. https://hetrix.tools/uptime-monitoring-bot.html"
185.38.148.144 - - [14/Nov/2025:06:50:07 -0600] "GET /readme.html HTTP/1.1" 301 242 "-" "HetrixTools Uptime Monitoring Bot. https://hetrix.tools/uptime-monitoring-bot.html"
45.32.204.172 - - [14/Nov/2025:06:50:20 -0600] "GET /readme.html HTTP/1.1" 301 242 "-" "HetrixTools Uptime Monitoring Bot. https://hetrix.tools/uptime-monitoring-bot.html"
209.222.107.178 - - [14/Nov/2025:07:00:02 -0600] "GET /readme.html HTTP/1.1" 301 242 "-" "HetrixTools Uptime Monitoring Bot. https://hetrix.tools/uptime-monitoring-bot.html"
2.56.188.250 - - [14/Nov/2025:07:00:04 -0600] "GET /readme.html HTTP/1.1" 301 242 "-" "HetrixTools Uptime Monitoring Bot. https://hetrix.tools/uptime-monitoring-bot.html"
51.89.144.57 - - [14/Nov/2025:07:00:06 -0600] "GET /readme.html HTTP/1.1" 301 242 "-" "HetrixTools Uptime Monitoring Bot. https://hetrix.tools/uptime-monitoring-bot.html"
66.165.225.34 - - [14/Nov/2025:07:00:20 -0600] "GET /readme.html HTTP/1.1" 301 242 "-" "HetrixTools Uptime Monitoring Bot. https://hetrix.tools/uptime-monitoring-bot.html"
208.71.173.232 - - [14/Nov/2025:07:09:05 -0600] "GET /.well-known/acme-challenge/T1SUN2HS4U0BMSBC5FOHSMOCAZLXOVMM HTTP/1.1" 404 - "-" "Cpanel-HTTP-Client/1.0"
208.71.173.232 - - [14/Nov/2025:07:09:05 -0600] "GET /.well-known/acme-challenge/1SOOR428AN2RDC-NUZ__3_FMLDOQHTG1 HTTP/1.1" 404 - "-" "Cpanel-HTTP-Client/1.0"
208.71.173.232 - - [14/Nov/2025:07:09:05 -0600] "GET /.well-known/acme-challenge/8DW-5UZCTDG_-C_N83BAYE1GHY6WQEVG HTTP/1.1" 404 - "-" "Cpanel-HTTP-Client/1.0"
185.38.148.144 - - [14/Nov/2025:07:10:05 -0600] "GET /readme.html HTTP/1.1" 301 242 "-" "HetrixTools Uptime Monitoring Bot. https://hetrix.tools/uptime-monitoring-bot.html"
209.222.107.178 - - [14/Nov/2025:07:10:21 -0600] "GET /readme.html HTTP/1.1" 301 242 "-" "HetrixTools Uptime Monitoring Bot. https://hetrix.tools/uptime-monitoring-bot.html"
23.239.7.4 - - [14/Nov/2025:07:10:23 -0600] "GET /readme.html HTTP/1.1" 301 242 "-" "HetrixTools Uptime Monitoring Bot. https://hetrix.tools/uptime-monitoring-bot.html"
104.237.139.48 - - [14/Nov/2025:07:10:25 -0600] "GET /readme.html HTTP/1.1" 301 242 "-" "HetrixTools Uptime Monitoring Bot. https://hetrix.tools/uptime-monitoring-bot.html"
54.236.1.52 - - [14/Nov/2025:07:12:37 -0600] "GET / HTTP/1.1" 301 235 "-" "Mozilla/5.0 (compatible; Pinterestbot/1.0; +http://www.pinterest.com/bot.html)"
23.106.61.94 - - [14/Nov/2025:07:20:04 -0600] "GET /readme.html HTTP/1.1" 301 242 "-" "HetrixTools Uptime Monitoring Bot. https://hetrix.tools/uptime-monitoring-bot.html"
45.32.204.172 - - [14/Nov/2025:07:20:11 -0600] "GET /readme.html HTTP/1.1" 301 242 "-" "HetrixTools Uptime Monitoring Bot. https://hetrix.tools/uptime-monitoring-bot.html"
66.165.225.34 - - [14/Nov/2025:07:20:14 -0600] "GET /readme.html HTTP/1.1" 301 242 "-" "HetrixTools Uptime Monitoring Bot. https://hetrix.tools/uptime-monitoring-bot.html"
172.241.23.225 - - [14/Nov/2025:07:20:23 -0600] "GET /readme.html HTTP/1.1" 301 242 "-" "HetrixTools Uptime Monitoring Bot. https://hetrix.tools/uptime-monitoring-bot.html"
192.73.244.36 - - [14/Nov/2025:07:27:58 -0600] "GET /contacts/ HTTP/1.1" 301 240 "http://nassaugolf.com/contacts/" "Mozilla/5.0 (Windows NT 10.0) AppleWebKit/537.36 (KHTML, like Gecko) Chrome/103.0.0.0 Safari/537.36"
216.244.66.197 - - [14/Nov/2025:07:28:16 -0600] "GET /robots.txt HTTP/1.1" 301 241 "-" "Mozilla/5.0 (compatible; DotBot/1.2; +https://opensiteexplorer.org/dotbot; help@moz.com)"
51.195.149.151 - - [14/Nov/2025:07:30:06 -0600] "GET /readme.html HTTP/1.1" 301 242 "-" "HetrixTools Uptime Monitoring Bot. https://hetrix.tools/uptime-monitoring-bot.html"
77.247.126.141 - - [14/Nov/2025:07:30:09 -0600] "GET /readme.html HTTP/1.1" 301 242 "-" "HetrixTools Uptime Monitoring Bot. https://hetrix.tools/uptime-monitoring-bot.html"
23.227.169.50 - - [14/Nov/2025:07:30:16 -0600] "GET /readme.html HTTP/1.1" 301 242 "-" "HetrixTools Uptime Monitoring Bot. https://hetrix.tools/uptime-monitoring-bot.html"
96.126.106.201 - - [14/Nov/2025:07:30:21 -0600] "GET /readme.html HTTP/1.1" 301 242 "-" "HetrixTools Uptime Monitoring Bot. https://hetrix.tools/uptime-monitoring-bot.html"
43.173.1.57 - - [14/Nov/2025:07:35:03 -0600] "GET / HTTP/1.1" 301 231 "-" "Mozilla/5.0 (iPhone; CPU iPhone OS 13_2_3 like Mac OS X) AppleWebKit/605.1.15 (KHTML, like Gecko) Version/13.0.3 Mobile/15E148 Safari/604.1"
66.165.225.34 - - [14/Nov/2025:07:40:07 -0600] "GET /readme.html HTTP/1.1" 301 242 "-" "HetrixTools Uptime Monitoring Bot. https://hetrix.tools/uptime-monitoring-bot.html"
23.106.61.94 - - [14/Nov/2025:07:40:09 -0600] "GET /readme.html HTTP/1.1" 301 242 "-" "HetrixTools Uptime Monitoring Bot. https://hetrix.tools/uptime-monitoring-bot.html"
45.32.204.172 - - [14/Nov/2025:07:40:19 -0600] "GET /readme.html HTTP/1.1" 301 242 "-" "HetrixTools Uptime Monitoring Bot. https://hetrix.tools/uptime-monitoring-bot.html"
209.222.107.178 - - [14/Nov/2025:07:40:21 -0600] "GET /readme.html HTTP/1.1" 301 242 "-" "HetrixTools Uptime Monitoring Bot. https://hetrix.tools/uptime-monitoring-bot.html"
104.237.139.48 - - [14/Nov/2025:07:50:09 -0600] "GET /readme.html HTTP/1.1" 301 242 "-" "HetrixTools Uptime Monitoring Bot. https://hetrix.tools/uptime-monitoring-bot.html"
185.38.148.144 - - [14/Nov/2025:07:50:09 -0600] "GET /readme.html HTTP/1.1" 301 242 "-" "HetrixTools Uptime Monitoring Bot. https://hetrix.tools/uptime-monitoring-bot.html"
23.239.7.4 - - [14/Nov/2025:07:50:12 -0600] "GET /readme.html HTTP/1.1" 301 242 "-" "HetrixTools Uptime Monitoring Bot. https://hetrix.tools/uptime-monitoring-bot.html"
138.197.17.201 - - [14/Nov/2025:07:50:16 -0600] "GET /readme.html HTTP/1.1" 301 242 "-" "HetrixTools Uptime Monitoring Bot. https://hetrix.tools/uptime-monitoring-bot.html"
149.28.50.248 - - [14/Nov/2025:08:00:06 -0600] "GET /readme.html HTTP/1.1" 301 242 "-" "HetrixTools Uptime Monitoring Bot. https://hetrix.tools/uptime-monitoring-bot.html"
45.32.204.172 - - [14/Nov/2025:08:00:12 -0600] "GET /readme.html HTTP/1.1" 301 242 "-" "HetrixTools Uptime Monitoring Bot. https://hetrix.tools/uptime-monitoring-bot.html"
51.89.144.57 - - [14/Nov/2025:08:00:13 -0600] "GET /readme.html HTTP/1.1" 301 242 "-" "HetrixTools Uptime Monitoring Bot. https://hetrix.tools/uptime-monitoring-bot.html"
66.165.225.34 - - [14/Nov/2025:08:00:14 -0600] "GET /readme.html HTTP/1.1" 301 242 "-" "HetrixTools Uptime Monitoring Bot. https://hetrix.tools/uptime-monitoring-bot.html"
185.174.110.102 - - [14/Nov/2025:08:10:09 -0600] "GET /readme.html HTTP/1.1" 301 242 "-" "HetrixTools Uptime Monitoring Bot. https://hetrix.tools/uptime-monitoring-bot.html"
23.239.7.4 - - [14/Nov/2025:08:10:15 -0600] "GET /readme.html HTTP/1.1" 301 242 "-" "HetrixTools Uptime Monitoring Bot. https://hetrix.tools/uptime-monitoring-bot.html"
138.197.17.201 - - [14/Nov/2025:08:10:19 -0600] "GET /readme.html HTTP/1.1" 301 242 "-" "HetrixTools Uptime Monitoring Bot. https://hetrix.tools/uptime-monitoring-bot.html"
2.56.188.250 - - [14/Nov/2025:08:10:20 -0600] "GET /readme.html HTTP/1.1" 301 242 "-" "HetrixTools Uptime Monitoring Bot. https://hetrix.tools/uptime-monitoring-bot.html"
23.227.169.50 - - [14/Nov/2025:08:20:04 -0600] "GET /readme.html HTTP/1.1" 301 242 "-" "HetrixTools Uptime Monitoring Bot. https://hetrix.tools/uptime-monitoring-bot.html"
185.38.148.144 - - [14/Nov/2025:08:20:10 -0600] "GET /readme.html HTTP/1.1" 301 242 "-" "HetrixTools Uptime Monitoring Bot. https://hetrix.tools/uptime-monitoring-bot.html"
209.222.107.178 - - [14/Nov/2025:08:20:11 -0600] "GET /readme.html HTTP/1.1" 301 242 "-" "HetrixTools Uptime Monitoring Bot. https://hetrix.tools/uptime-monitoring-bot.html"
159.89.159.134 - - [14/Nov/2025:08:20:20 -0600] "GET /readme.html HTTP/1.1" 301 242 "-" "HetrixTools Uptime Monitoring Bot. https://hetrix.tools/uptime-monitoring-bot.html"
23.227.169.50 - - [14/Nov/2025:08:30:03 -0600] "GET /readme.html HTTP/1.1" 301 242 "-" "HetrixTools Uptime Monitoring Bot. https://hetrix.tools/uptime-monitoring-bot.html"
77.247.126.141 - - [14/Nov/2025:08:30:09 -0600] "GET /readme.html HTTP/1.1" 301 242 "-" "HetrixTools Uptime Monitoring Bot. https://hetrix.tools/uptime-monitoring-bot.html"
185.174.110.102 - - [14/Nov/2025:08:30:17 -0600] "GET /readme.html HTTP/1.1" 301 242 "-" "HetrixTools Uptime Monitoring Bot. https://hetrix.tools/uptime-monitoring-bot.html"
138.197.17.201 - - [14/Nov/2025:08:30:25 -0600] "GET /readme.html HTTP/1.1" 301 242 "-" "HetrixTools Uptime Monitoring Bot. https://hetrix.tools/uptime-monitoring-bot.html"
145.239.10.137 - - [14/Nov/2025:08:34:03 -0600] "GET /13k.php HTTP/1.1" 301 238 "http://nassaugolf.com/13k.php" "Mozilla/5.0 (iPhone; CPU iPhone OS 17_5_1 like Mac OS X) AppleWebKit/605.1.15 (KHTML, like Gecko) Version/17.5 Mobile/15E148 Safari/604.1"
98.83.8.142 - - [14/Nov/2025:08:39:38 -0600] "GET /robots.txt HTTP/1.1" 301 245 "-" "Mozilla/5.0 AppleWebKit/537.36 (KHTML, like Gecko; compatible; Amazonbot/0.1; +https://developer.amazon.com/support/amazonbot) Chrome/119.0.6045.214 Safari/537.36"
98.83.8.142 - - [14/Nov/2025:08:39:39 -0600] "GET /product/tour-edition-target-alignment-system/ HTTP/1.1" 301 280 "-" "Mozilla/5.0 AppleWebKit/537.36 (KHTML, like Gecko; compatible; Amazonbot/0.1; +https://developer.amazon.com/support/amazonbot) Chrome/119.0.6045.214 Safari/537.36"
185.38.148.144 - - [14/Nov/2025:08:40:05 -0600] "GET /readme.html HTTP/1.1" 301 242 "-" "HetrixTools Uptime Monitoring Bot. https://hetrix.tools/uptime-monitoring-bot.html"
138.197.17.201 - - [14/Nov/2025:08:40:07 -0600] "GET /readme.html HTTP/1.1" 301 242 "-" "HetrixTools Uptime Monitoring Bot. https://hetrix.tools/uptime-monitoring-bot.html"
2.56.188.250 - - [14/Nov/2025:08:40:17 -0600] "GET /readme.html HTTP/1.1" 301 242 "-" "HetrixTools Uptime Monitoring Bot. https://hetrix.tools/uptime-monitoring-bot.html"
77.247.126.141 - - [14/Nov/2025:08:40:20 -0600] "GET /readme.html HTTP/1.1" 301 242 "-" "HetrixTools Uptime Monitoring Bot. https://hetrix.tools/uptime-monitoring-bot.html"
1.82.147.122 - - [14/Nov/2025:08:48:59 -0600] "GET / HTTP/1.1" 301 235 "-" "Mozilla/5.0 (Windows NT 6.1; WOW64; rv:45.0) Gecko/20100101 Firefox/45.0"
1.82.147.122 - - [14/Nov/2025:08:49:05 -0600] "GET /?path=/ HTTP/1.1" 301 242 "-" "Apache-HttpClient/4.5.13 (Java/1.8.0_172)"
2.56.188.250 - - [14/Nov/2025:08:50:16 -0600] "GET /readme.html HTTP/1.1" 301 242 "-" "HetrixTools Uptime Monitoring Bot. https://hetrix.tools/uptime-monitoring-bot.html"
159.89.159.134 - - [14/Nov/2025:08:50:21 -0600] "GET /readme.html HTTP/1.1" 301 242 "-" "HetrixTools Uptime Monitoring Bot. https://hetrix.tools/uptime-monitoring-bot.html"
94.72.181.90 - - [14/Nov/2025:08:50:22 -0600] "GET /readme.html HTTP/1.1" 301 242 "-" "HetrixTools Uptime Monitoring Bot. https://hetrix.tools/uptime-monitoring-bot.html"
96.126.106.201 - - [14/Nov/2025:08:50:26 -0600] "GET /readme.html HTTP/1.1" 301 242 "-" "HetrixTools Uptime Monitoring Bot. https://hetrix.tools/uptime-monitoring-bot.html"
43.153.36.110 - - [14/Nov/2025:08:52:30 -0600] "GET / HTTP/1.1" 301 235 "-" "Mozilla/5.0 (iPhone; CPU iPhone OS 13_2_3 like Mac OS X) AppleWebKit/605.1.15 (KHTML, like Gecko) Version/13.0.3 Mobile/15E148 Safari/604.1"
216.244.66.197 - - [14/Nov/2025:08:55:23 -0600] "GET /robots.txt HTTP/1.1" 301 241 "-" "Mozilla/5.0 (compatible; DotBot/1.2; +https://opensiteexplorer.org/dotbot; help@moz.com)"
209.222.107.178 - - [14/Nov/2025:09:00:04 -0600] "GET /readme.html HTTP/1.1" 301 242 "-" "HetrixTools Uptime Monitoring Bot. https://hetrix.tools/uptime-monitoring-bot.html"
185.174.110.102 - - [14/Nov/2025:09:00:05 -0600] "GET /readme.html HTTP/1.1" 301 242 "-" "HetrixTools Uptime Monitoring Bot. https://hetrix.tools/uptime-monitoring-bot.html"
2.56.188.250 - - [14/Nov/2025:09:00:23 -0600] "GET /readme.html HTTP/1.1" 301 242 "-" "HetrixTools Uptime Monitoring Bot. https://hetrix.tools/uptime-monitoring-bot.html"
159.89.159.134 - - [14/Nov/2025:09:00:24 -0600] "GET /readme.html HTTP/1.1" 301 242 "-" "HetrixTools Uptime Monitoring Bot. https://hetrix.tools/uptime-monitoring-bot.html"
64.23.241.158 - - [14/Nov/2025:09:07:13 -0600] "GET / HTTP/1.1" 301 231 "-" "Mozilla/5.0 (X11; Linux x86_64; rv:139.0) Gecko/20100101 Firefox/139.0"
64.23.241.158 - - [14/Nov/2025:09:07:13 -0600] "GET /favicon.ico HTTP/1.1" 301 242 "http://nassaugolf.com/" "Mozilla/5.0 (X11; Linux x86_64; rv:139.0) Gecko/20100101 Firefox/139.0"
23.106.61.94 - - [14/Nov/2025:09:10:05 -0600] "GET /readme.html HTTP/1.1" 301 242 "-" "HetrixTools Uptime Monitoring Bot. https://hetrix.tools/uptime-monitoring-bot.html"
45.32.204.172 - - [14/Nov/2025:09:10:14 -0600] "GET /readme.html HTTP/1.1" 301 242 "-" "HetrixTools Uptime Monitoring Bot. https://hetrix.tools/uptime-monitoring-bot.html"
138.197.17.201 - - [14/Nov/2025:09:10:23 -0600] "GET /readme.html HTTP/1.1" 301 242 "-" "HetrixTools Uptime Monitoring Bot. https://hetrix.tools/uptime-monitoring-bot.html"
159.89.159.134 - - [14/Nov/2025:09:10:25 -0600] "GET /readme.html HTTP/1.1" 301 242 "-" "HetrixTools Uptime Monitoring Bot. https://hetrix.tools/uptime-monitoring-bot.html"
146.148.160.146 - - [14/Nov/2025:09:11:01 -0600] "GET / HTTP/1.1" 301 235 "-" "-"
77.247.126.141 - - [14/Nov/2025:09:20:02 -0600] "GET /readme.html HTTP/1.1" 301 242 "-" "HetrixTools Uptime Monitoring Bot. https://hetrix.tools/uptime-monitoring-bot.html"
23.227.169.50 - - [14/Nov/2025:09:20:21 -0600] "GET /readme.html HTTP/1.1" 301 242 "-" "HetrixTools Uptime Monitoring Bot. https://hetrix.tools/uptime-monitoring-bot.html"
149.28.50.248 - - [14/Nov/2025:09:20:23 -0600] "GET /readme.html HTTP/1.1" 301 242 "-" "HetrixTools Uptime Monitoring Bot. https://hetrix.tools/uptime-monitoring-bot.html"
95.179.193.59 - - [14/Nov/2025:09:20:26 -0600] "GET /readme.html HTTP/1.1" 301 242 "-" "HetrixTools Uptime Monitoring Bot. https://hetrix.tools/uptime-monitoring-bot.html"
66.249.66.161 - - [14/Nov/2025:09:23:56 -0600] "GET /ads.txt HTTP/1.1" 301 238 "-" "Mozilla/5.0 (compatible; Googlebot/2.1; +http://www.google.com/bot.html)"
51.195.149.151 - - [14/Nov/2025:09:30:09 -0600] "GET /readme.html HTTP/1.1" 301 242 "-" "HetrixTools Uptime Monitoring Bot. https://hetrix.tools/uptime-monitoring-bot.html"
96.126.106.201 - - [14/Nov/2025:09:30:14 -0600] "GET /readme.html HTTP/1.1" 301 242 "-" "HetrixTools Uptime Monitoring Bot. https://hetrix.tools/uptime-monitoring-bot.html"
78.154.14.26 - - [14/Nov/2025:09:30:51 -0600] "GET / HTTP/1.1" 301 231 "-" "Mozilla/5.0 (Macintosh; Intel Mac OS X 10_15_7) AppleWebKit/537.36 (KHTML, like Gecko) Chrome/142.0.0.0 Safari/537.36"
159.89.159.134 - - [14/Nov/2025:09:31:02 -0600] "GET /readme.html HTTP/1.1" 301 242 "-" "HetrixTools Uptime Monitoring Bot. https://hetrix.tools/uptime-monitoring-bot.html"
52.35.20.1 - - [14/Nov/2025:09:31:28 -0600] "GET / HTTP/1.1" 301 235 "-" "Mozilla/5.0 (Macintosh; Intel Mac OS X 10_15_7) AppleWebKit/537.36 (KHTML, like Gecko) Chrome/134.0.0.0 Safari/537.36"
72.1.241.177 - - [14/Nov/2025:09:39:02 -0600] "GET /.well-known/acme-challenge/60BEBBMNA2P_2T70M2KWWYTY_6DX8UIY HTTP/1.1" 200 64 "-" "Cpanel-HTTP-Client/1.0"
72.1.241.177 - - [14/Nov/2025:09:39:02 -0600] "GET /.well-known/acme-challenge/9TXVEOHO1N8BEWIKBP5LO-NJP49EGNQR HTTP/1.1" 200 64 "-" "Cpanel-HTTP-Client/1.0"
72.1.241.177 - - [14/Nov/2025:09:39:02 -0600] "GET /.well-known/acme-challenge/DM90U-7-3I13E96I0_TME4YTQQUHP7OX HTTP/1.1" 200 64 "-" "Cpanel-HTTP-Client/1.0"
51.89.144.57 - - [14/Nov/2025:09:40:02 -0600] "GET /readme.html HTTP/1.1" 301 242 "-" "HetrixTools Uptime Monitoring Bot. https://hetrix.tools/uptime-monitoring-bot.html"
138.197.17.201 - - [14/Nov/2025:09:40:05 -0600] "GET /readme.html HTTP/1.1" 301 242 "-" "HetrixTools Uptime Monitoring Bot. https://hetrix.tools/uptime-monitoring-bot.html"
23.227.169.50 - - [14/Nov/2025:09:40:14 -0600] "GET /readme.html HTTP/1.1" 301 242 "-" "HetrixTools Uptime Monitoring Bot. https://hetrix.tools/uptime-monitoring-bot.html"
23.227.169.50 - - [14/Nov/2025:09:40:14 -0600] "GET /readme.html HTTP/1.1" 301 242 "-" "HetrixTools Uptime Monitoring Bot. https://hetrix.tools/uptime-monitoring-bot.html"
23.239.7.4 - - [14/Nov/2025:09:40:24 -0600] "GET /readme.html HTTP/1.1" 301 242 "-" "HetrixTools Uptime Monitoring Bot. https://hetrix.tools/uptime-monitoring-bot.html"
23.239.7.4 - - [14/Nov/2025:09:40:24 -0600] "GET /readme.html HTTP/1.1" 301 242 "-" "HetrixTools Uptime Monitoring Bot. https://hetrix.tools/uptime-monitoring-bot.html"
23.227.169.50 - - [14/Nov/2025:09:50:09 -0600] "GET /readme.html HTTP/1.1" 301 242 "-" "HetrixTools Uptime Monitoring Bot. https://hetrix.tools/uptime-monitoring-bot.html"
23.106.61.94 - - [14/Nov/2025:09:50:09 -0600] "GET /readme.html HTTP/1.1" 301 242 "-" "HetrixTools Uptime Monitoring Bot. https://hetrix.tools/uptime-monitoring-bot.html"
66.165.225.34 - - [14/Nov/2025:09:50:19 -0600] "GET /readme.html HTTP/1.1" 301 242 "-" "HetrixTools Uptime Monitoring Bot. https://hetrix.tools/uptime-monitoring-bot.html"
66.165.247.154 - - [14/Nov/2025:09:50:20 -0600] "GET /readme.html HTTP/1.1" 301 242 "-" "HetrixTools Uptime Monitoring Bot. https://hetrix.tools/uptime-monitoring-bot.html"
110.249.202.146 - - [14/Nov/2025:09:58:24 -0600] "GET /robots.txt HTTP/1.1" 301 245 "-" "Mozilla/5.0 (Linux; Android 5.0) AppleWebKit/537.36 (KHTML, like Gecko) Mobile Safari/537.36 (compatible; Bytespider; https://zhanzhang.toutiao.com/)"
185.38.148.144 - - [14/Nov/2025:10:00:05 -0600] "GET /readme.html HTTP/1.1" 301 242 "-" "HetrixTools Uptime Monitoring Bot. https://hetrix.tools/uptime-monitoring-bot.html"
45.32.204.172 - - [14/Nov/2025:10:00:06 -0600] "GET /readme.html HTTP/1.1" 301 242 "-" "HetrixTools Uptime Monitoring Bot. https://hetrix.tools/uptime-monitoring-bot.html"
138.197.17.201 - - [14/Nov/2025:10:00:18 -0600] "GET /readme.html HTTP/1.1" 301 242 "-" "HetrixTools Uptime Monitoring Bot. https://hetrix.tools/uptime-monitoring-bot.html"
159.89.159.134 - - [14/Nov/2025:10:00:22 -0600] "GET /readme.html HTTP/1.1" 301 242 "-" "HetrixTools Uptime Monitoring Bot. https://hetrix.tools/uptime-monitoring-bot.html"
208.71.173.232 - - [14/Nov/2025:10:09:05 -0600] "GET /.well-known/acme-challenge/0XGRM5AGE0INDTKBMXNTFHDTK9U6TFX8 HTTP/1.1" 404 - "-" "Cpanel-HTTP-Client/1.0"
208.71.173.232 - - [14/Nov/2025:10:09:05 -0600] "GET /.well-known/acme-challenge/GPECDXP_V-32IZHCFBQ7CZJB6P1ILBKD HTTP/1.1" 404 - "-" "Cpanel-HTTP-Client/1.0"
208.71.173.232 - - [14/Nov/2025:10:09:05 -0600] "GET /.well-known/acme-challenge/EJD9LCRW934IGPU-H3LVWU3U1MIL45F_ HTTP/1.1" 404 - "-" "Cpanel-HTTP-Client/1.0"
51.89.144.57 - - [14/Nov/2025:10:10:09 -0600] "GET /readme.html HTTP/1.1" 301 242 "-" "HetrixTools Uptime Monitoring Bot. https://hetrix.tools/uptime-monitoring-bot.html"
104.237.139.48 - - [14/Nov/2025:10:10:10 -0600] "GET /readme.html HTTP/1.1" 301 242 "-" "HetrixTools Uptime Monitoring Bot. https://hetrix.tools/uptime-monitoring-bot.html"
66.165.247.154 - - [14/Nov/2025:10:10:15 -0600] "GET /readme.html HTTP/1.1" 301 242 "-" "HetrixTools Uptime Monitoring Bot. https://hetrix.tools/uptime-monitoring-bot.html"
66.165.225.34 - - [14/Nov/2025:10:10:25 -0600] "GET /readme.html HTTP/1.1" 301 242 "-" "HetrixTools Uptime Monitoring Bot. https://hetrix.tools/uptime-monitoring-bot.html"
66.165.225.34 - - [14/Nov/2025:10:20:07 -0600] "GET /readme.html HTTP/1.1" 301 242 "-" "HetrixTools Uptime Monitoring Bot. https://hetrix.tools/uptime-monitoring-bot.html"
185.38.148.144 - - [14/Nov/2025:10:20:13 -0600] "GET /readme.html HTTP/1.1" 301 242 "-" "HetrixTools Uptime Monitoring Bot. https://hetrix.tools/uptime-monitoring-bot.html"
149.28.50.248 - - [14/Nov/2025:10:20:22 -0600] "GET /readme.html HTTP/1.1" 301 242 "-" "HetrixTools Uptime Monitoring Bot. https://hetrix.tools/uptime-monitoring-bot.html"
23.227.169.50 - - [14/Nov/2025:10:20:23 -0600] "GET /readme.html HTTP/1.1" 301 242 "-" "HetrixTools Uptime Monitoring Bot. https://hetrix.tools/uptime-monitoring-bot.html"
45.32.204.172 - - [14/Nov/2025:10:30:04 -0600] "GET /readme.html HTTP/1.1" 301 242 "-" "HetrixTools Uptime Monitoring Bot. https://hetrix.tools/uptime-monitoring-bot.html"
209.222.107.178 - - [14/Nov/2025:10:30:07 -0600] "GET /readme.html HTTP/1.1" 301 242 "-" "HetrixTools Uptime Monitoring Bot. https://hetrix.tools/uptime-monitoring-bot.html"
66.165.225.34 - - [14/Nov/2025:10:30:20 -0600] "GET /readme.html HTTP/1.1" 301 242 "-" "HetrixTools Uptime Monitoring Bot. https://hetrix.tools/uptime-monitoring-bot.html"
23.106.61.94 - - [14/Nov/2025:10:30:26 -0600] "GET /readme.html HTTP/1.1" 301 242 "-" "HetrixTools Uptime Monitoring Bot. https://hetrix.tools/uptime-monitoring-bot.html"
98.190.239.3 - - [14/Nov/2025:10:38:51 -0600] "GET /contacts/ HTTP/1.0" 301 240 "http://nassaugolf.com/contacts/" "Mozilla/5.0 (Windows NT 10.0; Win64; x64) AppleWebKit/537.36 (KHTML, like Gecko) Chrome/131.0.0.0 Safari/537.36 Avast/131.0.0.0"
112.86.225.183 - - [14/Nov/2025:10:39:19 -0600] "GET / HTTP/1.1" 301 235 "-" "Sogou web spider/4.0(+http://www.sogou.com/docs/help/webmasters.htm#07)"
96.126.106.201 - - [14/Nov/2025:10:40:05 -0600] "GET /readme.html HTTP/1.1" 301 242 "-" "HetrixTools Uptime Monitoring Bot. https://hetrix.tools/uptime-monitoring-bot.html"
51.195.149.151 - - [14/Nov/2025:10:40:16 -0600] "GET /readme.html HTTP/1.1" 301 242 "-" "HetrixTools Uptime Monitoring Bot. https://hetrix.tools/uptime-monitoring-bot.html"
45.32.204.172 - - [14/Nov/2025:10:40:20 -0600] "GET /readme.html HTTP/1.1" 301 242 "-" "HetrixTools Uptime Monitoring Bot. https://hetrix.tools/uptime-monitoring-bot.html"
159.89.159.134 - - [14/Nov/2025:10:40:25 -0600] "GET /readme.html HTTP/1.1" 301 242 "-" "HetrixTools Uptime Monitoring Bot. https://hetrix.tools/uptime-monitoring-bot.html"